93.240.211.0 - - [29/Jun/2021:15:30:23 +0200] "GET /wp-content/plugins/revslider/public/assets/js/extensions/revolution.extension.navigation.min.js?version=5.4.8 HTTP/1.1" 200 7041 "https://www.computerdoc24.de/" "Mozilla/5.0 (Linux; U; Android 10; de-de; Redmi 9A Build/QP1A.190711.020) AppleWebKit/537.36 (KHTML, like Gecko) Version/4.0 Chrome/79.0.3945.147 Mobile Safari/537.36 XiaoMi/MiuiBrowser/12.10.7-gn"
93.240.211.0 - - [29/Jun/2021:15:30:24 +0200] "GET /wp-content/uploads/logo-2-3.png HTTP/1.1" 200 15255 "https://www.computerdoc24.de/" "Mozilla/5.0 (Linux; U; Android 10; de-de; Redmi 9A Build/QP1A.190711.020) AppleWebKit/537.36 (KHTML, like Gecko) Version/4.0 Chrome/79.0.3945.147 Mobile Safari/537.36 XiaoMi/MiuiBrowser/12.10.7-gn"
93.240.211.0 - - [29/Jun/2021:15:30:25 +0200] "GET /wp-content/plugins/revslider/public/assets/assets/loader.gif HTTP/1.1" 200 2545 "https://www.computerdoc24.de/wp-content/plugins/revslider/public/assets/css/settings.css" "Mozilla/5.0 (Linux; U; Android 10; de-de; Redmi 9A Build/QP1A.190711.020) AppleWebKit/537.36 (KHTML, like Gecko) Version/4.0 Chrome/79.0.3945.147 Mobile Safari/537.36 XiaoMi/MiuiBrowser/12.10.7-gn"
62.157.70.0 - - [29/Jun/2021:15:30:25 +0200] "GET / HTTP/1.1" 301 - "-" "Mozilla/5.0 (Windows NT 10.0; Win64; x64; rv:64.0) Gecko/20100101 Firefox/64.0"
93.240.211.0 - - [29/Jun/2021:15:30:25 +0200] "GET /wp-content/uploads/revslider/homepage/bg-1.jpg HTTP/1.1" 200 41555 "https://www.computerdoc24.de/" "Mozilla/5.0 (Linux; U; Android 10; de-de; Redmi 9A Build/QP1A.190711.020) AppleWebKit/537.36 (KHTML, like Gecko) Version/4.0 Chrome/79.0.3945.147 Mobile Safari/537.36 XiaoMi/MiuiBrowser/12.10.7-gn"
93.240.211.0 - - [29/Jun/2021:15:30:25 +0200] "GET /wp-content/uploads/revslider/homepage/slider.png HTTP/1.1" 200 18173 "https://www.computerdoc24.de/" "Mozilla/5.0 (Linux; U; Android 10; de-de; Redmi 9A Build/QP1A.190711.020) AppleWebKit/537.36 (KHTML, like Gecko) Version/4.0 Chrome/79.0.3945.147 Mobile Safari/537.36 XiaoMi/MiuiBrowser/12.10.7-gn"
93.240.211.0 - - [29/Jun/2021:15:30:25 +0200] "GET /wp-content/uploads/revslider/homepage/bg5.jpg HTTP/1.1" 200 108532 "https://www.computerdoc24.de/" "Mozilla/5.0 (Linux; U; Android 10; de-de; Redmi 9A Build/QP1A.190711.020) AppleWebKit/537.36 (KHTML, like Gecko) Version/4.0 Chrome/79.0.3945.147 Mobile Safari/537.36 XiaoMi/MiuiBrowser/12.10.7-gn"
93.240.211.0 - - [29/Jun/2021:15:30:25 +0200] "GET /wp-content/uploads/revslider/homepage/hppc-1.png HTTP/1.1" 200 117566 "https://www.computerdoc24.de/" "Mozilla/5.0 (Linux; U; Android 10; de-de; Redmi 9A Build/QP1A.190711.020) AppleWebKit/537.36 (KHTML, like Gecko) Version/4.0 Chrome/79.0.3945.147 Mobile Safari/537.36 XiaoMi/MiuiBrowser/12.10.7-gn"
62.157.70.0 - - [29/Jun/2021:15:30:26 +0200] "GET / HTTP/1.1" 301 - "-" "Mozilla/5.0 (Windows NT 10.0; Win64; x64; rv:64.0) Gecko/20100101 Firefox/64.0"
93.240.211.0 - - [29/Jun/2021:15:30:26 +0200] "GET /wp-content/uploads/revslider/homepage/bg3.jpg HTTP/1.1" 200 189591 "https://www.computerdoc24.de/" "Mozilla/5.0 (Linux; U; Android 10; de-de; Redmi 9A Build/QP1A.190711.020) AppleWebKit/537.36 (KHTML, like Gecko) Version/4.0 Chrome/79.0.3945.147 Mobile Safari/537.36 XiaoMi/MiuiBrowser/12.10.7-gn"
93.240.211.0 - - [29/Jun/2021:15:30:26 +0200] "GET /wp-content/uploads/revslider/homepage/computer.png HTTP/1.1" 200 206463 "https://www.computerdoc24.de/" "Mozilla/5.0 (Linux; U; Android 10; de-de; Redmi 9A Build/QP1A.190711.020) AppleWebKit/537.36 (KHTML, like Gecko) Version/4.0 Chrome/79.0.3945.147 Mobile Safari/537.36 XiaoMi/MiuiBrowser/12.10.7-gn"
62.157.70.0 - - [29/Jun/2021:15:30:26 +0200] "GET / HTTP/1.1" 200 89174 "-" "Mozilla/5.0 (Windows NT 10.0; Win64; x64; rv:64.0) Gecko/20100101 Firefox/64.0"
93.240.211.0 - - [29/Jun/2021:15:30:27 +0200] "GET /wp-content/uploads/Network-1.png HTTP/1.1" 200 55283 "https://www.computerdoc24.de/" "Mozilla/5.0 (Linux; U; Android 10; de-de; Redmi 9A Build/QP1A.190711.020) AppleWebKit/537.36 (KHTML, like Gecko) Version/4.0 Chrome/79.0.3945.147 Mobile Safari/537.36 XiaoMi/MiuiBrowser/12.10.7-gn"
104.222.33.0 - - [29/Jun/2021:15:30:28 +0200] "GET /wp-content/uploads/favicon-3.png HTTP/1.1" 200 944 "-" "Mozilla/5.0 (Windows NT 10.0; Win64; x64; rv:64.0) Gecko/20100101 Firefox/64.0"
93.240.211.0 - - [29/Jun/2021:15:30:29 +0200] "GET /wp-content/uploads/appleipadretina-6.png HTTP/1.1" 200 7645 "-" "Mozilla%2F5.0+%28Linux%3B+U%3B+Android+10%3B+de-de%3B+Redmi+9A+Build%2FQP1A.190711.020%29+AppleWebKit%2F537.36+%28KHTML%2C+like+Gecko%29+Version%2F4.0+Chrome%2F79.0.3945.147+Mobile+Safari%2F537.36+XiaoMi%2FMiuiBrowser%2F12.10.7-gn"
93.240.211.0 - - [29/Jun/2021:15:30:30 +0200] "GET /wp-content/uploads/favicon-3.png HTTP/1.1" 200 944 "https://www.computerdoc24.de/" "Mozilla/5.0 (Linux; U; Android 10; de-de; Redmi 9A Build/QP1A.190711.020) AppleWebKit/537.36 (KHTML, like Gecko) Version/4.0 Chrome/79.0.3945.147 Mobile Safari/537.36 XiaoMi/MiuiBrowser/12.10.7-gn"
93.240.211.0 - - [29/Jun/2021:15:30:30 +0200] "GET /wp-content/uploads/zwanzigjahrecomputerdoc24-1-300x258.png HTTP/1.1" 200 29230 "https://www.computerdoc24.de/" "Mozilla/5.0 (Linux; U; Android 10; de-de; Redmi 9A Build/QP1A.190711.020) AppleWebKit/537.36 (KHTML, like Gecko) Version/4.0 Chrome/79.0.3945.147 Mobile Safari/537.36 XiaoMi/MiuiBrowser/12.10.7-gn"
93.240.211.0 - - [29/Jun/2021:15:30:30 +0200] "GET /wp-content/uploads/20210623_141856_HDR-300x300.jpg HTTP/1.1" 200 17365 "https://www.computerdoc24.de/" "Mozilla/5.0 (Linux; U; Android 10; de-de; Redmi 9A Build/QP1A.190711.020) AppleWebKit/537.36 (KHTML, like Gecko) Version/4.0 Chrome/79.0.3945.147 Mobile Safari/537.36 XiaoMi/MiuiBrowser/12.10.7-gn"
93.240.211.0 - - [29/Jun/2021:15:30:33 +0200] "GET /wp-content/uploads/20210623_135435_HDR-300x300.jpg HTTP/1.1" 200 21450 "https://www.computerdoc24.de/" "Mozilla/5.0 (Linux; U; Android 10; de-de; Redmi 9A Build/QP1A.190711.020) AppleWebKit/537.36 (KHTML, like Gecko) Version/4.0 Chrome/79.0.3945.147 Mobile Safari/537.36 XiaoMi/MiuiBrowser/12.10.7-gn"
93.240.211.0 - - [29/Jun/2021:15:30:33 +0200] "GET /wp-content/uploads/20210414_123323-300x300.jpg HTTP/1.1" 200 22579 "https://www.computerdoc24.de/" "Mozilla/5.0 (Linux; U; Android 10; de-de; Redmi 9A Build/QP1A.190711.020) AppleWebKit/537.36 (KHTML, like Gecko) Version/4.0 Chrome/79.0.3945.147 Mobile Safari/537.36 XiaoMi/MiuiBrowser/12.10.7-gn"
93.240.211.0 - - [29/Jun/2021:15:30:33 +0200] "GET /wp-content/uploads/20210412_104349-300x300.jpg HTTP/1.1" 200 22067 "https://www.computerdoc24.de/" "Mozilla/5.0 (Linux; U; Android 10; de-de; Redmi 9A Build/QP1A.190711.020) AppleWebKit/537.36 (KHTML, like Gecko) Version/4.0 Chrome/79.0.3945.147 Mobile Safari/537.36 XiaoMi/MiuiBrowser/12.10.7-gn"
93.240.211.0 - - [29/Jun/2021:15:30:33 +0200] "GET /wp-content/uploads/20201204_131937_HDR2-300x300.jpg HTTP/1.1" 200 20366 "https://www.computerdoc24.de/" "Mozilla/5.0 (Linux; U; Android 10; de-de; Redmi 9A Build/QP1A.190711.020) AppleWebKit/537.36 (KHTML, like Gecko) Version/4.0 Chrome/79.0.3945.147 Mobile Safari/537.36 XiaoMi/MiuiBrowser/12.10.7-gn"
:: - - [29/Jun/2021:15:30:36 +0200] "OPTIONS * HTTP/1.0" 200 - "-" "Apache/2.4.6 (CentOS) OpenSSL/1.0.2k-fips mod_fcgid/2.3.9 (internal dummy connection)"
:: - - [29/Jun/2021:15:30:40 +0200] "OPTIONS * HTTP/1.0" 200 - "-" "Apache/2.4.6 (CentOS) OpenSSL/1.0.2k-fips mod_fcgid/2.3.9 (internal dummy connection)"
81.169.178.0 - - [29/Jun/2021:15:30:44 +0200] "POST /wp-cron.php?doing_wp_cron=1624973444.2634949684143066406250 HTTP/1.1" 200 - "https://www.computerdoc24.de/wp-cron.php?doing_wp_cron=1624973444.2634949684143066406250" "WordPress/5.2.11; https://www.computerdoc24.de"
93.240.211.0 - - [29/Jun/2021:15:30:44 +0200] "GET /product/leistungsstarkes-17-zoll-hp-notebook/ HTTP/1.1" 200 13527 "https://www.computerdoc24.de/" "Mozilla/5.0 (Linux; U; Android 10; de-de; Redmi 9A Build/QP1A.190711.020) AppleWebKit/537.36 (KHTML, like Gecko) Version/4.0 Chrome/79.0.3945.147 Mobile Safari/537.36 XiaoMi/MiuiBrowser/12.10.7-gn"
93.240.211.0 - - [29/Jun/2021:15:30:45 +0200] "GET /wp-content/plugins/woocommerce/assets/js/frontend/single-product.min.js HTTP/1.1" 200 1871 "https://www.computerdoc24.de/product/leistungsstarkes-17-zoll-hp-notebook/" "Mozilla/5.0 (Linux; U; Android 10; de-de; Redmi 9A Build/QP1A.190711.020) AppleWebKit/537.36 (KHTML, like Gecko) Version/4.0 Chrome/79.0.3945.147 Mobile Safari/537.36 XiaoMi/MiuiBrowser/12.10.7-gn"
93.240.211.0 - - [29/Jun/2021:15:30:45 +0200] "GET /wp-content/cache/autoptimize/js/autoptimize_single_e3f38213c4085b23056d24aa56f5affd.js HTTP/1.1" 200 6290 "https://www.computerdoc24.de/product/leistungsstarkes-17-zoll-hp-notebook/" "Mozilla/5.0 (Linux; U; Android 10; de-de; Redmi 9A Build/QP1A.190711.020) AppleWebKit/537.36 (KHTML, like Gecko) Version/4.0 Chrome/79.0.3945.147 Mobile Safari/537.36 XiaoMi/MiuiBrowser/12.10.7-gn"
93.240.211.0 - - [29/Jun/2021:15:30:45 +0200] "GET /wp-content/cache/autoptimize/js/autoptimize_single_318ed33bbdee2ef7181386682cdf6e63.js HTTP/1.1" 200 357 "https://www.computerdoc24.de/product/leistungsstarkes-17-zoll-hp-notebook/" "Mozilla/5.0 (Linux; U; Android 10; de-de; Redmi 9A Build/QP1A.190711.020) AppleWebKit/537.36 (KHTML, like Gecko) Version/4.0 Chrome/79.0.3945.147 Mobile Safari/537.36 XiaoMi/MiuiBrowser/12.10.7-gn"
93.240.211.0 - - [29/Jun/2021:15:30:45 +0200] "GET /wp-content/uploads/20201204_131937_HDR2-838x1024.jpg HTTP/1.1" 200 160332 "https://www.computerdoc24.de/product/leistungsstarkes-17-zoll-hp-notebook/" "Mozilla/5.0 (Linux; U; Android 10; de-de; Redmi 9A Build/QP1A.190711.020) AppleWebKit/537.36 (KHTML, like Gecko) Version/4.0 Chrome/79.0.3945.147 Mobile Safari/537.36 XiaoMi/MiuiBrowser/12.10.7-gn"
93.240.211.0 - - [29/Jun/2021:15:30:47 +0200] "GET /wp-content/uploads/appleipadretina-6.png HTTP/1.1" 200 7645 "-" "Mozilla%2F5.0+%28Linux%3B+U%3B+Android+10%3B+de-de%3B+Redmi+9A+Build%2FQP1A.190711.020%29+AppleWebKit%2F537.36+%28KHTML%2C+like+Gecko%29+Version%2F4.0+Chrome%2F79.0.3945.147+Mobile+Safari%2F537.36+XiaoMi%2FMiuiBrowser%2F12.10.7-gn"
93.240.211.0 - - [29/Jun/2021:15:30:48 +0200] "GET /wp-content/uploads/20200915_112340-768x1024-1140x642.jpg HTTP/1.1" 200 72660 "https://www.computerdoc24.de/product/leistungsstarkes-17-zoll-hp-notebook/" "Mozilla/5.0 (Linux; U; Android 10; de-de; Redmi 9A Build/QP1A.190711.020) AppleWebKit/537.36 (KHTML, like Gecko) Version/4.0 Chrome/79.0.3945.147 Mobile Safari/537.36 XiaoMi/MiuiBrowser/12.10.7-gn"
93.240.211.0 - - [29/Jun/2021:15:30:48 +0200] "GET /wp-content/uploads/logitech_k120-1140x642.jpg HTTP/1.1" 200 53395 "https://www.computerdoc24.de/product/leistungsstarkes-17-zoll-hp-notebook/" "Mozilla/5.0 (Linux; U; Android 10; de-de; Redmi 9A Build/QP1A.190711.020) AppleWebKit/537.36 (KHTML, like Gecko) Version/4.0 Chrome/79.0.3945.147 Mobile Safari/537.36 XiaoMi/MiuiBrowser/12.10.7-gn"
93.240.211.0 - - [29/Jun/2021:15:30:48 +0200] "GET /wp-content/uploads/20200915_113818-768x1024-1140x642.jpg HTTP/1.1" 200 72354 "https://www.computerdoc24.de/product/leistungsstarkes-17-zoll-hp-notebook/" "Mozilla/5.0 (Linux; U; Android 10; de-de; Redmi 9A Build/QP1A.190711.020) AppleWebKit/537.36 (KHTML, like Gecko) Version/4.0 Chrome/79.0.3945.147 Mobile Safari/537.36 XiaoMi/MiuiBrowser/12.10.7-gn"
93.240.211.0 - - [29/Jun/2021:15:30:48 +0200] "GET /wp-content/uploads/20200915_112354_HDR-768x1024-1140x642.jpg HTTP/1.1" 200 102743 "https://www.computerdoc24.de/product/leistungsstarkes-17-zoll-hp-notebook/" "Mozilla/5.0 (Linux; U; Android 10; de-de; Redmi 9A Build/QP1A.190711.020) AppleWebKit/537.36 (KHTML, like Gecko) Version/4.0 Chrome/79.0.3945.147 Mobile Safari/537.36 XiaoMi/MiuiBrowser/12.10.7-gn"
93.240.211.0 - - [29/Jun/2021:15:30:48 +0200] "GET /wp-content/uploads/20210414_123323-1003x1024-1140x642.jpg HTTP/1.1" 200 111067 "https://www.computerdoc24.de/product/leistungsstarkes-17-zoll-hp-notebook/" "Mozilla/5.0 (Linux; U; Android 10; de-de; Redmi 9A Build/QP1A.190711.020) AppleWebKit/537.36 (KHTML, like Gecko) Version/4.0 Chrome/79.0.3945.147 Mobile Safari/537.36 XiaoMi/MiuiBrowser/12.10.7-gn"
93.240.211.0 - - [29/Jun/2021:15:30:49 +0200] "GET /wp-content/uploads/20210414_123427-1024x768-1140x642.jpg HTTP/1.1" 200 106286 "https://www.computerdoc24.de/product/leistungsstarkes-17-zoll-hp-notebook/" "Mozilla/5.0 (Linux; U; Android 10; de-de; Redmi 9A Build/QP1A.190711.020) AppleWebKit/537.36 (KHTML, like Gecko) Version/4.0 Chrome/79.0.3945.147 Mobile Safari/537.36 XiaoMi/MiuiBrowser/12.10.7-gn"
93.240.211.0 - - [29/Jun/2021:15:30:49 +0200] "GET /wp-content/uploads/20200915_113843-768x1024-1140x642.jpg HTTP/1.1" 200 91638 "https://www.computerdoc24.de/product/leistungsstarkes-17-zoll-hp-notebook/" "Mozilla/5.0 (Linux; U; Android 10; de-de; Redmi 9A Build/QP1A.190711.020) AppleWebKit/537.36 (KHTML, like Gecko) Version/4.0 Chrome/79.0.3945.147 Mobile Safari/537.36 XiaoMi/MiuiBrowser/12.10.7-gn"
93.240.211.0 - - [29/Jun/2021:15:30:53 +0200] "GET /wp-content/uploads/appleipadretina-6.png HTTP/1.1" 200 7645 "-" "Mozilla%2F5.0+%28Linux%3B+U%3B+Android+10%3B+de-de%3B+Redmi+9A+Build%2FQP1A.190711.020%29+AppleWebKit%2F537.36+%28KHTML%2C+like+Gecko%29+Version%2F4.0+Chrome%2F79.0.3945.147+Mobile+Safari%2F537.36+XiaoMi%2FMiuiBrowser%2F12.10.7-gn"
:: - - [29/Jun/2021:15:31:01 +0200] "OPTIONS * HTTP/1.0" 200 - "-" "Apache/2.4.6 (CentOS) OpenSSL/1.0.2k-fips mod_fcgid/2.3.9 (internal dummy connection)"
93.240.211.0 - - [29/Jun/2021:15:31:03 +0200] "GET /wp-content/uploads/appleipadretina-6.png HTTP/1.1" 200 7645 "-" "Mozilla%2F5.0+%28Linux%3B+U%3B+Android+10%3B+de-de%3B+Redmi+9A+Build%2FQP1A.190711.020%29+AppleWebKit%2F537.36+%28KHTML%2C+like+Gecko%29+Version%2F4.0+Chrome%2F79.0.3945.147+Mobile+Safari%2F537.36+XiaoMi%2FMiuiBrowser%2F12.10.7-gn"
93.240.211.0 - - [29/Jun/2021:15:31:06 +0200] "GET /aktuelle-angebote/ HTTP/1.1" 200 11829 "https://www.computerdoc24.de/" "Mozilla/5.0 (Linux; U; Android 10; de-de; Redmi 9A Build/QP1A.190711.020) AppleWebKit/537.36 (KHTML, like Gecko) Version/4.0 Chrome/79.0.3945.147 Mobile Safari/537.36 XiaoMi/MiuiBrowser/12.10.7-gn"
93.240.211.0 - - [29/Jun/2021:15:31:08 +0200] "GET /wp-content/uploads/asus_21.5-1024x768-1140x642.jpg HTTP/1.1" 200 27184 "https://www.computerdoc24.de/aktuelle-angebote/" "Mozilla/5.0 (Linux; U; Android 10; de-de; Redmi 9A Build/QP1A.190711.020) AppleWebKit/537.36 (KHTML, like Gecko) Version/4.0 Chrome/79.0.3945.147 Mobile Safari/537.36 XiaoMi/MiuiBrowser/12.10.7-gn"
93.240.211.0 - - [29/Jun/2021:15:31:09 +0200] "GET /wp-content/uploads/20200714_102059-768x1024-1140x642.jpg HTTP/1.1" 200 78361 "https://www.computerdoc24.de/aktuelle-angebote/" "Mozilla/5.0 (Linux; U; Android 10; de-de; Redmi 9A Build/QP1A.190711.020) AppleWebKit/537.36 (KHTML, like Gecko) Version/4.0 Chrome/79.0.3945.147 Mobile Safari/537.36 XiaoMi/MiuiBrowser/12.10.7-gn"
93.240.211.0 - - [29/Jun/2021:15:31:11 +0200] "GET /wp-content/uploads/20200529_2117442-661x1024-1140x642.jpg HTTP/1.1" 200 93508 "https://www.computerdoc24.de/aktuelle-angebote/" "Mozilla/5.0 (Linux; U; Android 10; de-de; Redmi 9A Build/QP1A.190711.020) AppleWebKit/537.36 (KHTML, like Gecko) Version/4.0 Chrome/79.0.3945.147 Mobile Safari/537.36 XiaoMi/MiuiBrowser/12.10.7-gn"
93.240.211.0 - - [29/Jun/2021:15:31:11 +0200] "GET /wp-content/uploads/20200916_132715-768x1024-1140x642.jpg HTTP/1.1" 200 64188 "https://www.computerdoc24.de/aktuelle-angebote/" "Mozilla/5.0 (Linux; U; Android 10; de-de; Redmi 9A Build/QP1A.190711.020) AppleWebKit/537.36 (KHTML, like Gecko) Version/4.0 Chrome/79.0.3945.147 Mobile Safari/537.36 XiaoMi/MiuiBrowser/12.10.7-gn"
93.240.211.0 - - [29/Jun/2021:15:31:12 +0200] "GET /wp-content/uploads/20200916_132743_HDR-768x1024-1140x642.jpg HTTP/1.1" 200 112875 "https://www.computerdoc24.de/aktuelle-angebote/" "Mozilla/5.0 (Linux; U; Android 10; de-de; Redmi 9A Build/QP1A.190711.020) AppleWebKit/537.36 (KHTML, like Gecko) Version/4.0 Chrome/79.0.3945.147 Mobile Safari/537.36 XiaoMi/MiuiBrowser/12.10.7-gn"
93.240.211.0 - - [29/Jun/2021:15:31:12 +0200] "GET /wp-content/uploads/IIYAMA_Monitor-1140x642.jpg HTTP/1.1" 200 84934 "https://www.computerdoc24.de/aktuelle-angebote/" "Mozilla/5.0 (Linux; U; Android 10; de-de; Redmi 9A Build/QP1A.190711.020) AppleWebKit/537.36 (KHTML, like Gecko) Version/4.0 Chrome/79.0.3945.147 Mobile Safari/537.36 XiaoMi/MiuiBrowser/12.10.7-gn"
93.240.211.0 - - [29/Jun/2021:15:31:12 +0200] "GET /wp-content/uploads/appleipadretina-6.png HTTP/1.1" 200 7645 "-" "Mozilla%2F5.0+%28Linux%3B+U%3B+Android+10%3B+de-de%3B+Redmi+9A+Build%2FQP1A.190711.020%29+AppleWebKit%2F537.36+%28KHTML%2C+like+Gecko%29+Version%2F4.0+Chrome%2F79.0.3945.147+Mobile+Safari%2F537.36+XiaoMi%2FMiuiBrowser%2F12.10.7-gn"
93.240.211.0 - - [29/Jun/2021:15:31:14 +0200] "GET /wp-content/uploads/20201204_131937_HDR2-838x1024-1140x642.jpg HTTP/1.1" 200 113379 "https://www.computerdoc24.de/aktuelle-angebote/" "Mozilla/5.0 (Linux; U; Android 10; de-de; Redmi 9A Build/QP1A.190711.020) AppleWebKit/537.36 (KHTML, like Gecko) Version/4.0 Chrome/79.0.3945.147 Mobile Safari/537.36 XiaoMi/MiuiBrowser/12.10.7-gn"
93.240.211.0 - - [29/Jun/2021:15:31:16 +0200] "GET /wp-content/uploads/logitech_mk270-1024x768-1140x642.jpg HTTP/1.1" 200 46868 "https://www.computerdoc24.de/aktuelle-angebote/" "Mozilla/5.0 (Linux; U; Android 10; de-de; Redmi 9A Build/QP1A.190711.020) AppleWebKit/537.36 (KHTML, like Gecko) Version/4.0 Chrome/79.0.3945.147 Mobile Safari/537.36 XiaoMi/MiuiBrowser/12.10.7-gn"
93.240.211.0 - - [29/Jun/2021:15:31:17 +0200] "GET /wp-content/uploads/logitech_maus-1140x642.jpg HTTP/1.1" 200 21139 "https://www.computerdoc24.de/aktuelle-angebote/" "Mozilla/5.0 (Linux; U; Android 10; de-de; Redmi 9A Build/QP1A.190711.020) AppleWebKit/537.36 (KHTML, like Gecko) Version/4.0 Chrome/79.0.3945.147 Mobile Safari/537.36 XiaoMi/MiuiBrowser/12.10.7-gn"
93.240.211.0 - - [29/Jun/2021:15:31:18 +0200] "GET /wp-content/uploads/logitech_s-120-1024x768-1140x642.jpg HTTP/1.1" 200 71406 "https://www.computerdoc24.de/aktuelle-angebote/" "Mozilla/5.0 (Linux; U; Android 10; de-de; Redmi 9A Build/QP1A.190711.020) AppleWebKit/537.36 (KHTML, like Gecko) Version/4.0 Chrome/79.0.3945.147 Mobile Safari/537.36 XiaoMi/MiuiBrowser/12.10.7-gn"
93.240.211.0 - - [29/Jun/2021:15:31:18 +0200] "GET /wp-content/uploads/lc6550-1140x642.jpg HTTP/1.1" 200 86305 "https://www.computerdoc24.de/aktuelle-angebote/" "Mozilla/5.0 (Linux; U; Android 10; de-de; Redmi 9A Build/QP1A.190711.020) AppleWebKit/537.36 (KHTML, like Gecko) Version/4.0 Chrome/79.0.3945.147 Mobile Safari/537.36 XiaoMi/MiuiBrowser/12.10.7-gn"
93.240.211.0 - - [29/Jun/2021:15:31:19 +0200] "GET /wp-content/uploads/20210623_135435_HDR-765x1024-1140x642.jpg HTTP/1.1" 200 101944 "https://www.computerdoc24.de/aktuelle-angebote/" "Mozilla/5.0 (Linux; U; Android 10; de-de; Redmi 9A Build/QP1A.190711.020) AppleWebKit/537.36 (KHTML, like Gecko) Version/4.0 Chrome/79.0.3945.147 Mobile Safari/537.36 XiaoMi/MiuiBrowser/12.10.7-gn"
93.240.211.0 - - [29/Jun/2021:15:31:19 +0200] "GET /wp-content/uploads/20210623_135453_HDR-765x1024-1140x642.jpg HTTP/1.1" 200 108028 "https://www.computerdoc24.de/aktuelle-angebote/" "Mozilla/5.0 (Linux; U; Android 10; de-de; Redmi 9A Build/QP1A.190711.020) AppleWebKit/537.36 (KHTML, like Gecko) Version/4.0 Chrome/79.0.3945.147 Mobile Safari/537.36 XiaoMi/MiuiBrowser/12.10.7-gn"
93.240.211.0 - - [29/Jun/2021:15:31:19 +0200] "GET /wp-content/uploads/20210623_141856_HDR-765x1024-1140x642.jpg HTTP/1.1" 200 83455 "https://www.computerdoc24.de/aktuelle-angebote/" "Mozilla/5.0 (Linux; U; Android 10; de-de; Redmi 9A Build/QP1A.190711.020) AppleWebKit/537.36 (KHTML, like Gecko) Version/4.0 Chrome/79.0.3945.147 Mobile Safari/537.36 XiaoMi/MiuiBrowser/12.10.7-gn"
93.240.211.0 - - [29/Jun/2021:15:31:19 +0200] "GET /wp-content/uploads/20210623_141906_HDR-765x1024-1140x642.jpg HTTP/1.1" 200 114394 "https://www.computerdoc24.de/aktuelle-angebote/" "Mozilla/5.0 (Linux; U; Android 10; de-de; Redmi 9A Build/QP1A.190711.020) AppleWebKit/537.36 (KHTML, like Gecko) Version/4.0 Chrome/79.0.3945.147 Mobile Safari/537.36 XiaoMi/MiuiBrowser/12.10.7-gn"
93.240.211.0 - - [29/Jun/2021:15:31:20 +0200] "GET /wp-content/uploads/20201007_112938_HDR-577x1024-1140x642.jpg HTTP/1.1" 200 82958 "https://www.computerdoc24.de/aktuelle-angebote/" "Mozilla/5.0 (Linux; U; Android 10; de-de; Redmi 9A Build/QP1A.190711.020) AppleWebKit/537.36 (KHTML, like Gecko) Version/4.0 Chrome/79.0.3945.147 Mobile Safari/537.36 XiaoMi/MiuiBrowser/12.10.7-gn"
93.240.211.0 - - [29/Jun/2021:15:31:20 +0200] "GET /wp-content/uploads/20201007_113119_HDR-577x1024-1140x642.jpg HTTP/1.1" 200 118243 "https://www.computerdoc24.de/aktuelle-angebote/" "Mozilla/5.0 (Linux; U; Android 10; de-de; Redmi 9A Build/QP1A.190711.020) AppleWebKit/537.36 (KHTML, like Gecko) Version/4.0 Chrome/79.0.3945.147 Mobile Safari/537.36 XiaoMi/MiuiBrowser/12.10.7-gn"
93.240.211.0 - - [29/Jun/2021:15:31:20 +0200] "GET /wp-content/uploads/20201007_132148_HDR-577x1024-1140x642.jpg HTTP/1.1" 200 69061 "https://www.computerdoc24.de/aktuelle-angebote/" "Mozilla/5.0 (Linux; U; Android 10; de-de; Redmi 9A Build/QP1A.190711.020) AppleWebKit/537.36 (KHTML, like Gecko) Version/4.0 Chrome/79.0.3945.147 Mobile Safari/537.36 XiaoMi/MiuiBrowser/12.10.7-gn"
93.240.211.0 - - [29/Jun/2021:15:31:20 +0200] "GET /wp-content/uploads/20201007_132210_HDR-577x1024-1140x642.jpg HTTP/1.1" 200 127248 "https://www.computerdoc24.de/aktuelle-angebote/" "Mozilla/5.0 (Linux; U; Android 10; de-de; Redmi 9A Build/QP1A.190711.020) AppleWebKit/537.36 (KHTML, like Gecko) Version/4.0 Chrome/79.0.3945.147 Mobile Safari/537.36 XiaoMi/MiuiBrowser/12.10.7-gn"
93.240.211.0 - - [29/Jun/2021:15:31:21 +0200] "GET /wp-content/uploads/20201006_110331_HDR-577x1024-1140x642.jpg HTTP/1.1" 200 104538 "https://www.computerdoc24.de/aktuelle-angebote/" "Mozilla/5.0 (Linux; U; Android 10; de-de; Redmi 9A Build/QP1A.190711.020) AppleWebKit/537.36 (KHTML, like Gecko) Version/4.0 Chrome/79.0.3945.147 Mobile Safari/537.36 XiaoMi/MiuiBrowser/12.10.7-gn"
93.240.211.0 - - [29/Jun/2021:15:31:21 +0200] "GET /wp-content/uploads/20201006_110359_HDR-577x1024-1140x642.jpg HTTP/1.1" 200 107805 "https://www.computerdoc24.de/aktuelle-angebote/" "Mozilla/5.0 (Linux; U; Android 10; de-de; Redmi 9A Build/QP1A.190711.020) AppleWebKit/537.36 (KHTML, like Gecko) Version/4.0 Chrome/79.0.3945.147 Mobile Safari/537.36 XiaoMi/MiuiBrowser/12.10.7-gn"
93.240.211.0 - - [29/Jun/2021:15:31:26 +0200] "GET /wp-content/uploads/20200922_145143-768x1024-1140x642.jpg HTTP/1.1" 200 72397 "https://www.computerdoc24.de/aktuelle-angebote/" "Mozilla/5.0 (Linux; U; Android 10; de-de; Redmi 9A Build/QP1A.190711.020) AppleWebKit/537.36 (KHTML, like Gecko) Version/4.0 Chrome/79.0.3945.147 Mobile Safari/537.36 XiaoMi/MiuiBrowser/12.10.7-gn"
93.240.211.0 - - [29/Jun/2021:15:31:27 +0200] "GET /wp-content/uploads/20200603_115624-1024x488-1140x642.jpg HTTP/1.1" 200 115457 "https://www.computerdoc24.de/aktuelle-angebote/" "Mozilla/5.0 (Linux; U; Android 10; de-de; Redmi 9A Build/QP1A.190711.020) AppleWebKit/537.36 (KHTML, like Gecko) Version/4.0 Chrome/79.0.3945.147 Mobile Safari/537.36 XiaoMi/MiuiBrowser/12.10.7-gn"
93.240.211.0 - - [29/Jun/2021:15:31:30 +0200] "GET /wp-content/uploads/20200608_090116_HDR-488x1024-1140x642.jpg HTTP/1.1" 200 79847 "https://www.computerdoc24.de/aktuelle-angebote/" "Mozilla/5.0 (Linux; U; Android 10; de-de; Redmi 9A Build/QP1A.190711.020) AppleWebKit/537.36 (KHTML, like Gecko) Version/4.0 Chrome/79.0.3945.147 Mobile Safari/537.36 XiaoMi/MiuiBrowser/12.10.7-gn"
93.240.211.0 - - [29/Jun/2021:15:31:30 +0200] "GET /wp-content/uploads/20200608_084021-488x1024-1140x642.jpg HTTP/1.1" 200 111253 "https://www.computerdoc24.de/aktuelle-angebote/" "Mozilla/5.0 (Linux; U; Android 10; de-de; Redmi 9A Build/QP1A.190711.020) AppleWebKit/537.36 (KHTML, like Gecko) Version/4.0 Chrome/79.0.3945.147 Mobile Safari/537.36 XiaoMi/MiuiBrowser/12.10.7-gn"
93.240.211.0 - - [29/Jun/2021:15:31:31 +0200] "GET /wp-content/uploads/20200702_140151_HDR-768x1024-1140x642.jpg HTTP/1.1" 200 102672 "https://www.computerdoc24.de/aktuelle-angebote/" "Mozilla/5.0 (Linux; U; Android 10; de-de; Redmi 9A Build/QP1A.190711.020) AppleWebKit/537.36 (KHTML, like Gecko) Version/4.0 Chrome/79.0.3945.147 Mobile Safari/537.36 XiaoMi/MiuiBrowser/12.10.7-gn"
93.240.211.0 - - [29/Jun/2021:15:31:31 +0200] "GET /wp-content/uploads/20200702_140202_HDR-768x1024-1140x642.jpg HTTP/1.1" 200 70091 "https://www.computerdoc24.de/aktuelle-angebote/" "Mozilla/5.0 (Linux; U; Android 10; de-de; Redmi 9A Build/QP1A.190711.020) AppleWebKit/537.36 (KHTML, like Gecko) Version/4.0 Chrome/79.0.3945.147 Mobile Safari/537.36 XiaoMi/MiuiBrowser/12.10.7-gn"
93.240.211.0 - - [29/Jun/2021:15:31:31 +0200] "GET /wp-content/uploads/20200714_095225-768x1024-1140x642.jpg HTTP/1.1" 200 83200 "https://www.computerdoc24.de/aktuelle-angebote/" "Mozilla/5.0 (Linux; U; Android 10; de-de; Redmi 9A Build/QP1A.190711.020) AppleWebKit/537.36 (KHTML, like Gecko) Version/4.0 Chrome/79.0.3945.147 Mobile Safari/537.36 XiaoMi/MiuiBrowser/12.10.7-gn"
93.240.211.0 - - [29/Jun/2021:15:31:31 +0200] "GET /wp-content/uploads/20200714_095307_HDR-768x1024-1140x642.jpg HTTP/1.1" 200 111102 "https://www.computerdoc24.de/aktuelle-angebote/" "Mozilla/5.0 (Linux; U; Android 10; de-de; Redmi 9A Build/QP1A.190711.020) AppleWebKit/537.36 (KHTML, like Gecko) Version/4.0 Chrome/79.0.3945.147 Mobile Safari/537.36 XiaoMi/MiuiBrowser/12.10.7-gn"
81.169.178.0 - - [29/Jun/2021:15:31:38 +0200] "POST /wp-cron.php?doing_wp_cron=1624973498.3428909778594970703125 HTTP/1.1" 200 - "https://www.computerdoc24.de/wp-cron.php?doing_wp_cron=1624973498.3428909778594970703125" "WordPress/5.2.11; https://www.computerdoc24.de"
93.240.211.0 - - [29/Jun/2021:15:31:38 +0200] "GET /aktuelle-angebote/page/2/ HTTP/1.1" 200 9556 "https://www.computerdoc24.de/aktuelle-angebote/" "Mozilla/5.0 (Linux; U; Android 10; de-de; Redmi 9A Build/QP1A.190711.020) AppleWebKit/537.36 (KHTML, like Gecko) Version/4.0 Chrome/79.0.3945.147 Mobile Safari/537.36 XiaoMi/MiuiBrowser/12.10.7-gn"
93.240.211.0 - - [29/Jun/2021:15:31:40 +0200] "GET /wp-content/uploads/20200916_114730-768x1024-1140x642.jpg HTTP/1.1" 200 79868 "https://www.computerdoc24.de/aktuelle-angebote/page/2/" "Mozilla/5.0 (Linux; U; Android 10; de-de; Redmi 9A Build/QP1A.190711.020) AppleWebKit/537.36 (KHTML, like Gecko) Version/4.0 Chrome/79.0.3945.147 Mobile Safari/537.36 XiaoMi/MiuiBrowser/12.10.7-gn"
93.240.211.0 - - [29/Jun/2021:15:31:41 +0200] "GET /wp-content/uploads/appleipadretina-6.png HTTP/1.1" 200 7645 "-" "Mozilla%2F5.0+%28Linux%3B+U%3B+Android+10%3B+de-de%3B+Redmi+9A+Build%2FQP1A.190711.020%29+AppleWebKit%2F537.36+%28KHTML%2C+like+Gecko%29+Version%2F4.0+Chrome%2F79.0.3945.147+Mobile+Safari%2F537.36+XiaoMi%2FMiuiBrowser%2F12.10.7-gn"
93.240.211.0 - - [29/Jun/2021:15:31:42 +0200] "GET /wp-content/uploads/20200916_114739-768x1024-1140x642.jpg HTTP/1.1" 200 105719 "https://www.computerdoc24.de/aktuelle-angebote/page/2/" "Mozilla/5.0 (Linux; U; Android 10; de-de; Redmi 9A Build/QP1A.190711.020) AppleWebKit/537.36 (KHTML, like Gecko) Version/4.0 Chrome/79.0.3945.147 Mobile Safari/537.36 XiaoMi/MiuiBrowser/12.10.7-gn"
93.240.211.0 - - [29/Jun/2021:15:31:42 +0200] "GET /wp-content/uploads/20201007_111536_HDR-577x1024-1140x642.jpg HTTP/1.1" 200 64819 "https://www.computerdoc24.de/aktuelle-angebote/page/2/" "Mozilla/5.0 (Linux; U; Android 10; de-de; Redmi 9A Build/QP1A.190711.020) AppleWebKit/537.36 (KHTML, like Gecko) Version/4.0 Chrome/79.0.3945.147 Mobile Safari/537.36 XiaoMi/MiuiBrowser/12.10.7-gn"
93.240.211.0 - - [29/Jun/2021:15:31:42 +0200] "GET /wp-content/uploads/20201007_111558_HDR-577x1024-1140x642.jpg HTTP/1.1" 200 124598 "https://www.computerdoc24.de/aktuelle-angebote/page/2/" "Mozilla/5.0 (Linux; U; Android 10; de-de; Redmi 9A Build/QP1A.190711.020) AppleWebKit/537.36 (KHTML, like Gecko) Version/4.0 Chrome/79.0.3945.147 Mobile Safari/537.36 XiaoMi/MiuiBrowser/12.10.7-gn"
93.240.211.0 - - [29/Jun/2021:15:31:42 +0200] "GET /wp-content/uploads/20210412_104349-765x1024-1140x642.jpg HTTP/1.1" 200 113589 "https://www.computerdoc24.de/aktuelle-angebote/page/2/" "Mozilla/5.0 (Linux; U; Android 10; de-de; Redmi 9A Build/QP1A.190711.020) AppleWebKit/537.36 (KHTML, like Gecko) Version/4.0 Chrome/79.0.3945.147 Mobile Safari/537.36 XiaoMi/MiuiBrowser/12.10.7-gn"
93.240.211.0 - - [29/Jun/2021:15:31:42 +0200] "GET /wp-content/uploads/20210412_104400_HDR-1-1024x768-1140x642.jpg HTTP/1.1" 200 138089 "https://www.computerdoc24.de/aktuelle-angebote/page/2/" "Mozilla/5.0 (Linux; U; Android 10; de-de; Redmi 9A Build/QP1A.190711.020) AppleWebKit/537.36 (KHTML, like Gecko) Version/4.0 Chrome/79.0.3945.147 Mobile Safari/537.36 XiaoMi/MiuiBrowser/12.10.7-gn"
45.90.44.0 - - [29/Jun/2021:15:31:45 +0200] "HEAD /wp-includes/js/jquery/jquery-migrate.js HTTP/1.1" 200 - "-" "Mozilla/5.0 (Windows NT 6.3; WOW64; rv:43.0) Gecko/20100101 Firefox/51.0"
45.90.44.0 - - [29/Jun/2021:15:31:45 +0200] "HEAD /wp-includes/js/fsdfsdffsdsdf.js HTTP/1.1" 200 - "-" "Mozilla/5.0 (Windows NT 6.3; WOW64; rv:43.0) Gecko/20100101 Firefox/51.0"
93.240.211.0 - - [29/Jun/2021:15:31:48 +0200] "GET /product/schoenes-gebrauchtes-lenovo-nb-ssd-neu/ HTTP/1.1" 200 13622 "https://www.computerdoc24.de/aktuelle-angebote/page/2/" "Mozilla/5.0 (Linux; U; Android 10; de-de; Redmi 9A Build/QP1A.190711.020) AppleWebKit/537.36 (KHTML, like Gecko) Version/4.0 Chrome/79.0.3945.147 Mobile Safari/537.36 XiaoMi/MiuiBrowser/12.10.7-gn"
93.240.211.0 - - [29/Jun/2021:15:31:51 +0200] "GET /wp-content/uploads/appleipadretina-6.png HTTP/1.1" 200 7645 "-" "Mozilla%2F5.0+%28Linux%3B+U%3B+Android+10%3B+de-de%3B+Redmi+9A+Build%2FQP1A.190711.020%29+AppleWebKit%2F537.36+%28KHTML%2C+like+Gecko%29+Version%2F4.0+Chrome%2F79.0.3945.147+Mobile+Safari%2F537.36+XiaoMi%2FMiuiBrowser%2F12.10.7-gn"
93.240.211.0 - - [29/Jun/2021:15:31:53 +0200] "GET /wp-content/uploads/20210412_104349-765x1024-400x400.jpg HTTP/1.1" 200 34252 "https://www.computerdoc24.de/product/schoenes-gebrauchtes-lenovo-nb-ssd-neu/" "Mozilla/5.0 (Linux; U; Android 10; de-de; Redmi 9A Build/QP1A.190711.020) AppleWebKit/537.36 (KHTML, like Gecko) Version/4.0 Chrome/79.0.3945.147 Mobile Safari/537.36 XiaoMi/MiuiBrowser/12.10.7-gn"
93.240.211.0 - - [29/Jun/2021:15:31:53 +0200] "GET /wp-content/uploads/20210412_104400_HDR-1-1024x768-400x400.jpg HTTP/1.1" 200 33793 "https://www.computerdoc24.de/product/schoenes-gebrauchtes-lenovo-nb-ssd-neu/" "Mozilla/5.0 (Linux; U; Android 10; de-de; Redmi 9A Build/QP1A.190711.020) AppleWebKit/537.36 (KHTML, like Gecko) Version/4.0 Chrome/79.0.3945.147 Mobile Safari/537.36 XiaoMi/MiuiBrowser/12.10.7-gn"
93.240.211.0 - - [29/Jun/2021:15:31:53 +0200] "GET /wp-content/uploads/20210412_104404-1024x768-400x400.jpg HTTP/1.1" 200 30985 "https://www.computerdoc24.de/product/schoenes-gebrauchtes-lenovo-nb-ssd-neu/" "Mozilla/5.0 (Linux; U; Android 10; de-de; Redmi 9A Build/QP1A.190711.020) AppleWebKit/537.36 (KHTML, like Gecko) Version/4.0 Chrome/79.0.3945.147 Mobile Safari/537.36 XiaoMi/MiuiBrowser/12.10.7-gn"
93.240.211.0 - - [29/Jun/2021:15:31:53 +0200] "GET /wp-content/uploads/20210412_104349-765x1024.jpg HTTP/1.1" 200 151969 "https://www.computerdoc24.de/product/schoenes-gebrauchtes-lenovo-nb-ssd-neu/" "Mozilla/5.0 (Linux; U; Android 10; de-de; Redmi 9A Build/QP1A.190711.020) AppleWebKit/537.36 (KHTML, like Gecko) Version/4.0 Chrome/79.0.3945.147 Mobile Safari/537.36 XiaoMi/MiuiBrowser/12.10.7-gn"
93.240.211.0 - - [29/Jun/2021:15:31:53 +0200] "GET /wp-content/uploads/20210412_104400_HDR-1-1024x768.jpg HTTP/1.1" 200 160585 "https://www.computerdoc24.de/product/schoenes-gebrauchtes-lenovo-nb-ssd-neu/" "Mozilla/5.0 (Linux; U; Android 10; de-de; Redmi 9A Build/QP1A.190711.020) AppleWebKit/537.36 (KHTML, like Gecko) Version/4.0 Chrome/79.0.3945.147 Mobile Safari/537.36 XiaoMi/MiuiBrowser/12.10.7-gn"
93.240.211.0 - - [29/Jun/2021:15:31:53 +0200] "GET /wp-content/uploads/20210412_104404-1024x768.jpg HTTP/1.1" 200 118645 "https://www.computerdoc24.de/product/schoenes-gebrauchtes-lenovo-nb-ssd-neu/" "Mozilla/5.0 (Linux; U; Android 10; de-de; Redmi 9A Build/QP1A.190711.020) AppleWebKit/537.36 (KHTML, like Gecko) Version/4.0 Chrome/79.0.3945.147 Mobile Safari/537.36 XiaoMi/MiuiBrowser/12.10.7-gn"
162.210.196.0 - - [29/Jun/2021:15:32:00 +0200] "GET /robots.txt HTTP/1.1" 301 245 "-" "Mozilla/5.0 (compatible; MJ12bot/v1.4.8; http://mj12bot.com/)"
:: - - [29/Jun/2021:15:32:01 +0200] "OPTIONS * HTTP/1.0" 200 - "-" "Apache/2.4.6 (CentOS) OpenSSL/1.0.2k-fips mod_fcgid/2.3.9 (internal dummy connection)"
162.210.196.0 - - [29/Jun/2021:15:32:01 +0200] "GET /robots.txt HTTP/1.1" 200 67 "-" "Mozilla/5.0 (compatible; MJ12bot/v1.4.8; http://mj12bot.com/)"
162.210.196.0 - - [29/Jun/2021:15:32:06 +0200] "GET / HTTP/1.1" 301 235 "-" "Mozilla/5.0 (compatible; MJ12bot/v1.4.8; http://mj12bot.com/)"
93.240.211.0 - - [29/Jun/2021:15:32:07 +0200] "GET /aktuelle-angebote/ HTTP/1.1" 200 11829 "https://www.computerdoc24.de/aktuelle-angebote/page/2/" "Mozilla/5.0 (Linux; U; Android 10; de-de; Redmi 9A Build/QP1A.190711.020) AppleWebKit/537.36 (KHTML, like Gecko) Version/4.0 Chrome/79.0.3945.147 Mobile Safari/537.36 XiaoMi/MiuiBrowser/12.10.7-gn"
162.210.196.0 - - [29/Jun/2021:15:32:08 +0200] "GET / HTTP/1.1" 200 16374 "-" "Mozilla/5.0 (compatible; MJ12bot/v1.4.8; http://mj12bot.com/)"
93.240.211.0 - - [29/Jun/2021:15:32:11 +0200] "GET /wp-content/uploads/appleipadretina-6.png HTTP/1.1" 200 7645 "-" "Mozilla%2F5.0+%28Linux%3B+U%3B+Android+10%3B+de-de%3B+Redmi+9A+Build%2FQP1A.190711.020%29+AppleWebKit%2F537.36+%28KHTML%2C+like+Gecko%29+Version%2F4.0+Chrome%2F79.0.3945.147+Mobile+Safari%2F537.36+XiaoMi%2FMiuiBrowser%2F12.10.7-gn"
93.240.211.0 - - [29/Jun/2021:15:32:15 +0200] "GET /product/leistungsstarkes-15-zoll-hp-notebook-silber/ HTTP/1.1" 200 13616 "https://www.computerdoc24.de/aktuelle-angebote/" "Mozilla/5.0 (Linux; U; Android 10; de-de; Redmi 9A Build/QP1A.190711.020) AppleWebKit/537.36 (KHTML, like Gecko) Version/4.0 Chrome/79.0.3945.147 Mobile Safari/537.36 XiaoMi/MiuiBrowser/12.10.7-gn"
93.240.211.0 - - [29/Jun/2021:15:32:17 +0200] "GET /wp-content/uploads/appleipadretina-6.png HTTP/1.1" 200 7645 "-" "Mozilla%2F5.0+%28Linux%3B+U%3B+Android+10%3B+de-de%3B+Redmi+9A+Build%2FQP1A.190711.020%29+AppleWebKit%2F537.36+%28KHTML%2C+like+Gecko%29+Version%2F4.0+Chrome%2F79.0.3945.147+Mobile+Safari%2F537.36+XiaoMi%2FMiuiBrowser%2F12.10.7-gn"
93.240.211.0 - - [29/Jun/2021:15:32:19 +0200] "GET /wp-content/uploads/20210414_123323-1003x1024-400x400.jpg HTTP/1.1" 200 35382 "https://www.computerdoc24.de/product/leistungsstarkes-15-zoll-hp-notebook-silber/" "Mozilla/5.0 (Linux; U; Android 10; de-de; Redmi 9A Build/QP1A.190711.020) AppleWebKit/537.36 (KHTML, like Gecko) Version/4.0 Chrome/79.0.3945.147 Mobile Safari/537.36 XiaoMi/MiuiBrowser/12.10.7-gn"
93.240.211.0 - - [29/Jun/2021:15:32:19 +0200] "GET /wp-content/uploads/20210414_123427-1024x768-400x400.jpg HTTP/1.1" 200 32989 "https://www.computerdoc24.de/product/leistungsstarkes-15-zoll-hp-notebook-silber/" "Mozilla/5.0 (Linux; U; Android 10; de-de; Redmi 9A Build/QP1A.190711.020) AppleWebKit/537.36 (KHTML, like Gecko) Version/4.0 Chrome/79.0.3945.147 Mobile Safari/537.36 XiaoMi/MiuiBrowser/12.10.7-gn"
93.240.211.0 - - [29/Jun/2021:15:32:19 +0200] "GET /wp-content/uploads/20210414_123323-1003x1024.jpg HTTP/1.1" 200 170149 "https://www.computerdoc24.de/product/leistungsstarkes-15-zoll-hp-notebook-silber/" "Mozilla/5.0 (Linux; U; Android 10; de-de; Redmi 9A Build/QP1A.190711.020) AppleWebKit/537.36 (KHTML, like Gecko) Version/4.0 Chrome/79.0.3945.147 Mobile Safari/537.36 XiaoMi/MiuiBrowser/12.10.7-gn"
93.240.211.0 - - [29/Jun/2021:15:32:20 +0200] "GET /wp-content/uploads/20210414_123427-1024x768.jpg HTTP/1.1" 200 132349 "https://www.computerdoc24.de/product/leistungsstarkes-15-zoll-hp-notebook-silber/" "Mozilla/5.0 (Linux; U; Android 10; de-de; Redmi 9A Build/QP1A.190711.020) AppleWebKit/537.36 (KHTML, like Gecko) Version/4.0 Chrome/79.0.3945.147 Mobile Safari/537.36 XiaoMi/MiuiBrowser/12.10.7-gn"
93.240.211.0 - - [29/Jun/2021:15:32:20 +0200] "GET /wp-content/uploads/20210414_123420-1024x768-400x400.jpg HTTP/1.1" 200 27682 "https://www.computerdoc24.de/product/leistungsstarkes-15-zoll-hp-notebook-silber/" "Mozilla/5.0 (Linux; U; Android 10; de-de; Redmi 9A Build/QP1A.190711.020) AppleWebKit/537.36 (KHTML, like Gecko) Version/4.0 Chrome/79.0.3945.147 Mobile Safari/537.36 XiaoMi/MiuiBrowser/12.10.7-gn"
93.240.211.0 - - [29/Jun/2021:15:32:20 +0200] "GET /wp-content/uploads/20210414_123420-1024x768.jpg HTTP/1.1" 200 119006 "https://www.computerdoc24.de/product/leistungsstarkes-15-zoll-hp-notebook-silber/" "Mozilla/5.0 (Linux; U; Android 10; de-de; Redmi 9A Build/QP1A.190711.020) AppleWebKit/537.36 (KHTML, like Gecko) Version/4.0 Chrome/79.0.3945.147 Mobile Safari/537.36 XiaoMi/MiuiBrowser/12.10.7-gn"
:: - - [29/Jun/2021:15:32:27 +0200] "OPTIONS * HTTP/1.0" 200 - "-" "Apache/2.4.6 (CentOS) OpenSSL/1.0.2k-fips mod_fcgid/2.3.9 (internal dummy connection)"
:: - - [29/Jun/2021:15:32:28 +0200] "OPTIONS * HTTP/1.0" 200 - "-" "Apache/2.4.6 (CentOS) OpenSSL/1.0.2k-fips mod_fcgid/2.3.9 (internal dummy connection)"
81.169.178.0 - - [29/Jun/2021:15:32:32 +0200] "POST /wp-cron.php?doing_wp_cron=1624973552.4728178977966308593750 HTTP/1.1" 200 - "https://www.computerdoc24.de/wp-cron.php?doing_wp_cron=1624973552.4728178977966308593750" "WordPress/5.2.11; https://www.computerdoc24.de"
93.240.211.0 - - [29/Jun/2021:15:32:32 +0200] "GET /product/leistungsstarkes-17-zoll-hp-notebook/ HTTP/1.1" 200 13529 "https://www.computerdoc24.de/aktuelle-angebote/" "Mozilla/5.0 (Linux; U; Android 10; de-de; Redmi 9A Build/QP1A.190711.020) AppleWebKit/537.36 (KHTML, like Gecko) Version/4.0 Chrome/79.0.3945.147 Mobile Safari/537.36 XiaoMi/MiuiBrowser/12.10.7-gn"
93.240.211.0 - - [29/Jun/2021:15:32:35 +0200] "GET /wp-content/uploads/appleipadretina-6.png HTTP/1.1" 200 7645 "-" "Mozilla%2F5.0+%28Linux%3B+U%3B+Android+10%3B+de-de%3B+Redmi+9A+Build%2FQP1A.190711.020%29+AppleWebKit%2F537.36+%28KHTML%2C+like+Gecko%29+Version%2F4.0+Chrome%2F79.0.3945.147+Mobile+Safari%2F537.36+XiaoMi%2FMiuiBrowser%2F12.10.7-gn"
81.169.178.0 - - [29/Jun/2021:15:38:51 +0200] "POST /wp-cron.php?doing_wp_cron=1624973931.6830871105194091796875 HTTP/1.1" 200 - "https://www.computerdoc24.de/wp-cron.php?doing_wp_cron=1624973931.6830871105194091796875" "WordPress/5.2.11; https://www.computerdoc24.de"
34.73.138.0 - - [29/Jun/2021:15:38:51 +0200] "GET /fernwartung/ HTTP/1.0" 200 9273 "-" "ZoominfoBot (zoominfobot at zoominfo dot com)"
134.209.127.0 - - [29/Jun/2021:15:44:35 +0200] "POST /wp-login.php HTTP/1.1" 200 2886 "-" "Mozilla/5.0 (Windows NT 10.0; Win64; x64) AppleWebKit/537.36 (KHTML, like Gecko) Chrome/73.0.3683.86 Safari/537.36"
81.169.178.0 - - [29/Jun/2021:15:45:15 +0200] "POST /wp-cron.php?doing_wp_cron=1624974315.3874208927154541015625 HTTP/1.1" 200 - "https://www.computerdoc24.de/wp-cron.php?doing_wp_cron=1624974315.3874208927154541015625" "WordPress/5.2.11; https://www.computerdoc24.de"
114.119.157.0 - - [29/Jun/2021:15:45:15 +0200] "GET /product/preiswerter-guter-arbeits-pc HTTP/1.1" 200 - "-" "Mozilla/5.0 (Linux; Android 7.0;) AppleWebKit/537.36 (KHTML, like Gecko) Mobile Safari/537.36 (compatible; PetalBot;+https://webmaster.petalsearch.com/site/petalbot)"
114.119.157.0 - - [29/Jun/2021:15:45:16 +0200] "GET /product/preiswerter-guter-arbeits-pc/ HTTP/1.1" 200 13738 "-" "Mozilla/5.0 (Linux; Android 7.0;) AppleWebKit/537.36 (KHTML, like Gecko) Mobile Safari/537.36 (compatible; PetalBot;+https://webmaster.petalsearch.com/site/petalbot)"
117.50.90.0 - - [29/Jun/2021:15:45:23 +0200] "-" 408 - "-" "-"
81.169.144.0 - - [29/Jun/2021:15:48:41 +0200] "POST /wp-cron.php?doing_wp_cron=1624974521.2934670448303222656250 HTTP/1.1" 200 - "http://www.computerdoc24.de/wp-cron.php?doing_wp_cron=1624974521.2934670448303222656250" "WordPress/5.2.2; https://www.computerdoc24.de"
81.169.178.0 - - [29/Jun/2021:15:49:22 +0200] "POST /wp-cron.php?doing_wp_cron=1624974562.4654390811920166015625 HTTP/1.1" 200 - "https://www.computerdoc24.de/wp-cron.php?doing_wp_cron=1624974562.4654390811920166015625" "WordPress/5.2.11; https://www.computerdoc24.de"
114.119.128.0 - - [29/Jun/2021:15:49:22 +0200] "GET /product/neues-schnelles-arbeits-internet-notebook-399-e HTTP/1.1" 200 8204 "-" "Mozilla/5.0 (Linux; Android 7.0;) AppleWebKit/537.36 (KHTML, like Gecko) Mobile Safari/537.36 (compatible; PetalBot;+https://webmaster.petalsearch.com/site/petalbot)"
81.169.178.0 - - [29/Jun/2021:15:55:21 +0200] "POST /wp-cron.php?doing_wp_cron=1624974921.5788071155548095703125 HTTP/1.1" 200 - "http://www.computerdoc24.de/wp-cron.php?doing_wp_cron=1624974921.5788071155548095703125" "WordPress/5.2.11; https://www.computerdoc24.de"
45.119.84.0 - - [29/Jun/2021:15:55:21 +0200] "GET /wp-login.php HTTP/1.1" 302 - "-" "Mozilla/5.0 (X11; Ubuntu; Linux x86_64; rv:62.0) Gecko/20100101 Firefox/62.0"
45.119.84.0 - - [29/Jun/2021:15:55:23 +0200] "GET /wp-admin/ HTTP/1.1" 302 - "http://computerdoc24.de/wp-login.php" "Mozilla/5.0 (X11; Ubuntu; Linux x86_64; rv:62.0) Gecko/20100101 Firefox/62.0"
45.119.84.0 - - [29/Jun/2021:15:55:25 +0200] "GET /wp-login.php?redirect_to=https%3A%2F%2Fwww.computerdoc24.de%2Fwp-admin%2F&reauth=1 HTTP/1.1" 200 2238 "https://www.computerdoc24.de/wp-admin/" "Mozilla/5.0 (X11; Ubuntu; Linux x86_64; rv:62.0) Gecko/20100101 Firefox/62.0"
45.119.84.0 - - [29/Jun/2021:15:55:27 +0200] "GET ///?author=1 HTTP/1.1" 404 8287 "-" "Mozilla/5.0 (X11; Ubuntu; Linux x86_64; rv:62.0) Gecko/20100101 Firefox/62.0"
45.119.84.0 - - [29/Jun/2021:15:55:28 +0200] "GET ///wp-json/wp/v2/users/ HTTP/1.1" 200 - "-" "Mozilla/5.0 (X11; Ubuntu; Linux x86_64; rv:62.0) Gecko/20100101 Firefox/62.0"
45.119.84.0 - - [29/Jun/2021:15:55:29 +0200] "GET ///wp-json/wp/v2/users/ HTTP/1.1" 200 124 "http://computerdoc24.de///wp-json/wp/v2/users/" "Mozilla/5.0 (X11; Ubuntu; Linux x86_64; rv:62.0) Gecko/20100101 Firefox/62.0"
185.180.143.0 - - [29/Jun/2021:15:56:22 +0200] "GET / HTTP/1.1" 200 2691 "-" "Mozilla/5.0 (Windows NT 10.0; WOW64) AppleWebKit/537.36 (KHTML, like Gecko) Chrome/66.0.3359.117 Safari/537.36"
81.169.178.0 - - [29/Jun/2021:15:58:57 +0200] "POST /wp-cron.php?doing_wp_cron=1624975137.8410229682922363281250 HTTP/1.1" 200 - "https://www.ipcbusiness.de/wp-cron.php?doing_wp_cron=1624975137.8410229682922363281250" "WordPress/5.6.4; https://www.ipcbusiness.de/es"
114.119.139.0 - - [29/Jun/2021:15:58:57 +0200] "GET /es/linieninformationen HTTP/1.1" 200 - "-" "Mozilla/5.0 (Linux; Android 7.0;) AppleWebKit/537.36 (KHTML, like Gecko) Mobile Safari/537.36 (compatible; PetalBot;+https://webmaster.petalsearch.com/site/petalbot)"
114.119.139.0 - - [29/Jun/2021:15:58:59 +0200] "GET /es/linieninformationen/ HTTP/1.1" 200 11942 "-" "Mozilla/5.0 (Linux; Android 7.0;) AppleWebKit/537.36 (KHTML, like Gecko) Mobile Safari/537.36 (compatible; PetalBot;+https://webmaster.petalsearch.com/site/petalbot)"
54.36.149.0 - - [29/Jun/2021:16:00:12 +0200] "GET / HTTP/1.1" 200 16370 "-" "Mozilla/5.0 (compatible; AhrefsBot/7.0; +http://ahrefs.com/robot/)"
178.238.236.0 - - [29/Jun/2021:16:03:41 +0200] "GET /w00tw00t.at.ISC.SANS.DFind:) HTTP/1.1" 400 226 "-" "-"
114.119.144.0 - - [29/Jun/2021:16:03:42 +0200] "GET /pl/unsere-maerkte/gueter/ HTTP/1.1" 200 10594 "-" "Mozilla/5.0 (Linux; Android 7.0;) AppleWebKit/537.36 (KHTML, like Gecko) Mobile Safari/537.36 (compatible; PetalBot;+https://webmaster.petalsearch.com/site/petalbot)"
81.169.178.0 - - [29/Jun/2021:16:10:21 +0200] "POST /wp-cron.php?doing_wp_cron=1624975821.5743589401245117187500 HTTP/1.1" 200 - "https://www.computerdoc24.de/wp-cron.php?doing_wp_cron=1624975821.5743589401245117187500" "WordPress/5.2.11; https://www.computerdoc24.de"
114.119.132.0 - - [29/Jun/2021:16:10:21 +0200] "GET /product/netzteil-lc-power-550w-lc6550-12cm-80bronze-ver-2-3-retail/ HTTP/1.1" 200 14987 "-" "Mozilla/5.0 (Linux; Android 7.0;) AppleWebKit/537.36 (KHTML, like Gecko) Mobile Safari/537.36 (compatible; PetalBot;+https://webmaster.petalsearch.com/site/petalbot)"
64.233.173.0 - - [29/Jun/2021:16:14:07 +0200] "GET /wp-content/uploads/20201204_131937_HDR2.jpg HTTP/1.1" 200 2142717 "-" "Mozilla/5.0 (Windows NT 5.1; rv:11.0) Gecko Firefox/11.0 (via ggpht.com GoogleImageProxy)"
34.86.35.0 - - [29/Jun/2021:16:14:50 +0200] "GET / HTTP/1.1" 200 2691 "-" "Expanse, a Palo Alto Networks company, searches across the global IPv4 space multiple times per day to identify customers&#39; presences on the Internet. If you would like to be excluded from our scans, please send IP addresses/domains to: scaninfo@paloaltonetworks.com"
85.203.45.0 - - [29/Jun/2021:16:18:40 +0200] "GET /?author=1 HTTP/1.1" 200 2691 "-" "Mozilla/5.0 (Windows NT 10.0; Win64; x64) AppleWebKit/537.36 (KHTML, like Gecko) Chrome/63.0.3239.132 Safari/537.36"
85.203.45.0 - - [29/Jun/2021:16:18:45 +0200] "GET /wp-json/wp/v2/users/ HTTP/1.1" 200 2691 "-" "Mozilla/5.0 (Windows NT 10.0; Win64; x64) AppleWebKit/537.36 (KHTML, like Gecko) Chrome/63.0.3239.132 Safari/537.36"
85.203.45.0 - - [29/Jun/2021:16:18:51 +0200] "POST /xmlrpc.php HTTP/1.1" 200 2691 "-" "Mozilla/5.0 (Windows NT 10.0; Win64; x64) AppleWebKit/537.36 (KHTML, like Gecko) Chrome/63.0.3239.132 Safari/537.36"
85.203.45.0 - - [29/Jun/2021:16:18:51 +0200] "POST /xmlrpc.php HTTP/1.1" 200 2691 "-" "Mozilla/5.0 (Windows NT 10.0; Win64; x64) AppleWebKit/537.36 (KHTML, like Gecko) Chrome/63.0.3239.132 Safari/537.36"
93.236.245.0 - - [29/Jun/2021:16:20:34 +0200] "-" 408 - "-" "-"
114.119.138.0 - - [29/Jun/2021:16:25:22 +0200] "GET /es/unsere-produkte-und-services/digitale-loesungen-ueberwachung-der-ladeeinheiten HTTP/1.1" 200 - "-" "Mozilla/5.0 (Linux; Android 7.0;) AppleWebKit/537.36 (KHTML, like Gecko) Mobile Safari/537.36 (compatible; PetalBot;+https://webmaster.petalsearch.com/site/petalbot)"
114.119.138.0 - - [29/Jun/2021:16:25:23 +0200] "GET /es/unsere-produkte-und-services/digitale-loesungen-ueberwachung-der-ladeeinheiten/ HTTP/1.1" 200 10616 "-" "Mozilla/5.0 (Linux; Android 7.0;) AppleWebKit/537.36 (KHTML, like Gecko) Mobile Safari/537.36 (compatible; PetalBot;+https://webmaster.petalsearch.com/site/petalbot)"
162.214.198.0 - - [29/Jun/2021:16:25:32 +0200] "GET /wp-login.php HTTP/1.1" 200 2691 "-" "Mozilla/5.0 (X11; Ubuntu; Linux x86_64; rv:62.0) Gecko/20100101 Firefox/62.0"
162.214.198.0 - - [29/Jun/2021:16:25:32 +0200] "GET /wp-login.php HTTP/1.1" 200 2691 "-" "Mozilla/5.0 (X11; Ubuntu; Linux x86_64; rv:62.0) Gecko/20100101 Firefox/62.0"
162.214.198.0 - - [29/Jun/2021:16:25:32 +0200] "GET /wp-login.php HTTP/1.1" 200 2691 "-" "Mozilla/5.0 (X11; Ubuntu; Linux x86_64; rv:62.0) Gecko/20100101 Firefox/62.0"
162.62.123.0 - - [29/Jun/2021:16:27:12 +0200] "GET / HTTP/1.1" 403 2409 "-" "-"
188.166.94.0 - - [29/Jun/2021:16:31:10 +0200] "POST /wp-login.php HTTP/1.1" 200 2884 "-" "Mozilla/5.0 (Windows NT 6.3; Win64; x64) AppleWebKit/537.36 (KHTML, like Gecko) Chrome/67.0.3396.99 Safari/537.36"
81.169.178.0 - - [29/Jun/2021:16:36:35 +0200] "POST /wp-cron.php?doing_wp_cron=1624977395.5051679611206054687500 HTTP/1.1" 200 - "http://www.computerdoc24.de/wp-cron.php?doing_wp_cron=1624977395.5051679611206054687500" "WordPress/5.2.11; https://www.computerdoc24.de"
185.185.217.0 - - [29/Jun/2021:16:36:35 +0200] "GET / HTTP/1.1" 301 - "-" "Mozilla/5.0 (compatible; intelx.io_bot +https://intelx.io)"
185.185.217.0 - - [29/Jun/2021:16:36:36 +0200] "GET / HTTP/1.1" 301 - "-" "Mozilla/5.0 (compatible; intelx.io_bot +https://intelx.io)"
185.185.217.0 - - [29/Jun/2021:16:36:36 +0200] "GET /product/schicker-173-zoll-lenovo-mit-250gb-ssd-1000gb-hdd-kopie/ HTTP/1.1" 200 8199 "-" "Mozilla/5.0 (compatible; intelx.io_bot +https://intelx.io)"
207.46.13.0 - - [29/Jun/2021:16:37:05 +0200] "GET /ru/datenschutzerklaerung/ HTTP/1.1" 301 310 "-" "Mozilla/5.0 (compatible; bingbot/2.0; +http://www.bing.com/bingbot.htm)"
137.117.178.0 - - [29/Jun/2021:16:39:46 +0200] "POST /xmlrpc.php HTTP/1.1" 301 241 "-" "Mozilla/5.0 (Macintosh; U; Intel Mac OS X 10.6; fr; rv:1.9.2.8) Gecko/20100722 Firefox/3.6.8"
81.169.144.0 - - [29/Jun/2021:16:39:57 +0200] "POST /wp-cron.php?doing_wp_cron=1624977597.3872931003570556640625 HTTP/1.1" 200 - "http://www.computerdoc24.de/wp-cron.php?doing_wp_cron=1624977597.3872931003570556640625" "WordPress/5.2.2; https://www.computerdoc24.de"
54.36.149.0 - - [29/Jun/2021:16:43:15 +0200] "GET / HTTP/1.1" 200 2590 "-" "Mozilla/5.0 (compatible; AhrefsBot/7.0; +http://ahrefs.com/robot/)"
66.249.87.0 - - [29/Jun/2021:16:43:25 +0200] "GET / HTTP/1.1" 200 2590 "-" "AdsBot-Google (+http://www.google.com/adsbot.html)"
81.169.178.0 - - [29/Jun/2021:16:46:35 +0200] "POST /wp-cron.php?doing_wp_cron=1624977995.8028330802917480468750 HTTP/1.1" 200 - "https://www.computerdoc24.de/wp-cron.php?doing_wp_cron=1624977995.8028330802917480468750" "WordPress/5.2.11; https://www.computerdoc24.de"
54.36.148.0 - - [29/Jun/2021:16:46:35 +0200] "GET /product/leistungsstarkes-17-zoll-hp-notebook/ HTTP/1.1" 200 13730 "-" "Mozilla/5.0 (compatible; AhrefsBot/7.0; +http://ahrefs.com/robot/)"
142.93.225.0 - - [29/Jun/2021:16:46:50 +0200] "GET /wp-login.php HTTP/1.1" 301 243 "-" "Mozilla/5.0 (X11; Ubuntu; Linux x86_64; rv:62.0) Gecko/20100101 Firefox/62.0"
142.93.225.0 - - [29/Jun/2021:16:46:50 +0200] "GET /wp-login.php HTTP/1.1" 200 2748 "http://ipcbusiness.de/wp-login.php" "Mozilla/5.0 (X11; Ubuntu; Linux x86_64; rv:62.0) Gecko/20100101 Firefox/62.0"
142.93.225.0 - - [29/Jun/2021:16:46:51 +0200] "GET ///?author=1 HTTP/1.1" 301 240 "-" "Mozilla/5.0 (X11; Ubuntu; Linux x86_64; rv:62.0) Gecko/20100101 Firefox/62.0"
142.93.225.0 - - [29/Jun/2021:16:46:51 +0200] "GET /?author=1 HTTP/1.1" 301 - "http://ipcbusiness.de///?author=1" "Mozilla/5.0 (X11; Ubuntu; Linux x86_64; rv:62.0) Gecko/20100101 Firefox/62.0"
142.93.225.0 - - [29/Jun/2021:16:46:52 +0200] "GET /author/lhstadmin/ HTTP/1.1" 200 12416 "https://ipcbusiness.de/?author=1" "Mozilla/5.0 (X11; Ubuntu; Linux x86_64; rv:62.0) Gecko/20100101 Firefox/62.0"
