114.119.130.0 - - [28/Jun/2021:14:57:56 +0200] "GET /ru/auftraggeber HTTP/1.1" 200 - "-" "Mozilla/5.0 (Linux; Android 7.0;) AppleWebKit/537.36 (KHTML, like Gecko) Mobile Safari/537.36 (compatible; PetalBot;+https://webmaster.petalsearch.com/site/petalbot)"
114.119.130.0 - - [28/Jun/2021:14:57:58 +0200] "GET /ru/auftraggeber/ HTTP/1.1" 200 10858 "-" "Mozilla/5.0 (Linux; Android 7.0;) AppleWebKit/537.36 (KHTML, like Gecko) Mobile Safari/537.36 (compatible; PetalBot;+https://webmaster.petalsearch.com/site/petalbot)"
168.119.248.0 - - [28/Jun/2021:14:58:25 +0200] "GET / HTTP/1.1" 200 2691 "-" "page-preview-tool Mozilla/5.0 (Windows NT 10.0; Win64; x64) AppleWebKit/537.36 (KHTML, like Gecko) Chrome/80.0.3987.132 Safari/537.36"
54.36.149.0 - - [28/Jun/2021:14:58:52 +0200] "GET /unsere-produkte-und-services/ HTTP/1.1" 200 10755 "-" "Mozilla/5.0 (compatible; AhrefsBot/7.0; +http://ahrefs.com/robot/)"
54.36.149.0 - - [28/Jun/2021:15:00:14 +0200] "GET /robots.txt HTTP/1.1" 200 2691 "-" "Mozilla/5.0 (compatible; AhrefsBot/7.0; +http://ahrefs.com/robot/)"
54.36.148.0 - - [28/Jun/2021:15:00:15 +0200] "GET / HTTP/1.1" 200 2691 "-" "Mozilla/5.0 (compatible; AhrefsBot/7.0; +http://ahrefs.com/robot/)"
114.119.131.0 - - [28/Jun/2021:15:00:21 +0200] "GET /fr/unsere-maerkte/feste-routen/ HTTP/1.1" 200 10871 "-" "Mozilla/5.0 (Linux; Android 7.0;) AppleWebKit/537.36 (KHTML, like Gecko) Mobile Safari/537.36 (compatible; PetalBot;+https://webmaster.petalsearch.com/site/petalbot)"
159.65.128.0 - - [28/Jun/2021:15:05:04 +0200] "GET /wp-login.php HTTP/1.1" 200 2743 "-" "Mozilla/5.0 (X11; Ubuntu; Linux x86_64; rv:62.0) Gecko/20100101 Firefox/62.0"
159.65.128.0 - - [28/Jun/2021:15:05:06 +0200] "POST /wp-login.php HTTP/1.1" 200 2880 "-" "Mozilla/5.0 (X11; Ubuntu; Linux x86_64; rv:62.0) Gecko/20100101 Firefox/62.0"
159.65.128.0 - - [28/Jun/2021:15:05:08 +0200] "GET /wp-login.php HTTP/1.1" 200 2743 "-" "Mozilla/5.0 (X11; Ubuntu; Linux x86_64; rv:62.0) Gecko/20100101 Firefox/62.0"
159.65.128.0 - - [28/Jun/2021:15:05:10 +0200] "POST /wp-login.php HTTP/1.1" 200 2844 "-" "Mozilla/5.0 (X11; Ubuntu; Linux x86_64; rv:62.0) Gecko/20100101 Firefox/62.0"
159.65.128.0 - - [28/Jun/2021:15:05:13 +0200] "POST /xmlrpc.php HTTP/1.1" 200 249 "-" "Mozilla/5.0 (X11; Ubuntu; Linux x86_64; rv:62.0) Gecko/20100101 Firefox/62.0"
173.236.152.0 - - [28/Jun/2021:15:06:27 +0200] "GET /wp-login.php HTTP/1.1" 200 2748 "-" "Mozilla/5.0 (X11; Ubuntu; Linux x86_64; rv:62.0) Gecko/20100101 Firefox/62.0"
173.236.152.0 - - [28/Jun/2021:15:06:28 +0200] "POST /wp-login.php HTTP/1.1" 200 2886 "-" "Mozilla/5.0 (X11; Ubuntu; Linux x86_64; rv:62.0) Gecko/20100101 Firefox/62.0"
173.236.152.0 - - [28/Jun/2021:15:06:30 +0200] "GET /wp-login.php HTTP/1.1" 200 2748 "-" "Mozilla/5.0 (X11; Ubuntu; Linux x86_64; rv:62.0) Gecko/20100101 Firefox/62.0"
173.236.152.0 - - [28/Jun/2021:15:06:32 +0200] "POST /wp-login.php HTTP/1.1" 200 2850 "-" "Mozilla/5.0 (X11; Ubuntu; Linux x86_64; rv:62.0) Gecko/20100101 Firefox/62.0"
173.236.152.0 - - [28/Jun/2021:15:06:33 +0200] "POST /xmlrpc.php HTTP/1.1" 200 249 "-" "Mozilla/5.0 (X11; Ubuntu; Linux x86_64; rv:62.0) Gecko/20100101 Firefox/62.0"
114.119.130.0 - - [28/Jun/2021:15:07:00 +0200] "GET /it/unsere-produkte-und-services HTTP/1.1" 200 - "-" "Mozilla/5.0 (Linux; Android 7.0;) AppleWebKit/537.36 (KHTML, like Gecko) Mobile Safari/537.36 (compatible; PetalBot;+https://webmaster.petalsearch.com/site/petalbot)"
114.119.130.0 - - [28/Jun/2021:15:07:03 +0200] "GET /it/unsere-produkte-und-services/ HTTP/1.1" 200 10423 "-" "Mozilla/5.0 (Linux; Android 7.0;) AppleWebKit/537.36 (KHTML, like Gecko) Mobile Safari/537.36 (compatible; PetalBot;+https://webmaster.petalsearch.com/site/petalbot)"
81.169.178.0 - - [28/Jun/2021:15:07:40 +0200] "POST /wp-cron.php?doing_wp_cron=1624885660.7216470241546630859375 HTTP/1.1" 200 - "https://www.computerdoc24.de/wp-cron.php?doing_wp_cron=1624885660.7216470241546630859375" "WordPress/5.2.11; https://www.computerdoc24.de"
155.133.138.0 - - [28/Jun/2021:15:07:40 +0200] "GET /wp-login.php HTTP/1.1" 200 2238 "-" "Mozilla/5.0 (X11; Ubuntu; Linux x86_64; rv:62.0) Gecko/20100101 Firefox/62.0"
155.133.138.0 - - [28/Jun/2021:15:07:41 +0200] "POST /wp-login.php HTTP/1.1" 200 2589 "-" "Mozilla/5.0 (X11; Ubuntu; Linux x86_64; rv:62.0) Gecko/20100101 Firefox/62.0"
155.133.138.0 - - [28/Jun/2021:15:07:41 +0200] "POST /xmlrpc.php HTTP/1.1" 200 228 "-" "Mozilla/5.0 (X11; Ubuntu; Linux x86_64; rv:62.0) Gecko/20100101 Firefox/62.0"
35.184.139.0 - - [28/Jun/2021:15:18:35 +0200] "GET /wp-login.php HTTP/1.1" 200 2743 "-" "Mozilla/5.0 (X11; Ubuntu; Linux x86_64; rv:62.0) Gecko/20100101 Firefox/62.0"
35.184.139.0 - - [28/Jun/2021:15:18:36 +0200] "POST /wp-login.php HTTP/1.1" 200 2880 "-" "Mozilla/5.0 (X11; Ubuntu; Linux x86_64; rv:62.0) Gecko/20100101 Firefox/62.0"
35.184.139.0 - - [28/Jun/2021:15:18:37 +0200] "GET /wp-login.php HTTP/1.1" 200 2743 "-" "Mozilla/5.0 (X11; Ubuntu; Linux x86_64; rv:62.0) Gecko/20100101 Firefox/62.0"
35.184.139.0 - - [28/Jun/2021:15:18:38 +0200] "POST /wp-login.php HTTP/1.1" 200 2844 "-" "Mozilla/5.0 (X11; Ubuntu; Linux x86_64; rv:62.0) Gecko/20100101 Firefox/62.0"
35.184.139.0 - - [28/Jun/2021:15:18:39 +0200] "POST /xmlrpc.php HTTP/1.1" 200 249 "-" "Mozilla/5.0 (X11; Ubuntu; Linux x86_64; rv:62.0) Gecko/20100101 Firefox/62.0"
34.239.214.0 - - [28/Jun/2021:15:19:38 +0200] "GET /wp-login.php HTTP/1.1" 200 2748 "-" "Mozilla/5.0 (X11; Ubuntu; Linux x86_64; rv:62.0) Gecko/20100101 Firefox/62.0"
34.239.214.0 - - [28/Jun/2021:15:19:39 +0200] "POST /wp-login.php HTTP/1.1" 200 2886 "-" "Mozilla/5.0 (X11; Ubuntu; Linux x86_64; rv:62.0) Gecko/20100101 Firefox/62.0"
34.239.214.0 - - [28/Jun/2021:15:19:40 +0200] "GET /wp-login.php HTTP/1.1" 200 2748 "-" "Mozilla/5.0 (X11; Ubuntu; Linux x86_64; rv:62.0) Gecko/20100101 Firefox/62.0"
34.239.214.0 - - [28/Jun/2021:15:19:41 +0200] "POST /wp-login.php HTTP/1.1" 200 2850 "-" "Mozilla/5.0 (X11; Ubuntu; Linux x86_64; rv:62.0) Gecko/20100101 Firefox/62.0"
34.239.214.0 - - [28/Jun/2021:15:19:42 +0200] "POST /xmlrpc.php HTTP/1.1" 200 249 "-" "Mozilla/5.0 (X11; Ubuntu; Linux x86_64; rv:62.0) Gecko/20100101 Firefox/62.0"
81.169.178.0 - - [28/Jun/2021:15:20:27 +0200] "POST /wp-cron.php?doing_wp_cron=1624886427.5475640296936035156250 HTTP/1.1" 200 - "https://www.computerdoc24.de/wp-cron.php?doing_wp_cron=1624886427.5475640296936035156250" "WordPress/5.2.11; https://www.computerdoc24.de"
91.134.248.0 - - [28/Jun/2021:15:20:27 +0200] "GET /wp-login.php HTTP/1.1" 200 2238 "-" "Mozilla/5.0 (X11; Ubuntu; Linux x86_64; rv:62.0) Gecko/20100101 Firefox/62.0"
91.134.248.0 - - [28/Jun/2021:15:20:29 +0200] "POST /wp-login.php HTTP/1.1" 200 2589 "-" "Mozilla/5.0 (X11; Ubuntu; Linux x86_64; rv:62.0) Gecko/20100101 Firefox/62.0"
81.169.178.0 - - [28/Jun/2021:15:20:30 +0200] "POST /wp-cron.php?doing_wp_cron=1624886430.2243919372558593750000 HTTP/1.1" 200 - "https://www.computerdoc24.de/wp-cron.php?doing_wp_cron=1624886430.2243919372558593750000" "WordPress/5.2.11; https://www.computerdoc24.de"
91.134.248.0 - - [28/Jun/2021:15:20:30 +0200] "POST /xmlrpc.php HTTP/1.1" 200 228 "-" "Mozilla/5.0 (X11; Ubuntu; Linux x86_64; rv:62.0) Gecko/20100101 Firefox/62.0"
185.2.5.0 - - [28/Jun/2021:15:21:46 +0200] "GET /wp-info.php HTTP/1.1" 301 242 "http://simplesite.com" "Mozilla/5.0 (Windows; U; Windows NT 5.1; en-US) AppleWebKit/533.4 (KHTML, like Gecko) Chrome/5.0.375.99 Safari/533.4"
185.2.5.0 - - [28/Jun/2021:15:21:46 +0200] "GET /wp-info.php HTTP/1.1" 200 - "http://ipcbusiness.de/wp-info.php" "Mozilla/5.0 (Windows; U; Windows NT 5.1; en-US) AppleWebKit/533.4 (KHTML, like Gecko) Chrome/5.0.375.99 Safari/533.4"
185.2.5.0 - - [28/Jun/2021:15:21:47 +0200] "GET /wp-info.php HTTP/1.1" 200 62156 "https://ipcbusiness.de/wp-info.php" "Mozilla/5.0 (Windows; U; Windows NT 5.1; en-US) AppleWebKit/533.4 (KHTML, like Gecko) Chrome/5.0.375.99 Safari/533.4"
185.2.5.0 - - [28/Jun/2021:15:21:49 +0200] "GET /wp-info.php HTTP/1.1" 301 242 "http://simplesite.com" "Mozilla/5.0 (Windows; U; Windows NT 5.1; en-US) AppleWebKit/533.4 (KHTML, like Gecko) Chrome/5.0.375.99 Safari/533.4"
185.2.5.0 - - [28/Jun/2021:15:21:50 +0200] "GET /wp-info.php HTTP/1.1" 200 - "http://ipcbusiness.de/wp-info.php" "Mozilla/5.0 (Windows; U; Windows NT 5.1; en-US) AppleWebKit/533.4 (KHTML, like Gecko) Chrome/5.0.375.99 Safari/533.4"
185.2.5.0 - - [28/Jun/2021:15:21:51 +0200] "GET /wp-info.php HTTP/1.1" 200 62156 "https://ipcbusiness.de/wp-info.php" "Mozilla/5.0 (Windows; U; Windows NT 5.1; en-US) AppleWebKit/533.4 (KHTML, like Gecko) Chrome/5.0.375.99 Safari/533.4"
185.185.217.0 - - [28/Jun/2021:15:23:29 +0200] "GET / HTTP/1.1" 301 - "-" "Mozilla/5.0 (compatible; intelx.io_bot +https://intelx.io)"
185.185.217.0 - - [28/Jun/2021:15:23:30 +0200] "GET / HTTP/1.1" 301 - "-" "Mozilla/5.0 (compatible; intelx.io_bot +https://intelx.io)"
207.46.13.0 - - [28/Jun/2021:15:24:46 +0200] "GET /robots.txt HTTP/1.1" 301 297 "-" "Mozilla/5.0 (compatible; bingbot/2.0; +http://www.bing.com/bingbot.htm)"
40.77.167.0 - - [28/Jun/2021:15:24:52 +0200] "GET /product/schneller-arbeits-und-internet-pc-5/ HTTP/1.1" 301 331 "-" "Mozilla/5.0 (compatible; bingbot/2.0; +http://www.bing.com/bingbot.htm)"
185.40.4.0 - - [28/Jun/2021:15:25:31 +0200] "GET / HTTP/1.1" 403 2411 "-" "-"
170.39.185.0 - - [28/Jun/2021:15:26:05 +0200] "GET /.env HTTP/1.1" 404 2539 "-" "Mozilla/5.0 (X11; Linux x86_64) AppleWebKit/537.36 (KHTML, like Gecko) Chrome/81.0.4044.129 Safari/537.36"
170.39.185.0 - - [28/Jun/2021:15:26:05 +0200] "POST / HTTP/1.1" 404 2531 "-" "Mozilla/5.0 (X11; Linux x86_64) AppleWebKit/537.36 (KHTML, like Gecko) Chrome/81.0.4044.129 Safari/537.36"
170.39.185.0 - - [28/Jun/2021:15:26:06 +0200] "GET /.env HTTP/1.1" 404 2543 "-" "Mozilla/5.0 (X11; Linux x86_64) AppleWebKit/537.36 (KHTML, like Gecko) Chrome/81.0.4044.129 Safari/537.36"
170.39.185.0 - - [28/Jun/2021:15:26:06 +0200] "POST / HTTP/1.1" 404 2535 "-" "Mozilla/5.0 (X11; Linux x86_64) AppleWebKit/537.36 (KHTML, like Gecko) Chrome/81.0.4044.129 Safari/537.36"
40.77.167.0 - - [28/Jun/2021:15:27:04 +0200] "GET / HTTP/1.1" 200 2590 "-" "Mozilla/5.0 (compatible; bingbot/2.0; +http://www.bing.com/bingbot.htm)"
114.119.137.0 - - [28/Jun/2021:15:29:28 +0200] "GET /ru/datenschutzerklaerung HTTP/1.1" 200 - "-" "Mozilla/5.0 (Linux; Android 7.0;) AppleWebKit/537.36 (KHTML, like Gecko) Mobile Safari/537.36 (compatible; PetalBot;+https://webmaster.petalsearch.com/site/petalbot)"
114.119.137.0 - - [28/Jun/2021:15:29:30 +0200] "GET /ru/datenschutzerklaerung/ HTTP/1.1" 200 16989 "-" "Mozilla/5.0 (Linux; Android 7.0;) AppleWebKit/537.36 (KHTML, like Gecko) Mobile Safari/537.36 (compatible; PetalBot;+https://webmaster.petalsearch.com/site/petalbot)"
134.122.28.0 - - [28/Jun/2021:15:31:21 +0200] "GET /wp-login.php HTTP/1.1" 200 2743 "-" "Mozilla/5.0 (X11; Ubuntu; Linux x86_64; rv:62.0) Gecko/20100101 Firefox/62.0"
134.122.28.0 - - [28/Jun/2021:15:31:22 +0200] "POST /wp-login.php HTTP/1.1" 200 2880 "-" "Mozilla/5.0 (X11; Ubuntu; Linux x86_64; rv:62.0) Gecko/20100101 Firefox/62.0"
134.122.28.0 - - [28/Jun/2021:15:31:23 +0200] "GET /wp-login.php HTTP/1.1" 200 2743 "-" "Mozilla/5.0 (X11; Ubuntu; Linux x86_64; rv:62.0) Gecko/20100101 Firefox/62.0"
134.122.28.0 - - [28/Jun/2021:15:31:24 +0200] "POST /wp-login.php HTTP/1.1" 200 2844 "-" "Mozilla/5.0 (X11; Ubuntu; Linux x86_64; rv:62.0) Gecko/20100101 Firefox/62.0"
134.122.28.0 - - [28/Jun/2021:15:31:25 +0200] "POST /xmlrpc.php HTTP/1.1" 200 249 "-" "Mozilla/5.0 (X11; Ubuntu; Linux x86_64; rv:62.0) Gecko/20100101 Firefox/62.0"
114.119.139.0 - - [28/Jun/2021:15:32:33 +0200] "GET /ru/impressum HTTP/1.1" 200 - "-" "Mozilla/5.0 (Linux; Android 7.0;) AppleWebKit/537.36 (KHTML, like Gecko) Mobile Safari/537.36 (compatible; PetalBot;+https://webmaster.petalsearch.com/site/petalbot)"
114.119.139.0 - - [28/Jun/2021:15:32:35 +0200] "GET /ru/impressum/ HTTP/1.1" 200 13632 "-" "Mozilla/5.0 (Linux; Android 7.0;) AppleWebKit/537.36 (KHTML, like Gecko) Mobile Safari/537.36 (compatible; PetalBot;+https://webmaster.petalsearch.com/site/petalbot)"
162.241.232.0 - - [28/Jun/2021:15:32:38 +0200] "GET /wp-login.php HTTP/1.1" 200 2748 "-" "Mozilla/5.0 (X11; Ubuntu; Linux x86_64; rv:62.0) Gecko/20100101 Firefox/62.0"
162.241.232.0 - - [28/Jun/2021:15:32:40 +0200] "POST /wp-login.php HTTP/1.1" 200 2886 "-" "Mozilla/5.0 (X11; Ubuntu; Linux x86_64; rv:62.0) Gecko/20100101 Firefox/62.0"
162.241.232.0 - - [28/Jun/2021:15:32:41 +0200] "GET /wp-login.php HTTP/1.1" 200 2748 "-" "Mozilla/5.0 (X11; Ubuntu; Linux x86_64; rv:62.0) Gecko/20100101 Firefox/62.0"
162.241.232.0 - - [28/Jun/2021:15:32:44 +0200] "POST /wp-login.php HTTP/1.1" 200 2850 "-" "Mozilla/5.0 (X11; Ubuntu; Linux x86_64; rv:62.0) Gecko/20100101 Firefox/62.0"
162.241.232.0 - - [28/Jun/2021:15:32:45 +0200] "POST /xmlrpc.php HTTP/1.1" 200 249 "-" "Mozilla/5.0 (X11; Ubuntu; Linux x86_64; rv:62.0) Gecko/20100101 Firefox/62.0"
114.119.147.0 - - [28/Jun/2021:15:33:19 +0200] "GET /product/acer-g6-27-zoll-monitor/ HTTP/1.1" 200 8204 "-" "Mozilla/5.0 (Linux; Android 7.0;) AppleWebKit/537.36 (KHTML, like Gecko) Mobile Safari/537.36 (compatible; PetalBot;+https://webmaster.petalsearch.com/site/petalbot)"
81.169.178.0 - - [28/Jun/2021:15:33:19 +0200] "POST /wp-cron.php?doing_wp_cron=1624887199.3384089469909667968750 HTTP/1.1" 200 - "https://www.computerdoc24.de/wp-cron.php?doing_wp_cron=1624887199.3384089469909667968750" "WordPress/5.2.11; https://www.computerdoc24.de"
81.169.178.0 - - [28/Jun/2021:15:33:19 +0200] "POST /wp-admin/admin-ajax.php?action=wp_1_wc_privacy_cleanup&nonce=dc97e691a1 HTTP/1.1" 200 - "https://www.computerdoc24.de/wp-admin/admin-ajax.php?action=wp_1_wc_privacy_cleanup&nonce=dc97e691a1" "WordPress/5.2.11; https://www.computerdoc24.de"
81.169.178.0 - - [28/Jun/2021:15:34:18 +0200] "POST /wp-cron.php?doing_wp_cron=1624887258.4959321022033691406250 HTTP/1.1" 200 - "https://www.computerdoc24.de/wp-cron.php?doing_wp_cron=1624887258.4959321022033691406250" "WordPress/5.2.11; https://www.computerdoc24.de"
75.119.198.0 - - [28/Jun/2021:15:34:18 +0200] "GET /wp-login.php HTTP/1.1" 200 2238 "-" "Mozilla/5.0 (X11; Ubuntu; Linux x86_64; rv:62.0) Gecko/20100101 Firefox/62.0"
75.119.198.0 - - [28/Jun/2021:15:34:19 +0200] "POST /wp-login.php HTTP/1.1" 200 2589 "-" "Mozilla/5.0 (X11; Ubuntu; Linux x86_64; rv:62.0) Gecko/20100101 Firefox/62.0"
75.119.198.0 - - [28/Jun/2021:15:34:20 +0200] "POST /xmlrpc.php HTTP/1.1" 200 228 "-" "Mozilla/5.0 (X11; Ubuntu; Linux x86_64; rv:62.0) Gecko/20100101 Firefox/62.0"
114.119.146.0 - - [28/Jun/2021:15:35:33 +0200] "GET /ru/anfrage/ HTTP/1.1" 200 12405 "-" "Mozilla/5.0 (Linux; Android 7.0;) AppleWebKit/537.36 (KHTML, like Gecko) Mobile Safari/537.36 (compatible; PetalBot;+https://webmaster.petalsearch.com/site/petalbot)"
114.119.130.0 - - [28/Jun/2021:15:38:41 +0200] "GET /ru/ueber-uns/ipc-business-gmbh-firmeninformation/ HTTP/1.1" 200 11048 "-" "Mozilla/5.0 (Linux; Android 7.0;) AppleWebKit/537.36 (KHTML, like Gecko) Mobile Safari/537.36 (compatible; PetalBot;+https://webmaster.petalsearch.com/site/petalbot)"
81.169.178.0 - - [28/Jun/2021:15:40:27 +0200] "POST /wp-cron.php?doing_wp_cron=1624887627.7182068824768066406250 HTTP/1.1" 200 - "https://www.computerdoc24.de/wp-cron.php?doing_wp_cron=1624887627.7182068824768066406250" "WordPress/5.2.11; https://www.computerdoc24.de"
185.191.171.0 - - [28/Jun/2021:15:40:27 +0200] "GET /robots.txt HTTP/1.1" 200 69 "-" "Mozilla/5.0 (compatible; SemrushBot/7~bl; +http://www.semrush.com/bot.html)"
185.191.171.0 - - [28/Jun/2021:15:40:28 +0200] "GET /product/schneller-arbeits-und-internet-pc-3/ HTTP/1.1" 200 13876 "-" "Mozilla/5.0 (compatible; SemrushBot/7~bl; +http://www.semrush.com/bot.html)"
103.3.245.0 - - [28/Jun/2021:15:41:34 +0200] "POST /wp-login.php HTTP/1.1" 200 2884 "-" "Mozilla/5.0 (Windows NT 10.0; Win64; x64) AppleWebKit/537.36 (KHTML, like Gecko) Chrome/78.0.3904.70 Safari/537.36"
166.62.125.0 - - [28/Jun/2021:15:45:37 +0200] "GET /wp-login.php HTTP/1.1" 200 2743 "-" "Mozilla/5.0 (X11; Ubuntu; Linux x86_64; rv:62.0) Gecko/20100101 Firefox/62.0"
166.62.125.0 - - [28/Jun/2021:15:45:38 +0200] "POST /wp-login.php HTTP/1.1" 200 2880 "-" "Mozilla/5.0 (X11; Ubuntu; Linux x86_64; rv:62.0) Gecko/20100101 Firefox/62.0"
166.62.125.0 - - [28/Jun/2021:15:45:40 +0200] "GET /wp-login.php HTTP/1.1" 200 2743 "-" "Mozilla/5.0 (X11; Ubuntu; Linux x86_64; rv:62.0) Gecko/20100101 Firefox/62.0"
166.62.125.0 - - [28/Jun/2021:15:45:46 +0200] "POST /wp-login.php HTTP/1.1" 200 2844 "-" "Mozilla/5.0 (X11; Ubuntu; Linux x86_64; rv:62.0) Gecko/20100101 Firefox/62.0"
166.62.125.0 - - [28/Jun/2021:15:45:48 +0200] "POST /xmlrpc.php HTTP/1.1" 200 249 "-" "Mozilla/5.0 (X11; Ubuntu; Linux x86_64; rv:62.0) Gecko/20100101 Firefox/62.0"
114.119.145.0 - - [28/Jun/2021:15:46:30 +0200] "GET /ru/unsere-maerkte/feste-routen HTTP/1.1" 200 - "-" "Mozilla/5.0 (Linux; Android 7.0;) AppleWebKit/537.36 (KHTML, like Gecko) Mobile Safari/537.36 (compatible; PetalBot;+https://webmaster.petalsearch.com/site/petalbot)"
114.119.145.0 - - [28/Jun/2021:15:46:31 +0200] "GET /ru/unsere-maerkte/feste-routen/ HTTP/1.1" 200 11202 "-" "Mozilla/5.0 (Linux; Android 7.0;) AppleWebKit/537.36 (KHTML, like Gecko) Mobile Safari/537.36 (compatible; PetalBot;+https://webmaster.petalsearch.com/site/petalbot)"
114.119.145.0 - - [28/Jun/2021:15:46:32 +0200] "GET /wp-includes/css/dist/block-library/style.min.css HTTP/1.1" 200 7849 "https://www.ipcbusiness.de/ru/unsere-maerkte/feste-routen/" "Mozilla/5.0 (Linux; Android 7.0;) AppleWebKit/537.36 (KHTML, like Gecko) Mobile Safari/537.36 (compatible; PetalBot;+https://webmaster.petalsearch.com/site/petalbot)"
114.119.145.0 - - [28/Jun/2021:15:46:32 +0200] "GET /wp-includes/css/dist/block-library/theme.min.css HTTP/1.1" 200 741 "https://www.ipcbusiness.de/ru/unsere-maerkte/feste-routen/" "Mozilla/5.0 (Linux; Android 7.0;) AppleWebKit/537.36 (KHTML, like Gecko) Mobile Safari/537.36 (compatible; PetalBot;+https://webmaster.petalsearch.com/site/petalbot)"
114.119.145.0 - - [28/Jun/2021:15:46:33 +0200] "GET /wp-content/plugins/contact-form-7/includes/css/styles.css HTTP/1.1" 200 932 "https://www.ipcbusiness.de/ru/unsere-maerkte/feste-routen/" "Mozilla/5.0 (Linux; Android 7.0;) AppleWebKit/537.36 (KHTML, like Gecko) Mobile Safari/537.36 (compatible; PetalBot;+https://webmaster.petalsearch.com/site/petalbot)"
114.119.145.0 - - [28/Jun/2021:15:46:33 +0200] "GET /wp-content/plugins/shapepress-dsgvo/public/css/bootstrap-grid.min.css HTTP/1.1" 200 6791 "https://www.ipcbusiness.de/ru/unsere-maerkte/feste-routen/" "Mozilla/5.0 (Linux; Android 7.0;) AppleWebKit/537.36 (KHTML, like Gecko) Mobile Safari/537.36 (compatible; PetalBot;+https://webmaster.petalsearch.com/site/petalbot)"
114.119.145.0 - - [28/Jun/2021:15:46:33 +0200] "GET /wp-content/plugins/revslider/public/assets/css/rs6.css HTTP/1.1" 200 12698 "https://www.ipcbusiness.de/ru/unsere-maerkte/feste-routen/" "Mozilla/5.0 (Linux; Android 7.0;) AppleWebKit/537.36 (KHTML, like Gecko) Mobile Safari/537.36 (compatible; PetalBot;+https://webmaster.petalsearch.com/site/petalbot)"
114.119.145.0 - - [28/Jun/2021:15:46:33 +0200] "GET /wp-content/plugins/shapepress-dsgvo/public/css/sp-dsgvo-public.min.css HTTP/1.1" 200 1087 "https://www.ipcbusiness.de/ru/unsere-maerkte/feste-routen/" "Mozilla/5.0 (Linux; Android 7.0;) AppleWebKit/537.36 (KHTML, like Gecko) Mobile Safari/537.36 (compatible; PetalBot;+https://webmaster.petalsearch.com/site/petalbot)"
114.119.145.0 - - [28/Jun/2021:15:46:33 +0200] "GET /wp-content/plugins/shapepress-dsgvo/public/css/sp-dsgvo-popup.css HTTP/1.1" 200 3028 "https://www.ipcbusiness.de/ru/unsere-maerkte/feste-routen/" "Mozilla/5.0 (Linux; Android 7.0;) AppleWebKit/537.36 (KHTML, like Gecko) Mobile Safari/537.36 (compatible; PetalBot;+https://webmaster.petalsearch.com/site/petalbot)"
114.119.145.0 - - [28/Jun/2021:15:46:33 +0200] "GET /wp-content/plugins/shapepress-dsgvo/public/css/simplebar.min.css HTTP/1.1" 200 596 "https://www.ipcbusiness.de/ru/unsere-maerkte/feste-routen/" "Mozilla/5.0 (Linux; Android 7.0;) AppleWebKit/537.36 (KHTML, like Gecko) Mobile Safari/537.36 (compatible; PetalBot;+https://webmaster.petalsearch.com/site/petalbot)"
114.119.145.0 - - [28/Jun/2021:15:46:33 +0200] "GET /wp-content/plugins/easy-fancybox/css/jquery.fancybox.min.css HTTP/1.1" 200 1111 "https://www.ipcbusiness.de/ru/unsere-maerkte/feste-routen/" "Mozilla/5.0 (Linux; Android 7.0;) AppleWebKit/537.36 (KHTML, like Gecko) Mobile Safari/537.36 (compatible; PetalBot;+https://webmaster.petalsearch.com/site/petalbot)"
114.119.145.0 - - [28/Jun/2021:15:46:33 +0200] "GET /wp-content/uploads/smile_fonts/Defaults/Defaults.css HTTP/1.1" 200 4755 "https://www.ipcbusiness.de/ru/unsere-maerkte/feste-routen/" "Mozilla/5.0 (Linux; Android 7.0;) AppleWebKit/537.36 (KHTML, like Gecko) Mobile Safari/537.36 (compatible; PetalBot;+https://webmaster.petalsearch.com/site/petalbot)"
114.119.145.0 - - [28/Jun/2021:15:46:33 +0200] "GET /wp-content/plugins/js_composer/assets/css/js_composer.min.css HTTP/1.1" 200 45790 "https://www.ipcbusiness.de/ru/unsere-maerkte/feste-routen/" "Mozilla/5.0 (Linux; Android 7.0;) AppleWebKit/537.36 (KHTML, like Gecko) Mobile Safari/537.36 (compatible; PetalBot;+https://webmaster.petalsearch.com/site/petalbot)"
114.119.145.0 - - [28/Jun/2021:15:46:33 +0200] "GET /wp-content/themes/lhst/lib/css/bootstrap-responsive-1170.min.css HTTP/1.1" 200 1157 "https://www.ipcbusiness.de/ru/unsere-maerkte/feste-routen/" "Mozilla/5.0 (Linux; Android 7.0;) AppleWebKit/537.36 (KHTML, like Gecko) Mobile Safari/537.36 (compatible; PetalBot;+https://webmaster.petalsearch.com/site/petalbot)"
114.119.145.0 - - [28/Jun/2021:15:46:33 +0200] "GET /wp-content/themes/lhst/lib/css/style.min.css HTTP/1.1" 200 38395 "https://www.ipcbusiness.de/ru/unsere-maerkte/feste-routen/" "Mozilla/5.0 (Linux; Android 7.0;) AppleWebKit/537.36 (KHTML, like Gecko) Mobile Safari/537.36 (compatible; PetalBot;+https://webmaster.petalsearch.com/site/petalbot)"
114.119.145.0 - - [28/Jun/2021:15:46:33 +0200] "GET /wp-content/themes/lhst/includes/modules/module.fontawesome/source/css/font-awesome.min.css HTTP/1.1" 200 4680 "https://www.ipcbusiness.de/ru/unsere-maerkte/feste-routen/" "Mozilla/5.0 (Linux; Android 7.0;) AppleWebKit/537.36 (KHTML, like Gecko) Mobile Safari/537.36 (compatible; PetalBot;+https://webmaster.petalsearch.com/site/petalbot)"
114.119.145.0 - - [28/Jun/2021:15:46:33 +0200] "GET /wp-content/themes/lhst/includes/modules/module.icomoon/source/css/icomoon.css HTTP/1.1" 200 8420 "https://www.ipcbusiness.de/ru/unsere-maerkte/feste-routen/" "Mozilla/5.0 (Linux; Android 7.0;) AppleWebKit/537.36 (KHTML, like Gecko) Mobile Safari/537.36 (compatible; PetalBot;+https://webmaster.petalsearch.com/site/petalbot)"
114.119.145.0 - - [28/Jun/2021:15:46:33 +0200] "GET /wp-content/plugins/wpglobus/includes/css/wpglobus.css HTTP/1.1" 200 541 "https://www.ipcbusiness.de/ru/unsere-maerkte/feste-routen/" "Mozilla/5.0 (Linux; Android 7.0;) AppleWebKit/537.36 (KHTML, like Gecko) Mobile Safari/537.36 (compatible; PetalBot;+https://webmaster.petalsearch.com/site/petalbot)"
114.119.145.0 - - [28/Jun/2021:15:46:34 +0200] "GET /wp-content/uploads/Default-Skin_54ce98c851b37c14ba88fe891dd1e475.css?lXZVpV0jtP HTTP/1.1" 200 4314 "https://www.ipcbusiness.de/ru/unsere-maerkte/feste-routen/" "Mozilla/5.0 (Linux; Android 7.0;) AppleWebKit/537.36 (KHTML, like Gecko) Mobile Safari/537.36 (compatible; PetalBot;+https://webmaster.petalsearch.com/site/petalbot)"
114.119.145.0 - - [28/Jun/2021:15:46:33 +0200] "GET /wp-content/plugins/js_composer/assets/lib/bower/font-awesome/css/font-awesome.min.css HTTP/1.1" 200 9780 "https://www.ipcbusiness.de/ru/unsere-maerkte/feste-routen/" "Mozilla/5.0 (Linux; Android 7.0;) AppleWebKit/537.36 (KHTML, like Gecko) Mobile Safari/537.36 (compatible; PetalBot;+https://webmaster.petalsearch.com/site/petalbot)"
114.119.145.0 - - [28/Jun/2021:15:46:34 +0200] "GET /wp-content/plugins/ts-visual-composer-extend/css/jquery.vcsc.nchlightbox.min.css HTTP/1.1" 200 8726 "https://www.ipcbusiness.de/ru/unsere-maerkte/feste-routen/" "Mozilla/5.0 (Linux; Android 7.0;) AppleWebKit/537.36 (KHTML, like Gecko) Mobile Safari/537.36 (compatible; PetalBot;+https://webmaster.petalsearch.com/site/petalbot)"
114.119.145.0 - - [28/Jun/2021:15:46:34 +0200] "GET /wp-content/plugins/ts-visual-composer-extend/css/ts-visual-composer-extend-animations.min.css HTTP/1.1" 200 12029 "https://www.ipcbusiness.de/ru/unsere-maerkte/feste-routen/" "Mozilla/5.0 (Linux; Android 7.0;) AppleWebKit/537.36 (KHTML, like Gecko) Mobile Safari/537.36 (compatible; PetalBot;+https://webmaster.petalsearch.com/site/petalbot)"
114.119.145.0 - - [28/Jun/2021:15:46:34 +0200] "GET /wp-content/plugins/ts-visual-composer-extend/css/ts-visual-composer-extend-front.min.css HTTP/1.1" 200 36948 "https://www.ipcbusiness.de/ru/unsere-maerkte/feste-routen/" "Mozilla/5.0 (Linux; Android 7.0;) AppleWebKit/537.36 (KHTML, like Gecko) Mobile Safari/537.36 (compatible; PetalBot;+https://webmaster.petalsearch.com/site/petalbot)"
114.119.145.0 - - [28/Jun/2021:15:46:34 +0200] "GET /wp-includes/js/jquery/jquery-migrate.min.js HTTP/1.1" 200 4169 "https://www.ipcbusiness.de/ru/unsere-maerkte/feste-routen/" "Mozilla/5.0 (Linux; Android 7.0;) AppleWebKit/537.36 (KHTML, like Gecko) Mobile Safari/537.36 (compatible; PetalBot;+https://webmaster.petalsearch.com/site/petalbot)"
114.119.145.0 - - [28/Jun/2021:15:46:34 +0200] "GET /wp-includes/js/jquery/jquery.min.js HTTP/1.1" 200 30916 "https://www.ipcbusiness.de/ru/unsere-maerkte/feste-routen/" "Mozilla/5.0 (Linux; Android 7.0;) AppleWebKit/537.36 (KHTML, like Gecko) Mobile Safari/537.36 (compatible; PetalBot;+https://webmaster.petalsearch.com/site/petalbot)"
114.119.145.0 - - [28/Jun/2021:15:46:34 +0200] "GET /wp-content/plugins/revslider/public/assets/js/rbtools.min.js HTTP/1.1" 200 46967 "https://www.ipcbusiness.de/ru/unsere-maerkte/feste-routen/" "Mozilla/5.0 (Linux; Android 7.0;) AppleWebKit/537.36 (KHTML, like Gecko) Mobile Safari/537.36 (compatible; PetalBot;+https://webmaster.petalsearch.com/site/petalbot)"
114.119.145.0 - - [28/Jun/2021:15:46:34 +0200] "GET /wp-content/plugins/revslider/public/assets/js/rs6.min.js HTTP/1.1" 200 86246 "https://www.ipcbusiness.de/ru/unsere-maerkte/feste-routen/" "Mozilla/5.0 (Linux; Android 7.0;) AppleWebKit/537.36 (KHTML, like Gecko) Mobile Safari/537.36 (compatible; PetalBot;+https://webmaster.petalsearch.com/site/petalbot)"
114.119.145.0 - - [28/Jun/2021:15:46:34 +0200] "GET /wp-content/plugins/ts-visual-composer-extend/js/jquery.vcsc.modernizr.min.js HTTP/1.1" 200 6938 "https://www.ipcbusiness.de/ru/unsere-maerkte/feste-routen/" "Mozilla/5.0 (Linux; Android 7.0;) AppleWebKit/537.36 (KHTML, like Gecko) Mobile Safari/537.36 (compatible; PetalBot;+https://webmaster.petalsearch.com/site/petalbot)"
114.119.145.0 - - [28/Jun/2021:15:46:34 +0200] "GET /wp-content/plugins/shapepress-dsgvo/public/js/sp-dsgvo-public.js HTTP/1.1" 200 8228 "https://www.ipcbusiness.de/ru/unsere-maerkte/feste-routen/" "Mozilla/5.0 (Linux; Android 7.0;) AppleWebKit/537.36 (KHTML, like Gecko) Mobile Safari/537.36 (compatible; PetalBot;+https://webmaster.petalsearch.com/site/petalbot)"
114.119.145.0 - - [28/Jun/2021:15:46:34 +0200] "GET /wp-includes/js/utils.min.js HTTP/1.1" 200 828 "https://www.ipcbusiness.de/ru/unsere-maerkte/feste-routen/" "Mozilla/5.0 (Linux; Android 7.0;) AppleWebKit/537.36 (KHTML, like Gecko) Mobile Safari/537.36 (compatible; PetalBot;+https://webmaster.petalsearch.com/site/petalbot)"
114.119.145.0 - - [28/Jun/2021:15:46:35 +0200] "GET /wp-content/themes/lhst/lib/js/app.min.js HTTP/1.1" 200 31102 "https://www.ipcbusiness.de/ru/unsere-maerkte/feste-routen/" "Mozilla/5.0 (Linux; Android 7.0;) AppleWebKit/537.36 (KHTML, like Gecko) Mobile Safari/537.36 (compatible; PetalBot;+https://webmaster.petalsearch.com/site/petalbot)"
114.119.145.0 - - [28/Jun/2021:15:46:35 +0200] "GET /wp-content/themes/lhst/includes/modules/module.to_top/source/to_top.js HTTP/1.1" 200 758 "https://www.ipcbusiness.de/ru/unsere-maerkte/feste-routen/" "Mozilla/5.0 (Linux; Android 7.0;) AppleWebKit/537.36 (KHTML, like Gecko) Mobile Safari/537.36 (compatible; PetalBot;+https://webmaster.petalsearch.com/site/petalbot)"
114.119.145.0 - - [28/Jun/2021:15:46:35 +0200] "GET /wp-includes/js/dist/vendor/wp-polyfill.min.js HTTP/1.1" 200 34241 "https://www.ipcbusiness.de/ru/unsere-maerkte/feste-routen/" "Mozilla/5.0 (Linux; Android 7.0;) AppleWebKit/537.36 (KHTML, like Gecko) Mobile Safari/537.36 (compatible; PetalBot;+https://webmaster.petalsearch.com/site/petalbot)"
114.119.145.0 - - [28/Jun/2021:15:46:36 +0200] "GET /wp-includes/js/dist/i18n.min.js HTTP/1.1" 200 3679 "https://www.ipcbusiness.de/ru/unsere-maerkte/feste-routen/" "Mozilla/5.0 (Linux; Android 7.0;) AppleWebKit/537.36 (KHTML, like Gecko) Mobile Safari/537.36 (compatible; PetalBot;+https://webmaster.petalsearch.com/site/petalbot)"
114.119.145.0 - - [28/Jun/2021:15:46:36 +0200] "GET /wp-content/plugins/contact-form-7/includes/js/index.js HTTP/1.1" 200 3238 "https://www.ipcbusiness.de/ru/unsere-maerkte/feste-routen/" "Mozilla/5.0 (Linux; Android 7.0;) AppleWebKit/537.36 (KHTML, like Gecko) Mobile Safari/537.36 (compatible; PetalBot;+https://webmaster.petalsearch.com/site/petalbot)"
114.119.145.0 - - [28/Jun/2021:15:46:36 +0200] "GET /wp-includes/js/dist/url.min.js HTTP/1.1" 200 4747 "https://www.ipcbusiness.de/ru/unsere-maerkte/feste-routen/" "Mozilla/5.0 (Linux; Android 7.0;) AppleWebKit/537.36 (KHTML, like Gecko) Mobile Safari/537.36 (compatible; PetalBot;+https://webmaster.petalsearch.com/site/petalbot)"
114.119.145.0 - - [28/Jun/2021:15:46:36 +0200] "GET /wp-includes/js/dist/api-fetch.min.js HTTP/1.1" 200 3479 "https://www.ipcbusiness.de/ru/unsere-maerkte/feste-routen/" "Mozilla/5.0 (Linux; Android 7.0;) AppleWebKit/537.36 (KHTML, like Gecko) Mobile Safari/537.36 (compatible; PetalBot;+https://webmaster.petalsearch.com/site/petalbot)"
114.119.145.0 - - [28/Jun/2021:15:46:36 +0200] "GET /wp-includes/js/dist/hooks.min.js HTTP/1.1" 200 2158 "https://www.ipcbusiness.de/ru/unsere-maerkte/feste-routen/" "Mozilla/5.0 (Linux; Android 7.0;) AppleWebKit/537.36 (KHTML, like Gecko) Mobile Safari/537.36 (compatible; PetalBot;+https://webmaster.petalsearch.com/site/petalbot)"
114.119.145.0 - - [28/Jun/2021:15:46:36 +0200] "GET /wp-includes/js/dist/vendor/lodash.min.js HTTP/1.1" 200 25763 "https://www.ipcbusiness.de/ru/unsere-maerkte/feste-routen/" "Mozilla/5.0 (Linux; Android 7.0;) AppleWebKit/537.36 (KHTML, like Gecko) Mobile Safari/537.36 (compatible; PetalBot;+https://webmaster.petalsearch.com/site/petalbot)"
114.119.145.0 - - [28/Jun/2021:15:46:36 +0200] "GET /wp-content/plugins/easy-fancybox/js/jquery.fancybox.min.js HTTP/1.1" 200 6330 "https://www.ipcbusiness.de/ru/unsere-maerkte/feste-routen/" "Mozilla/5.0 (Linux; Android 7.0;) AppleWebKit/537.36 (KHTML, like Gecko) Mobile Safari/537.36 (compatible; PetalBot;+https://webmaster.petalsearch.com/site/petalbot)"
114.119.145.0 - - [28/Jun/2021:15:46:36 +0200] "GET /wp-content/plugins/wpglobus/includes/js/wpglobus.min.js HTTP/1.1" 200 303 "https://www.ipcbusiness.de/ru/unsere-maerkte/feste-routen/" "Mozilla/5.0 (Linux; Android 7.0;) AppleWebKit/537.36 (KHTML, like Gecko) Mobile Safari/537.36 (compatible; PetalBot;+https://webmaster.petalsearch.com/site/petalbot)"
114.119.145.0 - - [28/Jun/2021:15:46:36 +0200] "GET /wp-content/plugins/shapepress-dsgvo/public/js/simplebar.js HTTP/1.1" 200 9695 "https://www.ipcbusiness.de/ru/unsere-maerkte/feste-routen/" "Mozilla/5.0 (Linux; Android 7.0;) AppleWebKit/537.36 (KHTML, like Gecko) Mobile Safari/537.36 (compatible; PetalBot;+https://webmaster.petalsearch.com/site/petalbot)"
114.119.145.0 - - [28/Jun/2021:15:46:36 +0200] "GET /wp-content/themes/lhst/includes/modules/module.fontawesome/source/font/fontawesome-webfont.woff?v=3.2.1 HTTP/1.1" 200 43568 "https://www.ipcbusiness.de/wp-content/themes/lhst/includes/modules/module.fontawesome/source/css/font-awesome.min.css" "Mozilla/5.0 (Linux; Android 7.0;) AppleWebKit/537.36 (KHTML, like Gecko) Mobile Safari/537.36 (compatible; PetalBot;+https://webmaster.petalsearch.com/site/petalbot)"
114.119.145.0 - - [28/Jun/2021:15:46:36 +0200] "GET /wp-includes/js/wp-embed.min.js HTTP/1.1" 200 765 "https://www.ipcbusiness.de/ru/unsere-maerkte/feste-routen/" "Mozilla/5.0 (Linux; Android 7.0;) AppleWebKit/537.36 (KHTML, like Gecko) Mobile Safari/537.36 (compatible; PetalBot;+https://webmaster.petalsearch.com/site/petalbot)"
114.119.145.0 - - [28/Jun/2021:15:46:36 +0200] "GET /wp-content/themes/lhst/lib/js/jquery-smoothscroll.min.js HTTP/1.1" 200 2546 "https://www.ipcbusiness.de/ru/unsere-maerkte/feste-routen/" "Mozilla/5.0 (Linux; Android 7.0;) AppleWebKit/537.36 (KHTML, like Gecko) Mobile Safari/537.36 (compatible; PetalBot;+https://webmaster.petalsearch.com/site/petalbot)"
114.119.145.0 - - [28/Jun/2021:15:46:36 +0200] "GET /wp-content/plugins/js_composer/assets/js/dist/js_composer_front.min.js HTTP/1.1" 200 5816 "https://www.ipcbusiness.de/ru/unsere-maerkte/feste-routen/" "Mozilla/5.0 (Linux; Android 7.0;) AppleWebKit/537.36 (KHTML, like Gecko) Mobile Safari/537.36 (compatible; PetalBot;+https://webmaster.petalsearch.com/site/petalbot)"
114.119.145.0 - - [28/Jun/2021:15:46:36 +0200] "GET /wp-content/plugins/ts-visual-composer-extend/js/jquery.vcsc.hammer2.min.js HTTP/1.1" 200 6597 "https://www.ipcbusiness.de/ru/unsere-maerkte/feste-routen/" "Mozilla/5.0 (Linux; Android 7.0;) AppleWebKit/537.36 (KHTML, like Gecko) Mobile Safari/537.36 (compatible; PetalBot;+https://webmaster.petalsearch.com/site/petalbot)"
114.119.145.0 - - [28/Jun/2021:15:46:36 +0200] "GET /wp-content/plugins/ts-visual-composer-extend/js/jquery.vcsc.nchlightbox.min.js HTTP/1.1" 200 21556 "https://www.ipcbusiness.de/ru/unsere-maerkte/feste-routen/" "Mozilla/5.0 (Linux; Android 7.0;) AppleWebKit/537.36 (KHTML, like Gecko) Mobile Safari/537.36 (compatible; PetalBot;+https://webmaster.petalsearch.com/site/petalbot)"
114.119.145.0 - - [28/Jun/2021:15:46:36 +0200] "GET /wp-content/themes/lhst/includes/modules/module.icomoon/source/font/Icomoon.woff HTTP/1.1" 200 242522 "https://www.ipcbusiness.de/wp-content/themes/lhst/includes/modules/module.icomoon/source/css/icomoon.css" "Mozilla/5.0 (Linux; Android 7.0;) AppleWebKit/537.36 (KHTML, like Gecko) Mobile Safari/537.36 (compatible; PetalBot;+https://webmaster.petalsearch.com/site/petalbot)"
114.119.145.0 - - [28/Jun/2021:15:46:37 +0200] "GET /wp-content/plugins/ts-visual-composer-extend/js/ts-visual-composer-extend-front.min.js HTTP/1.1" 200 52532 "https://www.ipcbusiness.de/ru/unsere-maerkte/feste-routen/" "Mozilla/5.0 (Linux; Android 7.0;) AppleWebKit/537.36 (KHTML, like Gecko) Mobile Safari/537.36 (compatible; PetalBot;+https://webmaster.petalsearch.com/site/petalbot)"
:: - - [28/Jun/2021:15:46:43 +0200] "OPTIONS * HTTP/1.0" 200 - "-" "Apache/2.4.6 (CentOS) OpenSSL/1.0.2k-fips mod_fcgid/2.3.9 (internal dummy connection)"
81.169.178.0 - - [28/Jun/2021:15:47:51 +0200] "POST /wp-cron.php?doing_wp_cron=1624888071.7542169094085693359375 HTTP/1.1" 200 - "https://www.computerdoc24.de/wp-cron.php?doing_wp_cron=1624888071.7542169094085693359375" "WordPress/5.2.11; https://www.computerdoc24.de"
161.97.178.0 - - [28/Jun/2021:15:47:51 +0200] "GET /wp-login.php HTTP/1.1" 200 2238 "-" "Mozilla/5.0 (X11; Ubuntu; Linux x86_64; rv:62.0) Gecko/20100101 Firefox/62.0"
161.97.178.0 - - [28/Jun/2021:15:47:52 +0200] "POST /wp-login.php HTTP/1.1" 200 2589 "-" "Mozilla/5.0 (X11; Ubuntu; Linux x86_64; rv:62.0) Gecko/20100101 Firefox/62.0"
161.97.178.0 - - [28/Jun/2021:15:47:52 +0200] "POST /xmlrpc.php HTTP/1.1" 200 228 "-" "Mozilla/5.0 (X11; Ubuntu; Linux x86_64; rv:62.0) Gecko/20100101 Firefox/62.0"
81.169.178.0 - - [28/Jun/2021:15:52:28 +0200] "POST /wp-cron.php?doing_wp_cron=1624888348.8187429904937744140625 HTTP/1.1" 200 - "https://www.computerdoc24.de/wp-cron.php?doing_wp_cron=1624888348.8187429904937744140625" "WordPress/5.2.11; https://www.computerdoc24.de"
34.75.119.0 - - [28/Jun/2021:15:52:28 +0200] "GET /robots.txt HTTP/1.0" 200 69 "-" "ZoominfoBot (zoominfobot at zoominfo dot com)"
34.75.119.0 - - [28/Jun/2021:15:52:29 +0200] "GET /pc-ankauf/ HTTP/1.0" 200 9934 "-" "ZoominfoBot (zoominfobot at zoominfo dot com)"
81.169.178.0 - - [28/Jun/2021:15:52:32 +0200] "POST /wp-cron.php?doing_wp_cron=1624888352.6653869152069091796875 HTTP/1.1" 200 - "https://www.computerdoc24.de/wp-cron.php?doing_wp_cron=1624888352.6653869152069091796875" "WordPress/5.2.11; https://www.computerdoc24.de"
34.75.119.0 - - [28/Jun/2021:15:52:32 +0200] "GET /product/office-internet-pc-fujitsu-marken-pc/ HTTP/1.0" 200 14102 "-" "ZoominfoBot (zoominfobot at zoominfo dot com)"
34.75.119.0 - - [28/Jun/2021:15:52:34 +0200] "GET /product/office-internet-pc-fujitsu-marken-pc-4gb-240gb-ssd-neu/ HTTP/1.0" 200 14119 "-" "ZoominfoBot (zoominfobot at zoominfo dot com)"
114.119.128.0 - - [28/Jun/2021:15:52:47 +0200] "GET /software HTTP/1.1" 200 - "-" "Mozilla/5.0 (Linux; Android 7.0;) AppleWebKit/537.36 (KHTML, like Gecko) Mobile Safari/537.36 (compatible; PetalBot;+https://webmaster.petalsearch.com/site/petalbot)"
114.119.128.0 - - [28/Jun/2021:15:52:48 +0200] "GET /software/ HTTP/1.1" 200 8689 "-" "Mozilla/5.0 (Linux; Android 7.0;) AppleWebKit/537.36 (KHTML, like Gecko) Mobile Safari/537.36 (compatible; PetalBot;+https://webmaster.petalsearch.com/site/petalbot)"
34.74.95.0 - - [28/Jun/2021:15:53:10 +0200] "GET /robots.txt HTTP/1.0" 200 69 "-" "ZoominfoBot (zoominfobot at zoominfo dot com)"
34.74.95.0 - - [28/Jun/2021:15:53:11 +0200] "GET /pc-ankauf/ HTTP/1.0" 200 9934 "-" "ZoominfoBot (zoominfobot at zoominfo dot com)"
34.74.95.0 - - [28/Jun/2021:15:53:13 +0200] "GET /product/office-internet-pc-fujitsu-marken-pc/ HTTP/1.0" 200 14049 "-" "ZoominfoBot (zoominfobot at zoominfo dot com)"
34.74.95.0 - - [28/Jun/2021:15:53:15 +0200] "GET /product/office-internet-pc-fujitsu-marken-pc-4gb-240gb-ssd-neu/ HTTP/1.0" 200 14131 "-" "ZoominfoBot (zoominfobot at zoominfo dot com)"
54.236.1.0 - - [28/Jun/2021:15:53:40 +0200] "GET /robots.txt HTTP/1.1" 404 2607 "-" "Mozilla/5.0 (compatible; Pinterestbot/1.0; +http://www.pinterest.com/bot.html)"
54.236.1.0 - - [28/Jun/2021:15:53:40 +0200] "GET /index.html HTTP/1.1" 200 2590 "-" "Mozilla/5.0 (compatible; Pinterestbot/1.0; +http://www.pinterest.com/bot.html)"
54.236.1.0 - - [28/Jun/2021:15:53:40 +0200] "GET /favicon.ico HTTP/1.1" 404 2609 "-" "Mozilla/5.0 (compatible; Pinterestbot/1.0; +http://www.pinterest.com/bot.html)"
54.236.1.0 - - [28/Jun/2021:15:53:40 +0200] "GET /apple-touch-icon.png HTTP/1.1" 404 2627 "-" "Mozilla/5.0 (compatible; Pinterestbot/1.0; +http://www.pinterest.com/bot.html)"
81.169.178.0 - - [28/Jun/2021:15:55:36 +0200] "POST /wp-cron.php?doing_wp_cron=1624888536.1190578937530517578125 HTTP/1.1" 200 - "https://www.computerdoc24.de/wp-cron.php?doing_wp_cron=1624888536.1190578937530517578125" "WordPress/5.2.11; https://www.computerdoc24.de"
34.75.119.0 - - [28/Jun/2021:15:55:35 +0200] "GET /product/leistungsstarkes-17-zoll-hp-notebook/ HTTP/1.0" 200 13742 "-" "ZoominfoBot (zoominfobot at zoominfo dot com)"
207.46.13.0 - - [28/Jun/2021:15:55:39 +0200] "GET /robots.txt HTTP/1.1" 301 297 "-" "Mozilla/5.0 (compatible; bingbot/2.0; +http://www.bing.com/bingbot.htm)"
40.77.167.0 - - [28/Jun/2021:15:55:52 +0200] "GET / HTTP/1.1" 301 287 "-" "Mozilla/5.0 (compatible; bingbot/2.0; +http://www.bing.com/bingbot.htm)"
81.169.178.0 - - [28/Jun/2021:15:56:43 +0200] "POST /wp-cron.php?doing_wp_cron=1624888603.7116429805755615234375 HTTP/1.1" 200 - "https://www.computerdoc24.de/wp-cron.php?doing_wp_cron=1624888603.7116429805755615234375" "WordPress/5.2.11; https://www.computerdoc24.de"
34.74.95.0 - - [28/Jun/2021:15:56:43 +0200] "GET /product/leistungsstarkes-17-zoll-hp-notebook/ HTTP/1.0" 200 13794 "-" "ZoominfoBot (zoominfobot at zoominfo dot com)"
34.75.119.0 - - [28/Jun/2021:15:57:09 +0200] "GET /software/ HTTP/1.0" 200 8685 "-" "ZoominfoBot (zoominfobot at zoominfo dot com)"
114.119.132.0 - - [28/Jun/2021:15:57:14 +0200] "GET /assets/images/visa1.jpg HTTP/1.1" 200 - "-" "Mozilla/5.0 (Linux; Android 7.0;) AppleWebKit/537.36 (KHTML, like Gecko) Mobile Safari/537.36 (compatible; PetalBot;+https://webmaster.petalsearch.com/site/petalbot)"
114.119.132.0 - - [28/Jun/2021:15:57:16 +0200] "GET /assets/images/visa1.jpg HTTP/1.1" 200 8204 "-" "Mozilla/5.0 (Linux; Android 7.0;) AppleWebKit/537.36 (KHTML, like Gecko) Mobile Safari/537.36 (compatible; PetalBot;+https://webmaster.petalsearch.com/site/petalbot)"
81.169.178.0 - - [28/Jun/2021:15:58:50 +0200] "POST /wp-cron.php?doing_wp_cron=1624888730.3593530654907226562500 HTTP/1.1" 200 - "https://www.computerdoc24.de/wp-cron.php?doing_wp_cron=1624888730.3593530654907226562500" "WordPress/5.2.11; https://www.computerdoc24.de"
34.74.95.0 - - [28/Jun/2021:15:58:50 +0200] "GET /software/ HTTP/1.0" 200 8685 "-" "ZoominfoBot (zoominfobot at zoominfo dot com)"
81.169.178.0 - - [28/Jun/2021:15:58:53 +0200] "POST /wp-cron.php?doing_wp_cron=1624888733.4333620071411132812500 HTTP/1.1" 200 - "https://www.ipcbusiness.de/wp-cron.php?doing_wp_cron=1624888733.4333620071411132812500" "WordPress/5.6.4; https://www.ipcbusiness.de"
54.36.148.0 - - [28/Jun/2021:15:58:54 +0200] "GET /robots.txt HTTP/1.1" 200 2691 "-" "Mozilla/5.0 (compatible; AhrefsBot/7.0; +http://ahrefs.com/robot/)"
166.62.89.0 - - [28/Jun/2021:15:58:53 +0200] "GET /wp-login.php HTTP/1.1" 200 2743 "-" "Mozilla/5.0 (X11; Ubuntu; Linux x86_64; rv:62.0) Gecko/20100101 Firefox/62.0"
166.62.89.0 - - [28/Jun/2021:15:58:55 +0200] "POST /wp-login.php HTTP/1.1" 200 2880 "-" "Mozilla/5.0 (X11; Ubuntu; Linux x86_64; rv:62.0) Gecko/20100101 Firefox/62.0"
166.62.89.0 - - [28/Jun/2021:15:58:56 +0200] "GET /wp-login.php HTTP/1.1" 200 2743 "-" "Mozilla/5.0 (X11; Ubuntu; Linux x86_64; rv:62.0) Gecko/20100101 Firefox/62.0"
54.36.149.0 - - [28/Jun/2021:15:58:57 +0200] "GET / HTTP/1.1" 200 2691 "-" "Mozilla/5.0 (compatible; AhrefsBot/7.0; +http://ahrefs.com/robot/)"
166.62.89.0 - - [28/Jun/2021:15:58:57 +0200] "POST /wp-login.php HTTP/1.1" 200 2844 "-" "Mozilla/5.0 (X11; Ubuntu; Linux x86_64; rv:62.0) Gecko/20100101 Firefox/62.0"
166.62.89.0 - - [28/Jun/2021:15:58:58 +0200] "POST /xmlrpc.php HTTP/1.1" 200 249 "-" "Mozilla/5.0 (X11; Ubuntu; Linux x86_64; rv:62.0) Gecko/20100101 Firefox/62.0"
34.75.119.0 - - [28/Jun/2021:15:59:18 +0200] "GET /xmlrpc.php?rsd HTTP/1.0" 200 310 "-" "ZoominfoBot (zoominfobot at zoominfo dot com)"
81.88.52.0 - - [28/Jun/2021:15:59:49 +0200] "POST /wp-login.php HTTP/1.1" 200 2886 "-" "Mozilla/5.0 (Windows NT 6.3; Win64; x64) AppleWebKit/537.36 (KHTML, like Gecko) Chrome/65.0.3325.181 Safari/537.36"
81.169.178.0 - - [28/Jun/2021:15:59:56 +0200] "POST /wp-cron.php?doing_wp_cron=1624888795.9834589958190917968750 HTTP/1.1" 200 - "https://www.computerdoc24.de/wp-cron.php?doing_wp_cron=1624888795.9834589958190917968750" "WordPress/5.2.11; https://www.computerdoc24.de"
114.119.138.0 - - [28/Jun/2021:15:59:55 +0200] "GET /product/arbeits-und-internet-pc-8gb-ram-1000gb-festplatte-1-jahr-garantie HTTP/1.1" 200 - "-" "Mozilla/5.0 (Linux; Android 7.0;) AppleWebKit/537.36 (KHTML, like Gecko) Mobile Safari/537.36 (compatible; PetalBot;+https://webmaster.petalsearch.com/site/petalbot)"
114.119.138.0 - - [28/Jun/2021:16:00:00 +0200] "GET /product/arbeits-und-internet-pc-8gb-ram-1000gb-festplatte-1-jahr-garantie/ HTTP/1.1" 200 13789 "-" "Mozilla/5.0 (Linux; Android 7.0;) AppleWebKit/537.36 (KHTML, like Gecko) Mobile Safari/537.36 (compatible; PetalBot;+https://webmaster.petalsearch.com/site/petalbot)"
81.88.52.0 - - [28/Jun/2021:16:00:20 +0200] "POST /wp-login.php HTTP/1.1" 503 7054 "-" "Mozilla/5.0 (Windows NT 6.1) AppleWebKit/537.36 (KHTML, like Gecko) Chrome/62.0.3202.94 Safari/537.36"
178.128.14.0 - - [28/Jun/2021:16:00:38 +0200] "GET /wp-login.php HTTP/1.1" 200 2748 "-" "Mozilla/5.0 (X11; Ubuntu; Linux x86_64; rv:62.0) Gecko/20100101 Firefox/62.0"
178.128.14.0 - - [28/Jun/2021:16:00:40 +0200] "POST /wp-login.php HTTP/1.1" 200 2886 "-" "Mozilla/5.0 (X11; Ubuntu; Linux x86_64; rv:62.0) Gecko/20100101 Firefox/62.0"
178.128.14.0 - - [28/Jun/2021:16:00:41 +0200] "GET /wp-login.php HTTP/1.1" 200 2748 "-" "Mozilla/5.0 (X11; Ubuntu; Linux x86_64; rv:62.0) Gecko/20100101 Firefox/62.0"
178.128.14.0 - - [28/Jun/2021:16:00:43 +0200] "POST /wp-login.php HTTP/1.1" 200 2850 "-" "Mozilla/5.0 (X11; Ubuntu; Linux x86_64; rv:62.0) Gecko/20100101 Firefox/62.0"
178.128.14.0 - - [28/Jun/2021:16:00:44 +0200] "POST /xmlrpc.php HTTP/1.1" 200 249 "-" "Mozilla/5.0 (X11; Ubuntu; Linux x86_64; rv:62.0) Gecko/20100101 Firefox/62.0"
81.169.178.0 - - [28/Jun/2021:16:01:30 +0200] "POST /wp-cron.php?doing_wp_cron=1624888890.4092628955841064453125 HTTP/1.1" 200 - "https://www.computerdoc24.de/wp-cron.php?doing_wp_cron=1624888890.4092628955841064453125" "WordPress/5.2.11; https://www.computerdoc24.de"
34.74.95.0 - - [28/Jun/2021:16:01:30 +0200] "GET /xmlrpc.php?rsd HTTP/1.0" 200 310 "-" "ZoominfoBot (zoominfobot at zoominfo dot com)"
178.128.112.0 - - [28/Jun/2021:16:01:45 +0200] "GET /wp-login.php HTTP/1.1" 200 2238 "-" "Mozilla/5.0 (X11; Ubuntu; Linux x86_64; rv:62.0) Gecko/20100101 Firefox/62.0"
178.128.112.0 - - [28/Jun/2021:16:01:51 +0200] "POST /wp-login.php HTTP/1.1" 200 2589 "-" "Mozilla/5.0 (X11; Ubuntu; Linux x86_64; rv:62.0) Gecko/20100101 Firefox/62.0"
178.128.112.0 - - [28/Jun/2021:16:01:52 +0200] "POST /xmlrpc.php HTTP/1.1" 200 228 "-" "Mozilla/5.0 (X11; Ubuntu; Linux x86_64; rv:62.0) Gecko/20100101 Firefox/62.0"
196.196.41.0 - - [28/Jun/2021:16:02:05 +0200] "GET / HTTP/1.1" 403 2409 "-" "-"
34.75.119.0 - - [28/Jun/2021:16:02:21 +0200] "GET /product/leistungsstarkes-15-zoll-hp-notebook-silber/ HTTP/1.0" 200 13914 "-" "ZoominfoBot (zoominfobot at zoominfo dot com)"
81.169.178.0 - - [28/Jun/2021:16:03:26 +0200] "POST /wp-cron.php?doing_wp_cron=1624889006.0144150257110595703125 HTTP/1.1" 200 - "https://www.computerdoc24.de/wp-cron.php?doing_wp_cron=1624889006.0144150257110595703125" "WordPress/5.2.11; https://www.computerdoc24.de"
72.167.225.0 - - [28/Jun/2021:16:03:25 +0200] "POST /wp-login.php HTTP/1.1" 503 7054 "-" "Mozilla/5.0 (Windows NT 6.1; WOW64) AppleWebKit/537.36 (KHTML, like Gecko) Chrome/48.0.2564.116 Safari/537.36"
40.77.167.0 - - [28/Jun/2021:16:05:19 +0200] "GET /html/anfahrtskosten.html HTTP/1.1" 200 2353 "-" "Mozilla/5.0 (compatible; bingbot/2.0; +http://www.bing.com/bingbot.htm)"
81.169.178.0 - - [28/Jun/2021:16:05:34 +0200] "POST /wp-cron.php?doing_wp_cron=1624889134.7594649791717529296875 HTTP/1.1" 200 - "https://www.computerdoc24.de/wp-cron.php?doing_wp_cron=1624889134.7594649791717529296875" "WordPress/5.2.11; https://www.computerdoc24.de"
34.74.95.0 - - [28/Jun/2021:16:05:34 +0200] "GET /product/leistungsstarkes-15-zoll-hp-notebook-silber/ HTTP/1.0" 200 13960 "-" "ZoominfoBot (zoominfobot at zoominfo dot com)"
34.75.119.0 - - [28/Jun/2021:16:05:59 +0200] "GET /datenschutzerklaerung/ HTTP/1.0" 200 21457 "-" "ZoominfoBot (zoominfobot at zoominfo dot com)"
81.169.178.0 - - [28/Jun/2021:16:06:59 +0200] "POST /wp-cron.php?doing_wp_cron=1624889219.2787621021270751953125 HTTP/1.1" 200 - "https://www.computerdoc24.de/wp-cron.php?doing_wp_cron=1624889219.2787621021270751953125" "WordPress/5.2.11; https://www.computerdoc24.de"
34.75.119.0 - - [28/Jun/2021:16:06:59 +0200] "GET /kontakt/ HTTP/1.0" 200 10810 "-" "ZoominfoBot (zoominfobot at zoominfo dot com)"
54.36.149.0 - - [28/Jun/2021:16:09:00 +0200] "GET /en/ HTTP/1.1" 200 14613 "-" "Mozilla/5.0 (compatible; AhrefsBot/7.0; +http://ahrefs.com/robot/)"
81.169.178.0 - - [28/Jun/2021:16:09:34 +0200] "POST /wp-cron.php?doing_wp_cron=1624889374.0614669322967529296875 HTTP/1.1" 200 - "https://www.computerdoc24.de/wp-cron.php?doing_wp_cron=1624889374.0614669322967529296875" "WordPress/5.2.11; https://www.computerdoc24.de"
79.173.90.0 - - [28/Jun/2021:16:09:33 +0200] "GET /kontakt/ HTTP/1.0" 200 43441 "https://www.computerdoc24.de/kontakt/" "Mozilla/5.0 (Windows NT 10.0; Win64; x64) AppleWebKit/537.36 (KHTML, like Gecko) Chrome/83.0.4099.2 Safari/537.36"
79.173.90.0 - - [28/Jun/2021:16:09:34 +0200] "POST /wp-json/contact-form-7/v1/contact-forms/2118/feedback HTTP/1.0" 200 225 "https://www.computerdoc24.de/kontakt/" "Mozilla/5.0 (Windows NT 10.0; Win64; x64) AppleWebKit/537.36 (KHTML, like Gecko) Chrome/83.0.4099.2 Safari/537.36"
34.74.95.0 - - [28/Jun/2021:16:09:46 +0200] "GET /datenschutzerklaerung/ HTTP/1.0" 200 21457 "-" "ZoominfoBot (zoominfobot at zoominfo dot com)"
114.119.128.0 - - [28/Jun/2021:16:10:04 +0200] "GET /product/arbeits-und-internet-pc-neue-ssd HTTP/1.1" 200 8204 "-" "Mozilla/5.0 (Linux; Android 7.0;) AppleWebKit/537.36 (KHTML, like Gecko) Mobile Safari/537.36 (compatible; PetalBot;+https://webmaster.petalsearch.com/site/petalbot)"
81.169.178.0 - - [28/Jun/2021:16:11:12 +0200] "POST /wp-cron.php?doing_wp_cron=1624889472.7926540374755859375000 HTTP/1.1" 200 - "https://www.computerdoc24.de/wp-cron.php?doing_wp_cron=1624889472.7926540374755859375000" "WordPress/5.2.11; https://www.computerdoc24.de"
34.74.95.0 - - [28/Jun/2021:16:11:12 +0200] "GET /kontakt/ HTTP/1.0" 200 10810 "-" "ZoominfoBot (zoominfobot at zoominfo dot com)"
67.205.38.0 - - [28/Jun/2021:16:12:03 +0200] "GET /wp-login.php HTTP/1.1" 200 2743 "-" "Mozilla/5.0 (X11; Ubuntu; Linux x86_64; rv:62.0) Gecko/20100101 Firefox/62.0"
67.205.38.0 - - [28/Jun/2021:16:12:04 +0200] "POST /wp-login.php HTTP/1.1" 200 2880 "-" "Mozilla/5.0 (X11; Ubuntu; Linux x86_64; rv:62.0) Gecko/20100101 Firefox/62.0"
67.205.38.0 - - [28/Jun/2021:16:12:05 +0200] "GET /wp-login.php HTTP/1.1" 200 2743 "-" "Mozilla/5.0 (X11; Ubuntu; Linux x86_64; rv:62.0) Gecko/20100101 Firefox/62.0"
67.205.38.0 - - [28/Jun/2021:16:12:06 +0200] "POST /wp-login.php HTTP/1.1" 200 2844 "-" "Mozilla/5.0 (X11; Ubuntu; Linux x86_64; rv:62.0) Gecko/20100101 Firefox/62.0"
67.205.38.0 - - [28/Jun/2021:16:12:07 +0200] "POST /xmlrpc.php HTTP/1.1" 200 249 "-" "Mozilla/5.0 (X11; Ubuntu; Linux x86_64; rv:62.0) Gecko/20100101 Firefox/62.0"
