62.216.209.0 - - [28/Jun/2021:20:37:22 +0200] "GET /wp-content/uploads/zwanzigjahrecomputerdoc24-1-300x258.png HTTP/1.1" 200 29230 "https://www.computerdoc24.de/" "Mozilla/5.0 (Windows NT 10.0; Win64; x64) AppleWebKit/537.36 (KHTML, like Gecko) Chrome/91.0.4472.114 Safari/537.36"
62.216.209.0 - - [28/Jun/2021:20:37:24 +0200] "GET /wp-content/plugins/revslider/public/assets/assets/loader.gif HTTP/1.1" 200 2545 "https://www.computerdoc24.de/wp-content/plugins/revslider/public/assets/css/settings.css" "Mozilla/5.0 (Windows NT 10.0; Win64; x64) AppleWebKit/537.36 (KHTML, like Gecko) Chrome/91.0.4472.114 Safari/537.36"
62.216.209.0 - - [28/Jun/2021:20:37:24 +0200] "GET /wp-content/plugins/revslider/public/assets/fonts/revicons/revicons.woff?5510888 HTTP/1.1" 200 7491 "https://www.computerdoc24.de/wp-content/plugins/revslider/public/assets/css/settings.css" "Mozilla/5.0 (Windows NT 10.0; Win64; x64) AppleWebKit/537.36 (KHTML, like Gecko) Chrome/91.0.4472.114 Safari/537.36"
:: - - [28/Jun/2021:20:37:31 +0200] "OPTIONS * HTTP/1.0" 200 - "-" "Apache/2.4.6 (CentOS) OpenSSL/1.0.2k-fips mod_fcgid/2.3.9 (internal dummy connection)"
62.216.209.0 - - [28/Jun/2021:20:37:24 +0200] "GET /wp-content/uploads/revslider/homepage/bg3.jpg HTTP/1.1" 200 189591 "https://www.computerdoc24.de/" "Mozilla/5.0 (Windows NT 10.0; Win64; x64) AppleWebKit/537.36 (KHTML, like Gecko) Chrome/91.0.4472.114 Safari/537.36"
62.216.209.0 - - [28/Jun/2021:20:37:36 +0200] "GET /wp-content/uploads/20210623_141856_HDR-300x300.jpg HTTP/1.1" 200 17365 "https://www.computerdoc24.de/" "Mozilla/5.0 (Windows NT 10.0; Win64; x64) AppleWebKit/537.36 (KHTML, like Gecko) Chrome/91.0.4472.114 Safari/537.36"
62.216.209.0 - - [28/Jun/2021:20:37:39 +0200] "GET /wp-content/uploads/20210623_135435_HDR-300x300.jpg HTTP/1.1" 200 21450 "https://www.computerdoc24.de/" "Mozilla/5.0 (Windows NT 10.0; Win64; x64) AppleWebKit/537.36 (KHTML, like Gecko) Chrome/91.0.4472.114 Safari/537.36"
62.216.209.0 - - [28/Jun/2021:20:37:41 +0200] "-" 408 - "-" "-"
62.216.209.0 - - [28/Jun/2021:20:37:42 +0200] "GET /wp-content/uploads/Network-1.png HTTP/1.1" 200 55283 "https://www.computerdoc24.de/" "Mozilla/5.0 (Windows NT 10.0; Win64; x64) AppleWebKit/537.36 (KHTML, like Gecko) Chrome/91.0.4472.114 Safari/537.36"
62.216.209.0 - - [28/Jun/2021:20:37:46 +0200] "GET /wp-content/uploads/20210412_104349-300x300.jpg HTTP/1.1" 200 22067 "https://www.computerdoc24.de/" "Mozilla/5.0 (Windows NT 10.0; Win64; x64) AppleWebKit/537.36 (KHTML, like Gecko) Chrome/91.0.4472.114 Safari/537.36"
62.216.209.0 - - [28/Jun/2021:20:37:36 +0200] "GET /wp-content/uploads/revslider/homepage/hppc-1.png HTTP/1.1" 200 117566 "https://www.computerdoc24.de/" "Mozilla/5.0 (Windows NT 10.0; Win64; x64) AppleWebKit/537.36 (KHTML, like Gecko) Chrome/91.0.4472.114 Safari/537.36"
62.216.209.0 - - [28/Jun/2021:20:37:42 +0200] "GET /wp-content/uploads/revslider/homepage/bg5.jpg HTTP/1.1" 200 108532 "https://www.computerdoc24.de/" "Mozilla/5.0 (Windows NT 10.0; Win64; x64) AppleWebKit/537.36 (KHTML, like Gecko) Chrome/91.0.4472.114 Safari/537.36"
62.216.209.0 - - [28/Jun/2021:20:37:48 +0200] "GET /wp-content/uploads/20210414_123323-300x300.jpg HTTP/1.1" 200 22579 "https://www.computerdoc24.de/" "Mozilla/5.0 (Windows NT 10.0; Win64; x64) AppleWebKit/537.36 (KHTML, like Gecko) Chrome/91.0.4472.114 Safari/537.36"
62.216.209.0 - - [28/Jun/2021:20:37:49 +0200] "GET /wp-content/uploads/20201204_131937_HDR2-300x300.jpg HTTP/1.1" 200 20366 "https://www.computerdoc24.de/" "Mozilla/5.0 (Windows NT 10.0; Win64; x64) AppleWebKit/537.36 (KHTML, like Gecko) Chrome/91.0.4472.114 Safari/537.36"
:: - - [28/Jun/2021:20:37:56 +0200] "OPTIONS * HTTP/1.0" 200 - "-" "Apache/2.4.6 (CentOS) OpenSSL/1.0.2k-fips mod_fcgid/2.3.9 (internal dummy connection)"
:: - - [28/Jun/2021:20:37:57 +0200] "OPTIONS * HTTP/1.0" 200 - "-" "Apache/2.4.6 (CentOS) OpenSSL/1.0.2k-fips mod_fcgid/2.3.9 (internal dummy connection)"
62.216.209.0 - - [28/Jun/2021:20:38:23 +0200] "GET /wp-content/uploads/favicon-3.png HTTP/1.1" 200 944 "https://www.computerdoc24.de/" "Mozilla/5.0 (Windows NT 10.0; Win64; x64) AppleWebKit/537.36 (KHTML, like Gecko) Chrome/91.0.4472.114 Safari/537.36"
81.169.178.0 - - [28/Jun/2021:20:38:49 +0200] "POST /wp-cron.php?doing_wp_cron=1624905529.6314249038696289062500 HTTP/1.1" 200 - "https://www.computerdoc24.de/wp-cron.php?doing_wp_cron=1624905529.6314249038696289062500" "WordPress/5.2.11; https://www.computerdoc24.de"
75.119.145.0 - - [28/Jun/2021:20:38:49 +0200] "POST /wp-login.php HTTP/1.1" 200 2637 "-" "Mozilla/5.0 (Windows NT 6.1; WOW64) AppleWebKit/537.36 (KHTML, like Gecko) Chrome/46.0.2490.86 Safari/537.36"
54.227.85.0 - - [28/Jun/2021:20:38:51 +0200] "POST /wp-login.php HTTP/1.1" 200 2884 "-" "Mozilla/5.0 (Windows NT 10.0; Win64; x64) AppleWebKit/537.36 (KHTML, like Gecko) Chrome/73.0.3683.86 Safari/537.36"
34.73.138.0 - - [28/Jun/2021:20:39:19 +0200] "GET /html/impressum.html HTTP/1.0" 200 3769 "-" "ZoominfoBot (zoominfobot at zoominfo dot com)"
192.241.221.0 - - [28/Jun/2021:20:42:43 +0200] "GET /actuator/health HTTP/1.1" 404 2561 "-" "Mozilla/5.0 zgrab/0.x"
34.73.138.0 - - [28/Jun/2021:20:45:58 +0200] "GET /index.html HTTP/1.0" 200 2590 "-" "ZoominfoBot (zoominfobot at zoominfo dot com)"
34.73.138.0 - - [28/Jun/2021:20:46:42 +0200] "GET /html/anfahrtskosten.html HTTP/1.0" 200 2353 "-" "ZoominfoBot (zoominfobot at zoominfo dot com)"
34.73.138.0 - - [28/Jun/2021:20:48:06 +0200] "GET /html/impressum.html HTTP/1.0" 200 3769 "-" "ZoominfoBot (zoominfobot at zoominfo dot com)"
37.251.142.0 - - [28/Jun/2021:20:49:26 +0200] "POST /wp-login.php HTTP/1.1" 200 2878 "-" "Mozilla/5.0 (Windows NT 6.1; Win64; x64) AppleWebKit/537.36 (KHTML, like Gecko) Chrome/60.0.3112.113 Safari/537.36"
45.153.160.0 - - [28/Jun/2021:20:49:48 +0200] "POST /xmlrpc.php HTTP/1.0" 301 245 "-" "Mozilla/5.0 (Macintosh; Intel Mac OS X 10_13_3) AppleWebKit/604.5.6 (KHTML, like Gecko) Version/11.0.3 Safari/604.5.6"
45.153.160.0 - - [28/Jun/2021:20:49:48 +0200] "POST /xmlrpc.php HTTP/1.0" 200 429 "-" "Mozilla/5.0 (Macintosh; Intel Mac OS X 10_13_3) AppleWebKit/604.5.6 (KHTML, like Gecko) Version/11.0.3 Safari/604.5.6"
66.249.64.0 - - [28/Jun/2021:20:51:17 +0200] "GET /robots.txt HTTP/1.1" 301 295 "-" "Mozilla/5.0 (compatible; Googlebot/2.1; +http://www.google.com/bot.html)"
34.73.138.0 - - [28/Jun/2021:20:54:24 +0200] "GET /index.html HTTP/1.0" 200 2590 "-" "ZoominfoBot (zoominfobot at zoominfo dot com)"
45.146.165.0 - - [28/Jun/2021:20:54:45 +0200] "GET /index.php?s=/Index/\\think\\app/invokefunction&function=call_user_func_array&vars[0]=md5&vars[1][]=HelloThinkPHP21 HTTP/1.1" 404 2783 "-" "Mozilla/5.0 (Windows NT 10.0; Win64; x64) AppleWebKit/537.36 (KHTML, like Gecko) Chrome/78.0.3904.108 Safari/537.36"
45.146.165.0 - - [28/Jun/2021:20:54:46 +0200] "GET /vendor/phpunit/phpunit/src/Util/PHP/eval-stdin.php HTTP/1.1" 404 2635 "-" "Mozilla/5.0 (Windows NT 10.0; Win64; x64) AppleWebKit/537.36 (KHTML, like Gecko) Chrome/78.0.3904.108 Safari/537.36"
45.146.165.0 - - [28/Jun/2021:20:54:47 +0200] "POST /mifs/.;/services/LogService HTTP/1.1" 404 2770 "https://81.169.178.78:443" "Mozilla/5.0 (Windows NT 10.0; Win64; x64) AppleWebKit/537.36 (KHTML, like Gecko) Chrome/78.0.3904.108 Safari/537.36"
45.146.165.0 - - [28/Jun/2021:20:54:47 +0200] "POST /api/jsonws/invoke HTTP/1.1" 404 2569 "-" "Mozilla/5.0 (Windows NT 10.0; Win64; x64) AppleWebKit/537.36 (KHTML, like Gecko) Chrome/78.0.3904.108 Safari/537.36"
34.73.138.0 - - [28/Jun/2021:20:54:50 +0200] "GET /html/kontakt.html HTTP/1.0" 200 2033 "-" "ZoominfoBot (zoominfobot at zoominfo dot com)"
45.146.165.0 - - [28/Jun/2021:20:54:51 +0200] "GET /wp-content/plugins/wp-file-manager/readme.txt HTTP/1.1" 404 2625 "-" "Mozilla/5.0 (Windows NT 10.0; Win64; x64) AppleWebKit/537.36 (KHTML, like Gecko) Chrome/78.0.3904.108 Safari/537.36"
66.249.64.0 - - [28/Jun/2021:20:54:52 +0200] "GET /robots.txt HTTP/1.1" 301 295 "-" "Mozilla/5.0 (compatible; Googlebot/2.1; +http://www.google.com/bot.html)"
45.146.165.0 - - [28/Jun/2021:20:54:57 +0200] "GET /_ignition/execute-solution HTTP/1.1" 404 2587 "-" "Mozilla/5.0 (Windows NT 10.0; Win64; x64) AppleWebKit/537.36 (KHTML, like Gecko) Chrome/78.0.3904.108 Safari/537.36"
45.146.165.0 - - [28/Jun/2021:20:54:57 +0200] "POST /Autodiscover/Autodiscover.xml HTTP/1.1" 404 2593 "-" "Mozilla/5.0 (Windows NT 10.0; Win64; x64) AppleWebKit/537.36 (KHTML, like Gecko) Chrome/78.0.3904.108 Safari/537.36"
45.146.165.0 - - [28/Jun/2021:20:55:00 +0200] "GET / HTTP/1.1" 403 2411 "-" "Mozilla/5.0 (Windows NT 10.0; Win64; x64) AppleWebKit/537.36 (KHTML, like Gecko) Chrome/78.0.3904.108 Safari/537.36"
45.146.165.0 - - [28/Jun/2021:20:55:00 +0200] "GET /?XDEBUG_SESSION_START=phpstorm HTTP/1.1" 403 2411 "-" "Mozilla/5.0 (Windows NT 10.0; Win64; x64) AppleWebKit/537.36 (KHTML, like Gecko) Chrome/78.0.3904.108 Safari/537.36"
45.146.165.0 - - [28/Jun/2021:20:55:01 +0200] "POST /vendor/phpunit/phpunit/src/Util/PHP/eval-stdin.php HTTP/1.1" 404 2635 "-" "Mozilla/5.0 (Windows NT 10.0; Win64; x64) AppleWebKit/537.36 (KHTML, like Gecko) Chrome/78.0.3904.108 Safari/537.36"
45.146.165.0 - - [28/Jun/2021:20:55:02 +0200] "GET /console/ HTTP/1.1" 404 2551 "-" "Mozilla/5.0 (Windows NT 10.0; Win64; x64) AppleWebKit/537.36 (KHTML, like Gecko) Chrome/78.0.3904.108 Safari/537.36"
66.249.64.0 - - [28/Jun/2021:20:55:08 +0200] "GET / HTTP/1.1" 301 285 "-" "Mozilla/5.0 (Linux; Android 6.0.1; Nexus 5X Build/MMB29P) AppleWebKit/537.36 (KHTML, like Gecko) Chrome/91.0.4472.90 Mobile Safari/537.36 (compatible; Googlebot/2.1; +http://www.google.com/bot.html)"
81.169.178.0 - - [28/Jun/2021:20:55:53 +0200] "POST /wp-cron.php?doing_wp_cron=1624906552.9087629318237304687500 HTTP/1.1" 200 - "https://www.ipcbusiness.de/wp-cron.php?doing_wp_cron=1624906552.9087629318237304687500" "WordPress/5.6.4; https://www.ipcbusiness.de"
114.119.144.0 - - [28/Jun/2021:20:55:52 +0200] "GET /robots.txt HTTP/1.1" 200 69 "-" "Mozilla/5.0 (compatible;PetalBot;+https://webmaster.petalsearch.com/site/petalbot)"
81.169.178.0 - - [28/Jun/2021:20:56:41 +0200] "POST /wp-cron.php?doing_wp_cron=1624906601.2405450344085693359375 HTTP/1.1" 200 - "http://www.computerdoc24.de/wp-cron.php?doing_wp_cron=1624906601.2405450344085693359375" "WordPress/5.2.11; https://www.computerdoc24.de"
45.153.160.0 - - [28/Jun/2021:20:56:41 +0200] "GET /wp-login.php HTTP/1.1" 302 - "http://computerdoc24.de/wp-login.php" "Mozilla/5.0 (Windows NT 10.0; WOW64) AppleWebKit/537.36 (KHTML, like Gecko) Chrome/83.0.4103.61 Safari/537.36"
95.65.81.0 - - [28/Jun/2021:20:56:41 +0200] "GET /wp-admin/ HTTP/1.0" 302 - "https://www.computerdoc24.de/wp-admin/" "Mozilla/5.0 (Windows NT 10.0; WOW64) AppleWebKit/537.36 (KHTML, like Gecko) Chrome/83.0.4103.61 Safari/537.36"
95.65.81.0 - - [28/Jun/2021:20:56:42 +0200] "GET /wp-login.php?redirect_to=https%3A%2F%2Fwww.computerdoc24.de%2Fwp-admin%2F&reauth=1 HTTP/1.0" 200 8144 "https://www.computerdoc24.de/wp-login.php?redirect_to=https%3A%2F%2Fwww.computerdoc24.de%2Fwp-admin%2F&reauth=1" "Mozilla/5.0 (Windows NT 10.0; WOW64) AppleWebKit/537.36 (KHTML, like Gecko) Chrome/83.0.4103.61 Safari/537.36"
95.65.81.0 - - [28/Jun/2021:20:56:42 +0200] "POST /wp-login.php HTTP/1.0" 200 9149 "https://www.computerdoc24.de/wp-login.php?redirect_to=https%3A%2F%2Fwww.computerdoc24.de%2Fwp-admin%2F&reauth=1" "Mozilla/5.0 (Windows NT 10.0; WOW64) AppleWebKit/537.36 (KHTML, like Gecko) Chrome/83.0.4103.61 Safari/537.36"
95.65.81.0 - - [28/Jun/2021:20:56:46 +0200] "GET /wp-login.php HTTP/1.0" 200 8328 "https://computerdoc24.de/wp-login.php" "Mozilla/5.0 (Windows NT 10.0; WOW64) AppleWebKit/537.36 (KHTML, like Gecko) Chrome/83.0.4103.61 Safari/537.36"
95.65.81.0 - - [28/Jun/2021:20:56:46 +0200] "GET /index.php HTTP/1.0" 301 - "https://computerdoc24.de/index.php" "Mozilla/5.0 (Windows NT 10.0; WOW64) AppleWebKit/537.36 (KHTML, like Gecko) Chrome/83.0.4103.61 Safari/537.36"
95.65.81.0 - - [28/Jun/2021:20:56:46 +0200] "GET /index.php HTTP/1.0" 301 - "https://computerdoc24.de/index.php" "Mozilla/5.0 (Windows NT 10.0; WOW64) AppleWebKit/537.36 (KHTML, like Gecko) Chrome/83.0.4103.61 Safari/537.36"
95.65.81.0 - - [28/Jun/2021:20:56:46 +0200] "GET /index.php HTTP/1.0" 301 - "https://computerdoc24.de/index.php" "Mozilla/5.0 (Windows NT 10.0; WOW64) AppleWebKit/537.36 (KHTML, like Gecko) Chrome/83.0.4103.61 Safari/537.36"
66.249.64.0 - - [28/Jun/2021:20:58:41 +0200] "GET / HTTP/1.1" 301 285 "-" "Mozilla/5.0 (Linux; Android 6.0.1; Nexus 5X Build/MMB29P) AppleWebKit/537.36 (KHTML, like Gecko) Chrome/91.0.4472.90 Mobile Safari/537.36 (compatible; Googlebot/2.1; +http://www.google.com/bot.html)"
34.73.138.0 - - [28/Jun/2021:21:01:15 +0200] "GET /html/anfahrtskosten.html HTTP/1.0" 200 2353 "-" "ZoominfoBot (zoominfobot at zoominfo dot com)"
81.169.178.0 - - [28/Jun/2021:21:02:26 +0200] "POST /wp-cron.php?doing_wp_cron=1624906946.8612658977508544921875 HTTP/1.1" 200 - "https://www.computerdoc24.de/wp-cron.php?doing_wp_cron=1624906946.8612658977508544921875" "WordPress/5.2.11; https://www.computerdoc24.de"
54.36.148.0 - - [28/Jun/2021:21:02:26 +0200] "GET /product/iiyama-monitor-g-master-g2530hsu-b1-622cm-245/ HTTP/1.1" 200 13705 "-" "Mozilla/5.0 (compatible; AhrefsBot/7.0; +http://ahrefs.com/robot/)"
81.169.178.0 - - [28/Jun/2021:21:04:58 +0200] "POST /wp-cron.php?doing_wp_cron=1624907098.1844348907470703125000 HTTP/1.1" 200 - "https://www.computerdoc24.de/wp-cron.php?doing_wp_cron=1624907098.1844348907470703125000" "WordPress/5.2.11; https://www.computerdoc24.de"
185.191.171.0 - - [28/Jun/2021:21:04:58 +0200] "GET /robots.txt HTTP/1.1" 200 69 "-" "Mozilla/5.0 (compatible; SemrushBot/7~bl; +http://www.semrush.com/bot.html)"
185.191.171.0 - - [28/Jun/2021:21:04:59 +0200] "GET /product/office-internet-pc-fujitsu-marken-pc-kopie/ HTTP/1.1" 200 13850 "-" "Mozilla/5.0 (compatible; SemrushBot/7~bl; +http://www.semrush.com/bot.html)"
34.73.138.0 - - [28/Jun/2021:21:05:33 +0200] "GET /html/kontakt.html HTTP/1.0" 200 2033 "-" "ZoominfoBot (zoominfobot at zoominfo dot com)"
81.169.178.0 - - [28/Jun/2021:21:06:17 +0200] "POST /wp-cron.php?doing_wp_cron=1624907177.1670410633087158203125 HTTP/1.1" 200 - "http://www.computerdoc24.de/wp-cron.php?doing_wp_cron=1624907177.1670410633087158203125" "WordPress/5.2.11; https://www.computerdoc24.de"
103.131.71.0 - - [28/Jun/2021:21:06:17 +0200] "GET /robots.txt HTTP/1.1" 200 - "-" "Mozilla/5.0 (compatible; coccocbot-web/1.0; +http://help.coccoc.com/searchengine)"
103.131.71.0 - - [28/Jun/2021:21:06:19 +0200] "GET /robots.txt HTTP/1.1" 200 69 "-" "Mozilla/5.0 (compatible; coccocbot-web/1.0; +http://help.coccoc.com/searchengine)"
220.168.67.0 - - [28/Jun/2021:21:06:35 +0200] "GET / HTTP/1.1" 200 2691 "-" "Mozilla/5.0 (Windows NT 6.1; Win64; x64) AppleWebKit/537.36 (KHTML, like Gecko) Chrome/86.0.4240.75 Safari/537.36"
185.2.4.0 - - [28/Jun/2021:21:11:24 +0200] "POST /wp-login.php HTTP/1.1" 200 2880 "-" "Mozilla/5.0 (Windows NT 6.1; Win64; x64) AppleWebKit/537.36 (KHTML, like Gecko) Chrome/80.0.3987.163 Safari/537.36"
34.73.138.0 - - [28/Jun/2021:21:12:31 +0200] "GET /html/referenzen.html HTTP/1.0" 200 2727 "-" "ZoominfoBot (zoominfobot at zoominfo dot com)"
144.217.6.0 - - [28/Jun/2021:21:14:45 +0200] "GET / HTTP/1.1" 200 2691 "-" "Mozilla/5.0 (Windows NT 10.0; Win64; x64) AppleWebKit/537.36 (KHTML, like Gecko) Chrome/85.0.4183.121 Safari/537.36"
192.241.222.0 - - [28/Jun/2021:21:15:04 +0200] "GET /hudson HTTP/1.1" 404 2543 "-" "Mozilla/5.0 zgrab/0.x"
81.169.178.0 - - [28/Jun/2021:21:15:24 +0200] "POST /wp-cron.php?doing_wp_cron=1624907724.2209138870239257812500 HTTP/1.1" 200 - "https://www.computerdoc24.de/wp-cron.php?doing_wp_cron=1624907724.2209138870239257812500" "WordPress/5.2.11; https://www.computerdoc24.de"
188.123.220.0 - - [28/Jun/2021:21:15:24 +0200] "POST /wp-login.php HTTP/1.1" 503 7053 "-" "Mozilla/5.0 (Windows NT 10.0; Win64; x64) AppleWebKit/537.36 (KHTML, like Gecko) Chrome/87.0.4280.88 Safari/537.36"
176.9.123.0 - - [28/Jun/2021:21:15:45 +0200] "POST /wp-login.php HTTP/1.1" 200 2884 "-" "Mozilla/5.0 (Windows NT 6.1; Win64; x64) AppleWebKit/537.36 (KHTML, like Gecko) Chrome/66.0.3359.117 Safari/537.36"
93.190.217.0 - - [28/Jun/2021:21:16:16 +0200] "GET /.env HTTP/1.1" 200 2691 "-" "Mozilla/5.0 (X11; Linux x86_64) AppleWebKit/537.36 (KHTML, like Gecko) Chrome/81.0.4044.129 Safari/537.36"
93.190.217.0 - - [28/Jun/2021:21:16:17 +0200] "POST /.env HTTP/1.1" 200 2691 "-" "Mozilla/5.0 (X11; Linux x86_64) AppleWebKit/537.36 (KHTML, like Gecko) Chrome/81.0.4044.129 Safari/537.36"
81.88.52.0 - - [28/Jun/2021:21:16:59 +0200] "POST /wp-login.php HTTP/1.1" 200 2886 "-" "Mozilla/5.0 (Windows NT 6.1) AppleWebKit/537.36 (KHTML, like Gecko) Chrome/62.0.3202.94 Safari/537.36"
81.169.178.0 - - [28/Jun/2021:21:17:30 +0200] "POST /wp-cron.php?doing_wp_cron=1624907850.5788860321044921875000 HTTP/1.1" 200 - "https://www.computerdoc24.de/wp-cron.php?doing_wp_cron=1624907850.5788860321044921875000" "WordPress/5.2.11; https://www.computerdoc24.de"
124.158.10.0 - - [28/Jun/2021:21:17:30 +0200] "POST /wp-login.php HTTP/1.1" 503 7054 "-" "Mozilla/5.0 (Windows NT 10.0; Win64; x64) AppleWebKit/537.36 (KHTML, like Gecko) Chrome/78.0.3904.70 Safari/537.36"
54.36.149.0 - - [28/Jun/2021:21:17:44 +0200] "GET /es/unsere-produkte-und-services/innovative-ladeeinheiten/ HTTP/1.1" 200 10584 "-" "Mozilla/5.0 (compatible; AhrefsBot/7.0; +http://ahrefs.com/robot/)"
34.73.138.0 - - [28/Jun/2021:21:18:46 +0200] "GET /html/vorher_nachher.html HTTP/1.0" 200 2132 "-" "ZoominfoBot (zoominfobot at zoominfo dot com)"
40.77.167.0 - - [28/Jun/2021:21:23:56 +0200] "GET /robots.txt HTTP/1.1" 301 291 "-" "Mozilla/5.0 (compatible; bingbot/2.0; +http://www.bing.com/bingbot.htm)"
40.77.167.0 - - [28/Jun/2021:21:23:56 +0200] "GET /robots.txt HTTP/1.1" 301 291 "-" "Mozilla/5.0 (compatible; bingbot/2.0; +http://www.bing.com/bingbot.htm)"
157.55.39.0 - - [28/Jun/2021:21:24:19 +0200] "GET /fr/ueber-uns/firmeninformation/ HTTP/1.1" 301 312 "-" "Mozilla/5.0 (compatible; bingbot/2.0; +http://www.bing.com/bingbot.htm)"
81.169.178.0 - - [28/Jun/2021:21:26:08 +0200] "POST /wp-cron.php?doing_wp_cron=1624908368.7514090538024902343750 HTTP/1.1" 200 - "https://www.computerdoc24.de/wp-cron.php?doing_wp_cron=1624908368.7514090538024902343750" "WordPress/5.2.11; https://www.computerdoc24.de"
35.231.164.0 - - [28/Jun/2021:21:26:08 +0200] "GET /robots.txt HTTP/1.0" 200 69 "-" "ZoominfoBot (zoominfobot at zoominfo dot com)"
35.231.164.0 - - [28/Jun/2021:21:26:09 +0200] "GET /pc-ankauf/ HTTP/1.0" 200 9934 "-" "ZoominfoBot (zoominfobot at zoominfo dot com)"
35.231.164.0 - - [28/Jun/2021:21:26:12 +0200] "GET /product/office-internet-pc-fujitsu-marken-pc/ HTTP/1.0" 200 14036 "-" "ZoominfoBot (zoominfobot at zoominfo dot com)"
35.231.164.0 - - [28/Jun/2021:21:26:15 +0200] "GET /product/office-internet-pc-fujitsu-marken-pc-4gb-240gb-ssd-neu/ HTTP/1.0" 200 14127 "-" "ZoominfoBot (zoominfobot at zoominfo dot com)"
78.46.210.0 - - [28/Jun/2021:21:26:20 +0200] "GET //wp-json/trx_addons/v2/get/sc_layout?sc=print_r HTTP/1.1" 200 138 "-" "python-requests/2.18.4"
81.169.178.0 - - [28/Jun/2021:21:28:02 +0200] "POST /wp-cron.php?doing_wp_cron=1624908482.8890209197998046875000 HTTP/1.1" 200 - "http://www.computerdoc24.de/wp-cron.php?doing_wp_cron=1624908482.8890209197998046875000" "WordPress/5.2.11; https://www.computerdoc24.de"
114.119.154.0 - - [28/Jun/2021:21:28:02 +0200] "GET /robots.txt HTTP/1.1" 200 - "-" "Mozilla/5.0 (compatible;PetalBot;+https://webmaster.petalsearch.com/site/petalbot)"
114.119.154.0 - - [28/Jun/2021:21:28:04 +0200] "GET /robots.txt HTTP/1.1" 200 69 "-" "Mozilla/5.0 (compatible;PetalBot;+https://webmaster.petalsearch.com/site/petalbot)"
31.192.208.0 - - [28/Jun/2021:21:28:10 +0200] "POST /wp-login.php HTTP/1.1" 200 2878 "-" "Mozilla/5.0 (Windows NT 6.1; WOW64) AppleWebKit/537.36 (KHTML, like Gecko) Chrome/51.0.2704.106 Safari/537.36"
81.169.178.0 - - [28/Jun/2021:21:28:46 +0200] "POST /wp-cron.php?doing_wp_cron=1624908525.9151360988616943359375 HTTP/1.1" 200 - "https://www.computerdoc24.de/wp-cron.php?doing_wp_cron=1624908525.9151360988616943359375" "WordPress/5.2.11; https://www.computerdoc24.de"
35.231.164.0 - - [28/Jun/2021:21:28:45 +0200] "GET /product/leistungsstarkes-17-zoll-hp-notebook/ HTTP/1.0" 200 13753 "-" "ZoominfoBot (zoominfobot at zoominfo dot com)"
195.246.120.0 - - [28/Jun/2021:21:29:17 +0200] "GET /index.php/admin/ HTTP/1.1" 200 2691 "-" "Mozilla/5.0 (X11; Ubuntu; Linux x86_64; rv:62.0) Gecko/20100101 Firefox/62.0"
195.246.120.0 - - [28/Jun/2021:21:29:17 +0200] "GET /old/index.php/admin/ HTTP/1.1" 200 2691 "-" "Mozilla/5.0 (X11; Ubuntu; Linux x86_64; rv:62.0) Gecko/20100101 Firefox/62.0"
195.246.120.0 - - [28/Jun/2021:21:29:18 +0200] "GET /dev/index.php/admin/ HTTP/1.1" 200 2691 "-" "Mozilla/5.0 (X11; Ubuntu; Linux x86_64; rv:62.0) Gecko/20100101 Firefox/62.0"
195.246.120.0 - - [28/Jun/2021:21:29:30 +0200] "GET /demo/index.php/admin/ HTTP/1.1" 200 2691 "-" "Mozilla/5.0 (X11; Ubuntu; Linux x86_64; rv:62.0) Gecko/20100101 Firefox/62.0"
195.246.120.0 - - [28/Jun/2021:21:29:30 +0200] "GET /shop/index.php/admin/ HTTP/1.1" 200 2691 "-" "Mozilla/5.0 (X11; Ubuntu; Linux x86_64; rv:62.0) Gecko/20100101 Firefox/62.0"
195.246.120.0 - - [28/Jun/2021:21:29:53 +0200] "GET /test/index.php/admin/ HTTP/1.1" 200 2691 "-" "Mozilla/5.0 (X11; Ubuntu; Linux x86_64; rv:62.0) Gecko/20100101 Firefox/62.0"
195.246.120.0 - - [28/Jun/2021:21:29:54 +0200] "GET /store/index.php/admin/ HTTP/1.1" 200 2691 "-" "Mozilla/5.0 (X11; Ubuntu; Linux x86_64; rv:62.0) Gecko/20100101 Firefox/62.0"
195.246.120.0 - - [28/Jun/2021:21:29:54 +0200] "GET /magento/index.php/admin/ HTTP/1.1" 200 2691 "-" "Mozilla/5.0 (X11; Ubuntu; Linux x86_64; rv:62.0) Gecko/20100101 Firefox/62.0"
195.246.120.0 - - [28/Jun/2021:21:30:06 +0200] "GET /staging/index.php/admin/ HTTP/1.1" 200 2691 "-" "Mozilla/5.0 (X11; Ubuntu; Linux x86_64; rv:62.0) Gecko/20100101 Firefox/62.0"
195.246.120.0 - - [28/Jun/2021:21:30:11 +0200] "GET /rss/order/new HTTP/1.1" 200 2691 "-" "Mozilla/5.0 (X11; Ubuntu; Linux x86_64; rv:62.0) Gecko/20100101 Firefox/62.0"
35.232.55.0 - - [28/Jun/2021:21:30:11 +0200] "GET / HTTP/1.1" 301 231 "-" "Mozilla/5.0 (Windows NT 6.1; rv:57.0) Gecko/20100101 Firefox/57.0"
195.246.120.0 - - [28/Jun/2021:21:30:11 +0200] "GET /rss/catalog/notifystock HTTP/1.1" 200 2691 "-" "Mozilla/5.0 (X11; Ubuntu; Linux x86_64; rv:62.0) Gecko/20100101 Firefox/62.0"
195.246.120.0 - - [28/Jun/2021:21:30:12 +0200] "GET /rss/catalog/review HTTP/1.1" 200 2691 "-" "Mozilla/5.0 (X11; Ubuntu; Linux x86_64; rv:62.0) Gecko/20100101 Firefox/62.0"
195.246.120.0 - - [28/Jun/2021:21:30:12 +0200] "GET /old/rss/order/new HTTP/1.1" 200 2691 "-" "Mozilla/5.0 (X11; Ubuntu; Linux x86_64; rv:62.0) Gecko/20100101 Firefox/62.0"
35.232.55.0 - - [28/Jun/2021:21:30:12 +0200] "GET / HTTP/1.1" 301 - "http://ipcbusiness.de" "Mozilla/5.0 (Windows NT 6.1; rv:57.0) Gecko/20100101 Firefox/57.0"
195.246.120.0 - - [28/Jun/2021:21:30:12 +0200] "GET /old/rss/catalog/notifystock HTTP/1.1" 200 2691 "-" "Mozilla/5.0 (X11; Ubuntu; Linux x86_64; rv:62.0) Gecko/20100101 Firefox/62.0"
35.232.55.0 - - [28/Jun/2021:21:30:11 +0200] "GET / HTTP/1.1" 200 18794 "http://ipc-business.de" "Mozilla/5.0 (Windows NT 6.1; rv:57.0) Gecko/20100101 Firefox/57.0"
195.246.120.0 - - [28/Jun/2021:21:30:12 +0200] "GET /old/rss/catalog/review HTTP/1.1" 200 2691 "-" "Mozilla/5.0 (X11; Ubuntu; Linux x86_64; rv:62.0) Gecko/20100101 Firefox/62.0"
195.246.120.0 - - [28/Jun/2021:21:30:13 +0200] "GET /dev/rss/order/new HTTP/1.1" 200 2691 "-" "Mozilla/5.0 (X11; Ubuntu; Linux x86_64; rv:62.0) Gecko/20100101 Firefox/62.0"
195.246.120.0 - - [28/Jun/2021:21:30:13 +0200] "GET /dev/rss/catalog/notifystock HTTP/1.1" 200 2691 "-" "Mozilla/5.0 (X11; Ubuntu; Linux x86_64; rv:62.0) Gecko/20100101 Firefox/62.0"
35.232.55.0 - - [28/Jun/2021:21:30:13 +0200] "GET / HTTP/1.1" 200 18793 "https://ipcbusiness.de/" "Mozilla/5.0 (Windows NT 6.1; rv:57.0) Gecko/20100101 Firefox/57.0"
195.246.120.0 - - [28/Jun/2021:21:30:19 +0200] "GET /dev/rss/catalog/review HTTP/1.1" 200 2691 "-" "Mozilla/5.0 (X11; Ubuntu; Linux x86_64; rv:62.0) Gecko/20100101 Firefox/62.0"
81.169.178.0 - - [28/Jun/2021:21:30:18 +0200] "POST /wp-cron.php?doing_wp_cron=1624908618.7782299518585205078125 HTTP/1.1" 200 - "https://www.computerdoc24.de/wp-cron.php?doing_wp_cron=1624908618.7782299518585205078125" "WordPress/5.2.11; https://www.computerdoc24.de"
35.231.164.0 - - [28/Jun/2021:21:30:18 +0200] "GET /software/ HTTP/1.0" 200 8685 "-" "ZoominfoBot (zoominfobot at zoominfo dot com)"
195.246.120.0 - - [28/Jun/2021:21:30:24 +0200] "GET /demo/rss/order/new HTTP/1.1" 200 2691 "-" "Mozilla/5.0 (X11; Ubuntu; Linux x86_64; rv:62.0) Gecko/20100101 Firefox/62.0"
195.246.120.0 - - [28/Jun/2021:21:30:24 +0200] "GET /demo/rss/catalog/notifystock HTTP/1.1" 200 2691 "-" "Mozilla/5.0 (X11; Ubuntu; Linux x86_64; rv:62.0) Gecko/20100101 Firefox/62.0"
195.246.120.0 - - [28/Jun/2021:21:30:24 +0200] "GET /demo/rss/catalog/review HTTP/1.1" 200 2691 "-" "Mozilla/5.0 (X11; Ubuntu; Linux x86_64; rv:62.0) Gecko/20100101 Firefox/62.0"
195.246.120.0 - - [28/Jun/2021:21:30:25 +0200] "GET /shop/rss/order/new HTTP/1.1" 200 2691 "-" "Mozilla/5.0 (X11; Ubuntu; Linux x86_64; rv:62.0) Gecko/20100101 Firefox/62.0"
195.246.120.0 - - [28/Jun/2021:21:30:30 +0200] "GET /shop/rss/catalog/notifystock HTTP/1.1" 200 2691 "-" "Mozilla/5.0 (X11; Ubuntu; Linux x86_64; rv:62.0) Gecko/20100101 Firefox/62.0"
195.246.120.0 - - [28/Jun/2021:21:30:30 +0200] "GET /shop/rss/catalog/review HTTP/1.1" 200 2691 "-" "Mozilla/5.0 (X11; Ubuntu; Linux x86_64; rv:62.0) Gecko/20100101 Firefox/62.0"
195.246.120.0 - - [28/Jun/2021:21:30:31 +0200] "GET /test/rss/order/new HTTP/1.1" 200 2691 "-" "Mozilla/5.0 (X11; Ubuntu; Linux x86_64; rv:62.0) Gecko/20100101 Firefox/62.0"
195.246.120.0 - - [28/Jun/2021:21:30:31 +0200] "GET /test/rss/catalog/notifystock HTTP/1.1" 200 2691 "-" "Mozilla/5.0 (X11; Ubuntu; Linux x86_64; rv:62.0) Gecko/20100101 Firefox/62.0"
195.246.120.0 - - [28/Jun/2021:21:30:31 +0200] "GET /test/rss/catalog/review HTTP/1.1" 200 2691 "-" "Mozilla/5.0 (X11; Ubuntu; Linux x86_64; rv:62.0) Gecko/20100101 Firefox/62.0"
195.246.120.0 - - [28/Jun/2021:21:30:36 +0200] "GET /store/rss/order/new HTTP/1.1" 200 2691 "-" "Mozilla/5.0 (X11; Ubuntu; Linux x86_64; rv:62.0) Gecko/20100101 Firefox/62.0"
195.246.120.0 - - [28/Jun/2021:21:30:37 +0200] "GET /store/rss/catalog/notifystock HTTP/1.1" 200 2691 "-" "Mozilla/5.0 (X11; Ubuntu; Linux x86_64; rv:62.0) Gecko/20100101 Firefox/62.0"
195.246.120.0 - - [28/Jun/2021:21:30:37 +0200] "GET /store/rss/catalog/review HTTP/1.1" 200 2691 "-" "Mozilla/5.0 (X11; Ubuntu; Linux x86_64; rv:62.0) Gecko/20100101 Firefox/62.0"
195.246.120.0 - - [28/Jun/2021:21:30:37 +0200] "GET /magento/rss/order/new HTTP/1.1" 200 2691 "-" "Mozilla/5.0 (X11; Ubuntu; Linux x86_64; rv:62.0) Gecko/20100101 Firefox/62.0"
195.246.120.0 - - [28/Jun/2021:21:30:37 +0200] "GET /magento/rss/catalog/notifystock HTTP/1.1" 200 2691 "-" "Mozilla/5.0 (X11; Ubuntu; Linux x86_64; rv:62.0) Gecko/20100101 Firefox/62.0"
195.246.120.0 - - [28/Jun/2021:21:30:38 +0200] "GET /magento/rss/catalog/review HTTP/1.1" 200 2691 "-" "Mozilla/5.0 (X11; Ubuntu; Linux x86_64; rv:62.0) Gecko/20100101 Firefox/62.0"
195.246.120.0 - - [28/Jun/2021:21:30:38 +0200] "GET /staging/rss/order/new HTTP/1.1" 200 2691 "-" "Mozilla/5.0 (X11; Ubuntu; Linux x86_64; rv:62.0) Gecko/20100101 Firefox/62.0"
195.246.120.0 - - [28/Jun/2021:21:30:38 +0200] "GET /staging/rss/catalog/notifystock HTTP/1.1" 200 2691 "-" "Mozilla/5.0 (X11; Ubuntu; Linux x86_64; rv:62.0) Gecko/20100101 Firefox/62.0"
195.246.120.0 - - [28/Jun/2021:21:30:38 +0200] "GET /staging/rss/catalog/review HTTP/1.1" 200 2691 "-" "Mozilla/5.0 (X11; Ubuntu; Linux x86_64; rv:62.0) Gecko/20100101 Firefox/62.0"
195.246.120.0 - - [28/Jun/2021:21:30:39 +0200] "GET /downloader/index.php HTTP/1.1" 200 2691 "-" "Mozilla/5.0 (X11; Ubuntu; Linux x86_64; rv:62.0) Gecko/20100101 Firefox/62.0"
195.246.120.0 - - [28/Jun/2021:21:30:39 +0200] "GET /old/downloader/index.php HTTP/1.1" 200 2691 "-" "Mozilla/5.0 (X11; Ubuntu; Linux x86_64; rv:62.0) Gecko/20100101 Firefox/62.0"
195.246.120.0 - - [28/Jun/2021:21:30:39 +0200] "GET /dev/downloader/index.php HTTP/1.1" 200 2691 "-" "Mozilla/5.0 (X11; Ubuntu; Linux x86_64; rv:62.0) Gecko/20100101 Firefox/62.0"
195.246.120.0 - - [28/Jun/2021:21:30:39 +0200] "GET /demo/downloader/index.php HTTP/1.1" 200 2691 "-" "Mozilla/5.0 (X11; Ubuntu; Linux x86_64; rv:62.0) Gecko/20100101 Firefox/62.0"
195.246.120.0 - - [28/Jun/2021:21:30:40 +0200] "GET /shop/downloader/index.php HTTP/1.1" 200 2691 "-" "Mozilla/5.0 (X11; Ubuntu; Linux x86_64; rv:62.0) Gecko/20100101 Firefox/62.0"
195.246.120.0 - - [28/Jun/2021:21:30:40 +0200] "GET /test/downloader/index.php HTTP/1.1" 200 2691 "-" "Mozilla/5.0 (X11; Ubuntu; Linux x86_64; rv:62.0) Gecko/20100101 Firefox/62.0"
195.246.120.0 - - [28/Jun/2021:21:30:40 +0200] "GET /store/downloader/index.php HTTP/1.1" 200 2691 "-" "Mozilla/5.0 (X11; Ubuntu; Linux x86_64; rv:62.0) Gecko/20100101 Firefox/62.0"
195.246.120.0 - - [28/Jun/2021:21:30:40 +0200] "GET /magento/downloader/index.php HTTP/1.1" 200 2691 "-" "Mozilla/5.0 (X11; Ubuntu; Linux x86_64; rv:62.0) Gecko/20100101 Firefox/62.0"
195.246.120.0 - - [28/Jun/2021:21:30:46 +0200] "GET /staging/downloader/index.php HTTP/1.1" 200 2691 "-" "Mozilla/5.0 (X11; Ubuntu; Linux x86_64; rv:62.0) Gecko/20100101 Firefox/62.0"
195.246.120.0 - - [28/Jun/2021:21:30:46 +0200] "GET /errors/503.php HTTP/1.1" 200 2691 "-" "Mozilla/5.0 (X11; Ubuntu; Linux x86_64; rv:62.0) Gecko/20100101 Firefox/62.0"
195.246.120.0 - - [28/Jun/2021:21:30:46 +0200] "GET /old/errors/503.php HTTP/1.1" 200 2691 "-" "Mozilla/5.0 (X11; Ubuntu; Linux x86_64; rv:62.0) Gecko/20100101 Firefox/62.0"
195.246.120.0 - - [28/Jun/2021:21:30:46 +0200] "GET /dev/errors/503.php HTTP/1.1" 200 2691 "-" "Mozilla/5.0 (X11; Ubuntu; Linux x86_64; rv:62.0) Gecko/20100101 Firefox/62.0"
195.246.120.0 - - [28/Jun/2021:21:30:47 +0200] "GET /demo/errors/503.php HTTP/1.1" 200 2691 "-" "Mozilla/5.0 (X11; Ubuntu; Linux x86_64; rv:62.0) Gecko/20100101 Firefox/62.0"
195.246.120.0 - - [28/Jun/2021:21:30:47 +0200] "GET /shop/errors/503.php HTTP/1.1" 200 2691 "-" "Mozilla/5.0 (X11; Ubuntu; Linux x86_64; rv:62.0) Gecko/20100101 Firefox/62.0"
195.246.120.0 - - [28/Jun/2021:21:30:48 +0200] "GET /test/errors/503.php HTTP/1.1" 200 2691 "-" "Mozilla/5.0 (X11; Ubuntu; Linux x86_64; rv:62.0) Gecko/20100101 Firefox/62.0"
195.246.120.0 - - [28/Jun/2021:21:30:48 +0200] "GET /store/errors/503.php HTTP/1.1" 200 2691 "-" "Mozilla/5.0 (X11; Ubuntu; Linux x86_64; rv:62.0) Gecko/20100101 Firefox/62.0"
195.246.120.0 - - [28/Jun/2021:21:30:48 +0200] "GET /magento/errors/503.php HTTP/1.1" 200 2691 "-" "Mozilla/5.0 (X11; Ubuntu; Linux x86_64; rv:62.0) Gecko/20100101 Firefox/62.0"
195.246.120.0 - - [28/Jun/2021:21:30:48 +0200] "GET /staging/errors/503.php HTTP/1.1" 200 2691 "-" "Mozilla/5.0 (X11; Ubuntu; Linux x86_64; rv:62.0) Gecko/20100101 Firefox/62.0"
81.169.178.0 - - [28/Jun/2021:21:32:13 +0200] "POST /wp-cron.php?doing_wp_cron=1624908733.1925060749053955078125 HTTP/1.1" 200 - "https://www.computerdoc24.de/wp-cron.php?doing_wp_cron=1624908733.1925060749053955078125" "WordPress/5.2.11; https://www.computerdoc24.de"
35.231.164.0 - - [28/Jun/2021:21:32:13 +0200] "GET /xmlrpc.php?rsd HTTP/1.0" 200 310 "-" "ZoominfoBot (zoominfobot at zoominfo dot com)"
209.141.49.0 - - [28/Jun/2021:21:34:45 +0200] "POST /boaform/admin/formLogin HTTP/1.1" 404 2786 "http://81.169.178.78:80/admin/login.asp" "Mozilla/5.0 (X11; Ubuntu; Linux x86_64; rv:71.0) Gecko/20100101 Firefox/71.0"
81.169.178.0 - - [28/Jun/2021:21:35:14 +0200] "POST /wp-cron.php?doing_wp_cron=1624908914.1384270191192626953125 HTTP/1.1" 200 - "https://www.computerdoc24.de/wp-cron.php?doing_wp_cron=1624908914.1384270191192626953125" "WordPress/5.2.11; https://www.computerdoc24.de"
35.231.164.0 - - [28/Jun/2021:21:35:14 +0200] "GET /product/leistungsstarkes-15-zoll-hp-notebook-silber/ HTTP/1.0" 200 13892 "-" "ZoominfoBot (zoominfobot at zoominfo dot com)"
81.169.144.0 - - [28/Jun/2021:21:36:28 +0200] "POST /wp-cron.php?doing_wp_cron=1624908988.3463139533996582031250 HTTP/1.1" 200 - "http://www.computerdoc24.de/wp-cron.php?doing_wp_cron=1624908988.3463139533996582031250" "WordPress/5.2.2; https://www.computerdoc24.de"
81.169.178.0 - - [28/Jun/2021:21:38:18 +0200] "POST /wp-cron.php?doing_wp_cron=1624909098.2404899597167968750000 HTTP/1.1" 200 - "https://www.computerdoc24.de/wp-cron.php?doing_wp_cron=1624909098.2404899597167968750000" "WordPress/5.2.11; https://www.computerdoc24.de"
35.231.164.0 - - [28/Jun/2021:21:38:18 +0200] "GET /datenschutzerklaerung/ HTTP/1.0" 200 21457 "-" "ZoominfoBot (zoominfobot at zoominfo dot com)"
81.169.178.0 - - [28/Jun/2021:21:39:22 +0200] "POST /wp-cron.php?doing_wp_cron=1624909162.2078409194946289062500 HTTP/1.1" 200 - "https://www.computerdoc24.de/wp-cron.php?doing_wp_cron=1624909162.2078409194946289062500" "WordPress/5.2.11; https://www.computerdoc24.de"
35.231.164.0 - - [28/Jun/2021:21:39:22 +0200] "GET /kontakt/ HTTP/1.0" 200 10810 "-" "ZoominfoBot (zoominfobot at zoominfo dot com)"
66.249.64.0 - - [28/Jun/2021:21:43:19 +0200] "GET /robots.txt HTTP/1.1" 301 297 "-" "Mozilla/5.0 (compatible; Googlebot/2.1; +http://www.google.com/bot.html)"
66.249.64.0 - - [28/Jun/2021:21:43:19 +0200] "GET /wp-content/uploads/20201007_111558_HDR-577x1024-570x321.jpg HTTP/1.1" 301 346 "-" "Googlebot-Image/1.0"
81.169.178.0 - - [28/Jun/2021:21:44:38 +0200] "POST /wp-cron.php?doing_wp_cron=1624909478.6464679241180419921875 HTTP/1.1" 200 - "http://www.computerdoc24.de/wp-cron.php?doing_wp_cron=1624909478.6464679241180419921875" "WordPress/5.2.11; https://www.computerdoc24.de"
103.131.71.0 - - [28/Jun/2021:21:44:38 +0200] "GET /robots.txt HTTP/1.1" 200 - "-" "Mozilla/5.0 (compatible; coccocbot-web/1.0; +http://help.coccoc.com/searchengine)"
103.131.71.0 - - [28/Jun/2021:21:44:41 +0200] "GET /robots.txt HTTP/1.1" 200 69 "-" "Mozilla/5.0 (compatible; coccocbot-web/1.0; +http://help.coccoc.com/searchengine)"
45.134.26.0 - - [28/Jun/2021:21:45:08 +0200] "GET / HTTP/1.1" 301 235 "https://duckduckgo.com/" "Mozilla/5.0 (Windows NT 6.1; Win64; x64; rv:68.0) Gecko/20100101 Firefox/68.0"
66.249.64.0 - - [28/Jun/2021:21:48:08 +0200] "GET /robots.txt HTTP/1.1" 301 295 "-" "Mozilla/5.0 (compatible; Googlebot/2.1; +http://www.google.com/bot.html)"
45.129.18.0 - - [28/Jun/2021:21:48:25 +0200] "HEAD / HTTP/1.1" 200 - "-" "Mozilla/5.0 (Macintosh; Intel Mac OS X 10_9_3) AppleWebKit/537.36 (KHTML, like Gecko) Chrome/35.0.1916.47 Safari/537.36"
47.115.77.0 - - [28/Jun/2021:21:48:41 +0200] "-" 408 - "-" "-"
81.169.178.0 - - [28/Jun/2021:21:49:49 +0200] "POST /wp-cron.php?doing_wp_cron=1624909789.5186219215393066406250 HTTP/1.1" 200 - "https://www.computerdoc24.de/wp-cron.php?doing_wp_cron=1624909789.5186219215393066406250" "WordPress/5.2.11; https://www.computerdoc24.de"
35.231.164.0 - - [28/Jun/2021:21:49:49 +0200] "GET /comments/feed/ HTTP/1.0" 200 451 "-" "ZoominfoBot (zoominfobot at zoominfo dot com)"
45.134.26.0 - - [28/Jun/2021:21:51:27 +0200] "GET / HTTP/1.1" 200 98001 "https://duckduckgo.com/" "Mozilla/5.0 (Windows NT 6.1; Win64; x64; rv:68.0) Gecko/20100101 Firefox/68.0"
81.169.178.0 - - [28/Jun/2021:21:52:00 +0200] "POST /wp-cron.php?doing_wp_cron=1624909919.9487600326538085937500 HTTP/1.1" 200 - "https://www.computerdoc24.de/wp-cron.php?doing_wp_cron=1624909919.9487600326538085937500" "WordPress/5.2.11; https://www.computerdoc24.de"
35.231.164.0 - - [28/Jun/2021:21:51:59 +0200] "GET /service/ HTTP/1.0" 200 12577 "-" "ZoominfoBot (zoominfobot at zoominfo dot com)"
45.40.132.0 - - [28/Jun/2021:21:52:26 +0200] "POST /wp-login.php HTTP/1.1" 200 2637 "-" "Mozilla/5.0 (Windows NT 6.1) AppleWebKit/537.36 (KHTML, like Gecko) Chrome/70.0.3538.77 Safari/537.36"
81.169.178.0 - - [28/Jun/2021:21:53:28 +0200] "POST /wp-cron.php?doing_wp_cron=1624910008.0559489727020263671875 HTTP/1.1" 200 - "https://www.computerdoc24.de/wp-cron.php?doing_wp_cron=1624910008.0559489727020263671875" "WordPress/5.2.11; https://www.computerdoc24.de"
35.231.164.0 - - [28/Jun/2021:21:53:27 +0200] "GET /allgemeine-geschaeftsbedingungen/ HTTP/1.0" 200 11029 "-" "ZoominfoBot (zoominfobot at zoominfo dot com)"
81.169.178.0 - - [28/Jun/2021:21:54:03 +0200] "POST /wp-cron.php?doing_wp_cron=1624910043.4742739200592041015625 HTTP/1.1" 200 - "https://www.ipcbusiness.de/wp-cron.php?doing_wp_cron=1624910043.4742739200592041015625" "WordPress/5.6.4; https://www.ipcbusiness.de"
139.162.13.0 - - [28/Jun/2021:21:54:03 +0200] "POST /wp-login.php HTTP/1.1" 200 2886 "-" "Mozilla/5.0 (Windows NT 6.1) AppleWebKit/537.36 (KHTML, like Gecko) Chrome/61.0.3163.100 Safari/537.36"
40.77.167.0 - - [28/Jun/2021:21:54:18 +0200] "GET / HTTP/1.1" 200 2590 "-" "Mozilla/5.0 (compatible; bingbot/2.0; +http://www.bing.com/bingbot.htm)"
81.169.178.0 - - [28/Jun/2021:21:54:20 +0200] "POST /wp-cron.php?doing_wp_cron=1624910060.8439090251922607421875 HTTP/1.1" 200 - "https://www.computerdoc24.de/wp-cron.php?doing_wp_cron=1624910060.8439090251922607421875" "WordPress/5.2.11; https://www.computerdoc24.de"
35.231.164.0 - - [28/Jun/2021:21:54:20 +0200] "GET /feed/ HTTP/1.0" 200 477 "-" "ZoominfoBot (zoominfobot at zoominfo dot com)"
40.77.190.0 - - [28/Jun/2021:21:55:05 +0200] "GET /assets/rollover.js HTTP/1.1" 200 21014 "-" "Mozilla/5.0 (Windows NT 6.1; WOW64) AppleWebKit/534+ (KHTML, like Gecko) BingPreview/1.0b"
40.77.188.0 - - [28/Jun/2021:21:55:06 +0200] "GET /html/fusion.css HTTP/1.1" 200 3390 "-" "Mozilla/5.0 (Windows NT 6.1; WOW64) AppleWebKit/534+ (KHTML, like Gecko) BingPreview/1.0b"
40.77.190.0 - - [28/Jun/2021:21:55:06 +0200] "GET /html/style.css HTTP/1.1" 200 2783 "-" "Mozilla/5.0 (Windows NT 6.1; WOW64) AppleWebKit/534+ (KHTML, like Gecko) BingPreview/1.0b"
40.77.188.0 - - [28/Jun/2021:21:55:06 +0200] "GET /html/site.css HTTP/1.1" 200 70 "-" "Mozilla/5.0 (Windows NT 6.1; WOW64) AppleWebKit/534+ (KHTML, like Gecko) BingPreview/1.0b"
40.77.167.0 - - [28/Jun/2021:21:55:08 +0200] "GET /robots.txt HTTP/1.1" 404 2607 "-" "Mozilla/5.0 (compatible; bingbot/2.0; +http://www.bing.com/bingbot.htm)"
95.163.255.0 - - [28/Jun/2021:21:55:14 +0200] "GET /robots.txt HTTP/1.0" 200 67 "-" "Mozilla/5.0 (compatible; Linux x86_64; Mail.RU_Bot/2.0; +http://go.mail.ru/help/robots)"
95.163.255.0 - - [28/Jun/2021:21:55:16 +0200] "GET / HTTP/1.1" 200 16369 "-" "Mozilla/5.0 (compatible; Linux x86_64; Mail.RU_Bot/2.0; +http://go.mail.ru/help/robots)"
40.77.167.0 - - [28/Jun/2021:21:55:19 +0200] "GET /robots.txt HTTP/1.1" 404 2607 "-" "Mozilla/5.0 (compatible; bingbot/2.0; +http://www.bing.com/bingbot.htm)"
81.169.178.0 - - [28/Jun/2021:21:56:13 +0200] "POST /wp-cron.php?doing_wp_cron=1624910173.7716920375823974609375 HTTP/1.1" 200 - "https://www.computerdoc24.de/wp-cron.php?doing_wp_cron=1624910173.7716920375823974609375" "WordPress/5.2.11; https://www.computerdoc24.de"
35.231.164.0 - - [28/Jun/2021:21:56:13 +0200] "GET /presse/ HTTP/1.0" 200 9601 "-" "ZoominfoBot (zoominfobot at zoominfo dot com)"
81.169.178.0 - - [28/Jun/2021:21:56:51 +0200] "POST /wp-cron.php?doing_wp_cron=1624910211.4578499794006347656250 HTTP/1.1" 200 - "https://www.computerdoc24.de/wp-cron.php?doing_wp_cron=1624910211.4578499794006347656250" "WordPress/5.2.11; https://www.computerdoc24.de"
35.231.164.0 - - [28/Jun/2021:21:56:51 +0200] "GET /aktuelle-angebote/ HTTP/1.0" 200 12103 "-" "ZoominfoBot (zoominfobot at zoominfo dot com)"
81.169.178.0 - - [28/Jun/2021:21:57:48 +0200] "POST /wp-cron.php?doing_wp_cron=1624910268.0192799568176269531250 HTTP/1.1" 200 - "https://www.computerdoc24.de/wp-cron.php?doing_wp_cron=1624910268.0192799568176269531250" "WordPress/5.2.11; https://www.computerdoc24.de"
35.231.164.0 - - [28/Jun/2021:21:57:47 +0200] "GET /startseite/feed/ HTTP/1.0" 200 438 "-" "ZoominfoBot (zoominfobot at zoominfo dot com)"
176.58.101.0 - - [28/Jun/2021:21:58:47 +0200] "GET /owa/ HTTP/1.1" 404 2543 "-" "Mozilla/5.0 (Windows NT 10.0; Win64; x64) AppleWebKit/537.36 (KHTML, like Gecko) Chrome/60.0.3112.113 Safari/537.36"
81.169.178.0 - - [28/Jun/2021:21:59:00 +0200] "POST /wp-cron.php?doing_wp_cron=1624910340.1203680038452148437500 HTTP/1.1" 200 - "https://www.computerdoc24.de/wp-cron.php?doing_wp_cron=1624910340.1203680038452148437500" "WordPress/5.2.11; https://www.computerdoc24.de"
35.231.164.0 - - [28/Jun/2021:21:58:59 +0200] "GET /product/schoenes-gebrauchtes-lenovo-nb-ssd-neu/ HTTP/1.0" 200 13934 "-" "ZoominfoBot (zoominfobot at zoominfo dot com)"
196.196.41.0 - - [28/Jun/2021:22:02:50 +0200] "GET / HTTP/1.1" 403 2409 "-" "-"
139.162.13.0 - - [28/Jun/2021:22:02:56 +0200] "POST /wp-login.php HTTP/1.1" 200 2878 "-" "Mozilla/5.0 (Windows NT 6.1; Win64; x64) AppleWebKit/537.36 (KHTML, like Gecko) Chrome/66.0.3359.117 Safari/537.36"
81.169.178.0 - - [28/Jun/2021:22:03:29 +0200] "POST /wp-cron.php?doing_wp_cron=1624910609.5676760673522949218750 HTTP/1.1" 200 - "https://www.computerdoc24.de/wp-cron.php?doing_wp_cron=1624910609.5676760673522949218750" "WordPress/5.2.11; https://www.computerdoc24.de"
35.231.164.0 - - [28/Jun/2021:22:03:29 +0200] "GET /impressum/ HTTP/1.0" 200 10975 "-" "ZoominfoBot (zoominfobot at zoominfo dot com)"
81.169.178.0 - - [28/Jun/2021:22:06:48 +0200] "POST /wp-cron.php?doing_wp_cron=1624910808.7543990612030029296875 HTTP/1.1" 200 - "http://www.computerdoc24.de/wp-cron.php?doing_wp_cron=1624910808.7543990612030029296875" "WordPress/5.2.11; https://www.computerdoc24.de"
137.117.178.0 - - [28/Jun/2021:22:06:48 +0200] "POST /xmlrpc.php HTTP/1.1" 503 18210 "-" "Mozilla/5.0 (Macintosh; U; Intel Mac OS X 10.6; fr; rv:1.9.2.8) Gecko/20100722 Firefox/3.6.8"
81.169.178.0 - - [28/Jun/2021:22:11:22 +0200] "POST /wp-cron.php?doing_wp_cron=1624911082.6546449661254882812500 HTTP/1.1" 200 - "https://www.computerdoc24.de/wp-cron.php?doing_wp_cron=1624911082.6546449661254882812500" "WordPress/5.2.11; https://www.computerdoc24.de"
35.231.164.0 - - [28/Jun/2021:22:11:22 +0200] "GET /fernwartung/ HTTP/1.0" 200 9273 "-" "ZoominfoBot (zoominfobot at zoominfo dot com)"
162.210.196.0 - - [28/Jun/2021:22:11:31 +0200] "GET /robots.txt HTTP/1.1" 301 245 "-" "Mozilla/5.0 (compatible; MJ12bot/v1.4.8; http://mj12bot.com/)"
162.210.196.0 - - [28/Jun/2021:22:11:33 +0200] "GET /robots.txt HTTP/1.1" 200 67 "-" "Mozilla/5.0 (compatible; MJ12bot/v1.4.8; http://mj12bot.com/)"
162.210.196.0 - - [28/Jun/2021:22:11:37 +0200] "GET / HTTP/1.1" 301 235 "-" "Mozilla/5.0 (compatible; MJ12bot/v1.4.8; http://mj12bot.com/)"
162.210.196.0 - - [28/Jun/2021:22:11:40 +0200] "GET / HTTP/1.1" 200 16369 "-" "Mozilla/5.0 (compatible; MJ12bot/v1.4.8; http://mj12bot.com/)"
81.169.178.0 - - [28/Jun/2021:22:15:29 +0200] "POST /wp-cron.php?doing_wp_cron=1624911329.8397259712219238281250 HTTP/1.1" 200 - "http://www.computerdoc24.de/wp-cron.php?doing_wp_cron=1624911329.8397259712219238281250" "WordPress/5.2.11; https://www.computerdoc24.de"
121.43.150.0 - - [28/Jun/2021:22:15:29 +0200] "GET /ups.php HTTP/1.1" 200 - "http://simplesite.com" "Mozilla/5.0 (Windows; U; Windows NT 5.1; en-US) AppleWebKit/533.4 (KHTML, like Gecko) Chrome/5.0.375.99 Safari/533.4"
121.43.150.0 - - [28/Jun/2021:22:15:32 +0200] "GET /ups.php HTTP/1.1" 200 - "http://computerdoc24.de/ups.php" "Mozilla/5.0 (Windows; U; Windows NT 5.1; en-US) AppleWebKit/533.4 (KHTML, like Gecko) Chrome/5.0.375.99 Safari/533.4"
121.43.150.0 - - [28/Jun/2021:22:15:34 +0200] "GET /ups.php HTTP/1.1" 200 33512 "https://computerdoc24.de/ups.php" "Mozilla/5.0 (Windows; U; Windows NT 5.1; en-US) AppleWebKit/533.4 (KHTML, like Gecko) Chrome/5.0.375.99 Safari/533.4"
34.92.85.0 - - [28/Jun/2021:22:17:55 +0200] "POST /wp-login.php HTTP/1.1" 200 2886 "-" "Mozilla/5.0 (Windows NT 6.3; Win64; x64) AppleWebKit/537.36 (KHTML, like Gecko) Chrome/79.0.3945.130 Safari/537.36"
81.169.178.0 - - [28/Jun/2021:22:18:29 +0200] "POST /wp-cron.php?doing_wp_cron=1624911509.3490359783172607421875 HTTP/1.1" 200 - "https://www.computerdoc24.de/wp-cron.php?doing_wp_cron=1624911509.3490359783172607421875" "WordPress/5.2.11; https://www.computerdoc24.de"
49.232.109.0 - - [28/Jun/2021:22:18:29 +0200] "POST /wp-login.php HTTP/1.1" 503 7056 "-" "Mozilla/5.0 (Windows NT 10.0; WOW64) AppleWebKit/537.36 (KHTML, like Gecko) Chrome/57.0.2987.133 Safari/537.36"
147.91.111.0 - - [28/Jun/2021:22:22:31 +0200] "GET / HTTP/1.1" 403 2409 "-" "Mozilla/5.0 (Windows NT 6.1; WOW64) AppleWebKit/537.36 (KHTML, like Gecko) Chrome/51.0.2704.103 Safari/537.36"
81.169.178.0 - - [28/Jun/2021:22:22:37 +0200] "POST /wp-cron.php?doing_wp_cron=1624911756.9096930027008056640625 HTTP/1.1" 200 - "https://www.computerdoc24.de/wp-cron.php?doing_wp_cron=1624911756.9096930027008056640625" "WordPress/5.2.11; https://www.computerdoc24.de"
35.227.58.0 - - [28/Jun/2021:22:22:36 +0200] "GET /robots.txt HTTP/1.0" 200 69 "-" "ZoominfoBot (zoominfobot at zoominfo dot com)"
35.227.58.0 - - [28/Jun/2021:22:22:37 +0200] "GET /pc-ankauf/ HTTP/1.0" 200 9934 "-" "ZoominfoBot (zoominfobot at zoominfo dot com)"
35.227.58.0 - - [28/Jun/2021:22:22:39 +0200] "GET /product/office-internet-pc-fujitsu-marken-pc/ HTTP/1.0" 200 14059 "-" "ZoominfoBot (zoominfobot at zoominfo dot com)"
35.227.58.0 - - [28/Jun/2021:22:22:41 +0200] "GET /product/office-internet-pc-fujitsu-marken-pc-4gb-240gb-ssd-neu/ HTTP/1.0" 200 14122 "-" "ZoominfoBot (zoominfobot at zoominfo dot com)"
149.129.255.0 - - [28/Jun/2021:22:23:18 +0200] "POST /wp-login.php HTTP/1.1" 200 2880 "-" "Mozilla/5.0 (Windows NT 10.0; WOW64) AppleWebKit/537.36 (KHTML, like Gecko) Chrome/56.0.2924.87 Safari/537.36"
107.150.52.0 - - [28/Jun/2021:22:24:23 +0200] "GET // HTTP/1.1" 200 2691 "http://www.google.com.hk" "Mozilla/5.0 (Windows NT 6.1; WOW64) AppleWebKit/537.36 (KHTML, like Gecko) Chrome/42.0.2311.90 Safari/537.36"
81.169.178.0 - - [28/Jun/2021:22:26:14 +0200] "POST /wp-cron.php?doing_wp_cron=1624911974.4519650936126708984375 HTTP/1.1" 200 - "https://www.computerdoc24.de/wp-cron.php?doing_wp_cron=1624911974.4519650936126708984375" "WordPress/5.2.11; https://www.computerdoc24.de"
35.227.58.0 - - [28/Jun/2021:22:26:14 +0200] "GET /product/leistungsstarkes-17-zoll-hp-notebook/ HTTP/1.0" 200 13806 "-" "ZoominfoBot (zoominfobot at zoominfo dot com)"
207.180.203.0 - - [28/Jun/2021:22:26:21 +0200] "POST /wp-login.php HTTP/1.1" 200 2884 "-" "Mozilla/5.0 (Windows NT 6.1) AppleWebKit/537.36 (KHTML, like Gecko) Chrome/58.0.3029.110 Safari/537.36"
64.227.73.0 - - [28/Jun/2021:22:27:54 +0200] "POST /wp-login.php HTTP/1.1" 200 2886 "-" "Mozilla/5.0 (Windows NT 10.0; WOW64) AppleWebKit/537.36 (KHTML, like Gecko) Chrome/53.0.2785.143 Safari/537.36"
81.169.178.0 - - [28/Jun/2021:22:28:10 +0200] "POST /wp-cron.php?doing_wp_cron=1624912090.7854280471801757812500 HTTP/1.1" 200 - "https://www.computerdoc24.de/wp-cron.php?doing_wp_cron=1624912090.7854280471801757812500" "WordPress/5.2.11; https://www.computerdoc24.de"
35.227.58.0 - - [28/Jun/2021:22:28:10 +0200] "GET /software/ HTTP/1.0" 200 8685 "-" "ZoominfoBot (zoominfobot at zoominfo dot com)"
81.169.178.0 - - [28/Jun/2021:22:30:38 +0200] "POST /wp-cron.php?doing_wp_cron=1624912238.6930429935455322265625 HTTP/1.1" 200 - "https://www.computerdoc24.de/wp-cron.php?doing_wp_cron=1624912238.6930429935455322265625" "WordPress/5.2.11; https://www.computerdoc24.de"
35.227.58.0 - - [28/Jun/2021:22:30:38 +0200] "GET /xmlrpc.php?rsd HTTP/1.0" 200 310 "-" "ZoominfoBot (zoominfobot at zoominfo dot com)"
34.77.162.0 - - [28/Jun/2021:22:32:09 +0200] "GET / HTTP/1.1" 200 2691 "-" "Expanse, a Palo Alto Networks company, searches across the global IPv4 space multiple times per day to identify customers&#39; presences on the Internet. If you would like to be excluded from our scans, please send IP addresses/domains to: scaninfo@paloaltonetworks.com"
207.46.13.0 - - [28/Jun/2021:22:33:02 +0200] "GET /ru/anfrage/ HTTP/1.1" 301 296 "-" "Mozilla/5.0 (compatible; bingbot/2.0; +http://www.bing.com/bingbot.htm)"
54.36.148.0 - - [28/Jun/2021:22:33:16 +0200] "GET / HTTP/1.1" 301 235 "-" "Mozilla/5.0 (compatible; AhrefsBot/7.0; +http://ahrefs.com/robot/)"
81.169.178.0 - - [28/Jun/2021:22:34:13 +0200] "POST /wp-cron.php?doing_wp_cron=1624912452.9423379898071289062500 HTTP/1.1" 200 - "https://www.computerdoc24.de/wp-cron.php?doing_wp_cron=1624912452.9423379898071289062500" "WordPress/5.2.11; https://www.computerdoc24.de"
35.227.58.0 - - [28/Jun/2021:22:34:12 +0200] "GET /product/leistungsstarkes-15-zoll-hp-notebook-silber/ HTTP/1.0" 200 13937 "-" "ZoominfoBot (zoominfobot at zoominfo dot com)"
202.172.26.0 - - [28/Jun/2021:22:36:18 +0200] "POST /wp-login.php HTTP/1.1" 200 2878 "-" "Mozilla/5.0 (Windows NT 10.0; Win64; x64) AppleWebKit/537.36 (KHTML, like Gecko) Chrome/73.0.3683.86 Safari/537.36"
34.86.35.0 - - [28/Jun/2021:22:36:37 +0200] "GET / HTTP/1.1" 200 16151 "-" "Expanse, a Palo Alto Networks company, searches across the global IPv4 space multiple times per day to identify customers&#39; presences on the Internet. If you would like to be excluded from our scans, please send IP addresses/domains to: scaninfo@paloaltonetworks.com"
192.241.216.0 - - [28/Jun/2021:22:36:43 +0200] "GET / HTTP/1.1" 403 2409 "-" "Mozilla/5.0 zgrab/0.x"
81.169.178.0 - - [28/Jun/2021:22:38:18 +0200] "POST /wp-cron.php?doing_wp_cron=1624912698.2491199970245361328125 HTTP/1.1" 200 - "https://www.computerdoc24.de/wp-cron.php?doing_wp_cron=1624912698.2491199970245361328125" "WordPress/5.2.11; https://www.computerdoc24.de"
35.227.58.0 - - [28/Jun/2021:22:38:18 +0200] "GET /datenschutzerklaerung/ HTTP/1.0" 200 21457 "-" "ZoominfoBot (zoominfobot at zoominfo dot com)"
81.169.178.0 - - [28/Jun/2021:22:39:31 +0200] "POST /wp-cron.php?doing_wp_cron=1624912771.0081999301910400390625 HTTP/1.1" 200 - "https://www.computerdoc24.de/wp-cron.php?doing_wp_cron=1624912771.0081999301910400390625" "WordPress/5.2.11; https://www.computerdoc24.de"
35.227.58.0 - - [28/Jun/2021:22:39:30 +0200] "GET /kontakt/ HTTP/1.0" 200 10810 "-" "ZoominfoBot (zoominfobot at zoominfo dot com)"
