77.64.146.0 - - [29/Jun/2021:20:03:17 +0200] "GET /assets/images/subheader_bak.gif HTTP/1.1" 200 44 "https://www.reinigungsprofi-weck.de/" "Mozilla/5.0 (iPhone; CPU iPhone OS 14_6 like Mac OS X) AppleWebKit/605.1.15 (KHTML, like Gecko) Version/14.1.1 Mobile/15E148 Safari/604.1"
77.64.146.0 - - [29/Jun/2021:20:03:17 +0200] "GET /assets/images/body_bak1.gif HTTP/1.1" 200 49 "https://www.reinigungsprofi-weck.de/" "Mozilla/5.0 (iPhone; CPU iPhone OS 14_6 like Mac OS X) AppleWebKit/605.1.15 (KHTML, like Gecko) Version/14.1.1 Mobile/15E148 Safari/604.1"
77.64.146.0 - - [29/Jun/2021:20:03:18 +0200] "GET /favicon.ico HTTP/1.1" 404 2816 "https://www.reinigungsprofi-weck.de/" "Mozilla/5.0 (iPhone; CPU iPhone OS 14_6 like Mac OS X) AppleWebKit/605.1.15 (KHTML, like Gecko) Version/14.1.1 Mobile/15E148 Safari/604.1"
114.119.138.0 - - [29/Jun/2021:20:03:43 +0200] "GET /it/unsere-produkte-und-services/innovative-ladeeinheiten HTTP/1.1" 200 - "-" "Mozilla/5.0 (Linux; Android 7.0;) AppleWebKit/537.36 (KHTML, like Gecko) Mobile Safari/537.36 (compatible; PetalBot;+https://webmaster.petalsearch.com/site/petalbot)"
114.119.138.0 - - [29/Jun/2021:20:03:44 +0200] "GET /it/unsere-produkte-und-services/innovative-ladeeinheiten/ HTTP/1.1" 200 10580 "-" "Mozilla/5.0 (Linux; Android 7.0;) AppleWebKit/537.36 (KHTML, like Gecko) Mobile Safari/537.36 (compatible; PetalBot;+https://webmaster.petalsearch.com/site/petalbot)"
81.169.178.0 - - [29/Jun/2021:20:04:39 +0200] "POST /wp-cron.php?doing_wp_cron=1624989879.5882790088653564453125 HTTP/1.1" 200 - "https://www.computerdoc24.de/wp-cron.php?doing_wp_cron=1624989879.5882790088653564453125" "WordPress/5.2.11; https://www.computerdoc24.de"
35.196.106.0 - - [29/Jun/2021:20:04:39 +0200] "GET /service/ HTTP/1.0" 200 12571 "-" "ZoominfoBot (zoominfobot at zoominfo dot com)"
54.36.149.0 - - [29/Jun/2021:20:05:24 +0200] "GET /uk/auftraggeber/ HTTP/1.1" 200 10814 "-" "Mozilla/5.0 (compatible; AhrefsBot/7.0; +http://ahrefs.com/robot/)"
81.169.178.0 - - [29/Jun/2021:20:06:04 +0200] "POST /wp-cron.php?doing_wp_cron=1624989963.9498651027679443359375 HTTP/1.1" 200 - "https://www.computerdoc24.de/wp-cron.php?doing_wp_cron=1624989963.9498651027679443359375" "WordPress/5.2.11; https://www.computerdoc24.de"
96.62.119.0 - - [29/Jun/2021:20:06:03 +0200] "GET /wp-login.php HTTP/1.1" 200 2238 "-" "Mozilla/5.0 (X11; Ubuntu; Linux x86_64; rv:62.0) Gecko/20100101 Firefox/62.0"
96.62.119.0 - - [29/Jun/2021:20:06:04 +0200] "POST /wp-login.php HTTP/1.1" 200 2589 "-" "Mozilla/5.0 (X11; Ubuntu; Linux x86_64; rv:62.0) Gecko/20100101 Firefox/62.0"
96.62.119.0 - - [29/Jun/2021:20:06:05 +0200] "POST /xmlrpc.php HTTP/1.1" 200 228 "-" "Mozilla/5.0 (X11; Ubuntu; Linux x86_64; rv:62.0) Gecko/20100101 Firefox/62.0"
81.169.178.0 - - [29/Jun/2021:20:06:31 +0200] "POST /wp-cron.php?doing_wp_cron=1624989991.2899661064147949218750 HTTP/1.1" 200 - "https://www.computerdoc24.de/wp-cron.php?doing_wp_cron=1624989991.2899661064147949218750" "WordPress/5.2.11; https://www.computerdoc24.de"
35.196.106.0 - - [29/Jun/2021:20:06:31 +0200] "GET /allgemeine-geschaeftsbedingungen/ HTTP/1.0" 200 11029 "-" "ZoominfoBot (zoominfobot at zoominfo dot com)"
54.187.21.0 - - [29/Jun/2021:20:07:44 +0200] "GET / HTTP/1.1" 200 18796 "-" "Mozilla/5.0 (X11; Linux x86_64) AppleWebKit/537.36 (KHTML, like Gecko) Chrome/83.0.4103.97 Safari/537.36"
81.169.178.0 - - [29/Jun/2021:20:07:45 +0200] "POST /wp-cron.php?doing_wp_cron=1624990065.6754400730133056640625 HTTP/1.1" 200 - "https://www.computerdoc24.de/wp-cron.php?doing_wp_cron=1624990065.6754400730133056640625" "WordPress/5.2.11; https://www.computerdoc24.de"
35.196.106.0 - - [29/Jun/2021:20:07:45 +0200] "GET /feed/ HTTP/1.0" 200 477 "-" "ZoominfoBot (zoominfobot at zoominfo dot com)"
92.117.127.0 - - [29/Jun/2021:20:08:26 +0200] "GET / HTTP/1.1" 200 2590 "-" "Mozilla/5.0 (iPhone; CPU iPhone OS 14_4_2 like Mac OS X) AppleWebKit/605.1.15 (KHTML, like Gecko) Version/14.0.3 Mobile/15E148 Safari/604.1"
92.117.127.0 - - [29/Jun/2021:20:08:26 +0200] "GET /html/fusion.css HTTP/1.1" 200 1161 "http://www.reinigungsprofi-weck.de/" "Mozilla/5.0 (iPhone; CPU iPhone OS 14_4_2 like Mac OS X) AppleWebKit/605.1.15 (KHTML, like Gecko) Version/14.0.3 Mobile/15E148 Safari/604.1"
92.117.127.0 - - [29/Jun/2021:20:08:26 +0200] "GET /assets/rollover.js HTTP/1.1" 200 5145 "http://www.reinigungsprofi-weck.de/" "Mozilla/5.0 (iPhone; CPU iPhone OS 14_4_2 like Mac OS X) AppleWebKit/605.1.15 (KHTML, like Gecko) Version/14.0.3 Mobile/15E148 Safari/604.1"
92.117.127.0 - - [29/Jun/2021:20:08:26 +0200] "GET /html/style.css HTTP/1.1" 200 458 "http://www.reinigungsprofi-weck.de/" "Mozilla/5.0 (iPhone; CPU iPhone OS 14_4_2 like Mac OS X) AppleWebKit/605.1.15 (KHTML, like Gecko) Version/14.0.3 Mobile/15E148 Safari/604.1"
92.117.127.0 - - [29/Jun/2021:20:08:26 +0200] "GET /header_l.gif HTTP/1.1" 200 7358 "http://www.reinigungsprofi-weck.de/" "Mozilla/5.0 (iPhone; CPU iPhone OS 14_4_2 like Mac OS X) AppleWebKit/605.1.15 (KHTML, like Gecko) Version/14.0.3 Mobile/15E148 Safari/604.1"
92.117.127.0 - - [29/Jun/2021:20:08:26 +0200] "GET /subheader_l.gif HTTP/1.1" 200 2832 "http://www.reinigungsprofi-weck.de/" "Mozilla/5.0 (iPhone; CPU iPhone OS 14_4_2 like Mac OS X) AppleWebKit/605.1.15 (KHTML, like Gecko) Version/14.0.3 Mobile/15E148 Safari/604.1"
92.117.127.0 - - [29/Jun/2021:20:08:26 +0200] "GET /html/site.css HTTP/1.1" 200 88 "http://www.reinigungsprofi-weck.de/" "Mozilla/5.0 (iPhone; CPU iPhone OS 14_4_2 like Mac OS X) AppleWebKit/605.1.15 (KHTML, like Gecko) Version/14.0.3 Mobile/15E148 Safari/604.1"
92.117.127.0 - - [29/Jun/2021:20:08:26 +0200] "GET /subheader_bl.gif HTTP/1.1" 200 1883 "http://www.reinigungsprofi-weck.de/" "Mozilla/5.0 (iPhone; CPU iPhone OS 14_4_2 like Mac OS X) AppleWebKit/605.1.15 (KHTML, like Gecko) Version/14.0.3 Mobile/15E148 Safari/604.1"
92.117.127.0 - - [29/Jun/2021:20:08:26 +0200] "GET /subheader_br.gif HTTP/1.1" 200 1693 "http://www.reinigungsprofi-weck.de/" "Mozilla/5.0 (iPhone; CPU iPhone OS 14_4_2 like Mac OS X) AppleWebKit/605.1.15 (KHTML, like Gecko) Version/14.0.3 Mobile/15E148 Safari/604.1"
92.117.127.0 - - [29/Jun/2021:20:08:26 +0200] "GET /subheader_r.gif HTTP/1.1" 200 1036 "http://www.reinigungsprofi-weck.de/" "Mozilla/5.0 (iPhone; CPU iPhone OS 14_4_2 like Mac OS X) AppleWebKit/605.1.15 (KHTML, like Gecko) Version/14.0.3 Mobile/15E148 Safari/604.1"
92.117.127.0 - - [29/Jun/2021:20:08:26 +0200] "GET /assets/images/autogen/Spezialreinigung-_Hhighlighted_1_1.gif HTTP/1.1" 200 1750 "http://www.reinigungsprofi-weck.de/" "Mozilla/5.0 (iPhone; CPU iPhone OS 14_4_2 like Mac OS X) AppleWebKit/605.1.15 (KHTML, like Gecko) Version/14.0.3 Mobile/15E148 Safari/604.1"
92.117.127.0 - - [29/Jun/2021:20:08:26 +0200] "GET /assets/images/autogen/Kontakt_Nregular_1_1.gif HTTP/1.1" 200 1596 "http://www.reinigungsprofi-weck.de/" "Mozilla/5.0 (iPhone; CPU iPhone OS 14_4_2 like Mac OS X) AppleWebKit/605.1.15 (KHTML, like Gecko) Version/14.0.3 Mobile/15E148 Safari/604.1"
92.117.127.0 - - [29/Jun/2021:20:08:26 +0200] "GET /assets/images/autogen/Referenzen_Nregular_1_1.gif HTTP/1.1" 200 1249 "http://www.reinigungsprofi-weck.de/" "Mozilla/5.0 (iPhone; CPU iPhone OS 14_4_2 like Mac OS X) AppleWebKit/605.1.15 (KHTML, like Gecko) Version/14.0.3 Mobile/15E148 Safari/604.1"
92.117.127.0 - - [29/Jun/2021:20:08:26 +0200] "GET /assets/images/autogen/Impressum_Nregular_1_1.gif HTTP/1.1" 200 1218 "http://www.reinigungsprofi-weck.de/" "Mozilla/5.0 (iPhone; CPU iPhone OS 14_4_2 like Mac OS X) AppleWebKit/605.1.15 (KHTML, like Gecko) Version/14.0.3 Mobile/15E148 Safari/604.1"
92.117.127.0 - - [29/Jun/2021:20:08:26 +0200] "GET /assets/images/autogen/Anfahrtskosten_Nregular_1_1.gif HTTP/1.1" 200 1732 "http://www.reinigungsprofi-weck.de/" "Mozilla/5.0 (iPhone; CPU iPhone OS 14_4_2 like Mac OS X) AppleWebKit/605.1.15 (KHTML, like Gecko) Version/14.0.3 Mobile/15E148 Safari/604.1"
92.117.127.0 - - [29/Jun/2021:20:08:26 +0200] "GET /assets/images/autogen/Vorher-Nachher_Nregular_1_1.gif HTTP/1.1" 200 1718 "http://www.reinigungsprofi-weck.de/" "Mozilla/5.0 (iPhone; CPU iPhone OS 14_4_2 like Mac OS X) AppleWebKit/605.1.15 (KHTML, like Gecko) Version/14.0.3 Mobile/15E148 Safari/604.1"
92.117.127.0 - - [29/Jun/2021:20:08:26 +0200] "GET /kv_none_poetic_cream_none_1.gif HTTP/1.1" 200 248 "http://www.reinigungsprofi-weck.de/" "Mozilla/5.0 (iPhone; CPU iPhone OS 14_4_2 like Mac OS X) AppleWebKit/605.1.15 (KHTML, like Gecko) Version/14.0.3 Mobile/15E148 Safari/604.1"
92.117.127.0 - - [29/Jun/2021:20:08:26 +0200] "GET /assets/images/autogen/clearpixel.gif HTTP/1.1" 200 43 "http://www.reinigungsprofi-weck.de/" "Mozilla/5.0 (iPhone; CPU iPhone OS 14_4_2 like Mac OS X) AppleWebKit/605.1.15 (KHTML, like Gecko) Version/14.0.3 Mobile/15E148 Safari/604.1"
92.117.127.0 - - [29/Jun/2021:20:08:26 +0200] "GET /assets/images/body_bak.gif HTTP/1.1" 200 49 "http://www.reinigungsprofi-weck.de/" "Mozilla/5.0 (iPhone; CPU iPhone OS 14_4_2 like Mac OS X) AppleWebKit/605.1.15 (KHTML, like Gecko) Version/14.0.3 Mobile/15E148 Safari/604.1"
92.117.127.0 - - [29/Jun/2021:20:08:26 +0200] "GET /assets/images/subheader_bak.gif HTTP/1.1" 200 44 "http://www.reinigungsprofi-weck.de/" "Mozilla/5.0 (iPhone; CPU iPhone OS 14_4_2 like Mac OS X) AppleWebKit/605.1.15 (KHTML, like Gecko) Version/14.0.3 Mobile/15E148 Safari/604.1"
92.117.127.0 - - [29/Jun/2021:20:08:26 +0200] "GET /assets/images/body_bak1.gif HTTP/1.1" 200 49 "http://www.reinigungsprofi-weck.de/" "Mozilla/5.0 (iPhone; CPU iPhone OS 14_4_2 like Mac OS X) AppleWebKit/605.1.15 (KHTML, like Gecko) Version/14.0.3 Mobile/15E148 Safari/604.1"
92.117.127.0 - - [29/Jun/2021:20:08:26 +0200] "GET /favicon.ico HTTP/1.1" 404 2810 "http://www.reinigungsprofi-weck.de/" "Mozilla/5.0 (iPhone; CPU iPhone OS 14_4_2 like Mac OS X) AppleWebKit/605.1.15 (KHTML, like Gecko) Version/14.0.3 Mobile/15E148 Safari/604.1"
194.146.41.0 - - [29/Jun/2021:20:08:29 +0200] "GET /wp-login.php HTTP/1.1" 200 2238 "-" "Mozilla/5.0 (X11; Ubuntu; Linux x86_64; rv:62.0) Gecko/20100101 Firefox/62.0"
81.169.178.0 - - [29/Jun/2021:20:08:30 +0200] "POST /wp-cron.php?doing_wp_cron=1624990110.1092479228973388671875 HTTP/1.1" 200 - "https://www.computerdoc24.de/wp-cron.php?doing_wp_cron=1624990110.1092479228973388671875" "WordPress/5.2.11; https://www.computerdoc24.de"
194.146.41.0 - - [29/Jun/2021:20:08:29 +0200] "POST /wp-login.php HTTP/1.1" 200 2589 "-" "Mozilla/5.0 (X11; Ubuntu; Linux x86_64; rv:62.0) Gecko/20100101 Firefox/62.0"
194.146.41.0 - - [29/Jun/2021:20:08:30 +0200] "POST /xmlrpc.php HTTP/1.1" 200 228 "-" "Mozilla/5.0 (X11; Ubuntu; Linux x86_64; rv:62.0) Gecko/20100101 Firefox/62.0"
:: - - [29/Jun/2021:20:08:32 +0200] "OPTIONS * HTTP/1.0" 200 - "-" "Apache/2.4.6 (CentOS) OpenSSL/1.0.2k-fips mod_fcgid/2.3.9 (internal dummy connection)"
114.119.149.0 - - [29/Jun/2021:20:08:37 +0200] "GET /ueber-uns/soziale-verantwortung/ HTTP/1.1" 200 10867 "-" "Mozilla/5.0 (Linux; Android 7.0;) AppleWebKit/537.36 (KHTML, like Gecko) Mobile Safari/537.36 (compatible; PetalBot;+https://webmaster.petalsearch.com/site/petalbot)"
167.172.115.0 - - [29/Jun/2021:20:09:18 +0200] "GET /wp-login.php HTTP/1.1" 200 2748 "-" "Mozilla/5.0 (X11; Ubuntu; Linux x86_64; rv:62.0) Gecko/20100101 Firefox/62.0"
167.172.115.0 - - [29/Jun/2021:20:09:20 +0200] "POST /wp-login.php HTTP/1.1" 200 2886 "-" "Mozilla/5.0 (X11; Ubuntu; Linux x86_64; rv:62.0) Gecko/20100101 Firefox/62.0"
167.172.115.0 - - [29/Jun/2021:20:09:25 +0200] "POST /xmlrpc.php HTTP/1.1" 200 249 "-" "Mozilla/5.0 (X11; Ubuntu; Linux x86_64; rv:62.0) Gecko/20100101 Firefox/62.0"
47.99.54.0 - - [29/Jun/2021:20:10:03 +0200] "-" 408 - "-" "-"
81.169.178.0 - - [29/Jun/2021:20:10:04 +0200] "POST /wp-cron.php?doing_wp_cron=1624990204.5436320304870605468750 HTTP/1.1" 200 - "https://www.computerdoc24.de/wp-cron.php?doing_wp_cron=1624990204.5436320304870605468750" "WordPress/5.2.11; https://www.computerdoc24.de"
35.196.106.0 - - [29/Jun/2021:20:10:04 +0200] "GET /presse/ HTTP/1.0" 200 9601 "-" "ZoominfoBot (zoominfobot at zoominfo dot com)"
66.249.75.0 - - [29/Jun/2021:20:10:39 +0200] "GET /html/kontakt.html HTTP/1.1" 200 2033 "-" "Mozilla/5.0 (Linux; Android 6.0.1; Nexus 5X Build/MMB29P) AppleWebKit/537.36 (KHTML, like Gecko) Chrome/91.0.4472.90 Mobile Safari/537.36 (compatible; Googlebot/2.1; +http://www.google.com/bot.html)"
66.249.75.0 - - [29/Jun/2021:20:10:42 +0200] "GET /assets/rollover.js HTTP/1.1" 200 5145 "https://www.reinigungsprofi-weck.de/html/kontakt.html" "Mozilla/5.0 (Linux; Android 6.0.1; Nexus 5X Build/MMB29P) AppleWebKit/537.36 (KHTML, like Gecko) Chrome/91.0.4472.90 Mobile Safari/537.36 (compatible; Googlebot/2.1; +http://www.google.com/bot.html)"
66.249.75.0 - - [29/Jun/2021:20:10:42 +0200] "GET /html/fusion.css HTTP/1.1" 200 1161 "https://www.reinigungsprofi-weck.de/html/kontakt.html" "Mozilla/5.0 (Linux; Android 6.0.1; Nexus 5X Build/MMB29P) AppleWebKit/537.36 (KHTML, like Gecko) Chrome/91.0.4472.90 Mobile Safari/537.36 (compatible; Googlebot/2.1; +http://www.google.com/bot.html)"
66.249.75.0 - - [29/Jun/2021:20:10:43 +0200] "GET /html/site.css HTTP/1.1" 200 88 "https://www.reinigungsprofi-weck.de/html/kontakt.html" "Mozilla/5.0 (Linux; Android 6.0.1; Nexus 5X Build/MMB29P) AppleWebKit/537.36 (KHTML, like Gecko) Chrome/91.0.4472.90 Mobile Safari/537.36 (compatible; Googlebot/2.1; +http://www.google.com/bot.html)"
81.169.178.0 - - [29/Jun/2021:20:10:43 +0200] "POST /wp-cron.php?doing_wp_cron=1624990243.6910960674285888671875 HTTP/1.1" 200 - "https://www.computerdoc24.de/wp-cron.php?doing_wp_cron=1624990243.6910960674285888671875" "WordPress/5.2.11; https://www.computerdoc24.de"
35.196.106.0 - - [29/Jun/2021:20:10:43 +0200] "GET /aktuelle-angebote/ HTTP/1.0" 200 12103 "-" "ZoominfoBot (zoominfobot at zoominfo dot com)"
81.169.178.0 - - [29/Jun/2021:20:11:50 +0200] "POST /wp-cron.php?doing_wp_cron=1624990310.5267679691314697265625 HTTP/1.1" 200 - "https://www.computerdoc24.de/wp-cron.php?doing_wp_cron=1624990310.5267679691314697265625" "WordPress/5.2.11; https://www.computerdoc24.de"
35.196.106.0 - - [29/Jun/2021:20:11:50 +0200] "GET /startseite/feed/ HTTP/1.0" 200 438 "-" "ZoominfoBot (zoominfobot at zoominfo dot com)"
34.211.205.0 - - [29/Jun/2021:20:11:51 +0200] "GET / HTTP/1.1" 200 18795 "-" "Mozilla/5.0 (X11; Linux x86_64) AppleWebKit/537.36 (KHTML, like Gecko) Chrome/83.0.4103.97 Safari/537.36"
114.119.137.0 - - [29/Jun/2021:20:12:57 +0200] "GET /ru/ueber-uns/ipc-business-gmbh-firmeninformation HTTP/1.1" 200 - "-" "Mozilla/5.0 (Linux; Android 7.0;) AppleWebKit/537.36 (KHTML, like Gecko) Mobile Safari/537.36 (compatible; PetalBot;+https://webmaster.petalsearch.com/site/petalbot)"
114.119.137.0 - - [29/Jun/2021:20:12:58 +0200] "GET /ru/ueber-uns/ipc-business-gmbh-firmeninformation/ HTTP/1.1" 200 11050 "-" "Mozilla/5.0 (Linux; Android 7.0;) AppleWebKit/537.36 (KHTML, like Gecko) Mobile Safari/537.36 (compatible; PetalBot;+https://webmaster.petalsearch.com/site/petalbot)"
81.169.178.0 - - [29/Jun/2021:20:13:21 +0200] "POST /wp-cron.php?doing_wp_cron=1624990400.9622290134429931640625 HTTP/1.1" 200 - "https://www.computerdoc24.de/wp-cron.php?doing_wp_cron=1624990400.9622290134429931640625" "WordPress/5.2.11; https://www.computerdoc24.de"
35.196.106.0 - - [29/Jun/2021:20:13:20 +0200] "GET /product/schoenes-gebrauchtes-lenovo-nb-ssd-neu/ HTTP/1.0" 200 13900 "-" "ZoominfoBot (zoominfobot at zoominfo dot com)"
81.169.178.0 - - [29/Jun/2021:20:16:44 +0200] "POST /wp-cron.php?doing_wp_cron=1624990604.3588109016418457031250 HTTP/1.1" 200 - "http://www.computerdoc24.de/wp-cron.php?doing_wp_cron=1624990604.3588109016418457031250" "WordPress/5.2.11; https://www.computerdoc24.de"
108.59.8.0 - - [29/Jun/2021:20:16:44 +0200] "GET /robots.txt HTTP/1.1" 200 - "-" "Mozilla/5.0 (compatible; MJ12bot/v1.4.8; http://mj12bot.com/)"
108.59.8.0 - - [29/Jun/2021:20:16:45 +0200] "GET /robots.txt HTTP/1.1" 200 67 "-" "Mozilla/5.0 (compatible; MJ12bot/v1.4.8; http://mj12bot.com/)"
108.59.8.0 - - [29/Jun/2021:20:17:00 +0200] "GET / HTTP/1.1" 301 - "-" "Mozilla/5.0 (compatible; MJ12bot/v1.4.8; http://mj12bot.com/)"
108.59.8.0 - - [29/Jun/2021:20:17:03 +0200] "GET / HTTP/1.1" 200 16469 "-" "Mozilla/5.0 (compatible; MJ12bot/v1.4.8; http://mj12bot.com/)"
81.169.178.0 - - [29/Jun/2021:20:18:49 +0200] "POST /wp-cron.php?doing_wp_cron=1624990729.8783230781555175781250 HTTP/1.1" 200 - "https://www.computerdoc24.de/wp-cron.php?doing_wp_cron=1624990729.8783230781555175781250" "WordPress/5.2.11; https://www.computerdoc24.de"
35.196.106.0 - - [29/Jun/2021:20:18:49 +0200] "GET /impressum/ HTTP/1.0" 200 10975 "-" "ZoominfoBot (zoominfobot at zoominfo dot com)"
81.169.178.0 - - [29/Jun/2021:20:20:08 +0200] "POST /wp-cron.php?doing_wp_cron=1624990808.8302080631256103515625 HTTP/1.1" 200 - "https://www.computerdoc24.de/wp-cron.php?doing_wp_cron=1624990808.8302080631256103515625" "WordPress/5.2.11; https://www.computerdoc24.de"
35.198.105.0 - - [29/Jun/2021:20:20:08 +0200] "GET /wp-login.php HTTP/1.1" 200 2238 "-" "Mozilla/5.0 (X11; Ubuntu; Linux x86_64; rv:62.0) Gecko/20100101 Firefox/62.0"
35.198.105.0 - - [29/Jun/2021:20:20:09 +0200] "POST /wp-login.php HTTP/1.1" 200 2589 "-" "Mozilla/5.0 (X11; Ubuntu; Linux x86_64; rv:62.0) Gecko/20100101 Firefox/62.0"
35.198.105.0 - - [29/Jun/2021:20:20:09 +0200] "POST /xmlrpc.php HTTP/1.1" 200 228 "-" "Mozilla/5.0 (X11; Ubuntu; Linux x86_64; rv:62.0) Gecko/20100101 Firefox/62.0"
150.95.176.0 - - [29/Jun/2021:20:22:04 +0200] "GET /wp-login.php HTTP/1.1" 200 2748 "-" "Mozilla/5.0 (X11; Ubuntu; Linux x86_64; rv:62.0) Gecko/20100101 Firefox/62.0"
150.95.176.0 - - [29/Jun/2021:20:22:06 +0200] "POST /wp-login.php HTTP/1.1" 200 2886 "-" "Mozilla/5.0 (X11; Ubuntu; Linux x86_64; rv:62.0) Gecko/20100101 Firefox/62.0"
150.95.176.0 - - [29/Jun/2021:20:22:08 +0200] "POST /xmlrpc.php HTTP/1.1" 200 249 "-" "Mozilla/5.0 (X11; Ubuntu; Linux x86_64; rv:62.0) Gecko/20100101 Firefox/62.0"
62.171.180.0 - - [29/Jun/2021:20:23:26 +0200] "GET /wp-login.php HTTP/1.1" 200 2748 "-" "Mozilla/5.0 (X11; Ubuntu; Linux x86_64; rv:62.0) Gecko/20100101 Firefox/62.0"
62.171.180.0 - - [29/Jun/2021:20:23:27 +0200] "POST /wp-login.php HTTP/1.1" 200 2884 "-" "Mozilla/5.0 (X11; Ubuntu; Linux x86_64; rv:62.0) Gecko/20100101 Firefox/62.0"
62.171.180.0 - - [29/Jun/2021:20:23:27 +0200] "POST /xmlrpc.php HTTP/1.1" 200 249 "-" "Mozilla/5.0 (X11; Ubuntu; Linux x86_64; rv:62.0) Gecko/20100101 Firefox/62.0"
45.180.170.0 - - [29/Jun/2021:20:24:31 +0200] "GET / HTTP/1.1" 403 2409 "-" "Mozilla/5.0 (Windows NT 6.1; WOW64) AppleWebKit/537.36 (KHTML, like Gecko) Chrome/52.0.2743.116 Safari/537.36"
66.249.75.0 - - [29/Jun/2021:20:28:13 +0200] "GET /pl/ueber-uns/ipc-business-gmbh-firmeninformation/ HTTP/1.1" 301 334 "-" "Mozilla/5.0 (compatible; Googlebot/2.1; +http://www.google.com/bot.html)"
114.119.131.0 - - [29/Jun/2021:20:28:18 +0200] "GET /ueber-uns/ipc-business-gmbh-firmeninformation HTTP/1.1" 200 - "-" "Mozilla/5.0 (Linux; Android 7.0;) AppleWebKit/537.36 (KHTML, like Gecko) Mobile Safari/537.36 (compatible; PetalBot;+https://webmaster.petalsearch.com/site/petalbot)"
81.169.178.0 - - [29/Jun/2021:20:28:18 +0200] "POST /wp-cron.php?doing_wp_cron=1624991298.4097390174865722656250 HTTP/1.1" 200 - "https://www.computerdoc24.de/wp-cron.php?doing_wp_cron=1624991298.4097390174865722656250" "WordPress/5.2.11; https://www.computerdoc24.de"
35.196.106.0 - - [29/Jun/2021:20:28:18 +0200] "GET /fernwartung/ HTTP/1.0" 200 9273 "-" "ZoominfoBot (zoominfobot at zoominfo dot com)"
114.119.131.0 - - [29/Jun/2021:20:28:19 +0200] "GET /ueber-uns/ipc-business-gmbh-firmeninformation/ HTTP/1.1" 200 11781 "-" "Mozilla/5.0 (Linux; Android 7.0;) AppleWebKit/537.36 (KHTML, like Gecko) Mobile Safari/537.36 (compatible; PetalBot;+https://webmaster.petalsearch.com/site/petalbot)"
91.134.254.0 - - [29/Jun/2021:20:30:17 +0200] "GET /wp-login.php HTTP/1.1" 200 2743 "-" "Mozilla/5.0 (X11; Ubuntu; Linux x86_64; rv:62.0) Gecko/20100101 Firefox/62.0"
91.134.254.0 - - [29/Jun/2021:20:30:17 +0200] "POST /wp-login.php HTTP/1.1" 200 2880 "-" "Mozilla/5.0 (X11; Ubuntu; Linux x86_64; rv:62.0) Gecko/20100101 Firefox/62.0"
91.134.254.0 - - [29/Jun/2021:20:30:18 +0200] "GET /wp-login.php HTTP/1.1" 200 2743 "-" "Mozilla/5.0 (X11; Ubuntu; Linux x86_64; rv:62.0) Gecko/20100101 Firefox/62.0"
91.134.254.0 - - [29/Jun/2021:20:30:18 +0200] "POST /wp-login.php HTTP/1.1" 200 2844 "-" "Mozilla/5.0 (X11; Ubuntu; Linux x86_64; rv:62.0) Gecko/20100101 Firefox/62.0"
91.134.254.0 - - [29/Jun/2021:20:30:19 +0200] "POST /xmlrpc.php HTTP/1.1" 200 249 "-" "Mozilla/5.0 (X11; Ubuntu; Linux x86_64; rv:62.0) Gecko/20100101 Firefox/62.0"
91.121.146.0 - - [29/Jun/2021:20:30:27 +0200] "GET /wp-content/plugins/wp-user-avatar/readme.txt HTTP/1.1" 301 275 "ipcbusiness.de" "Mozilla/5.0 (Windows NT 6.1; WOW64) AppleWebKit/537.36 (KHTML, like Gecko) Chrome/50.0.2661.75 Safari/537.36"
91.121.146.0 - - [29/Jun/2021:20:30:27 +0200] "GET /wp-content/plugins/wp-user-avatar/readme.txt HTTP/1.1" 200 - "ipcbusiness.de" "Mozilla/5.0 (Windows NT 6.1; WOW64) AppleWebKit/537.36 (KHTML, like Gecko) Chrome/50.0.2661.75 Safari/537.36"
91.121.146.0 - - [29/Jun/2021:20:30:28 +0200] "GET /wp-content/plugins/wp-user-avatar/readme.txt HTTP/1.1" 200 62882 "ipcbusiness.de" "Mozilla/5.0 (Windows NT 6.1; WOW64) AppleWebKit/537.36 (KHTML, like Gecko) Chrome/50.0.2661.75 Safari/537.36"
34.77.162.0 - - [29/Jun/2021:20:33:14 +0200] "GET / HTTP/1.1" 200 2691 "-" "Expanse, a Palo Alto Networks company, searches across the global IPv4 space multiple times per day to identify customers&#39; presences on the Internet. If you would like to be excluded from our scans, please send IP addresses/domains to: scaninfo@paloaltonetworks.com"
114.119.137.0 - - [29/Jun/2021:20:33:22 +0200] "GET /es/ueber-uns/firmeninformation HTTP/1.1" 200 9406 "-" "Mozilla/5.0 (Linux; Android 7.0;) AppleWebKit/537.36 (KHTML, like Gecko) Mobile Safari/537.36 (compatible; PetalBot;+https://webmaster.petalsearch.com/site/petalbot)"
81.169.178.0 - - [29/Jun/2021:20:33:40 +0200] "POST /wp-cron.php?doing_wp_cron=1624991620.1679699420928955078125 HTTP/1.1" 200 - "https://www.computerdoc24.de/wp-cron.php?doing_wp_cron=1624991620.1679699420928955078125" "WordPress/5.2.11; https://www.computerdoc24.de"
185.114.247.0 - - [29/Jun/2021:20:33:40 +0200] "GET /wp-login.php HTTP/1.1" 200 2238 "-" "Mozilla/5.0 (X11; Ubuntu; Linux x86_64; rv:62.0) Gecko/20100101 Firefox/62.0"
185.114.247.0 - - [29/Jun/2021:20:33:40 +0200] "POST /wp-login.php HTTP/1.1" 200 2598 "-" "Mozilla/5.0 (X11; Ubuntu; Linux x86_64; rv:62.0) Gecko/20100101 Firefox/62.0"
185.114.247.0 - - [29/Jun/2021:20:33:40 +0200] "POST /xmlrpc.php HTTP/1.1" 200 228 "-" "Mozilla/5.0 (X11; Ubuntu; Linux x86_64; rv:62.0) Gecko/20100101 Firefox/62.0"
114.119.136.0 - - [29/Jun/2021:20:34:02 +0200] "GET /impressum/ HTTP/1.1" 200 10979 "-" "Mozilla/5.0 (Linux; Android 7.0;) AppleWebKit/537.36 (KHTML, like Gecko) Mobile Safari/537.36 (compatible; PetalBot;+https://webmaster.petalsearch.com/site/petalbot)"
114.119.128.0 - - [29/Jun/2021:20:35:45 +0200] "GET /robots.txt HTTP/1.1" 200 69 "-" "Mozilla/5.0 (compatible;PetalBot;+https://webmaster.petalsearch.com/site/petalbot)"
162.214.193.0 - - [29/Jun/2021:20:36:34 +0200] "GET /wp-login.php HTTP/1.1" 200 2748 "-" "Mozilla/5.0 (X11; Ubuntu; Linux x86_64; rv:62.0) Gecko/20100101 Firefox/62.0"
162.214.193.0 - - [29/Jun/2021:20:36:35 +0200] "POST /wp-login.php HTTP/1.1" 200 2886 "-" "Mozilla/5.0 (X11; Ubuntu; Linux x86_64; rv:62.0) Gecko/20100101 Firefox/62.0"
162.214.193.0 - - [29/Jun/2021:20:36:36 +0200] "POST /xmlrpc.php HTTP/1.1" 200 249 "-" "Mozilla/5.0 (X11; Ubuntu; Linux x86_64; rv:62.0) Gecko/20100101 Firefox/62.0"
114.119.153.0 - - [29/Jun/2021:20:37:54 +0200] "GET /robots.txt HTTP/1.1" 404 2607 "-" "Mozilla/5.0 (compatible;PetalBot;+https://webmaster.petalsearch.com/site/petalbot)"
178.4.165.0 - - [29/Jun/2021:20:39:47 +0200] "GET / HTTP/1.1" 200 2590 "https://www.google.com/" "Mozilla/5.0 (Linux; Android 11; SM-A715F) AppleWebKit/537.36 (KHTML, like Gecko) Chrome/91.0.4472.120 Mobile Safari/537.36"
178.4.165.0 - - [29/Jun/2021:20:39:47 +0200] "GET /assets/rollover.js HTTP/1.1" 200 5145 "https://www.reinigungsprofi-weck.de/" "Mozilla/5.0 (Linux; Android 11; SM-A715F) AppleWebKit/537.36 (KHTML, like Gecko) Chrome/91.0.4472.120 Mobile Safari/537.36"
178.4.165.0 - - [29/Jun/2021:20:39:47 +0200] "GET /html/fusion.css HTTP/1.1" 200 1161 "https://www.reinigungsprofi-weck.de/" "Mozilla/5.0 (Linux; Android 11; SM-A715F) AppleWebKit/537.36 (KHTML, like Gecko) Chrome/91.0.4472.120 Mobile Safari/537.36"
178.4.165.0 - - [29/Jun/2021:20:39:47 +0200] "GET /html/style.css HTTP/1.1" 200 458 "https://www.reinigungsprofi-weck.de/" "Mozilla/5.0 (Linux; Android 11; SM-A715F) AppleWebKit/537.36 (KHTML, like Gecko) Chrome/91.0.4472.120 Mobile Safari/537.36"
178.4.165.0 - - [29/Jun/2021:20:39:47 +0200] "GET /html/site.css HTTP/1.1" 200 88 "https://www.reinigungsprofi-weck.de/" "Mozilla/5.0 (Linux; Android 11; SM-A715F) AppleWebKit/537.36 (KHTML, like Gecko) Chrome/91.0.4472.120 Mobile Safari/537.36"
178.4.165.0 - - [29/Jun/2021:20:39:47 +0200] "GET /header_l.gif HTTP/1.1" 200 7358 "https://www.reinigungsprofi-weck.de/" "Mozilla/5.0 (Linux; Android 11; SM-A715F) AppleWebKit/537.36 (KHTML, like Gecko) Chrome/91.0.4472.120 Mobile Safari/537.36"
178.4.165.0 - - [29/Jun/2021:20:39:47 +0200] "GET /subheader_l.gif HTTP/1.1" 200 2832 "https://www.reinigungsprofi-weck.de/" "Mozilla/5.0 (Linux; Android 11; SM-A715F) AppleWebKit/537.36 (KHTML, like Gecko) Chrome/91.0.4472.120 Mobile Safari/537.36"
178.4.165.0 - - [29/Jun/2021:20:39:47 +0200] "GET /subheader_bl.gif HTTP/1.1" 200 1883 "https://www.reinigungsprofi-weck.de/" "Mozilla/5.0 (Linux; Android 11; SM-A715F) AppleWebKit/537.36 (KHTML, like Gecko) Chrome/91.0.4472.120 Mobile Safari/537.36"
178.4.165.0 - - [29/Jun/2021:20:39:47 +0200] "GET /subheader_br.gif HTTP/1.1" 200 1693 "https://www.reinigungsprofi-weck.de/" "Mozilla/5.0 (Linux; Android 11; SM-A715F) AppleWebKit/537.36 (KHTML, like Gecko) Chrome/91.0.4472.120 Mobile Safari/537.36"
178.4.165.0 - - [29/Jun/2021:20:39:47 +0200] "GET /subheader_r.gif HTTP/1.1" 200 1036 "https://www.reinigungsprofi-weck.de/" "Mozilla/5.0 (Linux; Android 11; SM-A715F) AppleWebKit/537.36 (KHTML, like Gecko) Chrome/91.0.4472.120 Mobile Safari/537.36"
178.4.165.0 - - [29/Jun/2021:20:39:47 +0200] "GET /assets/images/autogen/Spezialreinigung-_Hhighlighted_1_1.gif HTTP/1.1" 200 1750 "https://www.reinigungsprofi-weck.de/" "Mozilla/5.0 (Linux; Android 11; SM-A715F) AppleWebKit/537.36 (KHTML, like Gecko) Chrome/91.0.4472.120 Mobile Safari/537.36"
178.4.165.0 - - [29/Jun/2021:20:39:47 +0200] "GET /assets/images/autogen/Kontakt_Nregular_1_1.gif HTTP/1.1" 200 1596 "https://www.reinigungsprofi-weck.de/" "Mozilla/5.0 (Linux; Android 11; SM-A715F) AppleWebKit/537.36 (KHTML, like Gecko) Chrome/91.0.4472.120 Mobile Safari/537.36"
178.4.165.0 - - [29/Jun/2021:20:39:47 +0200] "GET /assets/images/autogen/Impressum_Nregular_1_1.gif HTTP/1.1" 200 1218 "https://www.reinigungsprofi-weck.de/" "Mozilla/5.0 (Linux; Android 11; SM-A715F) AppleWebKit/537.36 (KHTML, like Gecko) Chrome/91.0.4472.120 Mobile Safari/537.36"
178.4.165.0 - - [29/Jun/2021:20:39:47 +0200] "GET /assets/images/autogen/Referenzen_Nregular_1_1.gif HTTP/1.1" 200 1249 "https://www.reinigungsprofi-weck.de/" "Mozilla/5.0 (Linux; Android 11; SM-A715F) AppleWebKit/537.36 (KHTML, like Gecko) Chrome/91.0.4472.120 Mobile Safari/537.36"
178.4.165.0 - - [29/Jun/2021:20:39:47 +0200] "GET /assets/images/autogen/Anfahrtskosten_Nregular_1_1.gif HTTP/1.1" 200 1732 "https://www.reinigungsprofi-weck.de/" "Mozilla/5.0 (Linux; Android 11; SM-A715F) AppleWebKit/537.36 (KHTML, like Gecko) Chrome/91.0.4472.120 Mobile Safari/537.36"
178.4.165.0 - - [29/Jun/2021:20:39:47 +0200] "GET /assets/images/autogen/Vorher-Nachher_Nregular_1_1.gif HTTP/1.1" 200 1718 "https://www.reinigungsprofi-weck.de/" "Mozilla/5.0 (Linux; Android 11; SM-A715F) AppleWebKit/537.36 (KHTML, like Gecko) Chrome/91.0.4472.120 Mobile Safari/537.36"
178.4.165.0 - - [29/Jun/2021:20:39:47 +0200] "GET /assets/images/autogen/clearpixel.gif HTTP/1.1" 200 43 "https://www.reinigungsprofi-weck.de/" "Mozilla/5.0 (Linux; Android 11; SM-A715F) AppleWebKit/537.36 (KHTML, like Gecko) Chrome/91.0.4472.120 Mobile Safari/537.36"
178.4.165.0 - - [29/Jun/2021:20:39:47 +0200] "GET /kv_none_poetic_cream_none_1.gif HTTP/1.1" 200 248 "https://www.reinigungsprofi-weck.de/" "Mozilla/5.0 (Linux; Android 11; SM-A715F) AppleWebKit/537.36 (KHTML, like Gecko) Chrome/91.0.4472.120 Mobile Safari/537.36"
178.4.165.0 - - [29/Jun/2021:20:39:47 +0200] "GET /assets/images/body_bak.gif HTTP/1.1" 200 49 "https://www.reinigungsprofi-weck.de/html/style.css" "Mozilla/5.0 (Linux; Android 11; SM-A715F) AppleWebKit/537.36 (KHTML, like Gecko) Chrome/91.0.4472.120 Mobile Safari/537.36"
178.4.165.0 - - [29/Jun/2021:20:39:47 +0200] "GET /assets/images/body_bak1.gif HTTP/1.1" 200 49 "https://www.reinigungsprofi-weck.de/" "Mozilla/5.0 (Linux; Android 11; SM-A715F) AppleWebKit/537.36 (KHTML, like Gecko) Chrome/91.0.4472.120 Mobile Safari/537.36"
178.4.165.0 - - [29/Jun/2021:20:39:47 +0200] "GET /assets/images/subheader_bak.gif HTTP/1.1" 200 44 "https://www.reinigungsprofi-weck.de/" "Mozilla/5.0 (Linux; Android 11; SM-A715F) AppleWebKit/537.36 (KHTML, like Gecko) Chrome/91.0.4472.120 Mobile Safari/537.36"
178.4.165.0 - - [29/Jun/2021:20:39:47 +0200] "GET /favicon.ico HTTP/1.1" 404 2816 "https://www.reinigungsprofi-weck.de/" "Mozilla/5.0 (Linux; Android 11; SM-A715F) AppleWebKit/537.36 (KHTML, like Gecko) Chrome/91.0.4472.120 Mobile Safari/537.36"
:: - - [29/Jun/2021:20:39:55 +0200] "OPTIONS * HTTP/1.0" 200 - "-" "Apache/2.4.6 (CentOS) OpenSSL/1.0.2k-fips mod_fcgid/2.3.9 (internal dummy connection)"
66.249.75.0 - - [29/Jun/2021:20:40:39 +0200] "GET /robots.txt HTTP/1.1" 404 2595 "-" "Mozilla/5.0 (compatible; Googlebot/2.1; +http://www.google.com/bot.html)"
66.249.75.0 - - [29/Jun/2021:20:40:40 +0200] "GET / HTTP/1.1" 200 2590 "-" "Mozilla/5.0 (Linux; Android 6.0.1; Nexus 5X Build/MMB29P) AppleWebKit/537.36 (KHTML, like Gecko) Chrome/91.0.4472.90 Mobile Safari/537.36 (compatible; Googlebot/2.1; +http://www.google.com/bot.html)"
66.249.75.0 - - [29/Jun/2021:20:40:42 +0200] "GET /html/fusion.css HTTP/1.1" 200 1161 "https://reinigungsprofi-weck.de/" "Mozilla/5.0 (Linux; Android 6.0.1; Nexus 5X Build/MMB29P) AppleWebKit/537.36 (KHTML, like Gecko) Chrome/91.0.4472.90 Mobile Safari/537.36 (compatible; Googlebot/2.1; +http://www.google.com/bot.html)"
66.249.75.0 - - [29/Jun/2021:20:40:43 +0200] "GET /html/site.css HTTP/1.1" 200 88 "https://reinigungsprofi-weck.de/" "Mozilla/5.0 (Linux; Android 6.0.1; Nexus 5X Build/MMB29P) AppleWebKit/537.36 (KHTML, like Gecko) Chrome/91.0.4472.90 Mobile Safari/537.36 (compatible; Googlebot/2.1; +http://www.google.com/bot.html)"
66.249.75.0 - - [29/Jun/2021:20:40:43 +0200] "GET /html/style.css HTTP/1.1" 200 458 "https://reinigungsprofi-weck.de/" "Mozilla/5.0 (Linux; Android 6.0.1; Nexus 5X Build/MMB29P) AppleWebKit/537.36 (KHTML, like Gecko) Chrome/91.0.4472.90 Mobile Safari/537.36 (compatible; Googlebot/2.1; +http://www.google.com/bot.html)"
66.249.75.0 - - [29/Jun/2021:20:40:43 +0200] "GET /assets/rollover.js HTTP/1.1" 200 5145 "https://reinigungsprofi-weck.de/" "Mozilla/5.0 (Linux; Android 6.0.1; Nexus 5X Build/MMB29P) AppleWebKit/537.36 (KHTML, like Gecko) Chrome/91.0.4472.90 Mobile Safari/537.36 (compatible; Googlebot/2.1; +http://www.google.com/bot.html)"
81.169.178.0 - - [29/Jun/2021:20:40:45 +0200] "POST /wp-cron.php?doing_wp_cron=1624992045.7081019878387451171875 HTTP/1.1" 200 - "https://www.computerdoc24.de/wp-cron.php?doing_wp_cron=1624992045.7081019878387451171875" "WordPress/5.2.11; https://www.computerdoc24.de"
221.121.158.0 - - [29/Jun/2021:20:40:45 +0200] "GET /wp-login.php HTTP/1.1" 200 2238 "-" "Mozilla/5.0 (X11; Ubuntu; Linux x86_64; rv:62.0) Gecko/20100101 Firefox/62.0"
221.121.158.0 - - [29/Jun/2021:20:40:47 +0200] "POST /wp-login.php HTTP/1.1" 200 2589 "-" "Mozilla/5.0 (X11; Ubuntu; Linux x86_64; rv:62.0) Gecko/20100101 Firefox/62.0"
66.249.75.0 - - [29/Jun/2021:20:40:49 +0200] "GET /favicon.ico HTTP/1.1" 404 2597 "-" "Googlebot-Image/1.0"
221.121.158.0 - - [29/Jun/2021:20:40:48 +0200] "POST /xmlrpc.php HTTP/1.1" 200 228 "-" "Mozilla/5.0 (X11; Ubuntu; Linux x86_64; rv:62.0) Gecko/20100101 Firefox/62.0"
103.80.82.0 - - [29/Jun/2021:20:44:24 +0200] "GET /wp-login.php HTTP/1.1" 200 2743 "-" "Mozilla/5.0 (X11; Ubuntu; Linux x86_64; rv:62.0) Gecko/20100101 Firefox/62.0"
103.80.82.0 - - [29/Jun/2021:20:44:26 +0200] "POST /wp-login.php HTTP/1.1" 200 2880 "-" "Mozilla/5.0 (X11; Ubuntu; Linux x86_64; rv:62.0) Gecko/20100101 Firefox/62.0"
103.80.82.0 - - [29/Jun/2021:20:44:27 +0200] "GET /wp-login.php HTTP/1.1" 200 2743 "-" "Mozilla/5.0 (X11; Ubuntu; Linux x86_64; rv:62.0) Gecko/20100101 Firefox/62.0"
103.80.82.0 - - [29/Jun/2021:20:44:31 +0200] "POST /wp-login.php HTTP/1.1" 200 2878 "-" "Mozilla/5.0 (X11; Ubuntu; Linux x86_64; rv:62.0) Gecko/20100101 Firefox/62.0"
103.80.82.0 - - [29/Jun/2021:20:44:32 +0200] "POST /xmlrpc.php HTTP/1.1" 200 249 "-" "Mozilla/5.0 (X11; Ubuntu; Linux x86_64; rv:62.0) Gecko/20100101 Firefox/62.0"
78.46.63.0 - - [29/Jun/2021:20:46:06 +0200] "GET /robots.txt HTTP/1.1" 200 67 "-" "Mozilla/5.0 (compatible; MJ12bot/v1.4.8; http://mj12bot.com/)"
78.46.63.0 - - [29/Jun/2021:20:46:11 +0200] "GET / HTTP/1.1" 200 16371 "-" "Mozilla/5.0 (compatible; MJ12bot/v1.4.8; http://mj12bot.com/)"
81.169.178.0 - - [29/Jun/2021:20:48:47 +0200] "POST /wp-cron.php?doing_wp_cron=1624992527.8440620899200439453125 HTTP/1.1" 200 - "https://www.computerdoc24.de/wp-cron.php?doing_wp_cron=1624992527.8440620899200439453125" "WordPress/5.2.11; https://www.computerdoc24.de"
35.225.94.0 - - [29/Jun/2021:20:48:47 +0200] "GET /wp-login.php HTTP/1.1" 200 2238 "-" "Mozilla/5.0 (X11; Ubuntu; Linux x86_64; rv:62.0) Gecko/20100101 Firefox/62.0"
35.225.94.0 - - [29/Jun/2021:20:48:48 +0200] "POST /wp-login.php HTTP/1.1" 200 2589 "-" "Mozilla/5.0 (X11; Ubuntu; Linux x86_64; rv:62.0) Gecko/20100101 Firefox/62.0"
35.225.94.0 - - [29/Jun/2021:20:48:49 +0200] "POST /xmlrpc.php HTTP/1.1" 200 228 "-" "Mozilla/5.0 (X11; Ubuntu; Linux x86_64; rv:62.0) Gecko/20100101 Firefox/62.0"
54.36.149.0 - - [29/Jun/2021:20:49:22 +0200] "GET /pc-ankauf/ HTTP/1.1" 200 9934 "-" "Mozilla/5.0 (compatible; AhrefsBot/7.0; +http://ahrefs.com/robot/)"
141.94.21.0 - - [29/Jun/2021:20:50:30 +0200] "GET /wp-login.php HTTP/1.1" 200 2748 "-" "Mozilla/5.0 (X11; Ubuntu; Linux x86_64; rv:62.0) Gecko/20100101 Firefox/62.0"
141.94.21.0 - - [29/Jun/2021:20:50:31 +0200] "POST /wp-login.php HTTP/1.1" 200 2886 "-" "Mozilla/5.0 (X11; Ubuntu; Linux x86_64; rv:62.0) Gecko/20100101 Firefox/62.0"
141.94.21.0 - - [29/Jun/2021:20:50:32 +0200] "POST /xmlrpc.php HTTP/1.1" 200 249 "-" "Mozilla/5.0 (X11; Ubuntu; Linux x86_64; rv:62.0) Gecko/20100101 Firefox/62.0"
66.249.75.0 - - [29/Jun/2021:20:51:33 +0200] "GET /favicon.ico HTTP/1.1" 404 2613 "-" "Googlebot-Image/1.0"
81.169.178.0 - - [29/Jun/2021:20:54:24 +0200] "POST /wp-cron.php?doing_wp_cron=1624992864.2387731075286865234375 HTTP/1.1" 200 - "https://www.ipcbusiness.de/wp-cron.php?doing_wp_cron=1624992864.2387731075286865234375" "WordPress/5.6.4; https://www.ipcbusiness.de"
47.241.109.0 - - [29/Jun/2021:20:54:24 +0200] "POST /wp-login.php HTTP/1.1" 200 2884 "-" "Mozilla/5.0 (Windows NT 10.0; Win64; x64) AppleWebKit/537.36 (KHTML, like Gecko) Chrome/73.0.3683.86 Safari/537.36"
195.201.167.0 - - [29/Jun/2021:20:55:22 +0200] "GET /wp-login.php HTTP/1.1" 200 2748 "-" "Mozilla/5.0 (X11; Ubuntu; Linux x86_64; rv:62.0) Gecko/20100101 Firefox/62.0"
195.201.167.0 - - [29/Jun/2021:20:55:22 +0200] "POST /wp-login.php HTTP/1.1" 200 2884 "-" "Mozilla/5.0 (X11; Ubuntu; Linux x86_64; rv:62.0) Gecko/20100101 Firefox/62.0"
195.201.167.0 - - [29/Jun/2021:20:55:23 +0200] "POST /xmlrpc.php HTTP/1.1" 200 249 "-" "Mozilla/5.0 (X11; Ubuntu; Linux x86_64; rv:62.0) Gecko/20100101 Firefox/62.0"
54.36.148.0 - - [29/Jun/2021:20:55:46 +0200] "GET /robots.txt HTTP/1.1" 301 245 "-" "Mozilla/5.0 (compatible; AhrefsBot/7.0; +http://ahrefs.com/robot/)"
54.36.148.0 - - [29/Jun/2021:20:55:46 +0200] "GET /robots.txt HTTP/1.1" 200 69 "-" "Mozilla/5.0 (compatible; AhrefsBot/7.0; +http://ahrefs.com/robot/)"
46.105.120.0 - - [29/Jun/2021:20:56:40 +0200] "GET /wp-admin/admin-ajax.php?action=duplicator_download&file=..%2Fwp-config.php HTTP/1.1" 403 6627 "-" "Mozilla/5.0 (Windows NT 10.0; WOW64; rv:45.0) Gecko/20100101 Firefox/45.0"
46.105.120.0 - - [29/Jun/2021:20:56:40 +0200] "GET /wp-admin/admin-ajax.php?action=revslider_show_image&img=..%2Fwp-config.php HTTP/1.1" 403 6627 "-" "Mozilla/5.0 (Windows NT 10.0; WOW64; rv:45.0) Gecko/20100101 Firefox/45.0"
46.105.120.0 - - [29/Jun/2021:20:56:40 +0200] "GET /wp-content/plugins/cherry-plugin/admin/import-export/download-content.php?file=..%2F..%2F..%2F..%2F..%2Fwp-config.php HTTP/1.1" 200 6627 "-" "Mozilla/5.0 (Windows NT 10.0; WOW64; rv:45.0) Gecko/20100101 Firefox/45.0"
157.230.164.0 - - [29/Jun/2021:20:58:13 +0200] "GET /wp-login.php HTTP/1.1" 200 2743 "-" "Mozilla/5.0 (X11; Ubuntu; Linux x86_64; rv:62.0) Gecko/20100101 Firefox/62.0"
157.230.164.0 - - [29/Jun/2021:20:58:14 +0200] "POST /wp-login.php HTTP/1.1" 200 2880 "-" "Mozilla/5.0 (X11; Ubuntu; Linux x86_64; rv:62.0) Gecko/20100101 Firefox/62.0"
157.230.164.0 - - [29/Jun/2021:20:58:16 +0200] "GET /wp-login.php HTTP/1.1" 200 2743 "-" "Mozilla/5.0 (X11; Ubuntu; Linux x86_64; rv:62.0) Gecko/20100101 Firefox/62.0"
157.230.164.0 - - [29/Jun/2021:20:58:17 +0200] "POST /wp-login.php HTTP/1.1" 200 2878 "-" "Mozilla/5.0 (X11; Ubuntu; Linux x86_64; rv:62.0) Gecko/20100101 Firefox/62.0"
157.230.164.0 - - [29/Jun/2021:20:58:18 +0200] "POST /xmlrpc.php HTTP/1.1" 200 249 "-" "Mozilla/5.0 (X11; Ubuntu; Linux x86_64; rv:62.0) Gecko/20100101 Firefox/62.0"
81.169.178.0 - - [29/Jun/2021:21:00:41 +0200] "POST /wp-cron.php?doing_wp_cron=1624993241.3956460952758789062500 HTTP/1.1" 200 - "https://www.computerdoc24.de/wp-cron.php?doing_wp_cron=1624993241.3956460952758789062500" "WordPress/5.2.11; https://www.computerdoc24.de"
81.169.178.0 - - [29/Jun/2021:21:00:41 +0200] "POST /?wordfence_syncAttackData=1624993241.2137 HTTP/1.1" 200 - "https://www.computerdoc24.de/?wordfence_syncAttackData=1624993241.2137" "WordPress/5.2.11; https://www.computerdoc24.de"
81.169.178.0 - - [29/Jun/2021:21:00:41 +0200] "POST /wp-cron.php?doing_wp_cron=1624993241.9585819244384765625000 HTTP/1.1" 200 - "https://www.computerdoc24.de/wp-cron.php?doing_wp_cron=1624993241.9585819244384765625000" "WordPress/5.2.11; https://www.computerdoc24.de"
193.176.85.0 - - [29/Jun/2021:21:00:41 +0200] "GET /phpmyadmin/ HTTP/1.1" 200 8199 "-" "Mozilla/5.0 (Windows NT 10.0; Win64; x64)"
193.176.85.0 - - [29/Jun/2021:21:00:43 +0200] "GET /phpMyAdmin/ HTTP/1.1" 200 8199 "-" "Mozilla/5.0 (Windows NT 10.0; Win64; x64)"
193.176.85.0 - - [29/Jun/2021:21:00:45 +0200] "GET /pma/ HTTP/1.1" 200 8199 "-" "Mozilla/5.0 (Windows NT 10.0; Win64; x64)"
193.176.85.0 - - [29/Jun/2021:21:00:46 +0200] "GET /myadmin/ HTTP/1.1" 200 8199 "-" "Mozilla/5.0 (Windows NT 10.0; Win64; x64)"
193.176.85.0 - - [29/Jun/2021:21:00:48 +0200] "GET /sql/ HTTP/1.1" 200 8199 "-" "Mozilla/5.0 (Windows NT 10.0; Win64; x64)"
193.176.85.0 - - [29/Jun/2021:21:00:49 +0200] "GET /mysql/ HTTP/1.1" 200 8199 "-" "Mozilla/5.0 (Windows NT 10.0; Win64; x64)"
193.176.85.0 - - [29/Jun/2021:21:00:51 +0200] "GET /mysqladmin/ HTTP/1.1" 200 8199 "-" "Mozilla/5.0 (Windows NT 10.0; Win64; x64)"
193.176.85.0 - - [29/Jun/2021:21:00:53 +0200] "GET /db/ HTTP/1.1" 200 8199 "-" "Mozilla/5.0 (Windows NT 10.0; Win64; x64)"
193.176.85.0 - - [29/Jun/2021:21:00:54 +0200] "GET /database/ HTTP/1.1" 200 8199 "-" "Mozilla/5.0 (Windows NT 10.0; Win64; x64)"
193.176.85.0 - - [29/Jun/2021:21:00:56 +0200] "GET /adminer.php HTTP/1.1" 200 8199 "-" "Mozilla/5.0 (Windows NT 10.0; Win64; x64)"
193.176.85.0 - - [29/Jun/2021:21:00:58 +0200] "GET /sql.php HTTP/1.1" 200 8199 "-" "Mozilla/5.0 (Windows NT 10.0; Win64; x64)"
193.176.85.0 - - [29/Jun/2021:21:01:00 +0200] "GET / HTTP/1.1" 200 2691 "-" "Mozilla/5.0 (Windows NT 10.0; Win64; x64)"
193.176.85.0 - - [29/Jun/2021:21:01:01 +0200] "GET / HTTP/1.1" 200 2691 "-" "Mozilla/5.0 (Windows NT 10.0; Win64; x64)"
193.176.85.0 - - [29/Jun/2021:21:01:02 +0200] "GET / HTTP/1.1" 200 2691 "-" "Mozilla/5.0 (Windows NT 10.0; Win64; x64)"
199.19.224.0 - - [29/Jun/2021:21:01:50 +0200] "HEAD / HTTP/1.0" 200 - "-" "-"
81.169.178.0 - - [29/Jun/2021:21:02:56 +0200] "POST /wp-cron.php?doing_wp_cron=1624993376.4059538841247558593750 HTTP/1.1" 200 - "https://www.computerdoc24.de/wp-cron.php?doing_wp_cron=1624993376.4059538841247558593750" "WordPress/5.2.11; https://www.computerdoc24.de"
114.119.138.0 - - [29/Jun/2021:21:02:56 +0200] "GET /product/business-notebook-zum-top-preis HTTP/1.1" 200 8204 "-" "Mozilla/5.0 (Linux; Android 7.0;) AppleWebKit/537.36 (KHTML, like Gecko) Mobile Safari/537.36 (compatible; PetalBot;+https://webmaster.petalsearch.com/site/petalbot)"
34.106.141.0 - - [29/Jun/2021:21:03:01 +0200] "GET /wp-login.php HTTP/1.1" 200 2238 "-" "Mozilla/5.0 (X11; Ubuntu; Linux x86_64; rv:62.0) Gecko/20100101 Firefox/62.0"
34.106.141.0 - - [29/Jun/2021:21:03:02 +0200] "POST /wp-login.php HTTP/1.1" 200 2589 "-" "Mozilla/5.0 (X11; Ubuntu; Linux x86_64; rv:62.0) Gecko/20100101 Firefox/62.0"
34.106.141.0 - - [29/Jun/2021:21:03:03 +0200] "POST /xmlrpc.php HTTP/1.1" 200 228 "-" "Mozilla/5.0 (X11; Ubuntu; Linux x86_64; rv:62.0) Gecko/20100101 Firefox/62.0"
114.119.139.0 - - [29/Jun/2021:21:04:08 +0200] "GET /en/linieninformationen HTTP/1.1" 200 - "-" "Mozilla/5.0 (Linux; Android 7.0;) AppleWebKit/537.36 (KHTML, like Gecko) Mobile Safari/537.36 (compatible; PetalBot;+https://webmaster.petalsearch.com/site/petalbot)"
114.119.139.0 - - [29/Jun/2021:21:04:09 +0200] "GET /en/linieninformationen/ HTTP/1.1" 200 11859 "-" "Mozilla/5.0 (Linux; Android 7.0;) AppleWebKit/537.36 (KHTML, like Gecko) Mobile Safari/537.36 (compatible; PetalBot;+https://webmaster.petalsearch.com/site/petalbot)"
81.169.178.0 - - [29/Jun/2021:21:04:15 +0200] "POST /wp-cron.php?doing_wp_cron=1624993455.1374828815460205078125 HTTP/1.1" 200 - "https://www.computerdoc24.de/wp-cron.php?doing_wp_cron=1624993455.1374828815460205078125" "WordPress/5.2.11; https://www.computerdoc24.de"
95.163.255.0 - - [29/Jun/2021:21:04:15 +0200] "GET /robots.txt HTTP/1.0" 200 67 "-" "Mozilla/5.0 (compatible; Linux x86_64; Mail.RU_Bot/2.0; +http://go.mail.ru/help/robots)"
95.163.255.0 - - [29/Jun/2021:21:04:16 +0200] "GET / HTTP/1.1" 200 16466 "-" "Mozilla/5.0 (compatible; Linux x86_64; Mail.RU_Bot/2.0; +http://go.mail.ru/help/robots)"
14.99.153.0 - - [29/Jun/2021:21:06:29 +0200] "GET /wp-login.php HTTP/1.1" 200 2748 "-" "Mozilla/5.0 (X11; Ubuntu; Linux x86_64; rv:62.0) Gecko/20100101 Firefox/62.0"
14.99.153.0 - - [29/Jun/2021:21:06:31 +0200] "POST /wp-login.php HTTP/1.1" 200 2886 "-" "Mozilla/5.0 (X11; Ubuntu; Linux x86_64; rv:62.0) Gecko/20100101 Firefox/62.0"
14.99.153.0 - - [29/Jun/2021:21:06:32 +0200] "POST /xmlrpc.php HTTP/1.1" 200 249 "-" "Mozilla/5.0 (X11; Ubuntu; Linux x86_64; rv:62.0) Gecko/20100101 Firefox/62.0"
114.119.128.0 - - [29/Jun/2021:21:06:34 +0200] "GET /robots.txt HTTP/1.1" 200 - "-" "Mozilla/5.0 (compatible;PetalBot;+https://webmaster.petalsearch.com/site/petalbot)"
81.169.178.0 - - [29/Jun/2021:21:06:34 +0200] "POST /wp-cron.php?doing_wp_cron=1624993594.8226718902587890625000 HTTP/1.1" 200 - "http://www.computerdoc24.de/wp-cron.php?doing_wp_cron=1624993594.8226718902587890625000" "WordPress/5.2.11; https://www.computerdoc24.de"
114.119.128.0 - - [29/Jun/2021:21:06:36 +0200] "GET /robots.txt HTTP/1.1" 200 69 "-" "Mozilla/5.0 (compatible;PetalBot;+https://webmaster.petalsearch.com/site/petalbot)"
114.119.138.0 - - [29/Jun/2021:21:08:10 +0200] "GET /uk/ueber-uns/ HTTP/1.1" 200 10393 "-" "Mozilla/5.0 (Linux; Android 7.0;) AppleWebKit/537.36 (KHTML, like Gecko) Mobile Safari/537.36 (compatible; PetalBot;+https://webmaster.petalsearch.com/site/petalbot)"
81.169.178.0 - - [29/Jun/2021:21:08:56 +0200] "POST /wp-cron.php?doing_wp_cron=1624993736.1203720569610595703125 HTTP/1.1" 200 - "https://www.computerdoc24.de/wp-cron.php?doing_wp_cron=1624993736.1203720569610595703125" "WordPress/5.2.11; https://www.computerdoc24.de"
93.236.245.0 - - [29/Jun/2021:21:08:55 +0200] "GET / HTTP/1.1" 200 16474 "-" "Mozilla/5.0 (iPhone; CPU iPhone OS 14_6 like Mac OS X) AppleWebKit/605.1.15 (KHTML, like Gecko) Version/14.1.1 Mobile/15E148 Safari/604.1"
81.169.178.0 - - [29/Jun/2021:21:09:38 +0200] "POST /wp-cron.php?doing_wp_cron=1624993777.8714830875396728515625 HTTP/1.1" 200 - "https://www.computerdoc24.de/wp-cron.php?doing_wp_cron=1624993777.8714830875396728515625" "WordPress/5.2.11; https://www.computerdoc24.de"
161.35.74.0 - - [29/Jun/2021:21:09:37 +0200] "GET /wp-login.php HTTP/1.1" 200 2238 "-" "Mozilla/5.0 (X11; Ubuntu; Linux x86_64; rv:62.0) Gecko/20100101 Firefox/62.0"
161.35.74.0 - - [29/Jun/2021:21:09:40 +0200] "POST /wp-login.php HTTP/1.1" 200 2589 "-" "Mozilla/5.0 (X11; Ubuntu; Linux x86_64; rv:62.0) Gecko/20100101 Firefox/62.0"
161.35.74.0 - - [29/Jun/2021:21:09:41 +0200] "POST /xmlrpc.php HTTP/1.1" 200 228 "-" "Mozilla/5.0 (X11; Ubuntu; Linux x86_64; rv:62.0) Gecko/20100101 Firefox/62.0"
66.249.75.0 - - [29/Jun/2021:21:10:39 +0200] "GET /html/anfahrtskosten.html HTTP/1.1" 200 2353 "-" "Mozilla/5.0 (Linux; Android 6.0.1; Nexus 5X Build/MMB29P) AppleWebKit/537.36 (KHTML, like Gecko) Chrome/91.0.4472.90 Mobile Safari/537.36 (compatible; Googlebot/2.1; +http://www.google.com/bot.html)"
66.249.75.0 - - [29/Jun/2021:21:10:41 +0200] "GET /html/site.css HTTP/1.1" 200 88 "https://www.reinigungsprofi-weck.de/html/anfahrtskosten.html" "Mozilla/5.0 (Linux; Android 6.0.1; Nexus 5X Build/MMB29P) AppleWebKit/537.36 (KHTML, like Gecko) Chrome/91.0.4472.90 Mobile Safari/537.36 (compatible; Googlebot/2.1; +http://www.google.com/bot.html)"
66.249.75.0 - - [29/Jun/2021:21:10:41 +0200] "GET /html/fusion.css HTTP/1.1" 200 1161 "https://www.reinigungsprofi-weck.de/html/anfahrtskosten.html" "Mozilla/5.0 (Linux; Android 6.0.1; Nexus 5X Build/MMB29P) AppleWebKit/537.36 (KHTML, like Gecko) Chrome/91.0.4472.90 Mobile Safari/537.36 (compatible; Googlebot/2.1; +http://www.google.com/bot.html)"
66.249.75.0 - - [29/Jun/2021:21:10:44 +0200] "GET /favicon.ico HTTP/1.1" 404 2613 "-" "Googlebot-Image/1.0"
34.77.162.0 - - [29/Jun/2021:21:11:28 +0200] "GET / HTTP/1.1" 200 2691 "-" "Expanse, a Palo Alto Networks company, searches across the global IPv4 space multiple times per day to identify customers&#39; presences on the Internet. If you would like to be excluded from our scans, please send IP addresses/domains to: scaninfo@paloaltonetworks.com"
122.116.248.0 - - [29/Jun/2021:21:12:06 +0200] "POST /wp-login.php HTTP/1.1" 200 2886 "-" "Mozilla/5.0 (Windows NT 6.3; Win64; x64) AppleWebKit/537.36 (KHTML, like Gecko) Chrome/65.0.3325.181 Safari/537.36"
81.169.178.0 - - [29/Jun/2021:21:12:34 +0200] "POST /wp-cron.php?doing_wp_cron=1624993954.5819909572601318359375 HTTP/1.1" 200 - "https://www.computerdoc24.de/wp-cron.php?doing_wp_cron=1624993954.5819909572601318359375" "WordPress/5.2.11; https://www.computerdoc24.de"
188.166.94.0 - - [29/Jun/2021:21:12:34 +0200] "POST /wp-login.php HTTP/1.1" 200 2637 "-" "Mozilla/5.0 (Windows NT 6.3; WOW64) AppleWebKit/537.36 (KHTML, like Gecko) Chrome/47.0.2526.106 Safari/537.36"
114.119.130.0 - - [29/Jun/2021:21:13:03 +0200] "GET /uk/unsere-produkte-und-services/ HTTP/1.1" 200 10805 "-" "Mozilla/5.0 (Linux; Android 7.0;) AppleWebKit/537.36 (KHTML, like Gecko) Mobile Safari/537.36 (compatible; PetalBot;+https://webmaster.petalsearch.com/site/petalbot)"
64.90.48.0 - - [29/Jun/2021:21:13:49 +0200] "GET /wp-login.php HTTP/1.1" 200 2743 "-" "Mozilla/5.0 (X11; Ubuntu; Linux x86_64; rv:62.0) Gecko/20100101 Firefox/62.0"
64.90.48.0 - - [29/Jun/2021:21:13:50 +0200] "POST /wp-login.php HTTP/1.1" 200 2880 "-" "Mozilla/5.0 (X11; Ubuntu; Linux x86_64; rv:62.0) Gecko/20100101 Firefox/62.0"
64.90.48.0 - - [29/Jun/2021:21:13:52 +0200] "GET /wp-login.php HTTP/1.1" 200 2743 "-" "Mozilla/5.0 (X11; Ubuntu; Linux x86_64; rv:62.0) Gecko/20100101 Firefox/62.0"
64.90.48.0 - - [29/Jun/2021:21:13:53 +0200] "POST /wp-login.php HTTP/1.1" 200 2878 "-" "Mozilla/5.0 (X11; Ubuntu; Linux x86_64; rv:62.0) Gecko/20100101 Firefox/62.0"
64.90.48.0 - - [29/Jun/2021:21:13:54 +0200] "POST /xmlrpc.php HTTP/1.1" 200 249 "-" "Mozilla/5.0 (X11; Ubuntu; Linux x86_64; rv:62.0) Gecko/20100101 Firefox/62.0"
81.169.178.0 - - [29/Jun/2021:21:14:27 +0200] "POST /wp-cron.php?doing_wp_cron=1624994067.5887060165405273437500 HTTP/1.1" 200 - "https://www.computerdoc24.de/wp-cron.php?doing_wp_cron=1624994067.5887060165405273437500" "WordPress/5.2.11; https://www.computerdoc24.de"
114.119.157.0 - - [29/Jun/2021:21:14:27 +0200] "GET /product/logitech-speaker-s-120-2-0-23w-rms/ HTTP/1.1" 200 14249 "-" "Mozilla/5.0 (Linux; Android 7.0;) AppleWebKit/537.36 (KHTML, like Gecko) Mobile Safari/537.36 (compatible; PetalBot;+https://webmaster.petalsearch.com/site/petalbot)"
81.169.144.0 - - [29/Jun/2021:21:15:07 +0200] "POST /wp-cron.php?doing_wp_cron=1624994107.7368230819702148437500 HTTP/1.1" 200 - "http://www.computerdoc24.de/wp-cron.php?doing_wp_cron=1624994107.7368230819702148437500" "WordPress/5.2.2; https://www.computerdoc24.de"
81.169.178.0 - - [29/Jun/2021:21:18:19 +0200] "POST /wp-cron.php?doing_wp_cron=1624994299.8198430538177490234375 HTTP/1.1" 200 - "https://www.computerdoc24.de/wp-cron.php?doing_wp_cron=1624994299.8198430538177490234375" "WordPress/5.2.11; https://www.computerdoc24.de"
188.34.195.0 - - [29/Jun/2021:21:18:19 +0200] "GET /wp-login.php HTTP/1.1" 200 2238 "-" "Mozilla/5.0 (X11; Ubuntu; Linux x86_64; rv:62.0) Gecko/20100101 Firefox/62.0"
188.34.195.0 - - [29/Jun/2021:21:18:20 +0200] "POST /wp-login.php HTTP/1.1" 200 2589 "-" "Mozilla/5.0 (X11; Ubuntu; Linux x86_64; rv:62.0) Gecko/20100101 Firefox/62.0"
