Current File : /pages/54/47/d0016649/home/private/magenta/Dokumente/htdocs/ipc/logs/access.log.26
62.210.151.0 - - [28/Jun/2021:00:00:00 +0200] "GET /unsere-produkte-und-services/digitale-loesungen-ueberwachung-der-ladeeinheiten/ HTTP/1.1" 200 10937 "-" "Mozilla/5.0 (compatible; Barkrowler/0.9; +https://babbar.tech/crawler)"
62.210.151.0 - - [28/Jun/2021:00:00:11 +0200] "GET /es/wp-json/oembed/1.0/embed?url=https%3A%2F%2Fwww.ipcbusiness.de%2Fes%2Fanfrage%2F&format=xml HTTP/1.1" 200 122 "-" "Mozilla/5.0 (compatible; Barkrowler/0.9; +https://babbar.tech/crawler)"
62.210.151.0 - - [28/Jun/2021:00:00:20 +0200] "GET /es/wp-json/oembed/1.0/embed?url=https%3A%2F%2Fwww.ipcbusiness.de%2Fes%2Fauftraggeber%2F HTTP/1.1" 200 89 "-" "Mozilla/5.0 (compatible; Barkrowler/0.9; +https://babbar.tech/crawler)"
62.210.151.0 - - [28/Jun/2021:00:00:32 +0200] "GET /pl/wp-json/oembed/1.0/embed?url=https%3A%2F%2Fwww.ipcbusiness.de%2Fpl%2Fanfrage%2F&format=xml HTTP/1.1" 200 122 "-" "Mozilla/5.0 (compatible; Barkrowler/0.9; +https://babbar.tech/crawler)"
62.210.151.0 - - [28/Jun/2021:00:00:41 +0200] "GET /fr/wp-json/oembed/1.0/embed?url=https%3A%2F%2Fwww.ipcbusiness.de%2Ffr%2Fueber-uns%2F HTTP/1.1" 200 89 "-" "Mozilla/5.0 (compatible; Barkrowler/0.9; +https://babbar.tech/crawler)"
62.210.151.0 - - [28/Jun/2021:00:00:51 +0200] "GET /en/unsere-produkte-und-services/digitale-loesungen-ueberwachung-der-ladeeinheiten/ HTTP/1.1" 200 10536 "-" "Mozilla/5.0 (compatible; Barkrowler/0.9; +https://babbar.tech/crawler)"
81.169.178.0 - - [28/Jun/2021:00:00:59 +0200] "POST /wp-cron.php?doing_wp_cron=1624831259.8056340217590332031250 HTTP/1.1" 200 - "https://www.computerdoc24.de/wp-cron.php?doing_wp_cron=1624831259.8056340217590332031250" "WordPress/5.2.11; https://www.computerdoc24.de"
34.75.220.0 - - [28/Jun/2021:00:00:59 +0200] "GET /product/schoenes-gebrauchtes-lenovo-nb-ssd-neu/ HTTP/1.0" 200 13912 "-" "ZoominfoBot (zoominfobot at zoominfo dot com)"
62.210.151.0 - - [28/Jun/2021:00:01:01 +0200] "GET /ru/unsere-produkte-und-services/digitale-loesungen-ueberwachung-der-ladeeinheiten/ HTTP/1.1" 200 11044 "-" "Mozilla/5.0 (compatible; Barkrowler/0.9; +https://babbar.tech/crawler)"
62.210.151.0 - - [28/Jun/2021:00:01:12 +0200] "GET /ru/wp-json/oembed/1.0/embed?url=https%3A%2F%2Fwww.ipcbusiness.de%2Fru%2Fueber-uns%2F&format=xml HTTP/1.1" 200 122 "-" "Mozilla/5.0 (compatible; Barkrowler/0.9; +https://babbar.tech/crawler)"
62.210.151.0 - - [28/Jun/2021:00:01:22 +0200] "GET /es/unsere-produkte-und-services/digitale-loesungen-ueberwachung-der-ladeeinheiten/ HTTP/1.1" 200 10614 "-" "Mozilla/5.0 (compatible; Barkrowler/0.9; +https://babbar.tech/crawler)"
62.210.151.0 - - [28/Jun/2021:00:01:32 +0200] "GET /it/unsere-produkte-und-services/digitale-loesungen-ueberwachung-der-ladeeinheiten/ HTTP/1.1" 200 10596 "-" "Mozilla/5.0 (compatible; Barkrowler/0.9; +https://babbar.tech/crawler)"
62.210.151.0 - - [28/Jun/2021:00:01:41 +0200] "GET /it/wp-json/oembed/1.0/embed?url=https%3A%2F%2Fwww.ipcbusiness.de%2Fit%2Fimpressum%2F&format=xml HTTP/1.1" 200 122 "-" "Mozilla/5.0 (compatible; Barkrowler/0.9; +https://babbar.tech/crawler)"
62.210.151.0 - - [28/Jun/2021:00:01:58 +0200] "GET /it/wp-json/oembed/1.0/embed?url=https%3A%2F%2Fwww.ipcbusiness.de%2Fit%2Fueber-uns%2F&format=xml HTTP/1.1" 200 122 "-" "Mozilla/5.0 (compatible; Barkrowler/0.9; +https://babbar.tech/crawler)"
62.210.151.0 - - [28/Jun/2021:00:02:10 +0200] "GET /pl/unsere-produkte-und-services/digitale-loesungen-ueberwachung-der-ladeeinheiten/ HTTP/1.1" 200 10671 "-" "Mozilla/5.0 (compatible; Barkrowler/0.9; +https://babbar.tech/crawler)"
62.210.151.0 - - [28/Jun/2021:00:02:22 +0200] "GET /uk/wp-json/oembed/1.0/embed?url=https%3A%2F%2Fwww.ipcbusiness.de%2Fuk%2Funsere-maerkte%2F HTTP/1.1" 200 89 "-" "Mozilla/5.0 (compatible; Barkrowler/0.9; +https://babbar.tech/crawler)"
62.210.151.0 - - [28/Jun/2021:00:02:33 +0200] "GET /fr/unsere-produkte-und-services/digitale-loesungen-ueberwachung-der-ladeeinheiten/ HTTP/1.1" 200 10642 "-" "Mozilla/5.0 (compatible; Barkrowler/0.9; +https://babbar.tech/crawler)"
62.210.151.0 - - [28/Jun/2021:00:02:45 +0200] "GET /ru/wp-json/oembed/1.0/embed?url=https%3A%2F%2Fwww.ipcbusiness.de%2Fru%2Fauftraggeber%2F&format=xml HTTP/1.1" 200 122 "-" "Mozilla/5.0 (compatible; Barkrowler/0.9; +https://babbar.tech/crawler)"
62.210.151.0 - - [28/Jun/2021:00:02:55 +0200] "GET /uk/unsere-produkte-und-services/digitale-loesungen-ueberwachung-der-ladeeinheiten/ HTTP/1.1" 200 11027 "-" "Mozilla/5.0 (compatible; Barkrowler/0.9; +https://babbar.tech/crawler)"
81.169.178.0 - - [28/Jun/2021:00:03:01 +0200] "POST /wp-cron.php?doing_wp_cron=1624831381.3902020454406738281250 HTTP/1.1" 200 - "https://www.computerdoc24.de/wp-cron.php?doing_wp_cron=1624831381.3902020454406738281250" "WordPress/5.2.11; https://www.computerdoc24.de"
114.119.143.0 - - [28/Jun/2021:00:03:01 +0200] "GET /product/schneller-arbeits-und-internet-pc-4 HTTP/1.1" 200 - "-" "Mozilla/5.0 (Linux; Android 7.0;) AppleWebKit/537.36 (KHTML, like Gecko) Mobile Safari/537.36 (compatible; PetalBot;+https://webmaster.petalsearch.com/site/petalbot)"
114.119.143.0 - - [28/Jun/2021:00:03:02 +0200] "GET /product/schneller-arbeits-und-internet-pc-4/ HTTP/1.1" 200 13785 "-" "Mozilla/5.0 (Linux; Android 7.0;) AppleWebKit/537.36 (KHTML, like Gecko) Mobile Safari/537.36 (compatible; PetalBot;+https://webmaster.petalsearch.com/site/petalbot)"
62.210.151.0 - - [28/Jun/2021:00:03:05 +0200] "GET /fr/wp-json/oembed/1.0/embed?url=https%3A%2F%2Fwww.ipcbusiness.de%2Ffr%2Funsere-maerkte%2F HTTP/1.1" 200 89 "-" "Mozilla/5.0 (compatible; Barkrowler/0.9; +https://babbar.tech/crawler)"
62.210.151.0 - - [28/Jun/2021:00:03:14 +0200] "GET /ru/wp-json/oembed/1.0/embed?url=https%3A%2F%2Fwww.ipcbusiness.de%2Fru%2Funsere-maerkte%2F&format=xml HTTP/1.1" 200 122 "-" "Mozilla/5.0 (compatible; Barkrowler/0.9; +https://babbar.tech/crawler)"
62.210.151.0 - - [28/Jun/2021:00:03:23 +0200] "GET /ru/wp-json/oembed/1.0/embed?url=https%3A%2F%2Fwww.ipcbusiness.de%2Fru%2Fdatenschutzerklaerung%2F HTTP/1.1" 200 89 "-" "Mozilla/5.0 (compatible; Barkrowler/0.9; +https://babbar.tech/crawler)"
40.77.167.0 - - [28/Jun/2021:00:04:13 +0200] "GET /wp-content/uploads/20200916_114739.jpg HTTP/1.1" 301 325 "-" "Mozilla/5.0 (compatible; bingbot/2.0; +http://www.bing.com/bingbot.htm)"
103.70.39.0 - - [28/Jun/2021:00:04:31 +0200] "GET / HTTP/1.1" 403 2409 "-" "Mozilla/5.0 (Windows NT 6.1; WOW64) AppleWebKit/537.36 (KHTML, like Gecko) Chrome/52.0.2743.116 Safari/537.36"
35.187.151.0 - - [28/Jun/2021:00:06:48 +0200] "GET /wp-login.php HTTP/1.1" 200 2743 "-" "Mozilla/5.0 (X11; Ubuntu; Linux x86_64; rv:62.0) Gecko/20100101 Firefox/62.0"
35.187.151.0 - - [28/Jun/2021:00:06:50 +0200] "POST /wp-login.php HTTP/1.1" 200 2880 "-" "Mozilla/5.0 (X11; Ubuntu; Linux x86_64; rv:62.0) Gecko/20100101 Firefox/62.0"
35.187.151.0 - - [28/Jun/2021:00:06:51 +0200] "GET /wp-login.php HTTP/1.1" 200 2743 "-" "Mozilla/5.0 (X11; Ubuntu; Linux x86_64; rv:62.0) Gecko/20100101 Firefox/62.0"
35.187.151.0 - - [28/Jun/2021:00:06:53 +0200] "POST /wp-login.php HTTP/1.1" 200 2844 "-" "Mozilla/5.0 (X11; Ubuntu; Linux x86_64; rv:62.0) Gecko/20100101 Firefox/62.0"
35.187.151.0 - - [28/Jun/2021:00:06:55 +0200] "POST /xmlrpc.php HTTP/1.1" 200 249 "-" "Mozilla/5.0 (X11; Ubuntu; Linux x86_64; rv:62.0) Gecko/20100101 Firefox/62.0"
81.169.178.0 - - [28/Jun/2021:00:07:18 +0200] "POST /wp-cron.php?doing_wp_cron=1624831638.2345569133758544921875 HTTP/1.1" 200 - "https://www.computerdoc24.de/wp-cron.php?doing_wp_cron=1624831638.2345569133758544921875" "WordPress/5.2.11; https://www.computerdoc24.de"
34.75.220.0 - - [28/Jun/2021:00:07:18 +0200] "GET /impressum/ HTTP/1.0" 200 10975 "-" "ZoominfoBot (zoominfobot at zoominfo dot com)"
216.244.66.0 - - [28/Jun/2021:00:07:24 +0200] "GET /robots.txt HTTP/1.1" 200 - "-" "Mozilla/5.0 (compatible; DotBot/1.2; +https://opensiteexplorer.org/dotbot; help@moz.com)"
216.244.66.0 - - [28/Jun/2021:00:07:25 +0200] "GET /robots.txt HTTP/1.1" 200 67 "-" "Mozilla/5.0 (compatible; DotBot/1.2; +https://opensiteexplorer.org/dotbot; help@moz.com)"
81.169.178.0 - - [28/Jun/2021:00:09:53 +0200] "POST /wp-cron.php?doing_wp_cron=1624831793.8734059333801269531250 HTTP/1.1" 200 - "https://www.computerdoc24.de/wp-cron.php?doing_wp_cron=1624831793.8734059333801269531250" "WordPress/5.2.11; https://www.computerdoc24.de"
216.244.66.0 - - [28/Jun/2021:00:09:53 +0200] "GET / HTTP/1.1" 200 89177 "-" "Mozilla/5.0 (compatible; DotBot/1.2; +https://opensiteexplorer.org/dotbot; help@moz.com)"
81.169.178.0 - - [28/Jun/2021:00:11:05 +0200] "POST /wp-cron.php?doing_wp_cron=1624831865.0111360549926757812500 HTTP/1.1" 200 - "https://www.computerdoc24.de/wp-cron.php?doing_wp_cron=1624831865.0111360549926757812500" "WordPress/5.2.11; https://www.computerdoc24.de"
188.166.233.0 - - [28/Jun/2021:00:11:04 +0200] "GET /wp-login.php HTTP/1.1" 200 2238 "-" "Mozilla/5.0 (X11; Ubuntu; Linux x86_64; rv:62.0) Gecko/20100101 Firefox/62.0"
188.166.233.0 - - [28/Jun/2021:00:11:06 +0200] "POST /wp-login.php HTTP/1.1" 200 2589 "-" "Mozilla/5.0 (X11; Ubuntu; Linux x86_64; rv:62.0) Gecko/20100101 Firefox/62.0"
188.166.233.0 - - [28/Jun/2021:00:11:07 +0200] "POST /xmlrpc.php HTTP/1.1" 200 228 "-" "Mozilla/5.0 (X11; Ubuntu; Linux x86_64; rv:62.0) Gecko/20100101 Firefox/62.0"
77.88.5.0 - - [28/Jun/2021:00:13:59 +0200] "GET /robots.txt HTTP/1.1" 301 297 "-" "Mozilla/5.0 (compatible; YandexBot/3.0; +http://yandex.com/bots)"
77.88.5.0 - - [28/Jun/2021:00:14:03 +0200] "GET / HTTP/1.1" 301 287 "-" "Mozilla/5.0 (compatible; YandexBot/3.0; +http://yandex.com/bots)"
81.169.178.0 - - [28/Jun/2021:00:18:03 +0200] "POST /wp-cron.php?doing_wp_cron=1624832283.5679929256439208984375 HTTP/1.1" 200 - "https://www.computerdoc24.de/wp-cron.php?doing_wp_cron=1624832283.5679929256439208984375" "WordPress/5.2.11; https://www.computerdoc24.de"
34.75.220.0 - - [28/Jun/2021:00:18:03 +0200] "GET /fernwartung/ HTTP/1.0" 200 9273 "-" "ZoominfoBot (zoominfobot at zoominfo dot com)"
185.86.210.0 - - [28/Jun/2021:00:18:14 +0200] "POST /wp-login.php HTTP/1.1" 503 7058 "-" "Mozilla/5.0 (Windows NT 6.3; Win64; x64) AppleWebKit/537.36 (KHTML, like Gecko) Chrome/65.0.3325.181 Safari/537.36"
114.119.137.0 - - [28/Jun/2021:00:18:27 +0200] "GET /datenschutzerklaerung/ HTTP/1.1" 200 18328 "-" "Mozilla/5.0 (Linux; Android 7.0;) AppleWebKit/537.36 (KHTML, like Gecko) Mobile Safari/537.36 (compatible; PetalBot;+https://webmaster.petalsearch.com/site/petalbot)"
5.188.210.0 - - [28/Jun/2021:00:18:31 +0200] "GET /admin/editor/filemanager/upload/php/upload.php HTTP/1.0" 200 2691 "-" "Mozilla/5.0 (Windows NT 6.3; Win64; x64) AppleWebKit/537.36 (KHTML, like Gecko) Chrome/75.0.3770.100 Safari/537.36"
2.247.249.0 - - [28/Jun/2021:00:23:26 +0200] "GET / HTTP/1.1" 200 2590 "https://www-ok--magazin-de.cdn.ampproject.org/v/s/www.ok-magazin.de/schlager/andrea-kiewel-trauriges-geheimnis-72017.html?amp_js_v=a6&amp_gsa=1&amp&usqp=mq331AQIKAGwASCAAgM%3D" "Mozilla/5.0 (Linux; Android 10; MAR-LX1A) AppleWebKit/537.36 (KHTML, like Gecko) Chrome/85.0.4183.127 Mobile Safari/537.36"
2.247.249.0 - - [28/Jun/2021:00:23:26 +0200] "GET /assets/rollover.js HTTP/1.1" 200 5145 "https://www.reinigungsprofi-weck.de/" "Mozilla/5.0 (Linux; Android 10; MAR-LX1A) AppleWebKit/537.36 (KHTML, like Gecko) Chrome/85.0.4183.127 Mobile Safari/537.36"
2.247.249.0 - - [28/Jun/2021:00:23:26 +0200] "GET /html/fusion.css HTTP/1.1" 200 1161 "https://www.reinigungsprofi-weck.de/" "Mozilla/5.0 (Linux; Android 10; MAR-LX1A) AppleWebKit/537.36 (KHTML, like Gecko) Chrome/85.0.4183.127 Mobile Safari/537.36"
2.247.249.0 - - [28/Jun/2021:00:23:27 +0200] "GET /html/site.css HTTP/1.1" 200 88 "https://www.reinigungsprofi-weck.de/" "Mozilla/5.0 (Linux; Android 10; MAR-LX1A) AppleWebKit/537.36 (KHTML, like Gecko) Chrome/85.0.4183.127 Mobile Safari/537.36"
2.247.249.0 - - [28/Jun/2021:00:23:27 +0200] "GET /html/style.css HTTP/1.1" 200 458 "https://www.reinigungsprofi-weck.de/" "Mozilla/5.0 (Linux; Android 10; MAR-LX1A) AppleWebKit/537.36 (KHTML, like Gecko) Chrome/85.0.4183.127 Mobile Safari/537.36"
2.247.249.0 - - [28/Jun/2021:00:23:27 +0200] "GET /assets/images/autogen/clearpixel.gif HTTP/1.1" 200 43 "https://www.reinigungsprofi-weck.de/" "Mozilla/5.0 (Linux; Android 10; MAR-LX1A) AppleWebKit/537.36 (KHTML, like Gecko) Chrome/85.0.4183.127 Mobile Safari/537.36"
2.247.249.0 - - [28/Jun/2021:00:23:27 +0200] "GET /header_l.gif HTTP/1.1" 200 7358 "https://www.reinigungsprofi-weck.de/" "Mozilla/5.0 (Linux; Android 10; MAR-LX1A) AppleWebKit/537.36 (KHTML, like Gecko) Chrome/85.0.4183.127 Mobile Safari/537.36"
2.247.249.0 - - [28/Jun/2021:00:23:27 +0200] "GET /subheader_l.gif HTTP/1.1" 200 2832 "https://www.reinigungsprofi-weck.de/" "Mozilla/5.0 (Linux; Android 10; MAR-LX1A) AppleWebKit/537.36 (KHTML, like Gecko) Chrome/85.0.4183.127 Mobile Safari/537.36"
2.247.249.0 - - [28/Jun/2021:00:23:27 +0200] "GET /subheader_bl.gif HTTP/1.1" 200 1883 "https://www.reinigungsprofi-weck.de/" "Mozilla/5.0 (Linux; Android 10; MAR-LX1A) AppleWebKit/537.36 (KHTML, like Gecko) Chrome/85.0.4183.127 Mobile Safari/537.36"
2.247.249.0 - - [28/Jun/2021:00:23:27 +0200] "GET /subheader_br.gif HTTP/1.1" 200 1693 "https://www.reinigungsprofi-weck.de/" "Mozilla/5.0 (Linux; Android 10; MAR-LX1A) AppleWebKit/537.36 (KHTML, like Gecko) Chrome/85.0.4183.127 Mobile Safari/537.36"
2.247.249.0 - - [28/Jun/2021:00:23:27 +0200] "GET /subheader_r.gif HTTP/1.1" 200 1036 "https://www.reinigungsprofi-weck.de/" "Mozilla/5.0 (Linux; Android 10; MAR-LX1A) AppleWebKit/537.36 (KHTML, like Gecko) Chrome/85.0.4183.127 Mobile Safari/537.36"
2.247.249.0 - - [28/Jun/2021:00:23:27 +0200] "GET /assets/images/autogen/Kontakt_Nregular_1_1.gif HTTP/1.1" 200 1596 "https://www.reinigungsprofi-weck.de/" "Mozilla/5.0 (Linux; Android 10; MAR-LX1A) AppleWebKit/537.36 (KHTML, like Gecko) Chrome/85.0.4183.127 Mobile Safari/537.36"
2.247.249.0 - - [28/Jun/2021:00:23:27 +0200] "GET /assets/images/autogen/Spezialreinigung-_Hhighlighted_1_1.gif HTTP/1.1" 200 1750 "https://www.reinigungsprofi-weck.de/" "Mozilla/5.0 (Linux; Android 10; MAR-LX1A) AppleWebKit/537.36 (KHTML, like Gecko) Chrome/85.0.4183.127 Mobile Safari/537.36"
2.247.249.0 - - [28/Jun/2021:00:23:27 +0200] "GET /assets/images/autogen/Referenzen_Nregular_1_1.gif HTTP/1.1" 200 1249 "https://www.reinigungsprofi-weck.de/" "Mozilla/5.0 (Linux; Android 10; MAR-LX1A) AppleWebKit/537.36 (KHTML, like Gecko) Chrome/85.0.4183.127 Mobile Safari/537.36"
2.247.249.0 - - [28/Jun/2021:00:23:27 +0200] "GET /assets/images/autogen/Impressum_Nregular_1_1.gif HTTP/1.1" 200 1218 "https://www.reinigungsprofi-weck.de/" "Mozilla/5.0 (Linux; Android 10; MAR-LX1A) AppleWebKit/537.36 (KHTML, like Gecko) Chrome/85.0.4183.127 Mobile Safari/537.36"
2.247.249.0 - - [28/Jun/2021:00:23:27 +0200] "GET /assets/images/autogen/Anfahrtskosten_Nregular_1_1.gif HTTP/1.1" 200 1732 "https://www.reinigungsprofi-weck.de/" "Mozilla/5.0 (Linux; Android 10; MAR-LX1A) AppleWebKit/537.36 (KHTML, like Gecko) Chrome/85.0.4183.127 Mobile Safari/537.36"
2.247.249.0 - - [28/Jun/2021:00:23:27 +0200] "GET /assets/images/autogen/Vorher-Nachher_Nregular_1_1.gif HTTP/1.1" 200 1718 "https://www.reinigungsprofi-weck.de/" "Mozilla/5.0 (Linux; Android 10; MAR-LX1A) AppleWebKit/537.36 (KHTML, like Gecko) Chrome/85.0.4183.127 Mobile Safari/537.36"
2.247.249.0 - - [28/Jun/2021:00:23:27 +0200] "GET /kv_none_poetic_cream_none_1.gif HTTP/1.1" 200 248 "https://www.reinigungsprofi-weck.de/" "Mozilla/5.0 (Linux; Android 10; MAR-LX1A) AppleWebKit/537.36 (KHTML, like Gecko) Chrome/85.0.4183.127 Mobile Safari/537.36"
2.247.249.0 - - [28/Jun/2021:00:23:27 +0200] "GET /assets/images/subheader_bak.gif HTTP/1.1" 200 44 "https://www.reinigungsprofi-weck.de/" "Mozilla/5.0 (Linux; Android 10; MAR-LX1A) AppleWebKit/537.36 (KHTML, like Gecko) Chrome/85.0.4183.127 Mobile Safari/537.36"
2.247.249.0 - - [28/Jun/2021:00:23:27 +0200] "GET /assets/images/body_bak1.gif HTTP/1.1" 200 49 "https://www.reinigungsprofi-weck.de/" "Mozilla/5.0 (Linux; Android 10; MAR-LX1A) AppleWebKit/537.36 (KHTML, like Gecko) Chrome/85.0.4183.127 Mobile Safari/537.36"
2.247.249.0 - - [28/Jun/2021:00:23:27 +0200] "GET /assets/images/body_bak.gif HTTP/1.1" 200 49 "https://www.reinigungsprofi-weck.de/html/style.css" "Mozilla/5.0 (Linux; Android 10; MAR-LX1A) AppleWebKit/537.36 (KHTML, like Gecko) Chrome/85.0.4183.127 Mobile Safari/537.36"
2.247.249.0 - - [28/Jun/2021:00:23:27 +0200] "GET /favicon.ico HTTP/1.1" 404 2816 "https://www.reinigungsprofi-weck.de/" "Mozilla/5.0 (Linux; Android 10; MAR-LX1A) AppleWebKit/537.36 (KHTML, like Gecko) Chrome/85.0.4183.127 Mobile Safari/537.36"
:: - - [28/Jun/2021:00:23:34 +0200] "OPTIONS * HTTP/1.0" 200 - "-" "Apache/2.4.6 (CentOS) OpenSSL/1.0.2k-fips mod_fcgid/2.3.9 (internal dummy connection)"
114.119.131.0 - - [28/Jun/2021:00:24:08 +0200] "GET /en/ueber-uns/ipc-business-gmbh-firmeninformation HTTP/1.1" 200 - "-" "Mozilla/5.0 (Linux; Android 7.0;) AppleWebKit/537.36 (KHTML, like Gecko) Mobile Safari/537.36 (compatible; PetalBot;+https://webmaster.petalsearch.com/site/petalbot)"
114.119.131.0 - - [28/Jun/2021:00:24:10 +0200] "GET /en/ueber-uns/ipc-business-gmbh-firmeninformation/ HTTP/1.1" 200 10558 "-" "Mozilla/5.0 (Linux; Android 7.0;) AppleWebKit/537.36 (KHTML, like Gecko) Mobile Safari/537.36 (compatible; PetalBot;+https://webmaster.petalsearch.com/site/petalbot)"
2.247.249.0 - - [28/Jun/2021:00:24:48 +0200] "-" 408 - "-" "-"
2.247.249.0 - - [28/Jun/2021:00:24:48 +0200] "-" 408 - "-" "-"
62.210.151.0 - - [28/Jun/2021:00:24:49 +0200] "GET /it/wp-json/oembed/1.0/embed?url=https%3A%2F%2Fwww.ipcbusiness.de%2Fit%2Fdatenschutzerklaerung%2F HTTP/1.1" 200 89 "-" "Mozilla/5.0 (compatible; Barkrowler/0.9; +https://babbar.tech/crawler)"
62.210.151.0 - - [28/Jun/2021:00:24:59 +0200] "GET /es/wp-json/oembed/1.0/embed?url=https%3A%2F%2Fwww.ipcbusiness.de%2Fes%2Funsere-produkte-und-services%2F HTTP/1.1" 200 89 "-" "Mozilla/5.0 (compatible; Barkrowler/0.9; +https://babbar.tech/crawler)"
62.210.151.0 - - [28/Jun/2021:00:25:13 +0200] "GET /it/wp-json/oembed/1.0/embed?url=https%3A%2F%2Fwww.ipcbusiness.de%2Fit%2Funsere-maerkte%2Fgueter%2F HTTP/1.1" 200 89 "-" "Mozilla/5.0 (compatible; Barkrowler/0.9; +https://babbar.tech/crawler)"
62.210.151.0 - - [28/Jun/2021:00:25:23 +0200] "GET /pl/wp-json/oembed/1.0/embed?url=https%3A%2F%2Fwww.ipcbusiness.de%2Fpl%2Fdatenschutzerklaerung%2F&format=xml HTTP/1.1" 200 122 "-" "Mozilla/5.0 (compatible; Barkrowler/0.9; +https://babbar.tech/crawler)"
62.210.151.0 - - [28/Jun/2021:00:25:36 +0200] "GET /pl/wp-json/oembed/1.0/embed?url=https%3A%2F%2Fwww.ipcbusiness.de%2Fpl%2Funsere-produkte-und-services%2F HTTP/1.1" 200 89 "-" "Mozilla/5.0 (compatible; Barkrowler/0.9; +https://babbar.tech/crawler)"
62.210.151.0 - - [28/Jun/2021:00:25:45 +0200] "GET /es/wp-json/oembed/1.0/embed?url=https%3A%2F%2Fwww.ipcbusiness.de%2Fes%2Funsere-maerkte%2Fdestinationen%2F HTTP/1.1" 200 89 "-" "Mozilla/5.0 (compatible; Barkrowler/0.9; +https://babbar.tech/crawler)"
62.210.151.0 - - [28/Jun/2021:00:25:54 +0200] "GET /es/wp-json/oembed/1.0/embed?url=https%3A%2F%2Fwww.ipcbusiness.de%2Fes%2Funsere-produkte-und-services%2F&format=xml HTTP/1.1" 200 122 "-" "Mozilla/5.0 (compatible; Barkrowler/0.9; +https://babbar.tech/crawler)"
136.243.32.0 - - [28/Jun/2021:00:26:03 +0200] "POST /wp-login.php HTTP/1.1" 200 2886 "-" "Mozilla/5.0 (Windows NT 10.0; Win64; x64) AppleWebKit/537.36 (KHTML, like Gecko) Chrome/72.0.3626.109 Safari/537.36"
81.169.144.0 - - [28/Jun/2021:00:26:04 +0200] "POST /wp-cron.php?doing_wp_cron=1624832764.0314769744873046875000 HTTP/1.1" 200 - "http://www.computerdoc24.de/wp-cron.php?doing_wp_cron=1624832764.0314769744873046875000" "WordPress/5.2.2; https://www.computerdoc24.de"
62.210.151.0 - - [28/Jun/2021:00:26:03 +0200] "GET /pl/wp-json/oembed/1.0/embed?url=https%3A%2F%2Fwww.ipcbusiness.de%2Fpl%2Funsere-maerkte%2Fdestinationen%2F HTTP/1.1" 200 89 "-" "Mozilla/5.0 (compatible; Barkrowler/0.9; +https://babbar.tech/crawler)"
62.210.151.0 - - [28/Jun/2021:00:26:12 +0200] "GET /pl/wp-json/oembed/1.0/embed?url=https%3A%2F%2Fwww.ipcbusiness.de%2Fpl%2Funsere-produkte-und-services%2F&format=xml HTTP/1.1" 200 122 "-" "Mozilla/5.0 (compatible; Barkrowler/0.9; +https://babbar.tech/crawler)"
62.210.151.0 - - [28/Jun/2021:00:26:24 +0200] "GET /uk/wp-json/oembed/1.0/embed?url=https%3A%2F%2Fwww.ipcbusiness.de%2Fuk%2Funsere-maerkte%2Fdestinationen%2F HTTP/1.1" 200 89 "-" "Mozilla/5.0 (compatible; Barkrowler/0.9; +https://babbar.tech/crawler)"
62.210.151.0 - - [28/Jun/2021:00:26:33 +0200] "GET /ru/wp-json/oembed/1.0/embed?url=https%3A%2F%2Fwww.ipcbusiness.de%2Fru%2Fueber-uns%2Fumweltverantwortung%2F HTTP/1.1" 200 89 "-" "Mozilla/5.0 (compatible; Barkrowler/0.9; +https://babbar.tech/crawler)"
81.169.178.0 - - [28/Jun/2021:00:26:36 +0200] "POST /wp-cron.php?doing_wp_cron=1624832796.1217470169067382812500 HTTP/1.1" 200 - "https://www.computerdoc24.de/wp-cron.php?doing_wp_cron=1624832796.1217470169067382812500" "WordPress/5.2.11; https://www.computerdoc24.de"
106.52.193.0 - - [28/Jun/2021:00:26:35 +0200] "POST /wp-login.php HTTP/1.1" 503 7058 "-" "Mozilla/5.0 (Windows NT 6.3; Win64; x64) AppleWebKit/537.36 (KHTML, like Gecko) Chrome/57.0.2987.133 Safari/537.36"
62.210.151.0 - - [28/Jun/2021:00:26:42 +0200] "GET /en/wp-json/oembed/1.0/embed?url=https%3A%2F%2Fwww.ipcbusiness.de%2Fen%2Funsere-maerkte%2Fdestinationen%2F HTTP/1.1" 200 89 "-" "Mozilla/5.0 (compatible; Barkrowler/0.9; +https://babbar.tech/crawler)"
62.210.151.0 - - [28/Jun/2021:00:26:53 +0200] "GET /wp-json/oembed/1.0/embed?url=https%3A%2F%2Fwww.ipcbusiness.de%2Funsere-maerkte%2Fdrehkreuze-service-partner%2F&format=xml HTTP/1.1" 200 1250 "-" "Mozilla/5.0 (compatible; Barkrowler/0.9; +https://babbar.tech/crawler)"
62.210.151.0 - - [28/Jun/2021:00:27:02 +0200] "GET /wp-json/oembed/1.0/embed?url=https%3A%2F%2Fwww.ipcbusiness.de%2Funsere-produkte-und-services%2Finnovative-ladeeinheiten%2F HTTP/1.1" 200 1221 "-" "Mozilla/5.0 (compatible; Barkrowler/0.9; +https://babbar.tech/crawler)"
62.210.151.0 - - [28/Jun/2021:00:27:11 +0200] "GET /pl/wp-json/oembed/1.0/embed?url=https%3A%2F%2Fwww.ipcbusiness.de%2Fpl%2Funsere-maerkte%2Ffeste-routen%2F&format=xml HTTP/1.1" 200 122 "-" "Mozilla/5.0 (compatible; Barkrowler/0.9; +https://babbar.tech/crawler)"
62.210.151.0 - - [28/Jun/2021:00:27:20 +0200] "GET /en/wp-json/oembed/1.0/embed?url=https%3A%2F%2Fwww.ipcbusiness.de%2Fen%2Fueber-uns%2Fumweltverantwortung%2F&format=xml HTTP/1.1" 200 122 "-" "Mozilla/5.0 (compatible; Barkrowler/0.9; +https://babbar.tech/crawler)"
62.210.151.0 - - [28/Jun/2021:00:27:30 +0200] "GET /it/wp-json/oembed/1.0/embed?url=https%3A%2F%2Fwww.ipcbusiness.de%2Fit%2Funsere-produkte-und-services%2Fkranbare-auflieger%2F HTTP/1.1" 200 89 "-" "Mozilla/5.0 (compatible; Barkrowler/0.9; +https://babbar.tech/crawler)"
62.210.151.0 - - [28/Jun/2021:00:27:39 +0200] "GET /ru/wp-json/oembed/1.0/embed?url=https%3A%2F%2Fwww.ipcbusiness.de%2Fru%2Funsere-produkte-und-services%2Fkranbare-auflieger%2F&format=xml HTTP/1.1" 200 122 "-" "Mozilla/5.0 (compatible; Barkrowler/0.9; +https://babbar.tech/crawler)"
182.23.51.0 - - [28/Jun/2021:00:27:43 +0200] "GET /wp-login.php HTTP/1.1" 200 2743 "-" "Mozilla/5.0 (X11; Ubuntu; Linux x86_64; rv:62.0) Gecko/20100101 Firefox/62.0"
182.23.51.0 - - [28/Jun/2021:00:27:45 +0200] "POST /wp-login.php HTTP/1.1" 200 2880 "-" "Mozilla/5.0 (X11; Ubuntu; Linux x86_64; rv:62.0) Gecko/20100101 Firefox/62.0"
182.23.51.0 - - [28/Jun/2021:00:27:46 +0200] "GET /wp-login.php HTTP/1.1" 200 2743 "-" "Mozilla/5.0 (X11; Ubuntu; Linux x86_64; rv:62.0) Gecko/20100101 Firefox/62.0"
182.23.51.0 - - [28/Jun/2021:00:27:47 +0200] "POST /wp-login.php HTTP/1.1" 200 2844 "-" "Mozilla/5.0 (X11; Ubuntu; Linux x86_64; rv:62.0) Gecko/20100101 Firefox/62.0"
62.210.151.0 - - [28/Jun/2021:00:27:48 +0200] "GET /ru/wp-json/oembed/1.0/embed?url=https%3A%2F%2Fwww.ipcbusiness.de%2Fru%2Funsere-produkte-und-services%2Fkombiverkehr-gruener-transport%2F HTTP/1.1" 200 89 "-" "Mozilla/5.0 (compatible; Barkrowler/0.9; +https://babbar.tech/crawler)"
182.23.51.0 - - [28/Jun/2021:00:27:48 +0200] "POST /xmlrpc.php HTTP/1.1" 200 249 "-" "Mozilla/5.0 (X11; Ubuntu; Linux x86_64; rv:62.0) Gecko/20100101 Firefox/62.0"
62.210.151.0 - - [28/Jun/2021:00:28:01 +0200] "GET /ru/wp-json/oembed/1.0/embed?url=https%3A%2F%2Fwww.ipcbusiness.de%2Fru%2Funsere-produkte-und-services%2Finnovative-ladeeinheiten%2F&format=xml HTTP/1.1" 200 122 "-" "Mozilla/5.0 (compatible; Barkrowler/0.9; +https://babbar.tech/crawler)"
62.210.151.0 - - [28/Jun/2021:00:28:10 +0200] "GET /uk/wp-json/oembed/1.0/embed?url=https%3A%2F%2Fwww.ipcbusiness.de%2Fuk%2Funsere-produkte-und-services%2Fkombiverkehr-gruener-transport%2F HTTP/1.1" 200 89 "-" "Mozilla/5.0 (compatible; Barkrowler/0.9; +https://babbar.tech/crawler)"
62.210.151.0 - - [28/Jun/2021:00:28:21 +0200] "GET /en/wp-json/oembed/1.0/embed?url=https%3A%2F%2Fwww.ipcbusiness.de%2Fen%2Funsere-produkte-und-services%2Fkranbare-auflieger%2F&format=xml HTTP/1.1" 200 122 "-" "Mozilla/5.0 (compatible; Barkrowler/0.9; +https://babbar.tech/crawler)"
62.210.151.0 - - [28/Jun/2021:00:28:30 +0200] "GET /fr/wp-json/oembed/1.0/embed?url=https%3A%2F%2Fwww.ipcbusiness.de%2Ffr%2Funsere-produkte-und-services%2Fkombiverkehr-gruener-transport%2F HTTP/1.1" 200 89 "-" "Mozilla/5.0 (compatible; Barkrowler/0.9; +https://babbar.tech/crawler)"
62.210.151.0 - - [28/Jun/2021:00:28:39 +0200] "GET /pl/wp-json/oembed/1.0/embed?url=https%3A%2F%2Fwww.ipcbusiness.de%2Fpl%2Funsere-produkte-und-services%2Fkombiverkehr-gruener-transport%2F&format=xml HTTP/1.1" 200 122 "-" "Mozilla/5.0 (compatible; Barkrowler/0.9; +https://babbar.tech/crawler)"
62.210.151.0 - - [28/Jun/2021:00:28:48 +0200] "GET /wp-json/oembed/1.0/embed?url=https%3A%2F%2Fwww.ipcbusiness.de%2Funsere-produkte-und-services%2Fdigitale-loesungen-ueberwachung-der-ladeeinheiten%2F&format=xml HTTP/1.1" 200 1288 "-" "Mozilla/5.0 (compatible; Barkrowler/0.9; +https://babbar.tech/crawler)"
62.210.151.0 - - [28/Jun/2021:00:28:58 +0200] "GET /it/wp-json/oembed/1.0/embed?url=https%3A%2F%2Fwww.ipcbusiness.de%2Fit%2Funsere-produkte-und-services%2Fdigitale-loesungen-ueberwachung-der-ladeeinheiten%2F HTTP/1.1" 200 89 "-" "Mozilla/5.0 (compatible; Barkrowler/0.9; +https://babbar.tech/crawler)"
62.210.151.0 - - [28/Jun/2021:00:29:14 +0200] "GET /en/wp-json/oembed/1.0/embed?url=https%3A%2F%2Fwww.ipcbusiness.de%2Fen%2Funsere-produkte-und-services%2Fdigitale-loesungen-ueberwachung-der-ladeeinheiten%2F HTTP/1.1" 200 89 "-" "Mozilla/5.0 (compatible; Barkrowler/0.9; +https://babbar.tech/crawler)"
185.114.245.0 - - [28/Jun/2021:00:30:56 +0200] "GET /wp-login.php HTTP/1.1" 200 2748 "-" "Mozilla/5.0 (X11; Ubuntu; Linux x86_64; rv:62.0) Gecko/20100101 Firefox/62.0"
185.114.245.0 - - [28/Jun/2021:00:30:57 +0200] "POST /wp-login.php HTTP/1.1" 200 2886 "-" "Mozilla/5.0 (X11; Ubuntu; Linux x86_64; rv:62.0) Gecko/20100101 Firefox/62.0"
185.114.245.0 - - [28/Jun/2021:00:30:58 +0200] "GET /wp-login.php HTTP/1.1" 200 2748 "-" "Mozilla/5.0 (X11; Ubuntu; Linux x86_64; rv:62.0) Gecko/20100101 Firefox/62.0"
185.114.245.0 - - [28/Jun/2021:00:30:58 +0200] "POST /wp-login.php HTTP/1.1" 200 2850 "-" "Mozilla/5.0 (X11; Ubuntu; Linux x86_64; rv:62.0) Gecko/20100101 Firefox/62.0"
185.114.245.0 - - [28/Jun/2021:00:30:59 +0200] "POST /xmlrpc.php HTTP/1.1" 200 249 "-" "Mozilla/5.0 (X11; Ubuntu; Linux x86_64; rv:62.0) Gecko/20100101 Firefox/62.0"
81.169.178.0 - - [28/Jun/2021:00:32:22 +0200] "POST /wp-cron.php?doing_wp_cron=1624833142.6538751125335693359375 HTTP/1.1" 200 - "https://www.computerdoc24.de/wp-cron.php?doing_wp_cron=1624833142.6538751125335693359375" "WordPress/5.2.11; https://www.computerdoc24.de"
64.90.48.0 - - [28/Jun/2021:00:32:22 +0200] "GET /wp-login.php HTTP/1.1" 200 2238 "-" "Mozilla/5.0 (X11; Ubuntu; Linux x86_64; rv:62.0) Gecko/20100101 Firefox/62.0"
64.90.48.0 - - [28/Jun/2021:00:32:24 +0200] "POST /wp-login.php HTTP/1.1" 200 2589 "-" "Mozilla/5.0 (X11; Ubuntu; Linux x86_64; rv:62.0) Gecko/20100101 Firefox/62.0"
64.90.48.0 - - [28/Jun/2021:00:32:25 +0200] "POST /xmlrpc.php HTTP/1.1" 200 228 "-" "Mozilla/5.0 (X11; Ubuntu; Linux x86_64; rv:62.0) Gecko/20100101 Firefox/62.0"
192.241.220.0 - - [28/Jun/2021:00:33:09 +0200] "GET /ecp/Current/exporttool/microsoft.exchange.ediscovery.exporttool.application HTTP/1.1" 404 2685 "-" "Mozilla/5.0 zgrab/0.x"
93.158.91.0 - - [28/Jun/2021:00:34:03 +0200] "GET /robots.txt HTTP/1.1" 200 2691 "-" "Mozilla/5.0 (compatible; bingbot/2.0; +http://www.bing.com/bingbot.htm)"
93.158.91.0 - - [28/Jun/2021:00:34:03 +0200] "GET /humans.txt HTTP/1.1" 200 2691 "-" "Mozilla/5.0 (compatible; bingbot/2.0; +http://www.bing.com/bingbot.htm)"
167.86.71.0 - - [28/Jun/2021:00:42:47 +0200] "GET /robots.txt HTTP/1.1" 200 67 "-" "Mozilla/5.0 (compatible; MJ12bot/v1.4.8; http://mj12bot.com/)"
81.169.178.0 - - [28/Jun/2021:00:42:48 +0200] "POST /wp-admin/admin-ajax.php?action=wordfence_testAjax HTTP/1.1" 200 32 "https://www.computerdoc24.de/wp-admin/admin-ajax.php?action=wordfence_testAjax" "WordPress/5.2.11; https://www.computerdoc24.de"
81.169.178.0 - - [28/Jun/2021:00:42:47 +0200] "POST /wp-cron.php?doing_wp_cron=1624833767.7321140766143798828125 HTTP/1.1" 200 - "https://www.computerdoc24.de/wp-cron.php?doing_wp_cron=1624833767.7321140766143798828125" "WordPress/5.2.11; https://www.computerdoc24.de"
167.86.71.0 - - [28/Jun/2021:00:42:55 +0200] "GET /product/office-internet-pc-2/feed/ HTTP/1.1" 200 468 "-" "Mozilla/5.0 (compatible; MJ12bot/v1.4.8; http://mj12bot.com/)"
167.86.71.0 - - [28/Jun/2021:00:43:03 +0200] "GET /product/office-internet-pc-fujitsu-marken-pc-kopie/feed/ HTTP/1.1" 200 483 "-" "Mozilla/5.0 (compatible; MJ12bot/v1.4.8; http://mj12bot.com/)"
167.86.71.0 - - [28/Jun/2021:00:43:09 +0200] "GET /wp-content/uploads/20210623_135435_HDR.jpg HTTP/1.1" 200 6970104 "-" "Mozilla/5.0 (compatible; MJ12bot/v1.4.8; http://mj12bot.com/)"
167.86.71.0 - - [28/Jun/2021:00:43:18 +0200] "GET /wp-content/uploads/20210623_135453_HDR.jpg HTTP/1.1" 200 5058986 "-" "Mozilla/5.0 (compatible; MJ12bot/v1.4.8; http://mj12bot.com/)"
167.86.71.0 - - [28/Jun/2021:00:43:21 +0200] "GET /wp-content/uploads/20210623_141856_HDR.jpg HTTP/1.1" 200 5853292 "-" "Mozilla/5.0 (compatible; MJ12bot/v1.4.8; http://mj12bot.com/)"
167.86.71.0 - - [28/Jun/2021:00:43:29 +0200] "GET /wp-content/uploads/20210623_141906_HDR.jpg HTTP/1.1" 200 5249061 "-" "Mozilla/5.0 (compatible; MJ12bot/v1.4.8; http://mj12bot.com/)"
81.169.178.0 - - [28/Jun/2021:00:43:38 +0200] "POST /wp-admin/admin-ajax.php?action=wordfence_testAjax HTTP/1.1" 200 32 "https://www.computerdoc24.de/wp-admin/admin-ajax.php?action=wordfence_testAjax" "WordPress/5.2.11; https://www.computerdoc24.de"
81.169.178.0 - - [28/Jun/2021:00:42:50 +0200] "GET /wp-admin/admin-ajax.php?action=wordfence_doScan&isFork=0&scanMode=standard&cronKey=d3d747297bebdd7959b808f1bf4e0efb&signature=d225dd0d5d2c5e773d8d070354369ddf2adc23156635534b206c0d1ae3c18f3b HTTP/1.1" 200 - "-" "WordPress/5.2.11; https://www.computerdoc24.de"
81.169.178.0 - - [28/Jun/2021:00:43:38 +0200] "POST /wp-cron.php?doing_wp_cron=1624833818.5680949687957763671875 HTTP/1.1" 200 - "https://www.computerdoc24.de/wp-cron.php?doing_wp_cron=1624833818.5680949687957763671875" "WordPress/5.2.11; https://www.computerdoc24.de"
81.169.178.0 - - [28/Jun/2021:00:44:26 +0200] "POST /wp-admin/admin-ajax.php?action=wordfence_testAjax HTTP/1.1" 200 32 "https://www.computerdoc24.de/wp-admin/admin-ajax.php?action=wordfence_testAjax" "WordPress/5.2.11; https://www.computerdoc24.de"
81.169.178.0 - - [28/Jun/2021:00:43:40 +0200] "GET /wp-admin/admin-ajax.php?action=wordfence_doScan&isFork=1&scanMode=standard&cronKey=d96d2dc90c950aa9fe84432280b35a2c&signature=66376c4aead8e1091b377a50448c9544ca8a6d9cfe525aa5c1b2f3b13d528972 HTTP/1.1" 200 - "-" "WordPress/5.2.11; https://www.computerdoc24.de"
45.61.186.0 - - [28/Jun/2021:00:45:12 +0200] "GET /w00tw00t.at.blackhats.romanian.anti-sec:) HTTP/1.1" 404 2613 "-" "ZmEu"
45.61.186.0 - - [28/Jun/2021:00:45:12 +0200] "GET /phpMyAdmin/scripts/setup.php HTTP/1.1" 404 2587 "-" "ZmEu"
45.61.186.0 - - [28/Jun/2021:00:45:13 +0200] "GET /phpmyadmin/scripts/setup.php HTTP/1.1" 404 2587 "-" "ZmEu"
45.61.186.0 - - [28/Jun/2021:00:45:13 +0200] "GET /pma/scripts/setup.php HTTP/1.1" 404 2573 "-" "ZmEu"
45.61.186.0 - - [28/Jun/2021:00:45:13 +0200] "GET /myadmin/scripts/setup.php HTTP/1.1" 404 2581 "-" "ZmEu"
45.61.186.0 - - [28/Jun/2021:00:45:13 +0200] "GET /MyAdmin/scripts/setup.php HTTP/1.1" 404 2581 "-" "ZmEu"
81.169.178.0 - - [28/Jun/2021:00:45:13 +0200] "POST /wp-cron.php?doing_wp_cron=1624833913.5795009136199951171875 HTTP/1.1" 200 - "https://www.computerdoc24.de/wp-cron.php?doing_wp_cron=1624833913.5795009136199951171875" "WordPress/5.2.11; https://www.computerdoc24.de"
81.169.178.0 - - [28/Jun/2021:00:45:13 +0200] "POST /wp-admin/admin-ajax.php?action=wordfence_testAjax HTTP/1.1" 200 32 "https://www.computerdoc24.de/wp-admin/admin-ajax.php?action=wordfence_testAjax" "WordPress/5.2.11; https://www.computerdoc24.de"
81.169.178.0 - - [28/Jun/2021:00:44:26 +0200] "GET /wp-admin/admin-ajax.php?action=wordfence_doScan&isFork=1&scanMode=standard&cronKey=f21619ccb073d95de61ccb3b1a41dff7&signature=91b8de10f9ab39b1cf4bd588e95562c49de7e17902c84e9d4cc3dc40bd038a14 HTTP/1.1" 200 - "-" "WordPress/5.2.11; https://www.computerdoc24.de"
134.209.108.0 - - [28/Jun/2021:00:45:38 +0200] "GET / HTTP/1.1" 400 226 "-" "Mozilla/5.0 (Windows NT 10.0; Win64; x64) AppleWebKit/537.36 (KHTML, like Gecko) Chrome/70.0.3538.77 Safari/537.36"
81.169.178.0 - - [28/Jun/2021:00:46:00 +0200] "POST /wp-cron.php?doing_wp_cron=1624833960.5101981163024902343750 HTTP/1.1" 200 - "https://www.computerdoc24.de/wp-cron.php?doing_wp_cron=1624833960.5101981163024902343750" "WordPress/5.2.11; https://www.computerdoc24.de"
81.169.178.0 - - [28/Jun/2021:00:46:00 +0200] "POST /wp-admin/admin-ajax.php?action=wordfence_testAjax HTTP/1.1" 200 32 "https://www.computerdoc24.de/wp-admin/admin-ajax.php?action=wordfence_testAjax" "WordPress/5.2.11; https://www.computerdoc24.de"
81.169.178.0 - - [28/Jun/2021:00:45:14 +0200] "GET /wp-admin/admin-ajax.php?action=wordfence_doScan&isFork=1&scanMode=standard&cronKey=ea62b0f8d259b4db2938559e831374bc&signature=1fb2c149d31420d9cf8c04798f25a396bbe985f76ed31fc8dab8290c66b408f5 HTTP/1.1" 200 - "-" "WordPress/5.2.11; https://www.computerdoc24.de"
165.22.245.0 - - [28/Jun/2021:00:46:04 +0200] "GET / HTTP/1.1" 403 2409 "-" "Mozilla/5.0 (Windows NT 10.0; Win64; x64) AppleWebKit/537.36 (KHTML, like Gecko) Chrome/70.0.3538.77 Safari/537.36"
81.169.178.0 - - [28/Jun/2021:00:46:47 +0200] "POST /wp-cron.php?doing_wp_cron=1624834007.3525590896606445312500 HTTP/1.1" 200 - "https://www.computerdoc24.de/wp-cron.php?doing_wp_cron=1624834007.3525590896606445312500" "WordPress/5.2.11; https://www.computerdoc24.de"
81.169.178.0 - - [28/Jun/2021:00:46:47 +0200] "POST /wp-admin/admin-ajax.php?action=wordfence_testAjax HTTP/1.1" 200 32 "https://www.computerdoc24.de/wp-admin/admin-ajax.php?action=wordfence_testAjax" "WordPress/5.2.11; https://www.computerdoc24.de"
81.169.178.0 - - [28/Jun/2021:00:46:01 +0200] "GET /wp-admin/admin-ajax.php?action=wordfence_doScan&isFork=1&scanMode=standard&cronKey=fcda589c336a2ee36cdaa1f66781b358&signature=5b5e26a1d61ccf1ccaea427d9fa20c62944f91ba62d31a45b5f16bc2de5ec17c HTTP/1.1" 200 - "-" "WordPress/5.2.11; https://www.computerdoc24.de"
81.169.178.0 - - [28/Jun/2021:00:47:33 +0200] "POST /wp-cron.php?doing_wp_cron=1624834053.3865299224853515625000 HTTP/1.1" 200 - "https://www.computerdoc24.de/wp-cron.php?doing_wp_cron=1624834053.3865299224853515625000" "WordPress/5.2.11; https://www.computerdoc24.de"
81.169.178.0 - - [28/Jun/2021:00:47:33 +0200] "POST /wp-admin/admin-ajax.php?action=wordfence_testAjax HTTP/1.1" 200 32 "https://www.computerdoc24.de/wp-admin/admin-ajax.php?action=wordfence_testAjax" "WordPress/5.2.11; https://www.computerdoc24.de"
81.169.178.0 - - [28/Jun/2021:00:46:47 +0200] "GET /wp-admin/admin-ajax.php?action=wordfence_doScan&isFork=1&scanMode=standard&cronKey=bc4c1025a965ccd4d15645496f81c8f7&signature=d07b3ee48415fcdc2b73cfb3dc69f31cbf0f86d458fe77b72901be867a10a4a2 HTTP/1.1" 200 - "-" "WordPress/5.2.11; https://www.computerdoc24.de"
81.169.178.0 - - [28/Jun/2021:00:48:19 +0200] "POST /wp-admin/admin-ajax.php?action=wordfence_testAjax HTTP/1.1" 200 32 "https://www.computerdoc24.de/wp-admin/admin-ajax.php?action=wordfence_testAjax" "WordPress/5.2.11; https://www.computerdoc24.de"
81.169.178.0 - - [28/Jun/2021:00:47:33 +0200] "GET /wp-admin/admin-ajax.php?action=wordfence_doScan&isFork=1&scanMode=standard&cronKey=063820fb679b40a6cf812e913788111c&signature=957e89c3e1e06fc037d11434749053d5d882b2f6fde22a71f066dfda418e5896 HTTP/1.1" 200 - "-" "WordPress/5.2.11; https://www.computerdoc24.de"
81.169.178.0 - - [28/Jun/2021:00:49:06 +0200] "POST /wp-cron.php?doing_wp_cron=1624834146.3273220062255859375000 HTTP/1.1" 200 - "https://www.computerdoc24.de/wp-cron.php?doing_wp_cron=1624834146.3273220062255859375000" "WordPress/5.2.11; https://www.computerdoc24.de"
81.169.178.0 - - [28/Jun/2021:00:49:06 +0200] "POST /wp-admin/admin-ajax.php?action=wordfence_testAjax HTTP/1.1" 200 32 "https://www.computerdoc24.de/wp-admin/admin-ajax.php?action=wordfence_testAjax" "WordPress/5.2.11; https://www.computerdoc24.de"
81.169.178.0 - - [28/Jun/2021:00:48:19 +0200] "GET /wp-admin/admin-ajax.php?action=wordfence_doScan&isFork=1&scanMode=standard&cronKey=eb89a8ad7120951029f919c1b750ce72&signature=2d2c727d6dead3399f8edf65afcedd0c57077f56341e3692416e007b49321c47 HTTP/1.1" 200 - "-" "WordPress/5.2.11; https://www.computerdoc24.de"
185.165.171.0 - - [28/Jun/2021:00:49:41 +0200] "GET / HTTP/1.1" 403 2411 "-" "Mozilla/5.0 zgrab/0.x"
81.169.178.0 - - [28/Jun/2021:00:49:53 +0200] "POST /wp-cron.php?doing_wp_cron=1624834193.5375330448150634765625 HTTP/1.1" 200 - "https://www.computerdoc24.de/wp-cron.php?doing_wp_cron=1624834193.5375330448150634765625" "WordPress/5.2.11; https://www.computerdoc24.de"
81.169.178.0 - - [28/Jun/2021:00:49:53 +0200] "POST /wp-admin/admin-ajax.php?action=wordfence_testAjax HTTP/1.1" 200 32 "https://www.computerdoc24.de/wp-admin/admin-ajax.php?action=wordfence_testAjax" "WordPress/5.2.11; https://www.computerdoc24.de"
81.169.178.0 - - [28/Jun/2021:00:49:06 +0200] "GET /wp-admin/admin-ajax.php?action=wordfence_doScan&isFork=1&scanMode=standard&cronKey=b8bfb36b6f8286f12460854e71c77ec1&signature=9ada9b9598fbf9be16fbe39de553a5518ed31ecd591275f941e853f82e9332cf HTTP/1.1" 200 - "-" "WordPress/5.2.11; https://www.computerdoc24.de"
81.169.178.0 - - [28/Jun/2021:00:50:40 +0200] "POST /wp-cron.php?doing_wp_cron=1624834240.2254540920257568359375 HTTP/1.1" 200 - "https://www.computerdoc24.de/wp-cron.php?doing_wp_cron=1624834240.2254540920257568359375" "WordPress/5.2.11; https://www.computerdoc24.de"
81.169.178.0 - - [28/Jun/2021:00:50:40 +0200] "POST /wp-admin/admin-ajax.php?action=wordfence_testAjax HTTP/1.1" 200 32 "https://www.computerdoc24.de/wp-admin/admin-ajax.php?action=wordfence_testAjax" "WordPress/5.2.11; https://www.computerdoc24.de"
81.169.178.0 - - [28/Jun/2021:00:49:53 +0200] "GET /wp-admin/admin-ajax.php?action=wordfence_doScan&isFork=1&scanMode=standard&cronKey=94b74a27a1258c3a0b5a99682e0f7dbe&signature=2edd470e672f5d83c218e1c65c2d513164b1b20db65fbf833d0f05ebc1307e30 HTTP/1.1" 200 - "-" "WordPress/5.2.11; https://www.computerdoc24.de"
178.128.180.0 - - [28/Jun/2021:00:50:52 +0200] "GET /wp-login.php HTTP/1.1" 200 2743 "-" "Mozilla/5.0 (X11; Ubuntu; Linux x86_64; rv:62.0) Gecko/20100101 Firefox/62.0"
178.128.180.0 - - [28/Jun/2021:00:50:59 +0200] "POST /wp-login.php HTTP/1.1" 200 2880 "-" "Mozilla/5.0 (X11; Ubuntu; Linux x86_64; rv:62.0) Gecko/20100101 Firefox/62.0"
178.128.180.0 - - [28/Jun/2021:00:51:04 +0200] "GET /wp-login.php HTTP/1.1" 200 2743 "-" "Mozilla/5.0 (X11; Ubuntu; Linux x86_64; rv:62.0) Gecko/20100101 Firefox/62.0"
178.128.180.0 - - [28/Jun/2021:00:51:10 +0200] "POST /wp-login.php HTTP/1.1" 200 2844 "-" "Mozilla/5.0 (X11; Ubuntu; Linux x86_64; rv:62.0) Gecko/20100101 Firefox/62.0"
178.128.180.0 - - [28/Jun/2021:00:51:16 +0200] "POST /xmlrpc.php HTTP/1.1" 200 249 "-" "Mozilla/5.0 (X11; Ubuntu; Linux x86_64; rv:62.0) Gecko/20100101 Firefox/62.0"
143.110.188.0 - - [28/Jun/2021:00:51:19 +0200] "GET /.env HTTP/1.1" 404 2539 "-" "Mozilla/5.0 (X11; Linux x86_64) AppleWebKit/537.36 (KHTML, like Gecko) Chrome/81.0.4044.129 Safari/537.36"
143.110.188.0 - - [28/Jun/2021:00:51:19 +0200] "POST / HTTP/1.1" 404 2531 "-" "Mozilla/5.0 (X11; Linux x86_64) AppleWebKit/537.36 (KHTML, like Gecko) Chrome/81.0.4044.129 Safari/537.36"
185.180.143.0 - - [28/Jun/2021:00:51:23 +0200] "GET / HTTP/1.1" 200 2691 "-" "Mozilla/5.0 (Windows NT 10.0; WOW64) AppleWebKit/537.36 (KHTML, like Gecko) Chrome/66.0.3359.117 Safari/537.36"
81.169.178.0 - - [28/Jun/2021:00:51:26 +0200] "POST /wp-admin/admin-ajax.php?action=wordfence_testAjax HTTP/1.1" 200 32 "https://www.computerdoc24.de/wp-admin/admin-ajax.php?action=wordfence_testAjax" "WordPress/5.2.11; https://www.computerdoc24.de"
92.60.224.0 - - [28/Jun/2021:00:51:26 +0200] "GET /wp-login.php HTTP/1.1" 200 2748 "-" "Mozilla/5.0 (X11; Ubuntu; Linux x86_64; rv:62.0) Gecko/20100101 Firefox/62.0"
81.169.178.0 - - [28/Jun/2021:00:50:40 +0200] "GET /wp-admin/admin-ajax.php?action=wordfence_doScan&isFork=1&scanMode=standard&cronKey=ff0a0174ab0a0f4710f096c81ea60455&signature=0123e62648549278b8f5cbce335f554a5fa1528712078453d165ab3797e6859f HTTP/1.1" 200 - "-" "WordPress/5.2.11; https://www.computerdoc24.de"
92.60.224.0 - - [28/Jun/2021:00:51:27 +0200] "POST /wp-login.php HTTP/1.1" 200 2886 "-" "Mozilla/5.0 (X11; Ubuntu; Linux x86_64; rv:62.0) Gecko/20100101 Firefox/62.0"
92.60.224.0 - - [28/Jun/2021:00:51:27 +0200] "GET /wp-login.php HTTP/1.1" 200 2748 "-" "Mozilla/5.0 (X11; Ubuntu; Linux x86_64; rv:62.0) Gecko/20100101 Firefox/62.0"
92.60.224.0 - - [28/Jun/2021:00:51:28 +0200] "POST /wp-login.php HTTP/1.1" 200 2850 "-" "Mozilla/5.0 (X11; Ubuntu; Linux x86_64; rv:62.0) Gecko/20100101 Firefox/62.0"
92.60.224.0 - - [28/Jun/2021:00:51:29 +0200] "POST /xmlrpc.php HTTP/1.1" 200 249 "-" "Mozilla/5.0 (X11; Ubuntu; Linux x86_64; rv:62.0) Gecko/20100101 Firefox/62.0"
81.169.178.0 - - [28/Jun/2021:00:52:12 +0200] "POST /wp-cron.php?doing_wp_cron=1624834332.2736299037933349609375 HTTP/1.1" 200 - "https://www.computerdoc24.de/wp-cron.php?doing_wp_cron=1624834332.2736299037933349609375" "WordPress/5.2.11; https://www.computerdoc24.de"
81.169.178.0 - - [28/Jun/2021:00:52:12 +0200] "POST /wp-admin/admin-ajax.php?action=wordfence_testAjax HTTP/1.1" 200 32 "https://www.computerdoc24.de/wp-admin/admin-ajax.php?action=wordfence_testAjax" "WordPress/5.2.11; https://www.computerdoc24.de"
81.169.178.0 - - [28/Jun/2021:00:51:26 +0200] "GET /wp-admin/admin-ajax.php?action=wordfence_doScan&isFork=1&scanMode=standard&cronKey=712020aed6b0a1b866f20599bca80a43&signature=5fb8ba29811beead8639e4e5229e0d52389f3760ed0e9d8f2feab69b80446b0f HTTP/1.1" 200 - "-" "WordPress/5.2.11; https://www.computerdoc24.de"
81.169.178.0 - - [28/Jun/2021:00:52:58 +0200] "POST /wp-cron.php?doing_wp_cron=1624834378.3061420917510986328125 HTTP/1.1" 200 - "https://www.computerdoc24.de/wp-cron.php?doing_wp_cron=1624834378.3061420917510986328125" "WordPress/5.2.11; https://www.computerdoc24.de"
81.169.178.0 - - [28/Jun/2021:00:52:58 +0200] "POST /wp-admin/admin-ajax.php?action=wordfence_testAjax HTTP/1.1" 200 32 "https://www.computerdoc24.de/wp-admin/admin-ajax.php?action=wordfence_testAjax" "WordPress/5.2.11; https://www.computerdoc24.de"
81.169.178.0 - - [28/Jun/2021:00:52:12 +0200] "GET /wp-admin/admin-ajax.php?action=wordfence_doScan&isFork=1&scanMode=standard&cronKey=19b3b248ee87a87db216e315ba684b57&signature=63f4f44055d635a5b86da19d41974a35198eef0ae32d8138f9c4a593866954bf HTTP/1.1" 200 - "-" "WordPress/5.2.11; https://www.computerdoc24.de"
81.169.178.0 - - [28/Jun/2021:00:53:44 +0200] "POST /wp-cron.php?doing_wp_cron=1624834424.3699300289154052734375 HTTP/1.1" 200 - "https://www.computerdoc24.de/wp-cron.php?doing_wp_cron=1624834424.3699300289154052734375" "WordPress/5.2.11; https://www.computerdoc24.de"
81.169.178.0 - - [28/Jun/2021:00:53:44 +0200] "POST /wp-admin/admin-ajax.php?action=wordfence_testAjax HTTP/1.1" 200 32 "https://www.computerdoc24.de/wp-admin/admin-ajax.php?action=wordfence_testAjax" "WordPress/5.2.11; https://www.computerdoc24.de"
81.169.178.0 - - [28/Jun/2021:00:52:58 +0200] "GET /wp-admin/admin-ajax.php?action=wordfence_doScan&isFork=1&scanMode=standard&cronKey=fd6754e2e42d99d33a61b6e0e1cceee9&signature=f9a146ffa028842ab9a939119ab8756ec76465a2af2df0a1fce3d5bac575c795 HTTP/1.1" 200 - "-" "WordPress/5.2.11; https://www.computerdoc24.de"
192.241.221.0 - - [28/Jun/2021:00:54:16 +0200] "GET /manager/html HTTP/1.1" 404 2555 "-" "Mozilla/5.0 zgrab/0.x"
81.169.178.0 - - [28/Jun/2021:00:54:30 +0200] "POST /wp-cron.php?doing_wp_cron=1624834470.3300850391387939453125 HTTP/1.1" 200 - "https://www.computerdoc24.de/wp-cron.php?doing_wp_cron=1624834470.3300850391387939453125" "WordPress/5.2.11; https://www.computerdoc24.de"
81.169.178.0 - - [28/Jun/2021:00:54:30 +0200] "POST /wp-admin/admin-ajax.php?action=wordfence_testAjax HTTP/1.1" 200 32 "https://www.computerdoc24.de/wp-admin/admin-ajax.php?action=wordfence_testAjax" "WordPress/5.2.11; https://www.computerdoc24.de"
81.169.178.0 - - [28/Jun/2021:00:53:44 +0200] "GET /wp-admin/admin-ajax.php?action=wordfence_doScan&isFork=1&scanMode=standard&cronKey=26f980b875c0ec4df8febeb25b98d0fb&signature=ab8b1800b218b8cb6d85ff496c7915f1494189a127f4076405695b47fa93f0bb HTTP/1.1" 200 - "-" "WordPress/5.2.11; https://www.computerdoc24.de"
45.119.212.0 - - [28/Jun/2021:00:54:58 +0200] "GET /wp-login.php HTTP/1.1" 200 2238 "-" "Mozilla/5.0 (X11; Ubuntu; Linux x86_64; rv:62.0) Gecko/20100101 Firefox/62.0"
45.119.212.0 - - [28/Jun/2021:00:54:59 +0200] "POST /wp-login.php HTTP/1.1" 200 2589 "-" "Mozilla/5.0 (X11; Ubuntu; Linux x86_64; rv:62.0) Gecko/20100101 Firefox/62.0"
45.119.212.0 - - [28/Jun/2021:00:55:00 +0200] "POST /xmlrpc.php HTTP/1.1" 200 228 "-" "Mozilla/5.0 (X11; Ubuntu; Linux x86_64; rv:62.0) Gecko/20100101 Firefox/62.0"
114.119.138.0 - - [28/Jun/2021:00:55:13 +0200] "GET /product/aoc-e2270swhn-546cm-215 HTTP/1.1" 200 - "-" "Mozilla/5.0 (Linux; Android 7.0;) AppleWebKit/537.36 (KHTML, like Gecko) Mobile Safari/537.36 (compatible; PetalBot;+https://webmaster.petalsearch.com/site/petalbot)"
114.119.138.0 - - [28/Jun/2021:00:55:14 +0200] "GET /product/aoc-e2270swhn-546cm-215/ HTTP/1.1" 200 13722 "-" "Mozilla/5.0 (Linux; Android 7.0;) AppleWebKit/537.36 (KHTML, like Gecko) Mobile Safari/537.36 (compatible; PetalBot;+https://webmaster.petalsearch.com/site/petalbot)"
81.169.178.0 - - [28/Jun/2021:00:55:16 +0200] "POST /wp-admin/admin-ajax.php?action=wordfence_testAjax HTTP/1.1" 200 32 "https://www.computerdoc24.de/wp-admin/admin-ajax.php?action=wordfence_testAjax" "WordPress/5.2.11; https://www.computerdoc24.de"
35.227.106.0 - - [28/Jun/2021:00:55:16 +0200] "GET /robots.txt HTTP/1.0" 404 2607 "-" "ZoominfoBot (zoominfobot at zoominfo dot com)"
35.227.106.0 - - [28/Jun/2021:00:55:16 +0200] "GET /html/vorher_nachher.html HTTP/1.0" 200 2132 "-" "ZoominfoBot (zoominfobot at zoominfo dot com)"
81.169.178.0 - - [28/Jun/2021:00:54:30 +0200] "GET /wp-admin/admin-ajax.php?action=wordfence_doScan&isFork=1&scanMode=standard&cronKey=81bc9ededce80cb34b3315add5ed7a3b&signature=0e4c18df4d66c681c449607ec38653628931784c21a6d694647073d3b186a99a HTTP/1.1" 200 - "-" "WordPress/5.2.11; https://www.computerdoc24.de"
81.169.178.0 - - [28/Jun/2021:00:56:02 +0200] "POST /wp-cron.php?doing_wp_cron=1624834562.2677888870239257812500 HTTP/1.1" 200 - "https://www.computerdoc24.de/wp-cron.php?doing_wp_cron=1624834562.2677888870239257812500" "WordPress/5.2.11; https://www.computerdoc24.de"
81.169.178.0 - - [28/Jun/2021:00:56:02 +0200] "POST /wp-admin/admin-ajax.php?action=wordfence_testAjax HTTP/1.1" 200 32 "https://www.computerdoc24.de/wp-admin/admin-ajax.php?action=wordfence_testAjax" "WordPress/5.2.11; https://www.computerdoc24.de"
81.169.178.0 - - [28/Jun/2021:00:55:16 +0200] "GET /wp-admin/admin-ajax.php?action=wordfence_doScan&isFork=1&scanMode=standard&cronKey=8f04296bb799d76287418cf11856ac6d&signature=7b2ff0cb7a7031e55f1973b733a87df865a6b0860516fa9a4769be404facdf4c HTTP/1.1" 200 - "-" "WordPress/5.2.11; https://www.computerdoc24.de"
81.169.178.0 - - [28/Jun/2021:00:56:48 +0200] "POST /wp-cron.php?doing_wp_cron=1624834608.3481090068817138671875 HTTP/1.1" 200 - "https://www.computerdoc24.de/wp-cron.php?doing_wp_cron=1624834608.3481090068817138671875" "WordPress/5.2.11; https://www.computerdoc24.de"
81.169.178.0 - - [28/Jun/2021:00:56:48 +0200] "POST /wp-admin/admin-ajax.php?action=wordfence_testAjax HTTP/1.1" 200 32 "https://www.computerdoc24.de/wp-admin/admin-ajax.php?action=wordfence_testAjax" "WordPress/5.2.11; https://www.computerdoc24.de"
81.169.178.0 - - [28/Jun/2021:00:56:02 +0200] "GET /wp-admin/admin-ajax.php?action=wordfence_doScan&isFork=1&scanMode=standard&cronKey=61974d7810b0cb79e08c4699e3a92ffb&signature=97c9ec7f1a6c02fb6c0a845bda4dd5cd9c08bd53290cd347beae0f4ef098becb HTTP/1.1" 200 - "-" "WordPress/5.2.11; https://www.computerdoc24.de"
35.227.106.0 - - [28/Jun/2021:00:56:51 +0200] "GET /robots.txt HTTP/1.0" 404 2591 "-" "ZoominfoBot (zoominfobot at zoominfo dot com)"
35.227.106.0 - - [28/Jun/2021:00:56:52 +0200] "GET /html/referenzen.html HTTP/1.0" 200 2727 "-" "ZoominfoBot (zoominfobot at zoominfo dot com)"
81.169.178.0 - - [28/Jun/2021:00:57:34 +0200] "POST /wp-cron.php?doing_wp_cron=1624834654.2795419692993164062500 HTTP/1.1" 200 - "https://www.computerdoc24.de/wp-cron.php?doing_wp_cron=1624834654.2795419692993164062500" "WordPress/5.2.11; https://www.computerdoc24.de"
81.169.178.0 - - [28/Jun/2021:00:57:34 +0200] "POST /wp-admin/admin-ajax.php?action=wordfence_testAjax HTTP/1.1" 200 32 "https://www.computerdoc24.de/wp-admin/admin-ajax.php?action=wordfence_testAjax" "WordPress/5.2.11; https://www.computerdoc24.de"
