192.163.197.0 - - [28/Jun/2021:05:22:45 +0200] "POST /wp-login.php HTTP/1.1" 200 2850 "-" "Mozilla/5.0 (X11; Ubuntu; Linux x86_64; rv:62.0) Gecko/20100101 Firefox/62.0"
192.163.197.0 - - [28/Jun/2021:05:22:46 +0200] "POST /xmlrpc.php HTTP/1.1" 200 249 "-" "Mozilla/5.0 (X11; Ubuntu; Linux x86_64; rv:62.0) Gecko/20100101 Firefox/62.0"
81.169.178.0 - - [28/Jun/2021:05:25:53 +0200] "POST /wp-cron.php?doing_wp_cron=1624850753.1328239440917968750000 HTTP/1.1" 200 - "https://www.computerdoc24.de/wp-cron.php?doing_wp_cron=1624850753.1328239440917968750000" "WordPress/5.2.11; https://www.computerdoc24.de"
61.111.129.0 - - [28/Jun/2021:05:25:53 +0200] "GET /wp-login.php HTTP/1.1" 200 2238 "-" "Mozilla/5.0 (X11; Ubuntu; Linux x86_64; rv:62.0) Gecko/20100101 Firefox/62.0"
61.111.129.0 - - [28/Jun/2021:05:25:54 +0200] "POST /wp-login.php HTTP/1.1" 200 2589 "-" "Mozilla/5.0 (X11; Ubuntu; Linux x86_64; rv:62.0) Gecko/20100101 Firefox/62.0"
61.111.129.0 - - [28/Jun/2021:05:25:56 +0200] "POST /xmlrpc.php HTTP/1.1" 200 228 "-" "Mozilla/5.0 (X11; Ubuntu; Linux x86_64; rv:62.0) Gecko/20100101 Firefox/62.0"
23.228.109.0 - - [28/Jun/2021:05:27:49 +0200] "GET /fileupload/server/php/index.php?file=tf2rghf.jpg HTTP/1.1" 301 279 "http://www.google.com/" "Mozilla/5.0 (Windows NT 6.1; Win64; x64) AppleWebKit/537.36 (KHTML, like Gecko) Chrome/56.0.2896.3 Safari/537.36"
23.228.109.0 - - [28/Jun/2021:05:27:50 +0200] "GET /fileupload/server/php/index.php?file=tf2rghf.jpg HTTP/1.1" 200 - "http://www.google.com/" "Mozilla/5.0 (Windows NT 6.1; Win64; x64) AppleWebKit/537.36 (KHTML, like Gecko) Chrome/56.0.2896.3 Safari/537.36"
23.228.109.0 - - [28/Jun/2021:05:27:51 +0200] "GET /fileupload/server/php/?file=tf2rghf.jpg HTTP/1.1" 200 12208 "http://www.google.com/" "Mozilla/5.0 (Windows NT 6.1; Win64; x64) AppleWebKit/537.36 (KHTML, like Gecko) Chrome/56.0.2896.3 Safari/537.36"
114.119.139.0 - - [28/Jun/2021:05:29:33 +0200] "GET /ueber-uns/ipc-business-gmbh-firmeninformation/ HTTP/1.1" 200 11780 "-" "Mozilla/5.0 (Linux; Android 7.0;) AppleWebKit/537.36 (KHTML, like Gecko) Mobile Safari/537.36 (compatible; PetalBot;+https://webmaster.petalsearch.com/site/petalbot)"
217.255.88.0 - - [28/Jun/2021:05:33:27 +0200] "GET /favicon.ico HTTP/1.1" 404 2816 "https://www.reinigungsprofi-weck.de/" "Mozilla/5.0 (iPhone; CPU iPhone OS 14_6 like Mac OS X) AppleWebKit/605.1.15 (KHTML, like Gecko) Version/14.1.1 Mobile/15E148 Safari/604.1"
217.255.88.0 - - [28/Jun/2021:05:33:48 +0200] "-" 408 - "-" "-"
54.36.148.0 - - [28/Jun/2021:05:35:19 +0200] "GET /unsere-maerkte/feste-routen/ HTTP/1.1" 200 11177 "-" "Mozilla/5.0 (compatible; AhrefsBot/7.0; +http://ahrefs.com/robot/)"
81.169.178.0 - - [28/Jun/2021:05:36:03 +0200] "POST /wp-cron.php?doing_wp_cron=1624851363.4507510662078857421875 HTTP/1.1" 200 - "https://www.computerdoc24.de/wp-cron.php?doing_wp_cron=1624851363.4507510662078857421875" "WordPress/5.2.11; https://www.computerdoc24.de"
185.191.171.0 - - [28/Jun/2021:05:36:03 +0200] "GET /robots.txt HTTP/1.1" 200 69 "-" "Mozilla/5.0 (compatible; SemrushBot/7~bl; +http://www.semrush.com/bot.html)"
185.191.171.0 - - [28/Jun/2021:05:36:04 +0200] "GET /product/aoc-e2270swhn-546cm-215/ HTTP/1.1" 200 13749 "-" "Mozilla/5.0 (compatible; SemrushBot/7~bl; +http://www.semrush.com/bot.html)"
66.249.64.0 - - [28/Jun/2021:05:36:58 +0200] "GET /robots.txt HTTP/1.1" 301 295 "-" "Mozilla/5.0 (compatible; Googlebot/2.1; +http://www.google.com/bot.html)"
178.62.194.0 - - [28/Jun/2021:05:43:15 +0200] "\x16\x03\x01\x01\xfc\x01" 400 226 "-" "-"
104.131.68.0 - - [28/Jun/2021:05:46:57 +0200] "GET /wp-login.php HTTP/1.1" 200 2743 "-" "Mozilla/5.0 (X11; Ubuntu; Linux x86_64; rv:62.0) Gecko/20100101 Firefox/62.0"
104.131.68.0 - - [28/Jun/2021:05:47:03 +0200] "POST /wp-login.php HTTP/1.1" 200 2880 "-" "Mozilla/5.0 (X11; Ubuntu; Linux x86_64; rv:62.0) Gecko/20100101 Firefox/62.0"
104.131.68.0 - - [28/Jun/2021:05:47:04 +0200] "GET /wp-login.php HTTP/1.1" 200 2743 "-" "Mozilla/5.0 (X11; Ubuntu; Linux x86_64; rv:62.0) Gecko/20100101 Firefox/62.0"
114.119.146.0 - - [28/Jun/2021:05:49:49 +0200] "GET /fr/unsere-produkte-und-services/innovative-ladeeinheiten HTTP/1.1" 200 - "-" "Mozilla/5.0 (Linux; Android 7.0;) AppleWebKit/537.36 (KHTML, like Gecko) Mobile Safari/537.36 (compatible; PetalBot;+https://webmaster.petalsearch.com/site/petalbot)"
114.119.146.0 - - [28/Jun/2021:05:49:51 +0200] "GET /fr/unsere-produkte-und-services/innovative-ladeeinheiten/ HTTP/1.1" 200 10620 "-" "Mozilla/5.0 (Linux; Android 7.0;) AppleWebKit/537.36 (KHTML, like Gecko) Mobile Safari/537.36 (compatible; PetalBot;+https://webmaster.petalsearch.com/site/petalbot)"
203.171.21.0 - - [28/Jun/2021:05:50:38 +0200] "GET /wp-login.php HTTP/1.1" 200 2748 "-" "Mozilla/5.0 (X11; Ubuntu; Linux x86_64; rv:62.0) Gecko/20100101 Firefox/62.0"
203.171.21.0 - - [28/Jun/2021:05:50:40 +0200] "POST /wp-login.php HTTP/1.1" 200 2886 "-" "Mozilla/5.0 (X11; Ubuntu; Linux x86_64; rv:62.0) Gecko/20100101 Firefox/62.0"
203.171.21.0 - - [28/Jun/2021:05:50:42 +0200] "GET /wp-login.php HTTP/1.1" 200 2748 "-" "Mozilla/5.0 (X11; Ubuntu; Linux x86_64; rv:62.0) Gecko/20100101 Firefox/62.0"
203.171.21.0 - - [28/Jun/2021:05:50:43 +0200] "POST /wp-login.php HTTP/1.1" 200 2850 "-" "Mozilla/5.0 (X11; Ubuntu; Linux x86_64; rv:62.0) Gecko/20100101 Firefox/62.0"
203.171.21.0 - - [28/Jun/2021:05:50:46 +0200] "POST /xmlrpc.php HTTP/1.1" 200 249 "-" "Mozilla/5.0 (X11; Ubuntu; Linux x86_64; rv:62.0) Gecko/20100101 Firefox/62.0"
193.118.53.0 - - [28/Jun/2021:05:52:59 +0200] "GET / HTTP/1.1" 403 2409 "-" "Mozilla/5.0 (Windows NT 10.0; Win64; x64) AppleWebKit/537.36 (KHTML, like Gecko) Chrome/60.0.3112.113 Safari/537.36"
66.249.64.0 - - [28/Jun/2021:05:53:32 +0200] "GET /robots.txt HTTP/1.1" 301 297 "-" "Mozilla/5.0 (compatible; Googlebot/2.1; +http://www.google.com/bot.html)"
66.249.64.0 - - [28/Jun/2021:05:53:33 +0200] "GET /product/leistungsstarkes-17-zoll-hp-notebook/ HTTP/1.1" 301 332 "-" "Mozilla/5.0 (compatible; Googlebot/2.1; +http://www.google.com/bot.html)"
213.108.241.0 - - [28/Jun/2021:05:53:54 +0200] "GET /wp-login.php HTTP/1.1" 200 2238 "-" "Mozilla/5.0 (X11; Ubuntu; Linux x86_64; rv:62.0) Gecko/20100101 Firefox/62.0"
213.108.241.0 - - [28/Jun/2021:05:53:55 +0200] "POST /wp-login.php HTTP/1.1" 200 2589 "-" "Mozilla/5.0 (X11; Ubuntu; Linux x86_64; rv:62.0) Gecko/20100101 Firefox/62.0"
213.108.241.0 - - [28/Jun/2021:05:53:56 +0200] "POST /xmlrpc.php HTTP/1.1" 200 228 "-" "Mozilla/5.0 (X11; Ubuntu; Linux x86_64; rv:62.0) Gecko/20100101 Firefox/62.0"
81.169.178.0 - - [28/Jun/2021:05:53:54 +0200] "POST /wp-cron.php?doing_wp_cron=1624852434.1917870044708251953125 HTTP/1.1" 200 - "https://www.computerdoc24.de/wp-cron.php?doing_wp_cron=1624852434.1917870044708251953125" "WordPress/5.2.11; https://www.computerdoc24.de"
77.64.147.0 - - [28/Jun/2021:05:54:24 +0200] "GET / HTTP/1.1" 200 2590 "https://www.crowdyfan.com/" "Mozilla/5.0 (Linux; Android 10; Redmi Note 8 Build/QKQ1.200114.002; wv) AppleWebKit/537.36 (KHTML, like Gecko) Version/4.0 Chrome/91.0.4472.120 Mobile Safari/537.36"
77.64.147.0 - - [28/Jun/2021:05:54:26 +0200] "GET /assets/rollover.js HTTP/1.1" 200 5145 "https://www.reinigungsprofi-weck.de/" "Mozilla/5.0 (Linux; Android 10; Redmi Note 8 Build/QKQ1.200114.002; wv) AppleWebKit/537.36 (KHTML, like Gecko) Version/4.0 Chrome/91.0.4472.120 Mobile Safari/537.36"
77.64.147.0 - - [28/Jun/2021:05:54:26 +0200] "GET /html/fusion.css HTTP/1.1" 200 1161 "https://www.reinigungsprofi-weck.de/" "Mozilla/5.0 (Linux; Android 10; Redmi Note 8 Build/QKQ1.200114.002; wv) AppleWebKit/537.36 (KHTML, like Gecko) Version/4.0 Chrome/91.0.4472.120 Mobile Safari/537.36"
77.64.147.0 - - [28/Jun/2021:05:54:26 +0200] "GET /html/style.css HTTP/1.1" 200 458 "https://www.reinigungsprofi-weck.de/" "Mozilla/5.0 (Linux; Android 10; Redmi Note 8 Build/QKQ1.200114.002; wv) AppleWebKit/537.36 (KHTML, like Gecko) Version/4.0 Chrome/91.0.4472.120 Mobile Safari/537.36"
77.64.147.0 - - [28/Jun/2021:05:54:26 +0200] "GET /html/site.css HTTP/1.1" 200 88 "https://www.reinigungsprofi-weck.de/" "Mozilla/5.0 (Linux; Android 10; Redmi Note 8 Build/QKQ1.200114.002; wv) AppleWebKit/537.36 (KHTML, like Gecko) Version/4.0 Chrome/91.0.4472.120 Mobile Safari/537.36"
77.64.147.0 - - [28/Jun/2021:05:54:26 +0200] "GET /header_l.gif HTTP/1.1" 200 7358 "https://www.reinigungsprofi-weck.de/" "Mozilla/5.0 (Linux; Android 10; Redmi Note 8 Build/QKQ1.200114.002; wv) AppleWebKit/537.36 (KHTML, like Gecko) Version/4.0 Chrome/91.0.4472.120 Mobile Safari/537.36"
77.64.147.0 - - [28/Jun/2021:05:54:26 +0200] "GET /subheader_bl.gif HTTP/1.1" 200 1883 "https://www.reinigungsprofi-weck.de/" "Mozilla/5.0 (Linux; Android 10; Redmi Note 8 Build/QKQ1.200114.002; wv) AppleWebKit/537.36 (KHTML, like Gecko) Version/4.0 Chrome/91.0.4472.120 Mobile Safari/537.36"
77.64.147.0 - - [28/Jun/2021:05:54:26 +0200] "GET /subheader_br.gif HTTP/1.1" 200 1693 "https://www.reinigungsprofi-weck.de/" "Mozilla/5.0 (Linux; Android 10; Redmi Note 8 Build/QKQ1.200114.002; wv) AppleWebKit/537.36 (KHTML, like Gecko) Version/4.0 Chrome/91.0.4472.120 Mobile Safari/537.36"
77.64.147.0 - - [28/Jun/2021:05:54:26 +0200] "GET /subheader_l.gif HTTP/1.1" 200 2832 "https://www.reinigungsprofi-weck.de/" "Mozilla/5.0 (Linux; Android 10; Redmi Note 8 Build/QKQ1.200114.002; wv) AppleWebKit/537.36 (KHTML, like Gecko) Version/4.0 Chrome/91.0.4472.120 Mobile Safari/537.36"
77.64.147.0 - - [28/Jun/2021:05:54:26 +0200] "GET /subheader_r.gif HTTP/1.1" 200 1036 "https://www.reinigungsprofi-weck.de/" "Mozilla/5.0 (Linux; Android 10; Redmi Note 8 Build/QKQ1.200114.002; wv) AppleWebKit/537.36 (KHTML, like Gecko) Version/4.0 Chrome/91.0.4472.120 Mobile Safari/537.36"
77.64.147.0 - - [28/Jun/2021:05:54:26 +0200] "GET /assets/images/autogen/Spezialreinigung-_Hhighlighted_1_1.gif HTTP/1.1" 200 1750 "https://www.reinigungsprofi-weck.de/" "Mozilla/5.0 (Linux; Android 10; Redmi Note 8 Build/QKQ1.200114.002; wv) AppleWebKit/537.36 (KHTML, like Gecko) Version/4.0 Chrome/91.0.4472.120 Mobile Safari/537.36"
77.64.147.0 - - [28/Jun/2021:05:54:26 +0200] "GET /assets/images/autogen/Kontakt_Nregular_1_1.gif HTTP/1.1" 200 1596 "https://www.reinigungsprofi-weck.de/" "Mozilla/5.0 (Linux; Android 10; Redmi Note 8 Build/QKQ1.200114.002; wv) AppleWebKit/537.36 (KHTML, like Gecko) Version/4.0 Chrome/91.0.4472.120 Mobile Safari/537.36"
77.64.147.0 - - [28/Jun/2021:05:54:26 +0200] "GET /assets/images/autogen/Referenzen_Nregular_1_1.gif HTTP/1.1" 200 1249 "https://www.reinigungsprofi-weck.de/" "Mozilla/5.0 (Linux; Android 10; Redmi Note 8 Build/QKQ1.200114.002; wv) AppleWebKit/537.36 (KHTML, like Gecko) Version/4.0 Chrome/91.0.4472.120 Mobile Safari/537.36"
77.64.147.0 - - [28/Jun/2021:05:54:26 +0200] "GET /assets/images/autogen/Anfahrtskosten_Nregular_1_1.gif HTTP/1.1" 200 1732 "https://www.reinigungsprofi-weck.de/" "Mozilla/5.0 (Linux; Android 10; Redmi Note 8 Build/QKQ1.200114.002; wv) AppleWebKit/537.36 (KHTML, like Gecko) Version/4.0 Chrome/91.0.4472.120 Mobile Safari/537.36"
77.64.147.0 - - [28/Jun/2021:05:54:26 +0200] "GET /assets/images/autogen/Vorher-Nachher_Nregular_1_1.gif HTTP/1.1" 200 1718 "https://www.reinigungsprofi-weck.de/" "Mozilla/5.0 (Linux; Android 10; Redmi Note 8 Build/QKQ1.200114.002; wv) AppleWebKit/537.36 (KHTML, like Gecko) Version/4.0 Chrome/91.0.4472.120 Mobile Safari/537.36"
77.64.147.0 - - [28/Jun/2021:05:54:26 +0200] "GET /assets/images/autogen/Impressum_Nregular_1_1.gif HTTP/1.1" 200 1218 "https://www.reinigungsprofi-weck.de/" "Mozilla/5.0 (Linux; Android 10; Redmi Note 8 Build/QKQ1.200114.002; wv) AppleWebKit/537.36 (KHTML, like Gecko) Version/4.0 Chrome/91.0.4472.120 Mobile Safari/537.36"
77.64.147.0 - - [28/Jun/2021:05:54:26 +0200] "GET /kv_none_poetic_cream_none_1.gif HTTP/1.1" 200 248 "https://www.reinigungsprofi-weck.de/" "Mozilla/5.0 (Linux; Android 10; Redmi Note 8 Build/QKQ1.200114.002; wv) AppleWebKit/537.36 (KHTML, like Gecko) Version/4.0 Chrome/91.0.4472.120 Mobile Safari/537.36"
77.64.147.0 - - [28/Jun/2021:05:54:26 +0200] "GET /assets/images/subheader_bak.gif HTTP/1.1" 200 44 "https://www.reinigungsprofi-weck.de/" "Mozilla/5.0 (Linux; Android 10; Redmi Note 8 Build/QKQ1.200114.002; wv) AppleWebKit/537.36 (KHTML, like Gecko) Version/4.0 Chrome/91.0.4472.120 Mobile Safari/537.36"
77.64.147.0 - - [28/Jun/2021:05:54:26 +0200] "GET /assets/images/autogen/clearpixel.gif HTTP/1.1" 200 43 "https://www.reinigungsprofi-weck.de/" "Mozilla/5.0 (Linux; Android 10; Redmi Note 8 Build/QKQ1.200114.002; wv) AppleWebKit/537.36 (KHTML, like Gecko) Version/4.0 Chrome/91.0.4472.120 Mobile Safari/537.36"
77.64.147.0 - - [28/Jun/2021:05:54:26 +0200] "GET /assets/images/body_bak1.gif HTTP/1.1" 200 49 "https://www.reinigungsprofi-weck.de/" "Mozilla/5.0 (Linux; Android 10; Redmi Note 8 Build/QKQ1.200114.002; wv) AppleWebKit/537.36 (KHTML, like Gecko) Version/4.0 Chrome/91.0.4472.120 Mobile Safari/537.36"
77.64.147.0 - - [28/Jun/2021:05:54:26 +0200] "GET /assets/images/body_bak.gif HTTP/1.1" 200 49 "https://www.reinigungsprofi-weck.de/html/style.css" "Mozilla/5.0 (Linux; Android 10; Redmi Note 8 Build/QKQ1.200114.002; wv) AppleWebKit/537.36 (KHTML, like Gecko) Version/4.0 Chrome/91.0.4472.120 Mobile Safari/537.36"
77.64.147.0 - - [28/Jun/2021:05:54:26 +0200] "GET /favicon.ico HTTP/1.1" 404 2816 "https://www.reinigungsprofi-weck.de/" "Mozilla/5.0 (Linux; Android 10; Redmi Note 8 Build/QKQ1.200114.002; wv) AppleWebKit/537.36 (KHTML, like Gecko) Version/4.0 Chrome/91.0.4472.120 Mobile Safari/537.36"
:: - - [28/Jun/2021:05:54:32 +0200] "OPTIONS * HTTP/1.0" 200 - "-" "Apache/2.4.6 (CentOS) OpenSSL/1.0.2k-fips mod_fcgid/2.3.9 (internal dummy connection)"
81.169.178.0 - - [28/Jun/2021:05:57:54 +0200] "POST /wp-cron.php?doing_wp_cron=1624852674.6835141181945800781250 HTTP/1.1" 200 - "https://www.computerdoc24.de/wp-cron.php?doing_wp_cron=1624852674.6835141181945800781250" "WordPress/5.2.11; https://www.computerdoc24.de"
114.119.138.0 - - [28/Jun/2021:05:57:54 +0200] "GET /product/schneller-arbeits-und-internet-pc-3/ HTTP/1.1" 200 13855 "-" "Mozilla/5.0 (Linux; Android 7.0;) AppleWebKit/537.36 (KHTML, like Gecko) Mobile Safari/537.36 (compatible; PetalBot;+https://webmaster.petalsearch.com/site/petalbot)"
54.36.149.0 - - [28/Jun/2021:06:06:03 +0200] "GET /robots.txt HTTP/1.1" 200 2691 "-" "Mozilla/5.0 (compatible; AhrefsBot/7.0; +http://ahrefs.com/robot/)"
54.36.148.0 - - [28/Jun/2021:06:06:04 +0200] "GET / HTTP/1.1" 200 2691 "-" "Mozilla/5.0 (compatible; AhrefsBot/7.0; +http://ahrefs.com/robot/)"
81.169.178.0 - - [28/Jun/2021:06:12:51 +0200] "POST /wp-cron.php?doing_wp_cron=1624853571.6641530990600585937500 HTTP/1.1" 200 - "https://www.computerdoc24.de/wp-cron.php?doing_wp_cron=1624853571.6641530990600585937500" "WordPress/5.2.11; https://www.computerdoc24.de"
103.90.232.0 - - [28/Jun/2021:06:12:51 +0200] "POST /wp-login.php HTTP/1.1" 503 7060 "-" "Mozilla/5.0 (Windows; U; Windows NT 5.1; en-US) AppleWebKit/533.4 (KHTML, like Gecko) Chrome/5.0.375.99 Safari/533.4"
81.169.178.0 - - [28/Jun/2021:06:13:46 +0200] "POST /wp-cron.php?doing_wp_cron=1624853625.8879640102386474609375 HTTP/1.1" 200 - "https://www.ipcbusiness.de/wp-cron.php?doing_wp_cron=1624853625.8879640102386474609375" "WordPress/5.6.4; https://www.ipcbusiness.de/it"
114.119.154.0 - - [28/Jun/2021:06:13:45 +0200] "GET /it/linieninformationen HTTP/1.1" 200 - "-" "Mozilla/5.0 (Linux; Android 7.0;) AppleWebKit/537.36 (KHTML, like Gecko) Mobile Safari/537.36 (compatible; PetalBot;+https://webmaster.petalsearch.com/site/petalbot)"
114.119.154.0 - - [28/Jun/2021:06:13:48 +0200] "GET /it/linieninformationen/ HTTP/1.1" 200 11911 "-" "Mozilla/5.0 (Linux; Android 7.0;) AppleWebKit/537.36 (KHTML, like Gecko) Mobile Safari/537.36 (compatible; PetalBot;+https://webmaster.petalsearch.com/site/petalbot)"
159.89.99.0 - - [28/Jun/2021:06:15:16 +0200] "GET /wp-login.php HTTP/1.1" 200 2743 "-" "Mozilla/5.0 (X11; Ubuntu; Linux x86_64; rv:62.0) Gecko/20100101 Firefox/62.0"
159.89.99.0 - - [28/Jun/2021:06:15:16 +0200] "POST /wp-login.php HTTP/1.1" 200 2880 "-" "Mozilla/5.0 (X11; Ubuntu; Linux x86_64; rv:62.0) Gecko/20100101 Firefox/62.0"
159.89.99.0 - - [28/Jun/2021:06:15:17 +0200] "GET /wp-login.php HTTP/1.1" 200 2743 "-" "Mozilla/5.0 (X11; Ubuntu; Linux x86_64; rv:62.0) Gecko/20100101 Firefox/62.0"
159.89.99.0 - - [28/Jun/2021:06:15:18 +0200] "POST /wp-login.php HTTP/1.1" 200 2844 "-" "Mozilla/5.0 (X11; Ubuntu; Linux x86_64; rv:62.0) Gecko/20100101 Firefox/62.0"
159.89.99.0 - - [28/Jun/2021:06:15:18 +0200] "POST /xmlrpc.php HTTP/1.1" 200 249 "-" "Mozilla/5.0 (X11; Ubuntu; Linux x86_64; rv:62.0) Gecko/20100101 Firefox/62.0"
114.119.149.0 - - [28/Jun/2021:06:17:17 +0200] "GET /fr/unsere-produkte-und-services/kombiverkehr-gruener-transport/ HTTP/1.1" 200 10788 "-" "Mozilla/5.0 (Linux; Android 7.0;) AppleWebKit/537.36 (KHTML, like Gecko) Mobile Safari/537.36 (compatible; PetalBot;+https://webmaster.petalsearch.com/site/petalbot)"
81.169.178.0 - - [28/Jun/2021:06:17:22 +0200] "POST /wp-cron.php?doing_wp_cron=1624853842.7470819950103759765625 HTTP/1.1" 200 - "https://www.computerdoc24.de/wp-cron.php?doing_wp_cron=1624853842.7470819950103759765625" "WordPress/5.2.11; https://www.computerdoc24.de"
95.91.75.0 - - [28/Jun/2021:06:17:22 +0200] "GET /robots.txt HTTP/1.1" 200 67 "-" "Mozilla/5.0 (compatible; MJ12bot/v1.4.8; http://mj12bot.com/)"
81.169.178.0 - - [28/Jun/2021:06:17:31 +0200] "POST /wp-cron.php?doing_wp_cron=1624853851.7595260143280029296875 HTTP/1.1" 200 - "https://www.computerdoc24.de/wp-cron.php?doing_wp_cron=1624853851.7595260143280029296875" "WordPress/5.2.11; https://www.computerdoc24.de"
95.91.75.0 - - [28/Jun/2021:06:17:31 +0200] "GET /service/feed/ HTTP/1.1" 200 436 "-" "Mozilla/5.0 (compatible; MJ12bot/v1.4.8; http://mj12bot.com/)"
61.111.129.0 - - [28/Jun/2021:06:17:34 +0200] "GET /wp-login.php HTTP/1.1" 200 2748 "-" "Mozilla/5.0 (X11; Ubuntu; Linux x86_64; rv:62.0) Gecko/20100101 Firefox/62.0"
61.111.129.0 - - [28/Jun/2021:06:17:35 +0200] "POST /wp-login.php HTTP/1.1" 200 2886 "-" "Mozilla/5.0 (X11; Ubuntu; Linux x86_64; rv:62.0) Gecko/20100101 Firefox/62.0"
61.111.129.0 - - [28/Jun/2021:06:17:37 +0200] "GET /wp-login.php HTTP/1.1" 200 2748 "-" "Mozilla/5.0 (X11; Ubuntu; Linux x86_64; rv:62.0) Gecko/20100101 Firefox/62.0"
61.111.129.0 - - [28/Jun/2021:06:17:38 +0200] "POST /wp-login.php HTTP/1.1" 200 2850 "-" "Mozilla/5.0 (X11; Ubuntu; Linux x86_64; rv:62.0) Gecko/20100101 Firefox/62.0"
61.111.129.0 - - [28/Jun/2021:06:17:40 +0200] "POST /xmlrpc.php HTTP/1.1" 200 249 "-" "Mozilla/5.0 (X11; Ubuntu; Linux x86_64; rv:62.0) Gecko/20100101 Firefox/62.0"
95.91.75.0 - - [28/Jun/2021:06:17:41 +0200] "GET /software/feed/ HTTP/1.1" 200 438 "-" "Mozilla/5.0 (compatible; MJ12bot/v1.4.8; http://mj12bot.com/)"
81.169.144.0 - - [28/Jun/2021:06:19:14 +0200] "POST /wp-cron.php?doing_wp_cron=1624853954.9050989151000976562500 HTTP/1.1" 200 - "https://www.computerdoc24.de/wp-cron.php?doing_wp_cron=1624853954.9050989151000976562500" "WordPress/5.2.2; https://www.computerdoc24.de"
81.169.144.0 - - [28/Jun/2021:06:19:14 +0200] "POST /wp-cron.php?doing_wp_cron=1624853954.9089150428771972656250 HTTP/1.1" 200 - "https://www.computerdoc24.de/wp-cron.php?doing_wp_cron=1624853954.9089150428771972656250" "WordPress/5.2.2; https://www.computerdoc24.de"
81.169.178.0 - - [28/Jun/2021:06:19:16 +0200] "POST /wp-cron.php?doing_wp_cron=1624853956.2953190803527832031250 HTTP/1.1" 200 - "https://www.computerdoc24.de/wp-cron.php?doing_wp_cron=1624853956.2953190803527832031250" "WordPress/5.2.11; https://www.computerdoc24.de"
191.101.31.0 - - [28/Jun/2021:06:19:16 +0200] "GET /wp-admin/ HTTP/1.1" 302 - "-" "Mozilla/5.0 (X11; Ubuntu; Linux x86_64; rv:62.0) Gecko/20100101 Firefox/62.0"
191.101.31.0 - - [28/Jun/2021:06:19:16 +0200] "GET /wp-login.php?redirect_to=https%3A%2F%2Fwww.computerdoc24.de%2Fwp-admin%2F&reauth=1 HTTP/1.1" 200 8144 "-" "Mozilla/5.0 (X11; Ubuntu; Linux x86_64; rv:62.0) Gecko/20100101 Firefox/62.0"
114.119.154.0 - - [28/Jun/2021:06:20:11 +0200] "GET /pl/unsere-produkte-und-services/innovative-ladeeinheiten/ HTTP/1.1" 200 10690 "-" "Mozilla/5.0 (Linux; Android 7.0;) AppleWebKit/537.36 (KHTML, like Gecko) Mobile Safari/537.36 (compatible; PetalBot;+https://webmaster.petalsearch.com/site/petalbot)"
81.169.178.0 - - [28/Jun/2021:06:20:13 +0200] "POST /wp-cron.php?doing_wp_cron=1624854013.5347869396209716796875 HTTP/1.1" 200 - "http://www.computerdoc24.de/wp-cron.php?doing_wp_cron=1624854013.5347869396209716796875" "WordPress/5.2.11; https://www.computerdoc24.de"
167.114.173.0 - - [28/Jun/2021:06:20:13 +0200] "GET /robots.txt HTTP/1.1" 200 - "-" "Mozilla/5.0 (compatible; MJ12bot/v1.4.8; http://mj12bot.com/)"
81.169.144.0 - - [28/Jun/2021:06:20:20 +0200] "POST /wp-cron.php?doing_wp_cron=1624854020.6881980895996093750000 HTTP/1.1" 200 - "https://www.computerdoc24.de/wp-cron.php?doing_wp_cron=1624854020.6881980895996093750000" "WordPress/5.2.2; https://www.computerdoc24.de"
167.114.173.0 - - [28/Jun/2021:06:20:26 +0200] "GET /robots.txt HTTP/1.1" 200 67 "-" "Mozilla/5.0 (compatible; MJ12bot/v1.4.8; http://mj12bot.com/)"
81.169.178.0 - - [28/Jun/2021:06:20:32 +0200] "POST /wp-cron.php?doing_wp_cron=1624854032.1364641189575195312500 HTTP/1.1" 200 - "https://www.computerdoc24.de/wp-cron.php?doing_wp_cron=1624854032.1364641189575195312500" "WordPress/5.2.11; https://www.computerdoc24.de"
103.132.124.0 - - [28/Jun/2021:06:20:32 +0200] "GET /wp-login.php HTTP/1.1" 200 2238 "-" "Mozilla/5.0 (X11; Ubuntu; Linux x86_64; rv:62.0) Gecko/20100101 Firefox/62.0"
103.132.124.0 - - [28/Jun/2021:06:20:33 +0200] "POST /wp-login.php HTTP/1.1" 200 2589 "-" "Mozilla/5.0 (X11; Ubuntu; Linux x86_64; rv:62.0) Gecko/20100101 Firefox/62.0"
103.132.124.0 - - [28/Jun/2021:06:20:35 +0200] "POST /xmlrpc.php HTTP/1.1" 200 228 "-" "Mozilla/5.0 (X11; Ubuntu; Linux x86_64; rv:62.0) Gecko/20100101 Firefox/62.0"
167.114.173.0 - - [28/Jun/2021:06:20:59 +0200] "GET / HTTP/1.1" 301 - "-" "Mozilla/5.0 (compatible; MJ12bot/v1.4.8; http://mj12bot.com/)"
167.114.173.0 - - [28/Jun/2021:06:21:39 +0200] "GET / HTTP/1.1" 200 16468 "-" "Mozilla/5.0 (compatible; MJ12bot/v1.4.8; http://mj12bot.com/)"
44.242.155.0 - - [28/Jun/2021:06:23:36 +0200] "GET / HTTP/1.1" 403 2411 "-" "Mozilla/5.0 (Macintosh; Intel Mac OS X 10_11_5) AppleWebKit/537.36 (KHTML, like Gecko) Chrome/50.0.2661.102 Safari/537.36"
114.119.137.0 - - [28/Jun/2021:06:25:27 +0200] "GET /it/unsere-maerkte/destinationen/ HTTP/1.1" 200 10440 "-" "Mozilla/5.0 (Linux; Android 7.0;) AppleWebKit/537.36 (KHTML, like Gecko) Mobile Safari/537.36 (compatible; PetalBot;+https://webmaster.petalsearch.com/site/petalbot)"
188.212.203.0 - - [28/Jun/2021:06:27:07 +0200] "GET / HTTP/1.1" 403 2409 "-" "Mozilla/5.0 (Windows NT 6.1; WOW64) AppleWebKit/537.36 (KHTML, like Gecko) Chrome/52.0.2743.116 Safari/537.36"
66.249.64.0 - - [28/Jun/2021:06:28:47 +0200] "GET /robots.txt HTTP/1.1" 200 2691 "-" "Mozilla/5.0 (compatible; Googlebot/2.1; +http://www.google.com/bot.html)"
66.249.64.0 - - [28/Jun/2021:06:28:47 +0200] "GET / HTTP/1.1" 200 2691 "-" "Mozilla/5.0 (Linux; Android 6.0.1; Nexus 5X Build/MMB29P) AppleWebKit/537.36 (KHTML, like Gecko) Chrome/91.0.4472.90 Mobile Safari/537.36 (compatible; Googlebot/2.1; +http://www.google.com/bot.html)"
207.46.13.0 - - [28/Jun/2021:06:30:17 +0200] "GET /intl/de/about.html HTTP/1.1" 200 2691 "-" "Mozilla/5.0 (compatible; bingbot/2.0; +http://www.bing.com/bingbot.htm)"
114.119.137.0 - - [28/Jun/2021:06:30:37 +0200] "GET /es/unsere-produkte-und-services HTTP/1.1" 200 - "-" "Mozilla/5.0 (Linux; Android 7.0;) AppleWebKit/537.36 (KHTML, like Gecko) Mobile Safari/537.36 (compatible; PetalBot;+https://webmaster.petalsearch.com/site/petalbot)"
114.119.137.0 - - [28/Jun/2021:06:30:39 +0200] "GET /es/unsere-produkte-und-services/ HTTP/1.1" 200 10436 "-" "Mozilla/5.0 (Linux; Android 7.0;) AppleWebKit/537.36 (KHTML, like Gecko) Mobile Safari/537.36 (compatible; PetalBot;+https://webmaster.petalsearch.com/site/petalbot)"
81.169.178.0 - - [28/Jun/2021:06:32:58 +0200] "POST /wp-cron.php?doing_wp_cron=1624854777.8335239887237548828125 HTTP/1.1" 200 - "https://www.computerdoc24.de/wp-cron.php?doing_wp_cron=1624854777.8335239887237548828125" "WordPress/5.2.11; https://www.computerdoc24.de"
79.173.90.0 - - [28/Jun/2021:06:32:57 +0200] "GET /kontakt/ HTTP/1.0" 200 43441 "https://www.computerdoc24.de/kontakt/" "Mozilla/5.0 (Windows NT 6.1; Win64; x64) AppleWebKit/537.36 (KHTML, like Gecko) Chrome/83.0.4103.61 Safari/537.36"
79.173.90.0 - - [28/Jun/2021:06:32:59 +0200] "POST /wp-json/contact-form-7/v1/contact-forms/2118/feedback HTTP/1.0" 200 225 "https://www.computerdoc24.de/kontakt/" "Mozilla/5.0 (Windows NT 6.1; Win64; x64) AppleWebKit/537.36 (KHTML, like Gecko) Chrome/83.0.4103.61 Safari/537.36"
196.196.41.0 - - [28/Jun/2021:06:34:41 +0200] "GET / HTTP/1.1" 403 2409 "-" "-"
83.103.131.0 - - [28/Jun/2021:06:36:35 +0200] "GET /wp-login.php HTTP/1.1" 200 2743 "-" "Mozilla/5.0 (X11; Ubuntu; Linux x86_64; rv:62.0) Gecko/20100101 Firefox/62.0"
83.103.131.0 - - [28/Jun/2021:06:36:38 +0200] "POST /wp-login.php HTTP/1.1" 200 2880 "-" "Mozilla/5.0 (X11; Ubuntu; Linux x86_64; rv:62.0) Gecko/20100101 Firefox/62.0"
83.103.131.0 - - [28/Jun/2021:06:36:41 +0200] "GET /wp-login.php HTTP/1.1" 200 2743 "-" "Mozilla/5.0 (X11; Ubuntu; Linux x86_64; rv:62.0) Gecko/20100101 Firefox/62.0"
83.103.131.0 - - [28/Jun/2021:06:36:43 +0200] "POST /wp-login.php HTTP/1.1" 200 2878 "-" "Mozilla/5.0 (X11; Ubuntu; Linux x86_64; rv:62.0) Gecko/20100101 Firefox/62.0"
83.103.131.0 - - [28/Jun/2021:06:36:45 +0200] "POST /xmlrpc.php HTTP/1.1" 200 249 "-" "Mozilla/5.0 (X11; Ubuntu; Linux x86_64; rv:62.0) Gecko/20100101 Firefox/62.0"
167.71.63.0 - - [28/Jun/2021:06:36:50 +0200] "GET /wp-login.php HTTP/1.1" 200 2748 "-" "Mozilla/5.0 (X11; Ubuntu; Linux x86_64; rv:62.0) Gecko/20100101 Firefox/62.0"
167.71.63.0 - - [28/Jun/2021:06:36:52 +0200] "POST /wp-login.php HTTP/1.1" 200 2886 "-" "Mozilla/5.0 (X11; Ubuntu; Linux x86_64; rv:62.0) Gecko/20100101 Firefox/62.0"
167.71.63.0 - - [28/Jun/2021:06:36:53 +0200] "GET /wp-login.php HTTP/1.1" 200 2748 "-" "Mozilla/5.0 (X11; Ubuntu; Linux x86_64; rv:62.0) Gecko/20100101 Firefox/62.0"
167.71.63.0 - - [28/Jun/2021:06:36:57 +0200] "POST /wp-login.php HTTP/1.1" 200 2884 "-" "Mozilla/5.0 (X11; Ubuntu; Linux x86_64; rv:62.0) Gecko/20100101 Firefox/62.0"
167.71.63.0 - - [28/Jun/2021:06:36:59 +0200] "POST /xmlrpc.php HTTP/1.1" 200 249 "-" "Mozilla/5.0 (X11; Ubuntu; Linux x86_64; rv:62.0) Gecko/20100101 Firefox/62.0"
81.169.178.0 - - [28/Jun/2021:06:38:05 +0200] "POST /wp-cron.php?doing_wp_cron=1624855085.2137060165405273437500 HTTP/1.1" 200 - "https://www.computerdoc24.de/wp-cron.php?doing_wp_cron=1624855085.2137060165405273437500" "WordPress/5.2.11; https://www.computerdoc24.de"
37.17.230.0 - - [28/Jun/2021:06:38:05 +0200] "GET /wp-login.php HTTP/1.1" 200 2238 "-" "Mozilla/5.0 (X11; Ubuntu; Linux x86_64; rv:62.0) Gecko/20100101 Firefox/62.0"
37.17.230.0 - - [28/Jun/2021:06:38:05 +0200] "POST /wp-login.php HTTP/1.1" 200 2589 "-" "Mozilla/5.0 (X11; Ubuntu; Linux x86_64; rv:62.0) Gecko/20100101 Firefox/62.0"
37.17.230.0 - - [28/Jun/2021:06:38:06 +0200] "POST /xmlrpc.php HTTP/1.1" 503 7057 "-" "Mozilla/5.0 (X11; Ubuntu; Linux x86_64; rv:62.0) Gecko/20100101 Firefox/62.0"
35.229.125.0 - - [28/Jun/2021:06:39:12 +0200] "GET /robots.txt HTTP/1.0" 404 2607 "-" "ZoominfoBot (zoominfobot at zoominfo dot com)"
35.229.125.0 - - [28/Jun/2021:06:39:12 +0200] "GET /html/vorher_nachher.html HTTP/1.0" 200 2132 "-" "ZoominfoBot (zoominfobot at zoominfo dot com)"
35.229.125.0 - - [28/Jun/2021:06:41:10 +0200] "GET /robots.txt HTTP/1.0" 404 2591 "-" "ZoominfoBot (zoominfobot at zoominfo dot com)"
35.229.125.0 - - [28/Jun/2021:06:41:10 +0200] "GET /html/referenzen.html HTTP/1.0" 200 2727 "-" "ZoominfoBot (zoominfobot at zoominfo dot com)"
116.62.49.0 - - [28/Jun/2021:06:41:29 +0200] "-" 408 - "-" "-"
81.169.178.0 - - [28/Jun/2021:06:41:37 +0200] "POST /wp-cron.php?doing_wp_cron=1624855297.7195520401000976562500 HTTP/1.1" 200 - "https://www.computerdoc24.de/wp-cron.php?doing_wp_cron=1624855297.7195520401000976562500" "WordPress/5.2.11; https://www.computerdoc24.de"
202.172.28.0 - - [28/Jun/2021:06:41:37 +0200] "POST /wp-login.php HTTP/1.1" 200 2637 "-" "Mozilla/5.0 (Windows NT 5.1) AppleWebKit/537.36 (KHTML, like Gecko) Chrome/47.0.2526.106 Safari/537.36"
81.169.178.0 - - [28/Jun/2021:06:43:37 +0200] "POST /wp-cron.php?doing_wp_cron=1624855417.1818430423736572265625 HTTP/1.1" 200 - "https://www.computerdoc24.de/wp-cron.php?doing_wp_cron=1624855417.1818430423736572265625" "WordPress/5.2.11; https://www.computerdoc24.de"
185.191.171.0 - - [28/Jun/2021:06:43:37 +0200] "GET /robots.txt HTTP/1.1" 200 69 "-" "Mozilla/5.0 (compatible; SemrushBot/7~bl; +http://www.semrush.com/bot.html)"
185.191.171.0 - - [28/Jun/2021:06:43:37 +0200] "GET /product/arbeits-und-internet-pc-2/ HTTP/1.1" 200 13723 "-" "Mozilla/5.0 (compatible; SemrushBot/7~bl; +http://www.semrush.com/bot.html)"
114.119.128.0 - - [28/Jun/2021:06:45:00 +0200] "GET /it/unsere-maerkte/feste-routen HTTP/1.1" 200 - "-" "Mozilla/5.0 (Linux; Android 7.0;) AppleWebKit/537.36 (KHTML, like Gecko) Mobile Safari/537.36 (compatible; PetalBot;+https://webmaster.petalsearch.com/site/petalbot)"
114.119.128.0 - - [28/Jun/2021:06:45:01 +0200] "GET /it/unsere-maerkte/feste-routen/ HTTP/1.1" 200 10834 "-" "Mozilla/5.0 (Linux; Android 7.0;) AppleWebKit/537.36 (KHTML, like Gecko) Mobile Safari/537.36 (compatible; PetalBot;+https://webmaster.petalsearch.com/site/petalbot)"
114.119.128.0 - - [28/Jun/2021:06:45:02 +0200] "GET /wp-includes/css/dist/block-library/style.min.css HTTP/1.1" 200 7849 "https://www.ipcbusiness.de/it/unsere-maerkte/feste-routen/" "Mozilla/5.0 (Linux; Android 7.0;) AppleWebKit/537.36 (KHTML, like Gecko) Mobile Safari/537.36 (compatible; PetalBot;+https://webmaster.petalsearch.com/site/petalbot)"
114.119.128.0 - - [28/Jun/2021:06:45:02 +0200] "GET /wp-includes/css/dist/block-library/theme.min.css HTTP/1.1" 200 741 "https://www.ipcbusiness.de/it/unsere-maerkte/feste-routen/" "Mozilla/5.0 (Linux; Android 7.0;) AppleWebKit/537.36 (KHTML, like Gecko) Mobile Safari/537.36 (compatible; PetalBot;+https://webmaster.petalsearch.com/site/petalbot)"
114.119.128.0 - - [28/Jun/2021:06:45:02 +0200] "GET /wp-content/plugins/contact-form-7/includes/css/styles.css HTTP/1.1" 200 932 "https://www.ipcbusiness.de/it/unsere-maerkte/feste-routen/" "Mozilla/5.0 (Linux; Android 7.0;) AppleWebKit/537.36 (KHTML, like Gecko) Mobile Safari/537.36 (compatible; PetalBot;+https://webmaster.petalsearch.com/site/petalbot)"
114.119.128.0 - - [28/Jun/2021:06:45:02 +0200] "GET /wp-content/plugins/shapepress-dsgvo/public/css/bootstrap-grid.min.css HTTP/1.1" 200 6791 "https://www.ipcbusiness.de/it/unsere-maerkte/feste-routen/" "Mozilla/5.0 (Linux; Android 7.0;) AppleWebKit/537.36 (KHTML, like Gecko) Mobile Safari/537.36 (compatible; PetalBot;+https://webmaster.petalsearch.com/site/petalbot)"
114.119.128.0 - - [28/Jun/2021:06:45:02 +0200] "GET /wp-content/plugins/shapepress-dsgvo/public/css/sp-dsgvo-public.min.css HTTP/1.1" 200 1087 "https://www.ipcbusiness.de/it/unsere-maerkte/feste-routen/" "Mozilla/5.0 (Linux; Android 7.0;) AppleWebKit/537.36 (KHTML, like Gecko) Mobile Safari/537.36 (compatible; PetalBot;+https://webmaster.petalsearch.com/site/petalbot)"
114.119.128.0 - - [28/Jun/2021:06:45:02 +0200] "GET /wp-content/plugins/revslider/public/assets/css/rs6.css HTTP/1.1" 200 12698 "https://www.ipcbusiness.de/it/unsere-maerkte/feste-routen/" "Mozilla/5.0 (Linux; Android 7.0;) AppleWebKit/537.36 (KHTML, like Gecko) Mobile Safari/537.36 (compatible; PetalBot;+https://webmaster.petalsearch.com/site/petalbot)"
114.119.128.0 - - [28/Jun/2021:06:45:02 +0200] "GET /wp-content/plugins/shapepress-dsgvo/public/css/sp-dsgvo-popup.css HTTP/1.1" 200 3028 "https://www.ipcbusiness.de/it/unsere-maerkte/feste-routen/" "Mozilla/5.0 (Linux; Android 7.0;) AppleWebKit/537.36 (KHTML, like Gecko) Mobile Safari/537.36 (compatible; PetalBot;+https://webmaster.petalsearch.com/site/petalbot)"
114.119.128.0 - - [28/Jun/2021:06:45:02 +0200] "GET /wp-content/plugins/shapepress-dsgvo/public/css/simplebar.min.css HTTP/1.1" 200 596 "https://www.ipcbusiness.de/it/unsere-maerkte/feste-routen/" "Mozilla/5.0 (Linux; Android 7.0;) AppleWebKit/537.36 (KHTML, like Gecko) Mobile Safari/537.36 (compatible; PetalBot;+https://webmaster.petalsearch.com/site/petalbot)"
114.119.128.0 - - [28/Jun/2021:06:45:03 +0200] "GET /wp-content/plugins/easy-fancybox/css/jquery.fancybox.min.css HTTP/1.1" 200 1111 "https://www.ipcbusiness.de/it/unsere-maerkte/feste-routen/" "Mozilla/5.0 (Linux; Android 7.0;) AppleWebKit/537.36 (KHTML, like Gecko) Mobile Safari/537.36 (compatible; PetalBot;+https://webmaster.petalsearch.com/site/petalbot)"
114.119.128.0 - - [28/Jun/2021:06:45:03 +0200] "GET /wp-content/uploads/smile_fonts/Defaults/Defaults.css HTTP/1.1" 200 4755 "https://www.ipcbusiness.de/it/unsere-maerkte/feste-routen/" "Mozilla/5.0 (Linux; Android 7.0;) AppleWebKit/537.36 (KHTML, like Gecko) Mobile Safari/537.36 (compatible; PetalBot;+https://webmaster.petalsearch.com/site/petalbot)"
114.119.128.0 - - [28/Jun/2021:06:45:03 +0200] "GET /wp-content/plugins/js_composer/assets/css/js_composer.min.css HTTP/1.1" 200 45790 "https://www.ipcbusiness.de/it/unsere-maerkte/feste-routen/" "Mozilla/5.0 (Linux; Android 7.0;) AppleWebKit/537.36 (KHTML, like Gecko) Mobile Safari/537.36 (compatible; PetalBot;+https://webmaster.petalsearch.com/site/petalbot)"
114.119.128.0 - - [28/Jun/2021:06:45:03 +0200] "GET /wp-content/themes/lhst/lib/css/style.min.css HTTP/1.1" 200 38395 "https://www.ipcbusiness.de/it/unsere-maerkte/feste-routen/" "Mozilla/5.0 (Linux; Android 7.0;) AppleWebKit/537.36 (KHTML, like Gecko) Mobile Safari/537.36 (compatible; PetalBot;+https://webmaster.petalsearch.com/site/petalbot)"
114.119.128.0 - - [28/Jun/2021:06:45:03 +0200] "GET /wp-content/themes/lhst/lib/css/bootstrap-responsive-1170.min.css HTTP/1.1" 200 1157 "https://www.ipcbusiness.de/it/unsere-maerkte/feste-routen/" "Mozilla/5.0 (Linux; Android 7.0;) AppleWebKit/537.36 (KHTML, like Gecko) Mobile Safari/537.36 (compatible; PetalBot;+https://webmaster.petalsearch.com/site/petalbot)"
114.119.128.0 - - [28/Jun/2021:06:45:03 +0200] "GET /wp-content/themes/lhst/includes/modules/module.fontawesome/source/css/font-awesome.min.css HTTP/1.1" 200 4680 "https://www.ipcbusiness.de/it/unsere-maerkte/feste-routen/" "Mozilla/5.0 (Linux; Android 7.0;) AppleWebKit/537.36 (KHTML, like Gecko) Mobile Safari/537.36 (compatible; PetalBot;+https://webmaster.petalsearch.com/site/petalbot)"
114.119.128.0 - - [28/Jun/2021:06:45:03 +0200] "GET /wp-content/themes/lhst/includes/modules/module.icomoon/source/css/icomoon.css HTTP/1.1" 200 8420 "https://www.ipcbusiness.de/it/unsere-maerkte/feste-routen/" "Mozilla/5.0 (Linux; Android 7.0;) AppleWebKit/537.36 (KHTML, like Gecko) Mobile Safari/537.36 (compatible; PetalBot;+https://webmaster.petalsearch.com/site/petalbot)"
114.119.128.0 - - [28/Jun/2021:06:45:03 +0200] "GET /wp-content/plugins/wpglobus/includes/css/wpglobus.css HTTP/1.1" 200 541 "https://www.ipcbusiness.de/it/unsere-maerkte/feste-routen/" "Mozilla/5.0 (Linux; Android 7.0;) AppleWebKit/537.36 (KHTML, like Gecko) Mobile Safari/537.36 (compatible; PetalBot;+https://webmaster.petalsearch.com/site/petalbot)"
114.119.128.0 - - [28/Jun/2021:06:45:03 +0200] "GET /wp-content/uploads/Default-Skin_54ce98c851b37c14ba88fe891dd1e475.css?lXZVpV0jtP HTTP/1.1" 200 4314 "https://www.ipcbusiness.de/it/unsere-maerkte/feste-routen/" "Mozilla/5.0 (Linux; Android 7.0;) AppleWebKit/537.36 (KHTML, like Gecko) Mobile Safari/537.36 (compatible; PetalBot;+https://webmaster.petalsearch.com/site/petalbot)"
114.119.128.0 - - [28/Jun/2021:06:45:03 +0200] "GET /wp-content/plugins/ts-visual-composer-extend/css/jquery.vcsc.nchlightbox.min.css HTTP/1.1" 200 8726 "https://www.ipcbusiness.de/it/unsere-maerkte/feste-routen/" "Mozilla/5.0 (Linux; Android 7.0;) AppleWebKit/537.36 (KHTML, like Gecko) Mobile Safari/537.36 (compatible; PetalBot;+https://webmaster.petalsearch.com/site/petalbot)"
114.119.128.0 - - [28/Jun/2021:06:45:03 +0200] "GET /wp-content/plugins/js_composer/assets/lib/bower/font-awesome/css/font-awesome.min.css HTTP/1.1" 200 9780 "https://www.ipcbusiness.de/it/unsere-maerkte/feste-routen/" "Mozilla/5.0 (Linux; Android 7.0;) AppleWebKit/537.36 (KHTML, like Gecko) Mobile Safari/537.36 (compatible; PetalBot;+https://webmaster.petalsearch.com/site/petalbot)"
114.119.128.0 - - [28/Jun/2021:06:45:03 +0200] "GET /wp-content/plugins/ts-visual-composer-extend/css/ts-visual-composer-extend-animations.min.css HTTP/1.1" 200 12029 "https://www.ipcbusiness.de/it/unsere-maerkte/feste-routen/" "Mozilla/5.0 (Linux; Android 7.0;) AppleWebKit/537.36 (KHTML, like Gecko) Mobile Safari/537.36 (compatible; PetalBot;+https://webmaster.petalsearch.com/site/petalbot)"
114.119.128.0 - - [28/Jun/2021:06:45:03 +0200] "GET /wp-content/plugins/ts-visual-composer-extend/css/ts-visual-composer-extend-front.min.css HTTP/1.1" 200 36948 "https://www.ipcbusiness.de/it/unsere-maerkte/feste-routen/" "Mozilla/5.0 (Linux; Android 7.0;) AppleWebKit/537.36 (KHTML, like Gecko) Mobile Safari/537.36 (compatible; PetalBot;+https://webmaster.petalsearch.com/site/petalbot)"
114.119.128.0 - - [28/Jun/2021:06:45:03 +0200] "GET /wp-includes/js/jquery/jquery-migrate.min.js HTTP/1.1" 200 4169 "https://www.ipcbusiness.de/it/unsere-maerkte/feste-routen/" "Mozilla/5.0 (Linux; Android 7.0;) AppleWebKit/537.36 (KHTML, like Gecko) Mobile Safari/537.36 (compatible; PetalBot;+https://webmaster.petalsearch.com/site/petalbot)"
114.119.128.0 - - [28/Jun/2021:06:45:03 +0200] "GET /wp-includes/js/jquery/jquery.min.js HTTP/1.1" 200 30916 "https://www.ipcbusiness.de/it/unsere-maerkte/feste-routen/" "Mozilla/5.0 (Linux; Android 7.0;) AppleWebKit/537.36 (KHTML, like Gecko) Mobile Safari/537.36 (compatible; PetalBot;+https://webmaster.petalsearch.com/site/petalbot)"
114.119.128.0 - - [28/Jun/2021:06:45:03 +0200] "GET /wp-content/plugins/revslider/public/assets/js/rbtools.min.js HTTP/1.1" 200 46967 "https://www.ipcbusiness.de/it/unsere-maerkte/feste-routen/" "Mozilla/5.0 (Linux; Android 7.0;) AppleWebKit/537.36 (KHTML, like Gecko) Mobile Safari/537.36 (compatible; PetalBot;+https://webmaster.petalsearch.com/site/petalbot)"
114.119.128.0 - - [28/Jun/2021:06:45:04 +0200] "GET /wp-content/plugins/revslider/public/assets/js/rs6.min.js HTTP/1.1" 200 86246 "https://www.ipcbusiness.de/it/unsere-maerkte/feste-routen/" "Mozilla/5.0 (Linux; Android 7.0;) AppleWebKit/537.36 (KHTML, like Gecko) Mobile Safari/537.36 (compatible; PetalBot;+https://webmaster.petalsearch.com/site/petalbot)"
114.119.128.0 - - [28/Jun/2021:06:45:04 +0200] "GET /wp-content/plugins/shapepress-dsgvo/public/js/sp-dsgvo-public.js HTTP/1.1" 200 8228 "https://www.ipcbusiness.de/it/unsere-maerkte/feste-routen/" "Mozilla/5.0 (Linux; Android 7.0;) AppleWebKit/537.36 (KHTML, like Gecko) Mobile Safari/537.36 (compatible; PetalBot;+https://webmaster.petalsearch.com/site/petalbot)"
114.119.128.0 - - [28/Jun/2021:06:45:04 +0200] "GET /wp-content/plugins/ts-visual-composer-extend/js/jquery.vcsc.modernizr.min.js HTTP/1.1" 200 6938 "https://www.ipcbusiness.de/it/unsere-maerkte/feste-routen/" "Mozilla/5.0 (Linux; Android 7.0;) AppleWebKit/537.36 (KHTML, like Gecko) Mobile Safari/537.36 (compatible; PetalBot;+https://webmaster.petalsearch.com/site/petalbot)"
114.119.128.0 - - [28/Jun/2021:06:45:04 +0200] "GET /wp-includes/js/utils.min.js HTTP/1.1" 200 828 "https://www.ipcbusiness.de/it/unsere-maerkte/feste-routen/" "Mozilla/5.0 (Linux; Android 7.0;) AppleWebKit/537.36 (KHTML, like Gecko) Mobile Safari/537.36 (compatible; PetalBot;+https://webmaster.petalsearch.com/site/petalbot)"
114.119.128.0 - - [28/Jun/2021:06:45:04 +0200] "GET /wp-content/themes/lhst/lib/js/app.min.js HTTP/1.1" 200 31102 "https://www.ipcbusiness.de/it/unsere-maerkte/feste-routen/" "Mozilla/5.0 (Linux; Android 7.0;) AppleWebKit/537.36 (KHTML, like Gecko) Mobile Safari/537.36 (compatible; PetalBot;+https://webmaster.petalsearch.com/site/petalbot)"
114.119.128.0 - - [28/Jun/2021:06:45:04 +0200] "GET /wp-content/themes/lhst/includes/modules/module.to_top/source/to_top.js HTTP/1.1" 200 758 "https://www.ipcbusiness.de/it/unsere-maerkte/feste-routen/" "Mozilla/5.0 (Linux; Android 7.0;) AppleWebKit/537.36 (KHTML, like Gecko) Mobile Safari/537.36 (compatible; PetalBot;+https://webmaster.petalsearch.com/site/petalbot)"
114.119.128.0 - - [28/Jun/2021:06:45:04 +0200] "GET /wp-includes/js/dist/url.min.js HTTP/1.1" 200 4747 "https://www.ipcbusiness.de/it/unsere-maerkte/feste-routen/" "Mozilla/5.0 (Linux; Android 7.0;) AppleWebKit/537.36 (KHTML, like Gecko) Mobile Safari/537.36 (compatible; PetalBot;+https://webmaster.petalsearch.com/site/petalbot)"
114.119.128.0 - - [28/Jun/2021:06:45:04 +0200] "GET /wp-includes/js/dist/i18n.min.js HTTP/1.1" 200 3679 "https://www.ipcbusiness.de/it/unsere-maerkte/feste-routen/" "Mozilla/5.0 (Linux; Android 7.0;) AppleWebKit/537.36 (KHTML, like Gecko) Mobile Safari/537.36 (compatible; PetalBot;+https://webmaster.petalsearch.com/site/petalbot)"
114.119.128.0 - - [28/Jun/2021:06:45:04 +0200] "GET /wp-includes/js/dist/hooks.min.js HTTP/1.1" 200 2158 "https://www.ipcbusiness.de/it/unsere-maerkte/feste-routen/" "Mozilla/5.0 (Linux; Android 7.0;) AppleWebKit/537.36 (KHTML, like Gecko) Mobile Safari/537.36 (compatible; PetalBot;+https://webmaster.petalsearch.com/site/petalbot)"
114.119.128.0 - - [28/Jun/2021:06:45:04 +0200] "GET /wp-includes/js/dist/vendor/wp-polyfill.min.js HTTP/1.1" 200 34241 "https://www.ipcbusiness.de/it/unsere-maerkte/feste-routen/" "Mozilla/5.0 (Linux; Android 7.0;) AppleWebKit/537.36 (KHTML, like Gecko) Mobile Safari/537.36 (compatible; PetalBot;+https://webmaster.petalsearch.com/site/petalbot)"
114.119.128.0 - - [28/Jun/2021:06:45:04 +0200] "GET /wp-includes/js/dist/vendor/lodash.min.js HTTP/1.1" 200 25763 "https://www.ipcbusiness.de/it/unsere-maerkte/feste-routen/" "Mozilla/5.0 (Linux; Android 7.0;) AppleWebKit/537.36 (KHTML, like Gecko) Mobile Safari/537.36 (compatible; PetalBot;+https://webmaster.petalsearch.com/site/petalbot)"
114.119.128.0 - - [28/Jun/2021:06:45:05 +0200] "GET /wp-content/themes/lhst/includes/modules/module.fontawesome/source/font/fontawesome-webfont.woff?v=3.2.1 HTTP/1.1" 200 43568 "https://www.ipcbusiness.de/wp-content/themes/lhst/includes/modules/module.fontawesome/source/css/font-awesome.min.css" "Mozilla/5.0 (Linux; Android 7.0;) AppleWebKit/537.36 (KHTML, like Gecko) Mobile Safari/537.36 (compatible; PetalBot;+https://webmaster.petalsearch.com/site/petalbot)"
114.119.128.0 - - [28/Jun/2021:06:45:05 +0200] "GET /wp-includes/js/dist/api-fetch.min.js HTTP/1.1" 200 3479 "https://www.ipcbusiness.de/it/unsere-maerkte/feste-routen/" "Mozilla/5.0 (Linux; Android 7.0;) AppleWebKit/537.36 (KHTML, like Gecko) Mobile Safari/537.36 (compatible; PetalBot;+https://webmaster.petalsearch.com/site/petalbot)"
114.119.128.0 - - [28/Jun/2021:06:45:05 +0200] "GET /wp-content/plugins/shapepress-dsgvo/public/js/simplebar.js HTTP/1.1" 200 9695 "https://www.ipcbusiness.de/it/unsere-maerkte/feste-routen/" "Mozilla/5.0 (Linux; Android 7.0;) AppleWebKit/537.36 (KHTML, like Gecko) Mobile Safari/537.36 (compatible; PetalBot;+https://webmaster.petalsearch.com/site/petalbot)"
114.119.128.0 - - [28/Jun/2021:06:45:05 +0200] "GET /wp-content/plugins/contact-form-7/includes/js/index.js HTTP/1.1" 200 3238 "https://www.ipcbusiness.de/it/unsere-maerkte/feste-routen/" "Mozilla/5.0 (Linux; Android 7.0;) AppleWebKit/537.36 (KHTML, like Gecko) Mobile Safari/537.36 (compatible; PetalBot;+https://webmaster.petalsearch.com/site/petalbot)"
114.119.128.0 - - [28/Jun/2021:06:45:05 +0200] "GET /wp-content/plugins/easy-fancybox/js/jquery.fancybox.min.js HTTP/1.1" 200 6330 "https://www.ipcbusiness.de/it/unsere-maerkte/feste-routen/" "Mozilla/5.0 (Linux; Android 7.0;) AppleWebKit/537.36 (KHTML, like Gecko) Mobile Safari/537.36 (compatible; PetalBot;+https://webmaster.petalsearch.com/site/petalbot)"
114.119.128.0 - - [28/Jun/2021:06:45:05 +0200] "GET /wp-content/plugins/wpglobus/includes/js/wpglobus.min.js HTTP/1.1" 200 303 "https://www.ipcbusiness.de/it/unsere-maerkte/feste-routen/" "Mozilla/5.0 (Linux; Android 7.0;) AppleWebKit/537.36 (KHTML, like Gecko) Mobile Safari/537.36 (compatible; PetalBot;+https://webmaster.petalsearch.com/site/petalbot)"
114.119.128.0 - - [28/Jun/2021:06:45:05 +0200] "GET /wp-includes/js/wp-embed.min.js HTTP/1.1" 200 765 "https://www.ipcbusiness.de/it/unsere-maerkte/feste-routen/" "Mozilla/5.0 (Linux; Android 7.0;) AppleWebKit/537.36 (KHTML, like Gecko) Mobile Safari/537.36 (compatible; PetalBot;+https://webmaster.petalsearch.com/site/petalbot)"
114.119.128.0 - - [28/Jun/2021:06:45:05 +0200] "GET /wp-content/themes/lhst/lib/js/jquery-smoothscroll.min.js HTTP/1.1" 200 2546 "https://www.ipcbusiness.de/it/unsere-maerkte/feste-routen/" "Mozilla/5.0 (Linux; Android 7.0;) AppleWebKit/537.36 (KHTML, like Gecko) Mobile Safari/537.36 (compatible; PetalBot;+https://webmaster.petalsearch.com/site/petalbot)"
114.119.128.0 - - [28/Jun/2021:06:45:05 +0200] "GET /wp-content/plugins/js_composer/assets/js/dist/js_composer_front.min.js HTTP/1.1" 200 5816 "https://www.ipcbusiness.de/it/unsere-maerkte/feste-routen/" "Mozilla/5.0 (Linux; Android 7.0;) AppleWebKit/537.36 (KHTML, like Gecko) Mobile Safari/537.36 (compatible; PetalBot;+https://webmaster.petalsearch.com/site/petalbot)"
114.119.128.0 - - [28/Jun/2021:06:45:05 +0200] "GET /wp-content/plugins/ts-visual-composer-extend/js/jquery.vcsc.hammer2.min.js HTTP/1.1" 200 6597 "https://www.ipcbusiness.de/it/unsere-maerkte/feste-routen/" "Mozilla/5.0 (Linux; Android 7.0;) AppleWebKit/537.36 (KHTML, like Gecko) Mobile Safari/537.36 (compatible; PetalBot;+https://webmaster.petalsearch.com/site/petalbot)"
114.119.128.0 - - [28/Jun/2021:06:45:05 +0200] "GET /wp-content/plugins/ts-visual-composer-extend/js/jquery.vcsc.nchlightbox.min.js HTTP/1.1" 200 21556 "https://www.ipcbusiness.de/it/unsere-maerkte/feste-routen/" "Mozilla/5.0 (Linux; Android 7.0;) AppleWebKit/537.36 (KHTML, like Gecko) Mobile Safari/537.36 (compatible; PetalBot;+https://webmaster.petalsearch.com/site/petalbot)"
114.119.128.0 - - [28/Jun/2021:06:45:05 +0200] "GET /wp-content/themes/lhst/includes/modules/module.icomoon/source/font/Icomoon.woff HTTP/1.1" 200 242522 "https://www.ipcbusiness.de/wp-content/themes/lhst/includes/modules/module.icomoon/source/css/icomoon.css" "Mozilla/5.0 (Linux; Android 7.0;) AppleWebKit/537.36 (KHTML, like Gecko) Mobile Safari/537.36 (compatible; PetalBot;+https://webmaster.petalsearch.com/site/petalbot)"
114.119.128.0 - - [28/Jun/2021:06:45:05 +0200] "GET /wp-content/plugins/ts-visual-composer-extend/js/ts-visual-composer-extend-front.min.js HTTP/1.1" 200 52532 "https://www.ipcbusiness.de/it/unsere-maerkte/feste-routen/" "Mozilla/5.0 (Linux; Android 7.0;) AppleWebKit/537.36 (KHTML, like Gecko) Mobile Safari/537.36 (compatible; PetalBot;+https://webmaster.petalsearch.com/site/petalbot)"
:: - - [28/Jun/2021:06:45:11 +0200] "OPTIONS * HTTP/1.0" 200 - "-" "Apache/2.4.6 (CentOS) OpenSSL/1.0.2k-fips mod_fcgid/2.3.9 (internal dummy connection)"
54.36.149.0 - - [28/Jun/2021:06:45:58 +0200] "GET /robots.txt HTTP/1.1" 200 2691 "-" "Mozilla/5.0 (compatible; AhrefsBot/7.0; +http://ahrefs.com/robot/)"
54.36.149.0 - - [28/Jun/2021:06:45:59 +0200] "GET / HTTP/1.1" 200 2691 "-" "Mozilla/5.0 (compatible; AhrefsBot/7.0; +http://ahrefs.com/robot/)"
35.239.109.0 - - [28/Jun/2021:06:48:00 +0200] "GET /wp-login.php HTTP/1.1" 200 2743 "-" "Mozilla/5.0 (X11; Ubuntu; Linux x86_64; rv:62.0) Gecko/20100101 Firefox/62.0"
35.239.109.0 - - [28/Jun/2021:06:48:01 +0200] "POST /wp-login.php HTTP/1.1" 200 2880 "-" "Mozilla/5.0 (X11; Ubuntu; Linux x86_64; rv:62.0) Gecko/20100101 Firefox/62.0"
35.239.109.0 - - [28/Jun/2021:06:48:02 +0200] "GET /wp-login.php HTTP/1.1" 200 2743 "-" "Mozilla/5.0 (X11; Ubuntu; Linux x86_64; rv:62.0) Gecko/20100101 Firefox/62.0"
35.239.109.0 - - [28/Jun/2021:06:48:03 +0200] "POST /wp-login.php HTTP/1.1" 200 2878 "-" "Mozilla/5.0 (X11; Ubuntu; Linux x86_64; rv:62.0) Gecko/20100101 Firefox/62.0"
35.239.109.0 - - [28/Jun/2021:06:48:04 +0200] "POST /xmlrpc.php HTTP/1.1" 200 249 "-" "Mozilla/5.0 (X11; Ubuntu; Linux x86_64; rv:62.0) Gecko/20100101 Firefox/62.0"
179.43.187.0 - - [28/Jun/2021:06:49:07 +0200] "POST /boaform/admin/formLogin HTTP/1.1" 404 2786 "http://81.169.178.78:80/admin/login.asp" "Mozilla/5.0 (X11; Ubuntu; Linux x86_64; rv:71.0) Gecko/20100101 Firefox/71.0"
81.169.178.0 - - [28/Jun/2021:06:51:00 +0200] "POST /wp-cron.php?doing_wp_cron=1624855860.4460010528564453125000 HTTP/1.1" 200 - "https://www.computerdoc24.de/wp-cron.php?doing_wp_cron=1624855860.4460010528564453125000" "WordPress/5.2.11; https://www.computerdoc24.de"
157.230.164.0 - - [28/Jun/2021:06:51:00 +0200] "GET /wp-login.php HTTP/1.1" 200 2238 "-" "Mozilla/5.0 (X11; Ubuntu; Linux x86_64; rv:62.0) Gecko/20100101 Firefox/62.0"
157.230.164.0 - - [28/Jun/2021:06:51:02 +0200] "POST /wp-login.php HTTP/1.1" 200 2589 "-" "Mozilla/5.0 (X11; Ubuntu; Linux x86_64; rv:62.0) Gecko/20100101 Firefox/62.0"
157.230.164.0 - - [28/Jun/2021:06:51:04 +0200] "POST /xmlrpc.php HTTP/1.1" 200 228 "-" "Mozilla/5.0 (X11; Ubuntu; Linux x86_64; rv:62.0) Gecko/20100101 Firefox/62.0"
159.203.101.0 - - [28/Jun/2021:06:51:07 +0200] "GET /wp-login.php HTTP/1.1" 200 2748 "-" "Mozilla/5.0 (X11; Ubuntu; Linux x86_64; rv:62.0) Gecko/20100101 Firefox/62.0"
159.203.101.0 - - [28/Jun/2021:06:51:08 +0200] "POST /wp-login.php HTTP/1.1" 200 2886 "-" "Mozilla/5.0 (X11; Ubuntu; Linux x86_64; rv:62.0) Gecko/20100101 Firefox/62.0"
159.203.101.0 - - [28/Jun/2021:06:51:08 +0200] "GET /wp-login.php HTTP/1.1" 200 2748 "-" "Mozilla/5.0 (X11; Ubuntu; Linux x86_64; rv:62.0) Gecko/20100101 Firefox/62.0"
159.203.101.0 - - [28/Jun/2021:06:51:10 +0200] "POST /wp-login.php HTTP/1.1" 200 2884 "-" "Mozilla/5.0 (X11; Ubuntu; Linux x86_64; rv:62.0) Gecko/20100101 Firefox/62.0"
