142.93.225.0 - - [29/Jun/2021:16:46:53 +0200] "GET ///wp-json/wp/v2/users/ HTTP/1.1" 301 251 "-" "Mozilla/5.0 (X11; Ubuntu; Linux x86_64; rv:62.0) Gecko/20100101 Firefox/62.0"
142.93.225.0 - - [29/Jun/2021:16:46:53 +0200] "GET /wp-json/wp/v2/users/ HTTP/1.1" 200 1206 "http://ipcbusiness.de///wp-json/wp/v2/users/" "Mozilla/5.0 (X11; Ubuntu; Linux x86_64; rv:62.0) Gecko/20100101 Firefox/62.0"
142.93.225.0 - - [29/Jun/2021:16:46:53 +0200] "GET ///?author=2 HTTP/1.1" 301 240 "-" "Mozilla/5.0 (X11; Ubuntu; Linux x86_64; rv:62.0) Gecko/20100101 Firefox/62.0"
142.93.225.0 - - [29/Jun/2021:16:46:53 +0200] "GET /?author=2 HTTP/1.1" 301 - "http://ipcbusiness.de///?author=2" "Mozilla/5.0 (X11; Ubuntu; Linux x86_64; rv:62.0) Gecko/20100101 Firefox/62.0"
81.169.144.0 - - [29/Jun/2021:16:47:24 +0200] "POST /wp-cron.php?doing_wp_cron=1624978044.2146370410919189453125 HTTP/1.1" 200 - "http://www.computerdoc24.de/wp-cron.php?doing_wp_cron=1624978044.2146370410919189453125" "WordPress/5.2.2; https://www.computerdoc24.de"
114.119.154.0 - - [29/Jun/2021:16:48:23 +0200] "GET /uk/unsere-produkte-und-services/innovative-ladeeinheiten HTTP/1.1" 200 - "-" "Mozilla/5.0 (Linux; Android 7.0;) AppleWebKit/537.36 (KHTML, like Gecko) Mobile Safari/537.36 (compatible; PetalBot;+https://webmaster.petalsearch.com/site/petalbot)"
114.119.154.0 - - [29/Jun/2021:16:48:25 +0200] "GET /uk/unsere-produkte-und-services/innovative-ladeeinheiten/ HTTP/1.1" 200 11021 "-" "Mozilla/5.0 (Linux; Android 7.0;) AppleWebKit/537.36 (KHTML, like Gecko) Mobile Safari/537.36 (compatible; PetalBot;+https://webmaster.petalsearch.com/site/petalbot)"
66.249.87.0 - - [29/Jun/2021:16:49:13 +0200] "GET /html/site.css HTTP/1.1" 200 88 "https://www.reinigungsprofi-weck.de/" "AdsBot-Google (+http://www.google.com/adsbot.html)"
66.249.87.0 - - [29/Jun/2021:16:49:13 +0200] "GET /html/fusion.css HTTP/1.1" 200 1161 "https://www.reinigungsprofi-weck.de/" "AdsBot-Google (+http://www.google.com/adsbot.html)"
66.249.87.0 - - [29/Jun/2021:16:49:14 +0200] "GET /assets/rollover.js HTTP/1.1" 200 5145 "https://www.reinigungsprofi-weck.de/" "AdsBot-Google (+http://www.google.com/adsbot.html)"
66.249.87.0 - - [29/Jun/2021:16:49:18 +0200] "GET /html/style.css HTTP/1.1" 200 458 "https://www.reinigungsprofi-weck.de/" "AdsBot-Google (+http://www.google.com/adsbot.html)"
117.50.90.0 - - [29/Jun/2021:16:50:12 +0200] "-" 408 - "-" "-"
81.169.178.0 - - [29/Jun/2021:16:50:21 +0200] "POST /wp-cron.php?doing_wp_cron=1624978221.8316760063171386718750 HTTP/1.1" 200 - "https://www.computerdoc24.de/wp-cron.php?doing_wp_cron=1624978221.8316760063171386718750" "WordPress/5.2.11; https://www.computerdoc24.de"
49.232.109.0 - - [29/Jun/2021:16:50:21 +0200] "POST /wp-login.php HTTP/1.1" 503 7055 "-" "Mozilla/5.0 (Windows NT 10.0; Win64; x64) AppleWebKit/537.36 (KHTML, like Gecko) Chrome/70.0.3538.67 Safari/537.36"
66.249.75.0 - - [29/Jun/2021:16:50:25 +0200] "GET /robots.txt HTTP/1.1" 301 295 "-" "Mozilla/5.0 (compatible; Googlebot/2.1; +http://www.google.com/bot.html)"
66.249.75.0 - - [29/Jun/2021:16:50:26 +0200] "GET /uk/ HTTP/1.1" 301 288 "-" "Mozilla/5.0 (compatible; Googlebot/2.1; +http://www.google.com/bot.html)"
81.169.178.0 - - [29/Jun/2021:16:51:38 +0200] "POST /wp-cron.php?doing_wp_cron=1624978297.8493509292602539062500 HTTP/1.1" 200 - "http://www.computerdoc24.de/wp-cron.php?doing_wp_cron=1624978297.8493509292602539062500" "WordPress/5.2.11; https://www.computerdoc24.de"
164.90.140.0 - - [29/Jun/2021:16:51:37 +0200] "HEAD / HTTP/1.1" 301 - "https://www.netcraft.com/survey/" "Mozilla/4.0 (compatible; Netcraft Web Server Survey)"
192.35.168.0 - - [29/Jun/2021:16:55:36 +0200] "GET / HTTP/1.1" 403 2411 "-" "Mozilla/5.0 zgrab/0.x"
114.119.146.0 - - [29/Jun/2021:17:00:17 +0200] "GET /es/auftraggeber/ HTTP/1.1" 200 10525 "-" "Mozilla/5.0 (Linux; Android 7.0;) AppleWebKit/537.36 (KHTML, like Gecko) Mobile Safari/537.36 (compatible; PetalBot;+https://webmaster.petalsearch.com/site/petalbot)"
81.169.178.0 - - [29/Jun/2021:17:00:18 +0200] "POST /wp-cron.php?doing_wp_cron=1624978818.0526340007781982421875 HTTP/1.1" 200 - "https://www.ipcbusiness.de/wp-cron.php?doing_wp_cron=1624978818.0526340007781982421875" "WordPress/5.6.4; https://www.ipcbusiness.de/es"
103.251.246.0 - - [29/Jun/2021:17:08:44 +0200] "GET / HTTP/1.1" 403 2409 "-" "Mozilla/5.0 (Windows NT 10.0; WOW64) AppleWebKit/537.36 (KHTML, like Gecko) Chrome/52.0.2743.116 Safari/537.36"
66.249.75.0 - - [29/Jun/2021:17:10:28 +0200] "GET /robots.txt HTTP/1.1" 200 2691 "-" "Mozilla/5.0 (compatible; Googlebot/2.1; +http://www.google.com/bot.html)"
66.249.75.0 - - [29/Jun/2021:17:10:28 +0200] "GET / HTTP/1.1" 200 2691 "-" "Mozilla/5.0 (compatible; Googlebot/2.1; +http://www.google.com/bot.html)"
114.119.138.0 - - [29/Jun/2021:17:23:44 +0200] "GET /uk/datenschutzerklaerung/ HTTP/1.1" 200 17038 "-" "Mozilla/5.0 (Linux; Android 7.0;) AppleWebKit/537.36 (KHTML, like Gecko) Mobile Safari/537.36 (compatible; PetalBot;+https://webmaster.petalsearch.com/site/petalbot)"
66.249.75.0 - - [29/Jun/2021:17:23:47 +0200] "GET /pl/ueber-uns/ipc-business-gmbh-firmeninformation/ HTTP/1.1" 301 334 "-" "Mozilla/5.0 (Linux; Android 6.0.1; Nexus 5X Build/MMB29P) AppleWebKit/537.36 (KHTML, like Gecko) Chrome/91.0.4472.90 Mobile Safari/537.36 (compatible; Googlebot/2.1; +http://www.google.com/bot.html)"
161.35.142.0 - - [29/Jun/2021:17:26:15 +0200] "HEAD / HTTP/1.1" 200 - "https://www.netcraft.com/survey/" "Mozilla/4.0 (compatible; Netcraft Web Server Survey)"
81.169.178.0 - - [29/Jun/2021:17:30:41 +0200] "POST /wp-cron.php?doing_wp_cron=1624980641.1703279018402099609375 HTTP/1.1" 200 - "https://www.computerdoc24.de/wp-cron.php?doing_wp_cron=1624980641.1703279018402099609375" "WordPress/5.2.11; https://www.computerdoc24.de"
114.119.132.0 - - [29/Jun/2021:17:30:40 +0200] "GET /product/preiswerter-guter-arbeits-pc/ HTTP/1.1" 200 13748 "-" "Mozilla/5.0 (Linux; Android 7.0;) AppleWebKit/537.36 (KHTML, like Gecko) Mobile Safari/537.36 (compatible; PetalBot;+https://webmaster.petalsearch.com/site/petalbot)"
162.62.123.0 - - [29/Jun/2021:17:35:45 +0200] "GET / HTTP/1.1" 403 2411 "-" "-"
103.28.53.0 - - [29/Jun/2021:17:37:31 +0200] "POST /wp-login.php HTTP/1.1" 200 2884 "-" "Mozilla/5.0 (Windows NT 6.1) AppleWebKit/537.36 (KHTML, like Gecko) Chrome/56.0.2924.87 Safari/537.36"
223.100.6.0 - - [29/Jun/2021:17:38:12 +0200] "POST /invoker/readonly HTTP/1.1" 404 2774 "http://81.169.178.78:80/invoker/readonly" "Mozilla/4.0 (compatible; MSIE 9.0; Windows NT 6.1)"
114.119.131.0 - - [29/Jun/2021:17:38:54 +0200] "GET /pl/unsere-maerkte HTTP/1.1" 200 - "-" "Mozilla/5.0 (Linux; Android 7.0;) AppleWebKit/537.36 (KHTML, like Gecko) Mobile Safari/537.36 (compatible; PetalBot;+https://webmaster.petalsearch.com/site/petalbot)"
114.119.131.0 - - [29/Jun/2021:17:38:55 +0200] "GET /pl/unsere-maerkte/ HTTP/1.1" 200 10449 "-" "Mozilla/5.0 (Linux; Android 7.0;) AppleWebKit/537.36 (KHTML, like Gecko) Mobile Safari/537.36 (compatible; PetalBot;+https://webmaster.petalsearch.com/site/petalbot)"
195.3.147.0 - - [29/Jun/2021:17:42:57 +0200] "\x03" 400 226 "-" "-"
159.89.188.0 - - [29/Jun/2021:17:44:50 +0200] "HEAD / HTTP/1.1" 301 - "https://www.netcraft.com/survey/" "Mozilla/4.0 (compatible; Netcraft Web Server Survey)"
195.201.167.0 - - [29/Jun/2021:17:45:30 +0200] "GET /wp-login.php HTTP/1.1" 200 2748 "-" "Mozilla/5.0 (X11; Ubuntu; Linux x86_64; rv:62.0) Gecko/20100101 Firefox/62.0"
195.201.167.0 - - [29/Jun/2021:17:45:30 +0200] "POST /wp-login.php HTTP/1.1" 200 2884 "-" "Mozilla/5.0 (X11; Ubuntu; Linux x86_64; rv:62.0) Gecko/20100101 Firefox/62.0"
195.201.167.0 - - [29/Jun/2021:17:45:31 +0200] "POST /xmlrpc.php HTTP/1.1" 200 249 "-" "Mozilla/5.0 (X11; Ubuntu; Linux x86_64; rv:62.0) Gecko/20100101 Firefox/62.0"
40.77.167.0 - - [29/Jun/2021:17:48:01 +0200] "GET / HTTP/1.1" 301 287 "-" "Mozilla/5.0 (compatible; bingbot/2.0; +http://www.bing.com/bingbot.htm)"
134.122.112.0 - - [29/Jun/2021:17:48:33 +0200] "\x16\x03\x01" 400 226 "-" "-"
134.122.112.0 - - [29/Jun/2021:17:48:35 +0200] "GET / HTTP/1.1" 400 226 "-" "-"
134.122.112.0 - - [29/Jun/2021:17:48:35 +0200] "GET / HTTP/1.1" 403 2409 "-" "l9tcpid/v1.1.0"
134.122.112.0 - - [29/Jun/2021:17:49:27 +0200] "CONNECT leakix.net:443 HTTP/1.1" 405 225 "-" "Go-http-client/1.1"
134.122.112.0 - - [29/Jun/2021:17:49:28 +0200] "GET /v2/_catalog HTTP/1.1" 404 2553 "-" "Go-http-client/1.1"
134.122.112.0 - - [29/Jun/2021:17:49:28 +0200] "GET /config.json HTTP/1.1" 404 2553 "-" "Go-http-client/1.1"
134.122.112.0 - - [29/Jun/2021:17:49:28 +0200] "GET /.env HTTP/1.1" 404 2539 "-" "Go-http-client/1.1"
134.122.112.0 - - [29/Jun/2021:17:49:28 +0200] "GET /.git/config HTTP/1.1" 404 2553 "-" "Go-http-client/1.1"
134.122.112.0 - - [29/Jun/2021:17:49:28 +0200] "GET /telescope/requests HTTP/1.1" 404 2567 "-" "Go-http-client/1.1"
134.122.112.0 - - [29/Jun/2021:17:49:28 +0200] "GET /api/search?folderIds=0 HTTP/1.1" 404 2575 "-" "Go-http-client/1.1"
134.122.112.0 - - [29/Jun/2021:17:49:28 +0200] "GET /server-status HTTP/1.1" 403 2409 "-" "Go-http-client/1.1"
134.122.112.0 - - [29/Jun/2021:17:49:28 +0200] "GET /idx_config/ HTTP/1.1" 404 2553 "-" "Go-http-client/1.1"
134.122.112.0 - - [29/Jun/2021:17:49:29 +0200] "GET /info.php HTTP/1.1" 404 2547 "-" "Go-http-client/1.1"
134.122.112.0 - - [29/Jun/2021:17:49:29 +0200] "GET /.json HTTP/1.1" 404 2541 "-" "Go-http-client/1.1"
35.199.114.0 - - [29/Jun/2021:17:49:47 +0200] "GET /wp-login.php HTTP/1.1" 200 2691 "-" "Mozilla/5.0 (X11; Ubuntu; Linux x86_64; rv:62.0) Gecko/20100101 Firefox/62.0"
35.199.114.0 - - [29/Jun/2021:17:49:48 +0200] "GET /wp-login.php HTTP/1.1" 200 2691 "-" "Mozilla/5.0 (X11; Ubuntu; Linux x86_64; rv:62.0) Gecko/20100101 Firefox/62.0"
35.199.114.0 - - [29/Jun/2021:17:49:49 +0200] "GET /wp-login.php HTTP/1.1" 200 2691 "-" "Mozilla/5.0 (X11; Ubuntu; Linux x86_64; rv:62.0) Gecko/20100101 Firefox/62.0"
35.199.114.0 - - [29/Jun/2021:17:49:49 +0200] "GET /wp-login.php HTTP/1.1" 200 2691 "-" "Mozilla/5.0 (X11; Ubuntu; Linux x86_64; rv:62.0) Gecko/20100101 Firefox/62.0"
45.79.192.0 - - [29/Jun/2021:17:51:54 +0200] "GET /.env HTTP/1.1" 200 2691 "-" "Mozilla/5.0 (X11; Linux x86_64) AppleWebKit/537.36 (KHTML, like Gecko) Chrome/81.0.4044.129 Safari/537.36"
45.79.192.0 - - [29/Jun/2021:17:51:55 +0200] "POST / HTTP/1.1" 200 2691 "-" "Mozilla/5.0 (X11; Linux x86_64) AppleWebKit/537.36 (KHTML, like Gecko) Chrome/81.0.4044.129 Safari/537.36"
178.19.226.0 - - [29/Jun/2021:17:55:18 +0200] "GET / HTTP/1.1" 200 2590 "https://www.google.com/" "Mozilla/5.0 (Linux; Android 11; SM-G780F) AppleWebKit/537.36 (KHTML, like Gecko) Chrome/91.0.4472.120 Mobile Safari/537.36"
178.19.226.0 - - [29/Jun/2021:17:55:18 +0200] "GET /assets/rollover.js HTTP/1.1" 200 5145 "https://www.reinigungsprofi-weck.de/" "Mozilla/5.0 (Linux; Android 11; SM-G780F) AppleWebKit/537.36 (KHTML, like Gecko) Chrome/91.0.4472.120 Mobile Safari/537.36"
178.19.226.0 - - [29/Jun/2021:17:55:18 +0200] "GET /html/fusion.css HTTP/1.1" 200 1161 "https://www.reinigungsprofi-weck.de/" "Mozilla/5.0 (Linux; Android 11; SM-G780F) AppleWebKit/537.36 (KHTML, like Gecko) Chrome/91.0.4472.120 Mobile Safari/537.36"
178.19.226.0 - - [29/Jun/2021:17:55:18 +0200] "GET /html/style.css HTTP/1.1" 200 458 "https://www.reinigungsprofi-weck.de/" "Mozilla/5.0 (Linux; Android 11; SM-G780F) AppleWebKit/537.36 (KHTML, like Gecko) Chrome/91.0.4472.120 Mobile Safari/537.36"
178.19.226.0 - - [29/Jun/2021:17:55:18 +0200] "GET /html/site.css HTTP/1.1" 200 88 "https://www.reinigungsprofi-weck.de/" "Mozilla/5.0 (Linux; Android 11; SM-G780F) AppleWebKit/537.36 (KHTML, like Gecko) Chrome/91.0.4472.120 Mobile Safari/537.36"
178.19.226.0 - - [29/Jun/2021:17:55:18 +0200] "GET /header_l.gif HTTP/1.1" 200 7358 "https://www.reinigungsprofi-weck.de/" "Mozilla/5.0 (Linux; Android 11; SM-G780F) AppleWebKit/537.36 (KHTML, like Gecko) Chrome/91.0.4472.120 Mobile Safari/537.36"
178.19.226.0 - - [29/Jun/2021:17:55:18 +0200] "GET /subheader_l.gif HTTP/1.1" 200 2832 "https://www.reinigungsprofi-weck.de/" "Mozilla/5.0 (Linux; Android 11; SM-G780F) AppleWebKit/537.36 (KHTML, like Gecko) Chrome/91.0.4472.120 Mobile Safari/537.36"
178.19.226.0 - - [29/Jun/2021:17:55:18 +0200] "GET /subheader_bl.gif HTTP/1.1" 200 1883 "https://www.reinigungsprofi-weck.de/" "Mozilla/5.0 (Linux; Android 11; SM-G780F) AppleWebKit/537.36 (KHTML, like Gecko) Chrome/91.0.4472.120 Mobile Safari/537.36"
178.19.226.0 - - [29/Jun/2021:17:55:18 +0200] "GET /subheader_br.gif HTTP/1.1" 200 1693 "https://www.reinigungsprofi-weck.de/" "Mozilla/5.0 (Linux; Android 11; SM-G780F) AppleWebKit/537.36 (KHTML, like Gecko) Chrome/91.0.4472.120 Mobile Safari/537.36"
178.19.226.0 - - [29/Jun/2021:17:55:18 +0200] "GET /subheader_r.gif HTTP/1.1" 200 1036 "https://www.reinigungsprofi-weck.de/" "Mozilla/5.0 (Linux; Android 11; SM-G780F) AppleWebKit/537.36 (KHTML, like Gecko) Chrome/91.0.4472.120 Mobile Safari/537.36"
178.19.226.0 - - [29/Jun/2021:17:55:18 +0200] "GET /assets/images/autogen/Spezialreinigung-_Hhighlighted_1_1.gif HTTP/1.1" 200 1750 "https://www.reinigungsprofi-weck.de/" "Mozilla/5.0 (Linux; Android 11; SM-G780F) AppleWebKit/537.36 (KHTML, like Gecko) Chrome/91.0.4472.120 Mobile Safari/537.36"
178.19.226.0 - - [29/Jun/2021:17:55:18 +0200] "GET /assets/images/autogen/Kontakt_Nregular_1_1.gif HTTP/1.1" 200 1596 "https://www.reinigungsprofi-weck.de/" "Mozilla/5.0 (Linux; Android 11; SM-G780F) AppleWebKit/537.36 (KHTML, like Gecko) Chrome/91.0.4472.120 Mobile Safari/537.36"
178.19.226.0 - - [29/Jun/2021:17:55:18 +0200] "GET /assets/images/autogen/Referenzen_Nregular_1_1.gif HTTP/1.1" 200 1249 "https://www.reinigungsprofi-weck.de/" "Mozilla/5.0 (Linux; Android 11; SM-G780F) AppleWebKit/537.36 (KHTML, like Gecko) Chrome/91.0.4472.120 Mobile Safari/537.36"
178.19.226.0 - - [29/Jun/2021:17:55:18 +0200] "GET /assets/images/autogen/Impressum_Nregular_1_1.gif HTTP/1.1" 200 1218 "https://www.reinigungsprofi-weck.de/" "Mozilla/5.0 (Linux; Android 11; SM-G780F) AppleWebKit/537.36 (KHTML, like Gecko) Chrome/91.0.4472.120 Mobile Safari/537.36"
178.19.226.0 - - [29/Jun/2021:17:55:18 +0200] "GET /assets/images/autogen/Anfahrtskosten_Nregular_1_1.gif HTTP/1.1" 200 1732 "https://www.reinigungsprofi-weck.de/" "Mozilla/5.0 (Linux; Android 11; SM-G780F) AppleWebKit/537.36 (KHTML, like Gecko) Chrome/91.0.4472.120 Mobile Safari/537.36"
178.19.226.0 - - [29/Jun/2021:17:55:18 +0200] "GET /assets/images/body_bak1.gif HTTP/1.1" 200 49 "https://www.reinigungsprofi-weck.de/" "Mozilla/5.0 (Linux; Android 11; SM-G780F) AppleWebKit/537.36 (KHTML, like Gecko) Chrome/91.0.4472.120 Mobile Safari/537.36"
178.19.226.0 - - [29/Jun/2021:17:55:18 +0200] "GET /assets/images/subheader_bak.gif HTTP/1.1" 200 44 "https://www.reinigungsprofi-weck.de/" "Mozilla/5.0 (Linux; Android 11; SM-G780F) AppleWebKit/537.36 (KHTML, like Gecko) Chrome/91.0.4472.120 Mobile Safari/537.36"
178.19.226.0 - - [29/Jun/2021:17:55:18 +0200] "GET /assets/images/autogen/Vorher-Nachher_Nregular_1_1.gif HTTP/1.1" 200 1718 "https://www.reinigungsprofi-weck.de/" "Mozilla/5.0 (Linux; Android 11; SM-G780F) AppleWebKit/537.36 (KHTML, like Gecko) Chrome/91.0.4472.120 Mobile Safari/537.36"
178.19.226.0 - - [29/Jun/2021:17:55:18 +0200] "GET /assets/images/body_bak.gif HTTP/1.1" 200 49 "https://www.reinigungsprofi-weck.de/html/style.css" "Mozilla/5.0 (Linux; Android 11; SM-G780F) AppleWebKit/537.36 (KHTML, like Gecko) Chrome/91.0.4472.120 Mobile Safari/537.36"
178.19.226.0 - - [29/Jun/2021:17:55:18 +0200] "GET /kv_none_poetic_cream_none_1.gif HTTP/1.1" 200 248 "https://www.reinigungsprofi-weck.de/" "Mozilla/5.0 (Linux; Android 11; SM-G780F) AppleWebKit/537.36 (KHTML, like Gecko) Chrome/91.0.4472.120 Mobile Safari/537.36"
178.19.226.0 - - [29/Jun/2021:17:55:18 +0200] "GET /assets/images/autogen/clearpixel.gif HTTP/1.1" 200 43 "https://www.reinigungsprofi-weck.de/" "Mozilla/5.0 (Linux; Android 11; SM-G780F) AppleWebKit/537.36 (KHTML, like Gecko) Chrome/91.0.4472.120 Mobile Safari/537.36"
178.19.226.0 - - [29/Jun/2021:17:55:19 +0200] "GET /favicon.ico HTTP/1.1" 404 2816 "https://www.reinigungsprofi-weck.de/" "Mozilla/5.0 (Linux; Android 11; SM-G780F) AppleWebKit/537.36 (KHTML, like Gecko) Chrome/91.0.4472.120 Mobile Safari/537.36"
:: - - [29/Jun/2021:17:55:25 +0200] "OPTIONS * HTTP/1.0" 200 - "-" "Apache/2.4.6 (CentOS) OpenSSL/1.0.2k-fips mod_fcgid/2.3.9 (internal dummy connection)"
184.105.247.0 - - [29/Jun/2021:17:56:12 +0200] "GET / HTTP/1.1" 403 2409 "-" "-"
35.233.23.0 - - [29/Jun/2021:17:56:46 +0200] "POST /wp-login.php HTTP/1.1" 503 7055 "-" "Mozilla/5.0 (Windows NT 6.1; WOW64) AppleWebKit/537.36 (KHTML, like Gecko) Chrome/32.0.1700.107 Safari/537.36"
81.169.178.0 - - [29/Jun/2021:17:56:46 +0200] "POST /wp-cron.php?doing_wp_cron=1624982206.4206449985504150390625 HTTP/1.1" 200 - "https://www.computerdoc24.de/wp-cron.php?doing_wp_cron=1624982206.4206449985504150390625" "WordPress/5.2.11; https://www.computerdoc24.de"
167.248.133.0 - - [29/Jun/2021:17:57:24 +0200] "GET / HTTP/1.1" 403 2409 "-" "-"
167.248.133.0 - - [29/Jun/2021:17:57:24 +0200] "GET / HTTP/1.1" 403 2409 "-" "Mozilla/5.0 (compatible; CensysInspect/1.1; +https://about.censys.io/)"
81.169.178.0 - - [29/Jun/2021:17:58:29 +0200] "POST /wp-cron.php?doing_wp_cron=1624982309.0737149715423583984375 HTTP/1.1" 200 - "https://www.computerdoc24.de/wp-cron.php?doing_wp_cron=1624982309.0737149715423583984375" "WordPress/5.2.11; https://www.computerdoc24.de"
167.71.140.0 - - [29/Jun/2021:17:58:28 +0200] "GET /wp-login.php HTTP/1.1" 200 2238 "-" "Mozilla/5.0 (X11; Ubuntu; Linux x86_64; rv:62.0) Gecko/20100101 Firefox/62.0"
167.71.140.0 - - [29/Jun/2021:17:58:29 +0200] "POST /wp-login.php HTTP/1.1" 200 2598 "-" "Mozilla/5.0 (X11; Ubuntu; Linux x86_64; rv:62.0) Gecko/20100101 Firefox/62.0"
167.71.140.0 - - [29/Jun/2021:17:58:29 +0200] "POST /xmlrpc.php HTTP/1.1" 200 228 "-" "Mozilla/5.0 (X11; Ubuntu; Linux x86_64; rv:62.0) Gecko/20100101 Firefox/62.0"
66.249.75.0 - - [29/Jun/2021:18:01:58 +0200] "GET /robots.txt HTTP/1.1" 301 295 "-" "Mozilla/5.0 (compatible; Googlebot/2.1; +http://www.google.com/bot.html)"
66.249.75.0 - - [29/Jun/2021:18:01:59 +0200] "GET /ueber-uns/ipc-business-gmbh-firmeninformation/ HTTP/1.1" 301 331 "-" "Mozilla/5.0 (compatible; Googlebot/2.1; +http://www.google.com/bot.html)"
81.169.178.0 - - [29/Jun/2021:18:02:31 +0200] "POST /wp-cron.php?doing_wp_cron=1624982550.9420399665832519531250 HTTP/1.1" 200 - "https://www.computerdoc24.de/wp-cron.php?doing_wp_cron=1624982550.9420399665832519531250" "WordPress/5.2.11; https://www.computerdoc24.de"
114.119.147.0 - - [29/Jun/2021:18:02:30 +0200] "GET /product/schicker-173-zoll-hp-mit-250gb-ssd-kopie HTTP/1.1" 200 8204 "-" "Mozilla/5.0 (Linux; Android 7.0;) AppleWebKit/537.36 (KHTML, like Gecko) Mobile Safari/537.36 (compatible; PetalBot;+https://webmaster.petalsearch.com/site/petalbot)"
174.138.56.0 - - [29/Jun/2021:18:04:06 +0200] "HEAD / HTTP/1.1" 200 - "https://www.netcraft.com/survey/" "Mozilla/4.0 (compatible; Netcraft Web Server Survey)"
114.119.136.0 - - [29/Jun/2021:18:08:17 +0200] "GET /robots.txt HTTP/1.1" 404 2607 "-" "Mozilla/5.0 (compatible;PetalBot;+https://webmaster.petalsearch.com/site/petalbot)"
81.169.178.0 - - [29/Jun/2021:18:10:26 +0200] "POST /wp-cron.php?doing_wp_cron=1624983026.6004719734191894531250 HTTP/1.1" 200 - "https://www.ipcbusiness.de/wp-cron.php?doing_wp_cron=1624983026.6004719734191894531250" "WordPress/5.6.4; https://www.ipcbusiness.de/es"
54.36.149.0 - - [29/Jun/2021:18:10:26 +0200] "GET /es/ueber-uns/umweltverantwortung/ HTTP/1.1" 200 10527 "-" "Mozilla/5.0 (compatible; AhrefsBot/7.0; +http://ahrefs.com/robot/)"
92.226.3.0 - - [29/Jun/2021:18:10:34 +0200] "GET / HTTP/1.1" 200 2590 "https://www.google.com/" "Mozilla/5.0 (Linux; Android 9; SAMSUNG SM-G950F) AppleWebKit/537.36 (KHTML, like Gecko) SamsungBrowser/14.0 Chrome/87.0.4280.141 Mobile Safari/537.36"
92.226.3.0 - - [29/Jun/2021:18:10:35 +0200] "GET /html/fusion.css HTTP/1.1" 200 1161 "https://www.reinigungsprofi-weck.de/" "Mozilla/5.0 (Linux; Android 9; SAMSUNG SM-G950F) AppleWebKit/537.36 (KHTML, like Gecko) SamsungBrowser/14.0 Chrome/87.0.4280.141 Mobile Safari/537.36"
92.226.3.0 - - [29/Jun/2021:18:10:35 +0200] "GET /html/site.css HTTP/1.1" 200 88 "https://www.reinigungsprofi-weck.de/" "Mozilla/5.0 (Linux; Android 9; SAMSUNG SM-G950F) AppleWebKit/537.36 (KHTML, like Gecko) SamsungBrowser/14.0 Chrome/87.0.4280.141 Mobile Safari/537.36"
92.226.3.0 - - [29/Jun/2021:18:10:35 +0200] "GET /html/style.css HTTP/1.1" 200 458 "https://www.reinigungsprofi-weck.de/" "Mozilla/5.0 (Linux; Android 9; SAMSUNG SM-G950F) AppleWebKit/537.36 (KHTML, like Gecko) SamsungBrowser/14.0 Chrome/87.0.4280.141 Mobile Safari/537.36"
92.226.3.0 - - [29/Jun/2021:18:10:35 +0200] "GET /assets/rollover.js HTTP/1.1" 200 5145 "https://www.reinigungsprofi-weck.de/" "Mozilla/5.0 (Linux; Android 9; SAMSUNG SM-G950F) AppleWebKit/537.36 (KHTML, like Gecko) SamsungBrowser/14.0 Chrome/87.0.4280.141 Mobile Safari/537.36"
92.226.3.0 - - [29/Jun/2021:18:10:36 +0200] "GET /subheader_l.gif HTTP/1.1" 200 2832 "https://www.reinigungsprofi-weck.de/" "Mozilla/5.0 (Linux; Android 9; SAMSUNG SM-G950F) AppleWebKit/537.36 (KHTML, like Gecko) SamsungBrowser/14.0 Chrome/87.0.4280.141 Mobile Safari/537.36"
92.226.3.0 - - [29/Jun/2021:18:10:36 +0200] "GET /header_l.gif HTTP/1.1" 200 7358 "https://www.reinigungsprofi-weck.de/" "Mozilla/5.0 (Linux; Android 9; SAMSUNG SM-G950F) AppleWebKit/537.36 (KHTML, like Gecko) SamsungBrowser/14.0 Chrome/87.0.4280.141 Mobile Safari/537.36"
92.226.3.0 - - [29/Jun/2021:18:10:36 +0200] "GET /subheader_bl.gif HTTP/1.1" 200 1883 "https://www.reinigungsprofi-weck.de/" "Mozilla/5.0 (Linux; Android 9; SAMSUNG SM-G950F) AppleWebKit/537.36 (KHTML, like Gecko) SamsungBrowser/14.0 Chrome/87.0.4280.141 Mobile Safari/537.36"
92.226.3.0 - - [29/Jun/2021:18:10:37 +0200] "GET /subheader_br.gif HTTP/1.1" 200 1693 "https://www.reinigungsprofi-weck.de/" "Mozilla/5.0 (Linux; Android 9; SAMSUNG SM-G950F) AppleWebKit/537.36 (KHTML, like Gecko) SamsungBrowser/14.0 Chrome/87.0.4280.141 Mobile Safari/537.36"
92.226.3.0 - - [29/Jun/2021:18:10:37 +0200] "GET /subheader_r.gif HTTP/1.1" 200 1036 "https://www.reinigungsprofi-weck.de/" "Mozilla/5.0 (Linux; Android 9; SAMSUNG SM-G950F) AppleWebKit/537.36 (KHTML, like Gecko) SamsungBrowser/14.0 Chrome/87.0.4280.141 Mobile Safari/537.36"
92.226.3.0 - - [29/Jun/2021:18:10:37 +0200] "GET /assets/images/autogen/Spezialreinigung-_Hhighlighted_1_1.gif HTTP/1.1" 200 1750 "https://www.reinigungsprofi-weck.de/" "Mozilla/5.0 (Linux; Android 9; SAMSUNG SM-G950F) AppleWebKit/537.36 (KHTML, like Gecko) SamsungBrowser/14.0 Chrome/87.0.4280.141 Mobile Safari/537.36"
92.226.3.0 - - [29/Jun/2021:18:10:38 +0200] "GET /assets/images/autogen/Kontakt_Nregular_1_1.gif HTTP/1.1" 200 1596 "https://www.reinigungsprofi-weck.de/" "Mozilla/5.0 (Linux; Android 9; SAMSUNG SM-G950F) AppleWebKit/537.36 (KHTML, like Gecko) SamsungBrowser/14.0 Chrome/87.0.4280.141 Mobile Safari/537.36"
92.226.3.0 - - [29/Jun/2021:18:10:38 +0200] "GET /assets/images/autogen/Referenzen_Nregular_1_1.gif HTTP/1.1" 200 1249 "https://www.reinigungsprofi-weck.de/" "Mozilla/5.0 (Linux; Android 9; SAMSUNG SM-G950F) AppleWebKit/537.36 (KHTML, like Gecko) SamsungBrowser/14.0 Chrome/87.0.4280.141 Mobile Safari/537.36"
92.226.3.0 - - [29/Jun/2021:18:10:38 +0200] "GET /assets/images/autogen/Impressum_Nregular_1_1.gif HTTP/1.1" 200 1218 "https://www.reinigungsprofi-weck.de/" "Mozilla/5.0 (Linux; Android 9; SAMSUNG SM-G950F) AppleWebKit/537.36 (KHTML, like Gecko) SamsungBrowser/14.0 Chrome/87.0.4280.141 Mobile Safari/537.36"
92.226.3.0 - - [29/Jun/2021:18:10:39 +0200] "GET /assets/images/autogen/Anfahrtskosten_Nregular_1_1.gif HTTP/1.1" 200 1732 "https://www.reinigungsprofi-weck.de/" "Mozilla/5.0 (Linux; Android 9; SAMSUNG SM-G950F) AppleWebKit/537.36 (KHTML, like Gecko) SamsungBrowser/14.0 Chrome/87.0.4280.141 Mobile Safari/537.36"
92.226.3.0 - - [29/Jun/2021:18:10:39 +0200] "GET /assets/images/autogen/Vorher-Nachher_Nregular_1_1.gif HTTP/1.1" 200 1718 "https://www.reinigungsprofi-weck.de/" "Mozilla/5.0 (Linux; Android 9; SAMSUNG SM-G950F) AppleWebKit/537.36 (KHTML, like Gecko) SamsungBrowser/14.0 Chrome/87.0.4280.141 Mobile Safari/537.36"
92.226.3.0 - - [29/Jun/2021:18:10:39 +0200] "GET /kv_none_poetic_cream_none_1.gif HTTP/1.1" 200 248 "https://www.reinigungsprofi-weck.de/" "Mozilla/5.0 (Linux; Android 9; SAMSUNG SM-G950F) AppleWebKit/537.36 (KHTML, like Gecko) SamsungBrowser/14.0 Chrome/87.0.4280.141 Mobile Safari/537.36"
92.226.3.0 - - [29/Jun/2021:18:10:40 +0200] "GET /assets/images/autogen/clearpixel.gif HTTP/1.1" 200 43 "https://www.reinigungsprofi-weck.de/" "Mozilla/5.0 (Linux; Android 9; SAMSUNG SM-G950F) AppleWebKit/537.36 (KHTML, like Gecko) SamsungBrowser/14.0 Chrome/87.0.4280.141 Mobile Safari/537.36"
92.226.3.0 - - [29/Jun/2021:18:10:40 +0200] "GET /assets/images/body_bak1.gif HTTP/1.1" 200 49 "https://www.reinigungsprofi-weck.de/" "Mozilla/5.0 (Linux; Android 9; SAMSUNG SM-G950F) AppleWebKit/537.36 (KHTML, like Gecko) SamsungBrowser/14.0 Chrome/87.0.4280.141 Mobile Safari/537.36"
92.226.3.0 - - [29/Jun/2021:18:10:40 +0200] "GET /assets/images/body_bak.gif HTTP/1.1" 200 49 "https://www.reinigungsprofi-weck.de/html/style.css" "Mozilla/5.0 (Linux; Android 9; SAMSUNG SM-G950F) AppleWebKit/537.36 (KHTML, like Gecko) SamsungBrowser/14.0 Chrome/87.0.4280.141 Mobile Safari/537.36"
92.226.3.0 - - [29/Jun/2021:18:10:40 +0200] "GET /assets/images/subheader_bak.gif HTTP/1.1" 200 44 "https://www.reinigungsprofi-weck.de/" "Mozilla/5.0 (Linux; Android 9; SAMSUNG SM-G950F) AppleWebKit/537.36 (KHTML, like Gecko) SamsungBrowser/14.0 Chrome/87.0.4280.141 Mobile Safari/537.36"
77.64.144.0 - - [29/Jun/2021:18:12:01 +0200] "GET / HTTP/1.1" 200 2590 "-" "Mozilla/5.0 (Windows NT 10.0; Win64; x64; rv:89.0) Gecko/20100101 Firefox/89.0"
77.64.144.0 - - [29/Jun/2021:18:12:02 +0200] "GET /assets/rollover.js HTTP/1.1" 200 5145 "http://www.reinigungsprofi-weck.de/" "Mozilla/5.0 (Windows NT 10.0; Win64; x64; rv:89.0) Gecko/20100101 Firefox/89.0"
77.64.144.0 - - [29/Jun/2021:18:12:02 +0200] "GET /html/fusion.css HTTP/1.1" 200 1161 "http://www.reinigungsprofi-weck.de/" "Mozilla/5.0 (Windows NT 10.0; Win64; x64; rv:89.0) Gecko/20100101 Firefox/89.0"
77.64.144.0 - - [29/Jun/2021:18:12:02 +0200] "GET /html/style.css HTTP/1.1" 200 458 "http://www.reinigungsprofi-weck.de/" "Mozilla/5.0 (Windows NT 10.0; Win64; x64; rv:89.0) Gecko/20100101 Firefox/89.0"
77.64.144.0 - - [29/Jun/2021:18:12:02 +0200] "GET /html/site.css HTTP/1.1" 200 88 "http://www.reinigungsprofi-weck.de/" "Mozilla/5.0 (Windows NT 10.0; Win64; x64; rv:89.0) Gecko/20100101 Firefox/89.0"
77.64.144.0 - - [29/Jun/2021:18:12:05 +0200] "GET /favicon.ico HTTP/1.1" 404 2810 "http://www.reinigungsprofi-weck.de/" "Mozilla/5.0 (Windows NT 10.0; Win64; x64; rv:89.0) Gecko/20100101 Firefox/89.0"
77.64.144.0 - - [29/Jun/2021:18:12:17 +0200] "GET /assets/images/autogen/Vorher-Nachher_NRregularRollover_1_1.gif HTTP/1.1" 200 1708 "http://www.reinigungsprofi-weck.de/" "Mozilla/5.0 (Windows NT 10.0; Win64; x64; rv:89.0) Gecko/20100101 Firefox/89.0"
77.64.144.0 - - [29/Jun/2021:18:12:18 +0200] "GET /assets/images/autogen/Anfahrtskosten_NRregularRollover_1_1.gif HTTP/1.1" 200 1723 "http://www.reinigungsprofi-weck.de/" "Mozilla/5.0 (Windows NT 10.0; Win64; x64; rv:89.0) Gecko/20100101 Firefox/89.0"
185.65.245.0 - - [29/Jun/2021:18:14:42 +0200] "GET /wp-login.php HTTP/1.1" 200 2748 "-" "Mozilla/5.0 (X11; Ubuntu; Linux x86_64; rv:62.0) Gecko/20100101 Firefox/62.0"
185.65.245.0 - - [29/Jun/2021:18:14:42 +0200] "POST /wp-login.php HTTP/1.1" 200 2884 "-" "Mozilla/5.0 (X11; Ubuntu; Linux x86_64; rv:62.0) Gecko/20100101 Firefox/62.0"
185.65.245.0 - - [29/Jun/2021:18:14:43 +0200] "POST /xmlrpc.php HTTP/1.1" 200 249 "-" "Mozilla/5.0 (X11; Ubuntu; Linux x86_64; rv:62.0) Gecko/20100101 Firefox/62.0"
77.64.144.0 - - [29/Jun/2021:18:14:59 +0200] "GET / HTTP/1.1" 200 2590 "-" "Mozilla/5.0 (Windows NT 10.0; Win64; x64; rv:89.0) Gecko/20100101 Firefox/89.0"
77.64.144.0 - - [29/Jun/2021:18:15:02 +0200] "GET /favicon.ico HTTP/1.1" 404 2810 "http://www.reinigungsprofi-weck.de/" "Mozilla/5.0 (Windows NT 10.0; Win64; x64; rv:89.0) Gecko/20100101 Firefox/89.0"
77.64.144.0 - - [29/Jun/2021:18:15:04 +0200] "GET /assets/images/autogen/Impressum_NRregularRollover_1_1.gif HTTP/1.1" 200 1214 "http://www.reinigungsprofi-weck.de/" "Mozilla/5.0 (Windows NT 10.0; Win64; x64; rv:89.0) Gecko/20100101 Firefox/89.0"
159.65.128.0 - - [29/Jun/2021:18:16:09 +0200] "GET /wp-login.php HTTP/1.1" 404 2595 "-" "Mozilla/5.0 (X11; Ubuntu; Linux x86_64; rv:62.0) Gecko/20100101 Firefox/62.0"
157.55.39.0 - - [29/Jun/2021:18:24:43 +0200] "GET /html/impressum.html HTTP/1.1" 200 3769 "-" "Mozilla/5.0 (compatible; bingbot/2.0; +http://www.bing.com/bingbot.htm)"
40.77.189.0 - - [29/Jun/2021:18:24:58 +0200] "GET /html/fusion.css HTTP/1.1" 200 3390 "-" "Mozilla/5.0 (Windows NT 6.1; WOW64) AppleWebKit/534+ (KHTML, like Gecko) BingPreview/1.0b"
40.77.190.0 - - [29/Jun/2021:18:24:58 +0200] "GET /assets/rollover.js HTTP/1.1" 200 21014 "-" "Mozilla/5.0 (Windows NT 6.1; WOW64) AppleWebKit/534+ (KHTML, like Gecko) BingPreview/1.0b"
40.77.188.0 - - [29/Jun/2021:18:24:58 +0200] "GET /html/site.css HTTP/1.1" 200 70 "-" "Mozilla/5.0 (Windows NT 6.1; WOW64) AppleWebKit/534+ (KHTML, like Gecko) BingPreview/1.0b"
40.77.188.0 - - [29/Jun/2021:18:24:58 +0200] "GET /html/style.css HTTP/1.1" 200 2783 "-" "Mozilla/5.0 (Windows NT 6.1; WOW64) AppleWebKit/534+ (KHTML, like Gecko) BingPreview/1.0b"
40.77.167.0 - - [29/Jun/2021:18:25:06 +0200] "GET /robots.txt HTTP/1.1" 404 2591 "-" "Mozilla/5.0 (compatible; bingbot/2.0; +http://www.bing.com/bingbot.htm)"
40.77.167.0 - - [29/Jun/2021:18:25:06 +0200] "GET /robots.txt HTTP/1.1" 404 2591 "-" "Mozilla/5.0 (compatible; bingbot/2.0; +http://www.bing.com/bingbot.htm)"
40.77.167.0 - - [29/Jun/2021:18:25:06 +0200] "GET /robots.txt HTTP/1.1" 404 2591 "-" "Mozilla/5.0 (compatible; bingbot/2.0; +http://www.bing.com/bingbot.htm)"
40.77.167.0 - - [29/Jun/2021:18:25:07 +0200] "GET /robots.txt HTTP/1.1" 404 2591 "-" "Mozilla/5.0 (compatible; bingbot/2.0; +http://www.bing.com/bingbot.htm)"
114.119.131.0 - - [29/Jun/2021:18:28:20 +0200] "GET /ru/datenschutzerklaerung/ HTTP/1.1" 200 16990 "-" "Mozilla/5.0 (Linux; Android 7.0;) AppleWebKit/537.36 (KHTML, like Gecko) Mobile Safari/537.36 (compatible; PetalBot;+https://webmaster.petalsearch.com/site/petalbot)"
81.169.178.0 - - [29/Jun/2021:18:31:13 +0200] "POST /wp-cron.php?doing_wp_cron=1624984273.4445629119873046875000 HTTP/1.1" 200 - "https://www.computerdoc24.de/wp-cron.php?doing_wp_cron=1624984273.4445629119873046875000" "WordPress/5.2.11; https://www.computerdoc24.de"
103.13.90.0 - - [29/Jun/2021:18:31:13 +0200] "GET /wp-login.php HTTP/1.1" 200 2238 "-" "Mozilla/5.0 (X11; Ubuntu; Linux x86_64; rv:62.0) Gecko/20100101 Firefox/62.0"
103.13.90.0 - - [29/Jun/2021:18:31:15 +0200] "POST /wp-login.php HTTP/1.1" 200 2589 "-" "Mozilla/5.0 (X11; Ubuntu; Linux x86_64; rv:62.0) Gecko/20100101 Firefox/62.0"
103.13.90.0 - - [29/Jun/2021:18:31:16 +0200] "POST /xmlrpc.php HTTP/1.1" 503 7055 "-" "Mozilla/5.0 (X11; Ubuntu; Linux x86_64; rv:62.0) Gecko/20100101 Firefox/62.0"
208.113.185.0 - - [29/Jun/2021:18:38:41 +0200] "GET /seter.php HTTP/1.1" 301 240 "http://simplesite.com" "Mozilla/5.0 (Windows; U; Windows NT 5.1; en-US) AppleWebKit/533.4 (KHTML, like Gecko) Chrome/5.0.375.99 Safari/533.4"
208.113.185.0 - - [29/Jun/2021:18:38:41 +0200] "GET /seter.php HTTP/1.1" 200 - "http://ipcbusiness.de/seter.php" "Mozilla/5.0 (Windows; U; Windows NT 5.1; en-US) AppleWebKit/533.4 (KHTML, like Gecko) Chrome/5.0.375.99 Safari/533.4"
208.113.185.0 - - [29/Jun/2021:18:38:42 +0200] "GET /seter.php HTTP/1.1" 200 62112 "https://ipcbusiness.de/seter.php" "Mozilla/5.0 (Windows; U; Windows NT 5.1; en-US) AppleWebKit/533.4 (KHTML, like Gecko) Chrome/5.0.375.99 Safari/533.4"
114.119.144.0 - - [29/Jun/2021:18:40:37 +0200] "GET /en/unsere-maerkte/drehkreuze-service-partner/ HTTP/1.1" 200 10575 "-" "Mozilla/5.0 (Linux; Android 7.0;) AppleWebKit/537.36 (KHTML, like Gecko) Mobile Safari/537.36 (compatible; PetalBot;+https://webmaster.petalsearch.com/site/petalbot)"
74.120.14.0 - - [29/Jun/2021:18:41:52 +0200] "GET / HTTP/1.1" 403 2409 "-" "-"
74.120.14.0 - - [29/Jun/2021:18:41:53 +0200] "GET / HTTP/1.1" 403 2409 "-" "Mozilla/5.0 (compatible; CensysInspect/1.1; +https://about.censys.io/)"
66.249.75.0 - - [29/Jun/2021:18:43:09 +0200] "GET /pl/unsere-produkte-und-services/kranbare-auflieger/ HTTP/1.1" 301 336 "-" "Mozilla/5.0 (compatible; Googlebot/2.1; +http://www.google.com/bot.html)"
81.169.178.0 - - [29/Jun/2021:18:44:22 +0200] "POST /wp-cron.php?doing_wp_cron=1624985062.1184570789337158203125 HTTP/1.1" 200 - "https://www.computerdoc24.de/wp-cron.php?doing_wp_cron=1624985062.1184570789337158203125" "WordPress/5.2.11; https://www.computerdoc24.de"
35.226.15.0 - - [29/Jun/2021:18:44:21 +0200] "GET / HTTP/1.1" 200 16472 "-" "Mozilla/5.0 (Windows NT 10.0; Win64; x64) AppleWebKit/537.36 (KHTML, like Gecko) Chrome/91.0.4472.77 Safari/537.36"
35.226.15.0 - - [29/Jun/2021:18:44:22 +0200] "GET /robots.txt HTTP/1.1" 200 69 "-" "Go-http-client/1.1"
35.226.15.0 - - [29/Jun/2021:18:44:23 +0200] "GET /robots.txt HTTP/1.1" 200 69 "-" "Go-http-client/1.1"
35.226.15.0 - - [29/Jun/2021:18:44:23 +0200] "GET /robots.txt HTTP/1.1" 200 69 "-" "Go-http-client/1.1"
34.72.173.0 - - [29/Jun/2021:18:44:23 +0200] "GET /fernwartung/ HTTP/1.1" 200 9273 "-" "Mozilla/5.0 (X11; Linux x86_64) AppleWebKit/537.36 (KHTML, like Gecko) Chrome/91.0.4472.77 Safari/537.36"
35.232.6.0 - - [29/Jun/2021:18:44:23 +0200] "GET /pc-ankauf/ HTTP/1.1" 200 9934 "-" "Mozilla/5.0 (Windows NT 5.1) AppleWebKit/537.36 (KHTML, like Gecko) Chrome/91.0.4472.77 Safari/537.36"
35.226.15.0 - - [29/Jun/2021:18:44:23 +0200] "GET /software/ HTTP/1.1" 200 8685 "-" "Mozilla/5.0 (Windows NT 5.1) AppleWebKit/537.36 (KHTML, like Gecko) Chrome/89.0.4389.90 Safari/537.36"
34.71.55.0 - - [29/Jun/2021:18:44:24 +0200] "GET /presse/ HTTP/1.1" 200 9599 "-" "Mozilla/5.0 (X11; Linux x86_64) AppleWebKit/537.36 (KHTML, like Gecko) Chrome/91.0.4472.77 Safari/537.36"
35.226.15.0 - - [29/Jun/2021:18:44:24 +0200] "GET /kontakt/ HTTP/1.1" 200 10810 "-" "Mozilla/5.0 (Windows NT 5.1) AppleWebKit/537.36 (KHTML, like Gecko) Chrome/91.0.4472.77 Safari/537.36"
35.232.6.0 - - [29/Jun/2021:18:44:24 +0200] "GET /impressum/ HTTP/1.1" 200 10975 "-" "Mozilla/5.0 (Macintosh; Intel Mac OS X 10_15; rv:88.0) Gecko/20100101 Firefox/88.0"
35.226.15.0 - - [29/Jun/2021:18:44:24 +0200] "GET /allgemeine-geschaeftsbedingungen/ HTTP/1.1" 200 11029 "-" "Mozilla/5.0 (Windows NT 10.0; rv:89.0) Gecko/20100101 Firefox/89.0"
35.232.6.0 - - [29/Jun/2021:18:44:24 +0200] "GET /service/ HTTP/1.1" 200 12569 "-" "Mozilla/5.0 (Windows NT 10.0) AppleWebKit/537.36 (KHTML, like Gecko) Chrome/89.0.4389.90 Safari/537.36"
35.226.15.0 - - [29/Jun/2021:18:44:25 +0200] "GET /aktuelle-angebote/ HTTP/1.1" 200 12103 "-" "Mozilla/5.0 (Windows NT 6.1; WOW64) AppleWebKit/537.36 (KHTML, like Gecko) Chrome/91.0.4472.77 Safari/537.36"
34.71.55.0 - - [29/Jun/2021:18:44:25 +0200] "GET /pc-ankauf HTTP/1.1" 200 - "-" "Mozilla/5.0 (Windows NT 6.1; WOW64) AppleWebKit/537.36 (KHTML, like Gecko) Chrome/91.0.4472.77 Safari/537.36"
35.226.15.0 - - [29/Jun/2021:18:44:25 +0200] "GET /fernwartung HTTP/1.1" 200 - "-" "Mozilla/5.0 (Windows NT 10.0) AppleWebKit/537.36 (KHTML, like Gecko) Chrome/89.0.4389.90 Safari/537.36"
34.71.55.0 - - [29/Jun/2021:18:44:25 +0200] "GET /pc-ankauf/ HTTP/1.1" 200 9934 "https://www.computerdoc24.de/pc-ankauf" "Mozilla/5.0 (Windows NT 6.1; WOW64) AppleWebKit/537.36 (KHTML, like Gecko) Chrome/91.0.4472.77 Safari/537.36"
35.232.6.0 - - [29/Jun/2021:18:44:25 +0200] "GET /presse HTTP/1.1" 200 - "-" "Mozilla/5.0 (Windows NT 5.1; rv:88.0) Gecko/20100101 Firefox/88.0"
35.226.15.0 - - [29/Jun/2021:18:44:25 +0200] "GET /fernwartung/ HTTP/1.1" 200 9273 "https://www.computerdoc24.de/fernwartung" "Mozilla/5.0 (Windows NT 10.0) AppleWebKit/537.36 (KHTML, like Gecko) Chrome/89.0.4389.90 Safari/537.36"
35.232.6.0 - - [29/Jun/2021:18:44:26 +0200] "GET /presse/ HTTP/1.1" 200 9600 "https://www.computerdoc24.de/presse" "Mozilla/5.0 (Windows NT 5.1; rv:88.0) Gecko/20100101 Firefox/88.0"
35.226.15.0 - - [29/Jun/2021:18:44:26 +0200] "GET /aktuelle-angebote HTTP/1.1" 200 - "-" "Mozilla/5.0 (Macintosh; Intel Mac OS X 10_15) AppleWebKit/537.36 (KHTML, like Gecko) Chrome/89.0.4389.90 Safari/537.36"
35.232.6.0 - - [29/Jun/2021:18:44:26 +0200] "GET /service HTTP/1.1" 200 - "-" "Mozilla/5.0 (Windows NT 5.1; rv:89.0) Gecko/20100101 Firefox/89.0"
34.71.55.0 - - [29/Jun/2021:18:44:26 +0200] "GET /impressum HTTP/1.1" 200 - "-" "Mozilla/5.0 (Windows NT 5.1) AppleWebKit/537.36 (KHTML, like Gecko) Chrome/89.0.4389.90 Safari/537.36"
35.226.15.0 - - [29/Jun/2021:18:44:26 +0200] "GET /aktuelle-angebote/ HTTP/1.1" 200 12103 "https://www.computerdoc24.de/aktuelle-angebote" "Mozilla/5.0 (Macintosh; Intel Mac OS X 10_15) AppleWebKit/537.36 (KHTML, like Gecko) Chrome/89.0.4389.90 Safari/537.36"
35.232.6.0 - - [29/Jun/2021:18:44:26 +0200] "GET /service/ HTTP/1.1" 200 12576 "https://www.computerdoc24.de/service" "Mozilla/5.0 (Windows NT 5.1; rv:89.0) Gecko/20100101 Firefox/89.0"
34.71.55.0 - - [29/Jun/2021:18:44:26 +0200] "GET /impressum/ HTTP/1.1" 200 10975 "https://www.computerdoc24.de/impressum" "Mozilla/5.0 (Windows NT 5.1) AppleWebKit/537.36 (KHTML, like Gecko) Chrome/89.0.4389.90 Safari/537.36"
35.232.6.0 - - [29/Jun/2021:18:44:27 +0200] "GET /kontakt HTTP/1.1" 200 - "-" "Mozilla/5.0 (Windows NT 10.0) AppleWebKit/537.36 (KHTML, like Gecko) Chrome/89.0.4389.90 Safari/537.36"
34.71.55.0 - - [29/Jun/2021:18:44:27 +0200] "GET /software HTTP/1.1" 200 - "-" "Mozilla/5.0 (Windows NT 10.0) AppleWebKit/537.36 (KHTML, like Gecko) Chrome/89.0.4389.90 Safari/537.36"
35.226.15.0 - - [29/Jun/2021:18:44:27 +0200] "GET /allgemeine-geschaeftsbedingungen HTTP/1.1" 200 - "-" "Mozilla/5.0 (X11; Linux x86_64) AppleWebKit/537.36 (KHTML, like Gecko) Chrome/89.0.4389.90 Safari/537.36"
35.232.6.0 - - [29/Jun/2021:18:44:27 +0200] "GET /kontakt/ HTTP/1.1" 200 10810 "https://www.computerdoc24.de/kontakt" "Mozilla/5.0 (Windows NT 10.0) AppleWebKit/537.36 (KHTML, like Gecko) Chrome/89.0.4389.90 Safari/537.36"
34.71.55.0 - - [29/Jun/2021:18:44:27 +0200] "GET /software/ HTTP/1.1" 200 8685 "https://www.computerdoc24.de/software" "Mozilla/5.0 (Windows NT 10.0) AppleWebKit/537.36 (KHTML, like Gecko) Chrome/89.0.4389.90 Safari/537.36"
35.226.15.0 - - [29/Jun/2021:18:44:27 +0200] "GET /allgemeine-geschaeftsbedingungen/ HTTP/1.1" 200 11029 "https://www.computerdoc24.de/allgemeine-geschaeftsbedingungen" "Mozilla/5.0 (X11; Linux x86_64) AppleWebKit/537.36 (KHTML, like Gecko) Chrome/89.0.4389.90 Safari/537.36"
34.122.31.0 - - [29/Jun/2021:18:44:29 +0200] "GET /wp-content/uploads/appleipadretina-6.png HTTP/1.1" 200 7645 "-" "Go-http-client/1.1"
47.101.205.0 - - [29/Jun/2021:18:44:33 +0200] "-" 408 - "-" "-"
:: - - [29/Jun/2021:18:44:33 +0200] "OPTIONS * HTTP/1.0" 200 - "-" "Apache/2.4.6 (CentOS) OpenSSL/1.0.2k-fips mod_fcgid/2.3.9 (internal dummy connection)"
34.96.130.0 - - [29/Jun/2021:18:45:25 +0200] "GET / HTTP/1.1" 301 231 "-" "Expanse, a Palo Alto Networks company, searches across the global IPv4 space multiple times per day to identify customers&#39; presences on the Internet. If you would like to be excluded from our scans, please send IP addresses/domains to: scaninfo@paloaltonetworks.com"
18.168.148.0 - - [29/Jun/2021:18:45:31 +0200] "GET /wp-login.php HTTP/1.1" 200 2748 "-" "Mozilla/5.0 (X11; Ubuntu; Linux x86_64; rv:62.0) Gecko/20100101 Firefox/62.0"
18.168.148.0 - - [29/Jun/2021:18:45:31 +0200] "POST /wp-login.php HTTP/1.1" 200 2884 "-" "Mozilla/5.0 (X11; Ubuntu; Linux x86_64; rv:62.0) Gecko/20100101 Firefox/62.0"
18.168.148.0 - - [29/Jun/2021:18:45:32 +0200] "POST /xmlrpc.php HTTP/1.1" 200 249 "-" "Mozilla/5.0 (X11; Ubuntu; Linux x86_64; rv:62.0) Gecko/20100101 Firefox/62.0"
81.169.178.0 - - [29/Jun/2021:18:50:30 +0200] "POST /wp-cron.php?doing_wp_cron=1624985430.0192561149597167968750 HTTP/1.1" 200 - "https://www.computerdoc24.de/wp-cron.php?doing_wp_cron=1624985430.0192561149597167968750" "WordPress/5.2.11; https://www.computerdoc24.de"
54.36.149.0 - - [29/Jun/2021:18:50:29 +0200] "GET /product/office-internet-pc-fujitsu-marken-pc-4gb-240gb-ssd-neu/ HTTP/1.1" 200 14131 "-" "Mozilla/5.0 (compatible; AhrefsBot/7.0; +http://ahrefs.com/robot/)"
81.169.178.0 - - [29/Jun/2021:18:59:46 +0200] "POST /wp-cron.php?doing_wp_cron=1624985986.5600690841674804687500 HTTP/1.1" 200 - "https://www.ipcbusiness.de/wp-cron.php?doing_wp_cron=1624985986.5600690841674804687500" "WordPress/5.6.4; https://www.ipcbusiness.de"
185.191.171.0 - - [29/Jun/2021:18:59:46 +0200] "GET /robots.txt HTTP/1.1" 200 69 "-" "Mozilla/5.0 (compatible; SemrushBot/7~bl; +http://www.semrush.com/bot.html)"
185.191.171.0 - - [29/Jun/2021:18:59:48 +0200] "GET /uk/ueber-uns/soziale-verantwortung/ HTTP/1.1" 200 10917 "-" "Mozilla/5.0 (compatible; SemrushBot/7~bl; +http://www.semrush.com/bot.html)"
81.169.178.0 - - [29/Jun/2021:19:00:58 +0200] "POST /wp-cron.php?doing_wp_cron=1624986058.0548200607299804687500 HTTP/1.1" 200 - "https://www.computerdoc24.de/wp-cron.php?doing_wp_cron=1624986058.0548200607299804687500" "WordPress/5.2.11; https://www.computerdoc24.de"
191.96.185.0 - - [29/Jun/2021:19:00:57 +0200] "GET /impressum/feed/ HTTP/1.1" 200 768 "-" "Mozilla/5.0 (Windows NT 6.1; WOW64) AppleWebKit/537.36 (KHTML, like Gecko) Chrome/40.0.2214.115 Safari/537.36"
202.172.28.0 - - [29/Jun/2021:19:03:20 +0200] "POST /wp-login.php HTTP/1.1" 200 2886 "-" "Mozilla/5.0 (Windows NT 10.0; Win64; x64) AppleWebKit/537.36 (KHTML, like Gecko) Chrome/78.0.3904.70 Safari/537.36"
207.46.13.0 - - [29/Jun/2021:19:04:00 +0200] "GET / HTTP/1.1" 200 2590 "-" "Mozilla/5.0 (compatible; bingbot/2.0; +http://www.bing.com/bingbot.htm)"
193.112.127.0 - - [29/Jun/2021:19:04:17 +0200] "-" 408 - "-" "-"
54.36.148.0 - - [29/Jun/2021:19:08:23 +0200] "GET /robots.txt HTTP/1.1" 200 2691 "-" "Mozilla/5.0 (compatible; AhrefsBot/7.0; +http://ahrefs.com/robot/)"
54.36.148.0 - - [29/Jun/2021:19:08:23 +0200] "GET / HTTP/1.1" 200 2691 "-" "Mozilla/5.0 (compatible; AhrefsBot/7.0; +http://ahrefs.com/robot/)"
45.146.165.0 - - [29/Jun/2021:19:10:11 +0200] "POST /api/jsonws/invoke HTTP/1.1" 404 2565 "-" "Mozilla/5.0 (Windows NT 10.0; Win64; x64) AppleWebKit/537.36 (KHTML, like Gecko) Chrome/78.0.3904.108 Safari/537.36"
45.146.165.0 - - [29/Jun/2021:19:10:11 +0200] "GET /solr/admin/info/system?wt=json HTTP/1.1" 404 2591 "-" "Mozilla/5.0 (Windows NT 10.0; Win64; x64) AppleWebKit/537.36 (KHTML, like Gecko) Chrome/78.0.3904.108 Safari/537.36"
45.146.165.0 - - [29/Jun/2021:19:10:12 +0200] "POST /vendor/phpunit/phpunit/src/Util/PHP/eval-stdin.php HTTP/1.1" 404 2631 "-" "Mozilla/5.0 (Windows NT 10.0; Win64; x64) AppleWebKit/537.36 (KHTML, like Gecko) Chrome/78.0.3904.108 Safari/537.36"
45.146.165.0 - - [29/Jun/2021:19:10:12 +0200] "GET /index.php?s=/Index/\\think\\app/invokefunction&function=call_user_func_array&vars[0]=md5&vars[1][]=HelloThinkPHP21 HTTP/1.1" 404 2779 "-" "Mozilla/5.0 (Windows NT 10.0; Win64; x64) AppleWebKit/537.36 (KHTML, like Gecko) Chrome/78.0.3904.108 Safari/537.36"
45.146.165.0 - - [29/Jun/2021:19:10:12 +0200] "GET /?a=fetch&content=<php>die(@md5(HelloThinkCMF))</php> HTTP/1.1" 403 2409 "-" "Mozilla/5.0 (Windows NT 10.0; Win64; x64) AppleWebKit/537.36 (KHTML, like Gecko) Chrome/78.0.3904.108 Safari/537.36"
45.146.165.0 - - [29/Jun/2021:19:10:12 +0200] "GET /vendor/phpunit/phpunit/src/Util/PHP/eval-stdin.php HTTP/1.1" 404 2631 "-" "Mozilla/5.0 (Windows NT 10.0; Win64; x64) AppleWebKit/537.36 (KHTML, like Gecko) Chrome/78.0.3904.108 Safari/537.36"
45.146.165.0 - - [29/Jun/2021:19:10:12 +0200] "GET /wp-content/plugins/wp-file-manager/readme.txt HTTP/1.1" 404 2621 "-" "Mozilla/5.0 (Windows NT 10.0; Win64; x64) AppleWebKit/537.36 (KHTML, like Gecko) Chrome/78.0.3904.108 Safari/537.36"
45.146.165.0 - - [29/Jun/2021:19:10:12 +0200] "GET /?XDEBUG_SESSION_START=phpstorm HTTP/1.1" 403 2409 "-" "Mozilla/5.0 (Windows NT 10.0; Win64; x64) AppleWebKit/537.36 (KHTML, like Gecko) Chrome/78.0.3904.108 Safari/537.36"
45.146.165.0 - - [29/Jun/2021:19:10:12 +0200] "GET /console/ HTTP/1.1" 404 2547 "-" "Mozilla/5.0 (Windows NT 10.0; Win64; x64) AppleWebKit/537.36 (KHTML, like Gecko) Chrome/78.0.3904.108 Safari/537.36"
45.146.165.0 - - [29/Jun/2021:19:10:12 +0200] "POST /Autodiscover/Autodiscover.xml HTTP/1.1" 404 2589 "-" "Mozilla/5.0 (Windows NT 10.0; Win64; x64) AppleWebKit/537.36 (KHTML, like Gecko) Chrome/78.0.3904.108 Safari/537.36"
45.146.165.0 - - [29/Jun/2021:19:10:12 +0200] "GET /_ignition/execute-solution HTTP/1.1" 404 2583 "-" "Mozilla/5.0 (Windows NT 10.0; Win64; x64) AppleWebKit/537.36 (KHTML, like Gecko) Chrome/78.0.3904.108 Safari/537.36"
66.249.69.0 - - [29/Jun/2021:19:10:19 +0200] "GET /robots.txt HTTP/1.1" 301 297 "-" "Mozilla/5.0 (compatible; Googlebot/2.1; +http://www.google.com/bot.html)"
66.249.69.0 - - [29/Jun/2021:19:10:20 +0200] "GET /product/netzteil-lc-power-550w-lc6550-12cm-80bronze-ver-2-3-retail/ HTTP/1.1" 301 354 "-" "Mozilla/5.0 (Linux; Android 6.0.1; Nexus 5X Build/MMB29P) AppleWebKit/537.36 (KHTML, like Gecko) Chrome/91.0.4472.90 Mobile Safari/537.36 (compatible; Googlebot/2.1; +http://www.google.com/bot.html)"
104.197.157.0 - - [29/Jun/2021:19:18:20 +0200] "GET /wp-login.php HTTP/1.1" 200 2748 "-" "Mozilla/5.0 (X11; Ubuntu; Linux x86_64; rv:62.0) Gecko/20100101 Firefox/62.0"
104.197.157.0 - - [29/Jun/2021:19:18:21 +0200] "POST /wp-login.php HTTP/1.1" 200 2884 "-" "Mozilla/5.0 (X11; Ubuntu; Linux x86_64; rv:62.0) Gecko/20100101 Firefox/62.0"
104.197.157.0 - - [29/Jun/2021:19:18:22 +0200] "POST /xmlrpc.php HTTP/1.1" 200 249 "-" "Mozilla/5.0 (X11; Ubuntu; Linux x86_64; rv:62.0) Gecko/20100101 Firefox/62.0"
208.100.26.0 - - [29/Jun/2021:19:22:29 +0200] "GET / HTTP/1.1" 301 235 "-" "Mozilla/5.0 (Linux; Android 10; Pixel 2 XL Build/QQ3A.200705.002; wv) AppleWebKit/537.36 (KHTML, like Gecko) Version/4.0 Chrome/81.0.4044.138 Mobile Safari/537.36"
208.100.26.0 - - [29/Jun/2021:19:22:29 +0200] "GET / HTTP/1.1" 200 18797 "-" "Mozilla/5.0 (iPhone; CPU iPhone OS 13_2_2 like Mac OS X) AppleWebKit/605.1.15 (KHTML, like Gecko) Mobile/15E148"
208.100.26.0 - - [29/Jun/2021:19:22:30 +0200] "GET / HTTP/1.1" 200 18796 "http://www.ipcbusiness.de/" "Mozilla/5.0 (Linux; Android 10; Pixel 2 XL Build/QQ3A.200705.002; wv) AppleWebKit/537.36 (KHTML, like Gecko) Version/4.0 Chrome/81.0.4044.138 Mobile Safari/537.36"
66.249.75.0 - - [29/Jun/2021:19:30:37 +0200] "GET /robots.txt HTTP/1.1" 301 295 "-" "Mozilla/5.0 (compatible; Googlebot/2.1; +http://www.google.com/bot.html)"
66.249.75.0 - - [29/Jun/2021:19:30:38 +0200] "GET /ru/unsere-maerkte/feste-routen/ HTTP/1.1" 301 316 "-" "Mozilla/5.0 (Linux; Android 6.0.1; Nexus 5X Build/MMB29P) AppleWebKit/537.36 (KHTML, like Gecko) Chrome/91.0.4472.90 Mobile Safari/537.36 (compatible; Googlebot/2.1; +http://www.google.com/bot.html)"
81.169.178.0 - - [29/Jun/2021:19:32:17 +0200] "POST /wp-cron.php?doing_wp_cron=1624987937.0022909641265869140625 HTTP/1.1" 200 - "https://www.computerdoc24.de/wp-cron.php?doing_wp_cron=1624987937.0022909641265869140625" "WordPress/5.2.11; https://www.computerdoc24.de"
35.196.106.0 - - [29/Jun/2021:19:32:16 +0200] "GET /robots.txt HTTP/1.0" 200 69 "-" "ZoominfoBot (zoominfobot at zoominfo dot com)"
35.196.106.0 - - [29/Jun/2021:19:32:17 +0200] "GET /pc-ankauf/ HTTP/1.0" 200 9934 "-" "ZoominfoBot (zoominfobot at zoominfo dot com)"
35.196.106.0 - - [29/Jun/2021:19:32:20 +0200] "GET /product/office-internet-pc-fujitsu-marken-pc/ HTTP/1.0" 200 14061 "-" "ZoominfoBot (zoominfobot at zoominfo dot com)"
35.196.106.0 - - [29/Jun/2021:19:32:22 +0200] "GET /product/office-internet-pc-fujitsu-marken-pc-4gb-240gb-ssd-neu/ HTTP/1.0" 200 14119 "-" "ZoominfoBot (zoominfobot at zoominfo dot com)"
5.188.210.0 - - [29/Jun/2021:19:33:00 +0200] "GET /admin/editor/editor/filemanager/browser/default/connectors/php/connector.php?Command=GetFoldersAndFiles&Type=File&CurrentFolder=%2F HTTP/1.0" 200 2691 "-" "Mozilla/5.0 (Windows NT 6.3; Win64; x64) AppleWebKit/537.36 (KHTML, like Gecko) Chrome/75.0.3770.100 Safari/537.36"
89.44.9.0 - - [29/Jun/2021:19:34:12 +0200] "GET / HTTP/1.1" 200 2691 "http://numbermillgames.de" "Mozilla/5.0 (Windows NT 6.1; Win64; x64; rv:47.0) Gecko/20100101 Firefox/47.0 Cyberfox/47.0.2"
45.129.18.0 - - [29/Jun/2021:19:35:26 +0200] "HEAD / HTTP/1.1" 200 - "-" "Mozilla/5.0 (Macintosh; Intel Mac OS X 10_9_3) AppleWebKit/537.36 (KHTML, like Gecko) Chrome/35.0.1916.47 Safari/537.36"
81.169.178.0 - - [29/Jun/2021:19:35:35 +0200] "POST /wp-cron.php?doing_wp_cron=1624988135.8600890636444091796875 HTTP/1.1" 200 - "https://www.computerdoc24.de/wp-cron.php?doing_wp_cron=1624988135.8600890636444091796875" "WordPress/5.2.11; https://www.computerdoc24.de"
35.196.106.0 - - [29/Jun/2021:19:35:35 +0200] "GET /product/leistungsstarkes-17-zoll-hp-notebook/ HTTP/1.0" 200 13762 "-" "ZoominfoBot (zoominfobot at zoominfo dot com)"
66.249.87.0 - - [29/Jun/2021:19:36:32 +0200] "GET / HTTP/1.1" 200 2590 "-" "Mozilla/5.0 (iPhone; CPU iPhone OS 9_1 like Mac OS X) AppleWebKit/601.1.46 (KHTML, like Gecko) Version/9.0 Mobile/13B143 Safari/601.1 (compatible; AdsBot-Google-Mobile; +http://www.google.com/mobile/adsbot.html)"
66.249.87.0 - - [29/Jun/2021:19:36:55 +0200] "GET /html/style.css HTTP/1.1" 200 458 "https://www.reinigungsprofi-weck.de/" "Mozilla/5.0 (iPhone; CPU iPhone OS 9_1 like Mac OS X) AppleWebKit/601.1.46 (KHTML, like Gecko) Version/9.0 Mobile/13B143 Safari/601.1 (compatible; AdsBot-Google-Mobile; +http://www.google.com/mobile/adsbot.html)"
66.249.87.0 - - [29/Jun/2021:19:36:59 +0200] "GET /html/site.css HTTP/1.1" 200 88 "https://www.reinigungsprofi-weck.de/" "Mozilla/5.0 (iPhone; CPU iPhone OS 9_1 like Mac OS X) AppleWebKit/601.1.46 (KHTML, like Gecko) Version/9.0 Mobile/13B143 Safari/601.1 (compatible; AdsBot-Google-Mobile; +http://www.google.com/mobile/adsbot.html)"
