69.163.225.0 - - [28/Jun/2021:16:13:22 +0200] "GET /wp-login.php HTTP/1.1" 200 2748 "-" "Mozilla/5.0 (X11; Ubuntu; Linux x86_64; rv:62.0) Gecko/20100101 Firefox/62.0"
69.163.225.0 - - [28/Jun/2021:16:13:23 +0200] "POST /wp-login.php HTTP/1.1" 200 2886 "-" "Mozilla/5.0 (X11; Ubuntu; Linux x86_64; rv:62.0) Gecko/20100101 Firefox/62.0"
69.163.225.0 - - [28/Jun/2021:16:13:25 +0200] "GET /wp-login.php HTTP/1.1" 200 2748 "-" "Mozilla/5.0 (X11; Ubuntu; Linux x86_64; rv:62.0) Gecko/20100101 Firefox/62.0"
69.163.225.0 - - [28/Jun/2021:16:13:26 +0200] "POST /wp-login.php HTTP/1.1" 200 2850 "-" "Mozilla/5.0 (X11; Ubuntu; Linux x86_64; rv:62.0) Gecko/20100101 Firefox/62.0"
69.163.225.0 - - [28/Jun/2021:16:13:27 +0200] "POST /xmlrpc.php HTTP/1.1" 200 249 "-" "Mozilla/5.0 (X11; Ubuntu; Linux x86_64; rv:62.0) Gecko/20100101 Firefox/62.0"
66.249.64.0 - - [28/Jun/2021:16:14:22 +0200] "GET /robots.txt HTTP/1.1" 301 297 "-" "Mozilla/5.0 (compatible; Googlebot/2.1; +http://www.google.com/bot.html)"
66.249.64.0 - - [28/Jun/2021:16:14:23 +0200] "GET /wp-content/uploads/favicon-3.png HTTP/1.1" 301 319 "-" "Googlebot-Image/1.0"
114.119.158.0 - - [28/Jun/2021:16:14:43 +0200] "GET /html/referenzen.html HTTP/1.1" 200 2727 "-" "Mozilla/5.0 (Linux; Android 7.0;) AppleWebKit/537.36 (KHTML, like Gecko) Mobile Safari/537.36 (compatible; PetalBot;+https://webmaster.petalsearch.com/site/petalbot)"
114.119.154.0 - - [28/Jun/2021:16:15:21 +0200] "GET /fr/auftraggeber/ HTTP/1.1" 200 10509 "-" "Mozilla/5.0 (Linux; Android 7.0;) AppleWebKit/537.36 (KHTML, like Gecko) Mobile Safari/537.36 (compatible; PetalBot;+https://webmaster.petalsearch.com/site/petalbot)"
81.169.178.0 - - [28/Jun/2021:16:15:24 +0200] "POST /wp-cron.php?doing_wp_cron=1624889724.4717149734497070312500 HTTP/1.1" 200 - "https://www.computerdoc24.de/wp-cron.php?doing_wp_cron=1624889724.4717149734497070312500" "WordPress/5.2.11; https://www.computerdoc24.de"
66.23.252.0 - - [28/Jun/2021:16:15:24 +0200] "GET /wp-login.php HTTP/1.1" 200 2238 "-" "Mozilla/5.0 (X11; Ubuntu; Linux x86_64; rv:62.0) Gecko/20100101 Firefox/62.0"
66.23.252.0 - - [28/Jun/2021:16:15:25 +0200] "POST /wp-login.php HTTP/1.1" 200 2589 "-" "Mozilla/5.0 (X11; Ubuntu; Linux x86_64; rv:62.0) Gecko/20100101 Firefox/62.0"
66.23.252.0 - - [28/Jun/2021:16:15:26 +0200] "POST /xmlrpc.php HTTP/1.1" 200 228 "-" "Mozilla/5.0 (X11; Ubuntu; Linux x86_64; rv:62.0) Gecko/20100101 Firefox/62.0"
81.169.178.0 - - [28/Jun/2021:16:18:48 +0200] "POST /wp-cron.php?doing_wp_cron=1624889928.7811739444732666015625 HTTP/1.1" 200 - "https://www.computerdoc24.de/wp-cron.php?doing_wp_cron=1624889928.7811739444732666015625" "WordPress/5.2.11; https://www.computerdoc24.de"
34.75.119.0 - - [28/Jun/2021:16:18:48 +0200] "GET /comments/feed/ HTTP/1.0" 200 451 "-" "ZoominfoBot (zoominfobot at zoominfo dot com)"
40.77.167.0 - - [28/Jun/2021:16:20:39 +0200] "GET /wp-content/uploads/Presse2-1-250x300.jpg HTTP/1.1" 301 327 "-" "Mozilla/5.0 (compatible; bingbot/2.0; +http://www.bing.com/bingbot.htm)"
81.169.178.0 - - [28/Jun/2021:16:20:47 +0200] "POST /wp-cron.php?doing_wp_cron=1624890047.6674060821533203125000 HTTP/1.1" 200 - "https://www.computerdoc24.de/wp-cron.php?doing_wp_cron=1624890047.6674060821533203125000" "WordPress/5.2.11; https://www.computerdoc24.de"
34.75.119.0 - - [28/Jun/2021:16:20:47 +0200] "GET /service/ HTTP/1.0" 200 12576 "-" "ZoominfoBot (zoominfobot at zoominfo dot com)"
81.169.178.0 - - [28/Jun/2021:16:22:21 +0200] "POST /wp-cron.php?doing_wp_cron=1624890141.1158280372619628906250 HTTP/1.1" 200 - "https://www.computerdoc24.de/wp-cron.php?doing_wp_cron=1624890141.1158280372619628906250" "WordPress/5.2.11; https://www.computerdoc24.de"
34.75.119.0 - - [28/Jun/2021:16:22:20 +0200] "GET /allgemeine-geschaeftsbedingungen/ HTTP/1.0" 200 11029 "-" "ZoominfoBot (zoominfobot at zoominfo dot com)"
114.119.139.0 - - [28/Jun/2021:16:22:45 +0200] "GET /it/unsere-produkte-und-services/kranbare-auflieger HTTP/1.1" 200 - "-" "Mozilla/5.0 (Linux; Android 7.0;) AppleWebKit/537.36 (KHTML, like Gecko) Mobile Safari/537.36 (compatible; PetalBot;+https://webmaster.petalsearch.com/site/petalbot)"
114.119.139.0 - - [28/Jun/2021:16:22:46 +0200] "GET /it/unsere-produkte-und-services/kranbare-auflieger/ HTTP/1.1" 200 10485 "-" "Mozilla/5.0 (Linux; Android 7.0;) AppleWebKit/537.36 (KHTML, like Gecko) Mobile Safari/537.36 (compatible; PetalBot;+https://webmaster.petalsearch.com/site/petalbot)"
81.169.178.0 - - [28/Jun/2021:16:23:19 +0200] "POST /wp-cron.php?doing_wp_cron=1624890199.8482210636138916015625 HTTP/1.1" 200 - "https://www.computerdoc24.de/wp-cron.php?doing_wp_cron=1624890199.8482210636138916015625" "WordPress/5.2.11; https://www.computerdoc24.de"
34.75.119.0 - - [28/Jun/2021:16:23:19 +0200] "GET /feed/ HTTP/1.0" 200 477 "-" "ZoominfoBot (zoominfobot at zoominfo dot com)"
157.55.39.0 - - [28/Jun/2021:16:25:05 +0200] "GET /unsere-produkte-und-services/ HTTP/1.1" 301 314 "-" "Mozilla/5.0 (compatible; bingbot/2.0; +http://www.bing.com/bingbot.htm)"
81.169.178.0 - - [28/Jun/2021:16:25:11 +0200] "POST /wp-cron.php?doing_wp_cron=1624890311.1236510276794433593750 HTTP/1.1" 200 - "https://www.computerdoc24.de/wp-cron.php?doing_wp_cron=1624890311.1236510276794433593750" "WordPress/5.2.11; https://www.computerdoc24.de"
34.74.95.0 - - [28/Jun/2021:16:25:10 +0200] "GET /comments/feed/ HTTP/1.0" 200 451 "-" "ZoominfoBot (zoominfobot at zoominfo dot com)"
34.75.119.0 - - [28/Jun/2021:16:25:13 +0200] "GET /presse/ HTTP/1.0" 200 9600 "-" "ZoominfoBot (zoominfobot at zoominfo dot com)"
81.169.178.0 - - [28/Jun/2021:16:25:45 +0200] "POST /wp-cron.php?doing_wp_cron=1624890345.3481171131134033203125 HTTP/1.1" 200 - "https://www.computerdoc24.de/wp-cron.php?doing_wp_cron=1624890345.3481171131134033203125" "WordPress/5.2.11; https://www.computerdoc24.de"
34.75.119.0 - - [28/Jun/2021:16:25:45 +0200] "GET /aktuelle-angebote/ HTTP/1.0" 200 12103 "-" "ZoominfoBot (zoominfobot at zoominfo dot com)"
74.208.103.0 - - [28/Jun/2021:16:26:24 +0200] "GET /wp-login.php HTTP/1.1" 200 2743 "-" "Mozilla/5.0 (X11; Ubuntu; Linux x86_64; rv:62.0) Gecko/20100101 Firefox/62.0"
74.208.103.0 - - [28/Jun/2021:16:26:25 +0200] "POST /wp-login.php HTTP/1.1" 200 2880 "-" "Mozilla/5.0 (X11; Ubuntu; Linux x86_64; rv:62.0) Gecko/20100101 Firefox/62.0"
74.208.103.0 - - [28/Jun/2021:16:26:26 +0200] "GET /wp-login.php HTTP/1.1" 200 2743 "-" "Mozilla/5.0 (X11; Ubuntu; Linux x86_64; rv:62.0) Gecko/20100101 Firefox/62.0"
74.208.103.0 - - [28/Jun/2021:16:26:27 +0200] "POST /wp-login.php HTTP/1.1" 200 2844 "-" "Mozilla/5.0 (X11; Ubuntu; Linux x86_64; rv:62.0) Gecko/20100101 Firefox/62.0"
74.208.103.0 - - [28/Jun/2021:16:26:28 +0200] "POST /xmlrpc.php HTTP/1.1" 200 249 "-" "Mozilla/5.0 (X11; Ubuntu; Linux x86_64; rv:62.0) Gecko/20100101 Firefox/62.0"
81.169.178.0 - - [28/Jun/2021:16:26:47 +0200] "POST /wp-cron.php?doing_wp_cron=1624890407.1624500751495361328125 HTTP/1.1" 200 - "https://www.computerdoc24.de/wp-cron.php?doing_wp_cron=1624890407.1624500751495361328125" "WordPress/5.2.11; https://www.computerdoc24.de"
34.75.119.0 - - [28/Jun/2021:16:26:47 +0200] "GET /startseite/feed/ HTTP/1.0" 200 438 "-" "ZoominfoBot (zoominfobot at zoominfo dot com)"
81.169.178.0 - - [28/Jun/2021:16:27:55 +0200] "POST /wp-cron.php?doing_wp_cron=1624890475.2816290855407714843750 HTTP/1.1" 200 - "https://www.computerdoc24.de/wp-cron.php?doing_wp_cron=1624890475.2816290855407714843750" "WordPress/5.2.11; https://www.computerdoc24.de"
34.74.95.0 - - [28/Jun/2021:16:27:55 +0200] "GET /service/ HTTP/1.0" 200 12571 "-" "ZoominfoBot (zoominfobot at zoominfo dot com)"
34.75.119.0 - - [28/Jun/2021:16:28:06 +0200] "GET /product/schoenes-gebrauchtes-lenovo-nb-ssd-neu/ HTTP/1.0" 200 13903 "-" "ZoominfoBot (zoominfobot at zoominfo dot com)"
167.71.111.0 - - [28/Jun/2021:16:28:15 +0200] "GET /wp-login.php HTTP/1.1" 200 2748 "-" "Mozilla/5.0 (X11; Ubuntu; Linux x86_64; rv:62.0) Gecko/20100101 Firefox/62.0"
167.71.111.0 - - [28/Jun/2021:16:28:16 +0200] "POST /wp-login.php HTTP/1.1" 200 2886 "-" "Mozilla/5.0 (X11; Ubuntu; Linux x86_64; rv:62.0) Gecko/20100101 Firefox/62.0"
167.71.111.0 - - [28/Jun/2021:16:28:18 +0200] "GET /wp-login.php HTTP/1.1" 200 2748 "-" "Mozilla/5.0 (X11; Ubuntu; Linux x86_64; rv:62.0) Gecko/20100101 Firefox/62.0"
167.71.111.0 - - [28/Jun/2021:16:28:19 +0200] "POST /wp-login.php HTTP/1.1" 200 2850 "-" "Mozilla/5.0 (X11; Ubuntu; Linux x86_64; rv:62.0) Gecko/20100101 Firefox/62.0"
167.71.111.0 - - [28/Jun/2021:16:28:20 +0200] "POST /xmlrpc.php HTTP/1.1" 200 249 "-" "Mozilla/5.0 (X11; Ubuntu; Linux x86_64; rv:62.0) Gecko/20100101 Firefox/62.0"
81.169.178.0 - - [28/Jun/2021:16:29:52 +0200] "POST /wp-cron.php?doing_wp_cron=1624890592.3711919784545898437500 HTTP/1.1" 200 - "https://www.computerdoc24.de/wp-cron.php?doing_wp_cron=1624890592.3711919784545898437500" "WordPress/5.2.11; https://www.computerdoc24.de"
34.74.95.0 - - [28/Jun/2021:16:29:52 +0200] "GET /allgemeine-geschaeftsbedingungen/ HTTP/1.0" 200 11029 "-" "ZoominfoBot (zoominfobot at zoominfo dot com)"
185.86.6.0 - - [28/Jun/2021:16:30:15 +0200] "GET /.env HTTP/1.1" 200 2691 "-" "Mozilla/5.0 (X11; Linux x86_64) AppleWebKit/537.36 (KHTML, like Gecko) Chrome/81.0.4044.129 Safari/537.36"
185.86.6.0 - - [28/Jun/2021:16:30:17 +0200] "POST /.env HTTP/1.1" 200 2691 "-" "Mozilla/5.0 (X11; Linux x86_64) AppleWebKit/537.36 (KHTML, like Gecko) Chrome/81.0.4044.129 Safari/537.36"
132.145.99.0 - - [28/Jun/2021:16:30:21 +0200] "GET /gank.php.PhP HTTP/1.1" 200 - "http://simplesite.com" "Mozilla/5.0 (Windows; U; Windows NT 5.1; en-US) AppleWebKit/533.4 (KHTML, like Gecko) Chrome/5.0.375.99 Safari/533.4"
132.145.99.0 - - [28/Jun/2021:16:30:24 +0200] "GET /gank.php.PhP HTTP/1.1" 200 - "http://computerdoc24.de/gank.php.PhP" "Mozilla/5.0 (Windows; U; Windows NT 5.1; en-US) AppleWebKit/533.4 (KHTML, like Gecko) Chrome/5.0.375.99 Safari/533.4"
132.145.99.0 - - [28/Jun/2021:16:30:25 +0200] "GET /gank.php.PhP HTTP/1.1" 200 33512 "https://computerdoc24.de/gank.php.PhP" "Mozilla/5.0 (Windows; U; Windows NT 5.1; en-US) AppleWebKit/533.4 (KHTML, like Gecko) Chrome/5.0.375.99 Safari/533.4"
105.213.120.0 - - [28/Jun/2021:16:30:58 +0200] "GET / HTTP/1.1" 403 2409 "-" "Mozilla/5.0 (Windows NT 10.0; WOW64) AppleWebKit/537.36 (KHTML, like Gecko) Chrome/51.0.2704.103 Safari/537.36"
81.169.178.0 - - [28/Jun/2021:16:31:05 +0200] "POST /wp-cron.php?doing_wp_cron=1624890665.5109469890594482421875 HTTP/1.1" 200 - "https://www.computerdoc24.de/wp-cron.php?doing_wp_cron=1624890665.5109469890594482421875" "WordPress/5.2.11; https://www.computerdoc24.de"
34.74.95.0 - - [28/Jun/2021:16:31:05 +0200] "GET /feed/ HTTP/1.0" 200 477 "-" "ZoominfoBot (zoominfobot at zoominfo dot com)"
81.169.178.0 - - [28/Jun/2021:16:33:08 +0200] "POST /wp-cron.php?doing_wp_cron=1624890788.5782830715179443359375 HTTP/1.1" 200 - "https://www.computerdoc24.de/wp-cron.php?doing_wp_cron=1624890788.5782830715179443359375" "WordPress/5.2.11; https://www.computerdoc24.de"
34.75.119.0 - - [28/Jun/2021:16:33:08 +0200] "GET /impressum/ HTTP/1.0" 200 10975 "-" "ZoominfoBot (zoominfobot at zoominfo dot com)"
81.169.178.0 - - [28/Jun/2021:16:33:33 +0200] "POST /wp-cron.php?doing_wp_cron=1624890813.6950728893280029296875 HTTP/1.1" 200 - "https://www.computerdoc24.de/wp-cron.php?doing_wp_cron=1624890813.6950728893280029296875" "WordPress/5.2.11; https://www.computerdoc24.de"
34.74.95.0 - - [28/Jun/2021:16:33:33 +0200] "GET /presse/ HTTP/1.0" 200 9603 "-" "ZoominfoBot (zoominfobot at zoominfo dot com)"
34.74.95.0 - - [28/Jun/2021:16:34:20 +0200] "GET /aktuelle-angebote/ HTTP/1.0" 200 12103 "-" "ZoominfoBot (zoominfobot at zoominfo dot com)"
114.119.137.0 - - [28/Jun/2021:16:35:01 +0200] "GET /es/unsere-produkte-und-services/innovative-ladeeinheiten/ HTTP/1.1" 200 10586 "-" "Mozilla/5.0 (Linux; Android 7.0;) AppleWebKit/537.36 (KHTML, like Gecko) Mobile Safari/537.36 (compatible; PetalBot;+https://webmaster.petalsearch.com/site/petalbot)"
81.169.178.0 - - [28/Jun/2021:16:35:36 +0200] "POST /wp-cron.php?doing_wp_cron=1624890936.7494969367980957031250 HTTP/1.1" 200 - "https://www.computerdoc24.de/wp-cron.php?doing_wp_cron=1624890936.7494969367980957031250" "WordPress/5.2.11; https://www.computerdoc24.de"
34.74.95.0 - - [28/Jun/2021:16:35:36 +0200] "GET /startseite/feed/ HTTP/1.0" 200 438 "-" "ZoominfoBot (zoominfobot at zoominfo dot com)"
81.169.178.0 - - [28/Jun/2021:16:37:13 +0200] "POST /wp-cron.php?doing_wp_cron=1624891033.8708620071411132812500 HTTP/1.1" 200 - "https://www.computerdoc24.de/wp-cron.php?doing_wp_cron=1624891033.8708620071411132812500" "WordPress/5.2.11; https://www.computerdoc24.de"
34.74.95.0 - - [28/Jun/2021:16:37:13 +0200] "GET /product/schoenes-gebrauchtes-lenovo-nb-ssd-neu/ HTTP/1.0" 200 13915 "-" "ZoominfoBot (zoominfobot at zoominfo dot com)"
81.169.178.0 - - [28/Jun/2021:16:37:49 +0200] "POST /wp-cron.php?doing_wp_cron=1624891069.8277480602264404296875 HTTP/1.1" 200 - "http://www.computerdoc24.de/wp-cron.php?doing_wp_cron=1624891069.8277480602264404296875" "WordPress/5.2.11; https://www.computerdoc24.de"
176.123.9.0 - - [28/Jun/2021:16:37:49 +0200] "GET / HTTP/1.1" 301 - "-" "Mozilla/5.0 (Windows NT 10.0; Win64; x64) AppleWebKit/537.36 (KHTML, like Gecko) Chrome/88.0.4240.193 Safari/537.36"
176.123.9.0 - - [28/Jun/2021:16:37:55 +0200] "GET / HTTP/1.1" 301 - "-" "Mozilla/5.0 (Windows NT 10.0; Win64; x64) AppleWebKit/537.36 (KHTML, like Gecko) Chrome/88.0.4240.193 Safari/537.36"
176.123.9.0 - - [28/Jun/2021:16:37:55 +0200] "GET //wp-includes/wlwmanifest.xml HTTP/1.1" 200 1045 "-" "Mozilla/5.0 (Windows NT 10.0; Win64; x64) AppleWebKit/537.36 (KHTML, like Gecko) Chrome/88.0.4240.193 Safari/537.36"
176.123.9.0 - - [28/Jun/2021:16:37:56 +0200] "GET //?author=1 HTTP/1.1" 404 33984 "-" "Mozilla/5.0 (Windows NT 10.0; Win64; x64) AppleWebKit/537.36 (KHTML, like Gecko) Chrome/88.0.4240.193 Safari/537.36"
114.119.128.0 - - [28/Jun/2021:16:37:56 +0200] "GET /product/logitech-speaker-s-120-2-0-23w-rms HTTP/1.1" 200 - "-" "Mozilla/5.0 (Linux; Android 7.0;) AppleWebKit/537.36 (KHTML, like Gecko) Mobile Safari/537.36 (compatible; PetalBot;+https://webmaster.petalsearch.com/site/petalbot)"
176.123.9.0 - - [28/Jun/2021:16:37:56 +0200] "GET //?author=2 HTTP/1.1" 404 33984 "-" "Mozilla/5.0 (Windows NT 10.0; Win64; x64) AppleWebKit/537.36 (KHTML, like Gecko) Chrome/88.0.4240.193 Safari/537.36"
176.123.9.0 - - [28/Jun/2021:16:37:56 +0200] "GET //?author=3 HTTP/1.1" 404 33984 "-" "Mozilla/5.0 (Windows NT 10.0; Win64; x64) AppleWebKit/537.36 (KHTML, like Gecko) Chrome/88.0.4240.193 Safari/537.36"
176.123.9.0 - - [28/Jun/2021:16:37:56 +0200] "GET //wp-json/wp/v2/users/ HTTP/1.1" 200 121 "-" "Mozilla/5.0 (Windows NT 10.0; Win64; x64) AppleWebKit/537.36 (KHTML, like Gecko) Chrome/88.0.4240.193 Safari/537.36"
176.123.9.0 - - [28/Jun/2021:16:37:56 +0200] "GET //wp-json/oembed/1.0/embed?url=https://www.computerdoc24.de/ HTTP/1.1" 200 2178 "-" "Mozilla/5.0 (Windows NT 10.0; Win64; x64) AppleWebKit/537.36 (KHTML, like Gecko) Chrome/88.0.4240.193 Safari/537.36"
114.119.128.0 - - [28/Jun/2021:16:37:57 +0200] "GET /product/logitech-speaker-s-120-2-0-23w-rms/ HTTP/1.1" 200 14236 "-" "Mozilla/5.0 (Linux; Android 7.0;) AppleWebKit/537.36 (KHTML, like Gecko) Mobile Safari/537.36 (compatible; PetalBot;+https://webmaster.petalsearch.com/site/petalbot)"
176.123.9.0 - - [28/Jun/2021:16:37:57 +0200] "POST //xmlrpc.php HTTP/1.1" 200 404 "-" "Mozilla/5.0 (Windows NT 10.0; Win64; x64) AppleWebKit/537.36 (KHTML, like Gecko) Chrome/88.0.4240.193 Safari/537.36"
176.123.9.0 - - [28/Jun/2021:16:37:58 +0200] "POST //xmlrpc.php HTTP/1.1" 200 404 "-" "Mozilla/5.0 (Windows NT 10.0; Win64; x64) AppleWebKit/537.36 (KHTML, like Gecko) Chrome/88.0.4240.193 Safari/537.36"
176.123.9.0 - - [28/Jun/2021:16:37:59 +0200] "POST //xmlrpc.php HTTP/1.1" 200 404 "-" "Mozilla/5.0 (Windows NT 10.0; Win64; x64) AppleWebKit/537.36 (KHTML, like Gecko) Chrome/88.0.4240.193 Safari/537.36"
176.123.9.0 - - [28/Jun/2021:16:37:59 +0200] "POST //xmlrpc.php HTTP/1.1" 200 404 "-" "Mozilla/5.0 (Windows NT 10.0; Win64; x64) AppleWebKit/537.36 (KHTML, like Gecko) Chrome/88.0.4240.193 Safari/537.36"
176.123.9.0 - - [28/Jun/2021:16:38:00 +0200] "POST //xmlrpc.php HTTP/1.1" 200 404 "-" "Mozilla/5.0 (Windows NT 10.0; Win64; x64) AppleWebKit/537.36 (KHTML, like Gecko) Chrome/88.0.4240.193 Safari/537.36"
176.123.9.0 - - [28/Jun/2021:16:38:00 +0200] "POST //xmlrpc.php HTTP/1.1" 200 404 "-" "Mozilla/5.0 (Windows NT 10.0; Win64; x64) AppleWebKit/537.36 (KHTML, like Gecko) Chrome/88.0.4240.193 Safari/537.36"
176.123.9.0 - - [28/Jun/2021:16:38:01 +0200] "POST //xmlrpc.php HTTP/1.1" 200 404 "-" "Mozilla/5.0 (Windows NT 10.0; Win64; x64) AppleWebKit/537.36 (KHTML, like Gecko) Chrome/88.0.4240.193 Safari/537.36"
176.123.9.0 - - [28/Jun/2021:16:38:01 +0200] "POST //xmlrpc.php HTTP/1.1" 200 404 "-" "Mozilla/5.0 (Windows NT 10.0; Win64; x64) AppleWebKit/537.36 (KHTML, like Gecko) Chrome/88.0.4240.193 Safari/537.36"
176.123.9.0 - - [28/Jun/2021:16:38:02 +0200] "POST //xmlrpc.php HTTP/1.1" 200 404 "-" "Mozilla/5.0 (Windows NT 10.0; Win64; x64) AppleWebKit/537.36 (KHTML, like Gecko) Chrome/88.0.4240.193 Safari/537.36"
176.123.9.0 - - [28/Jun/2021:16:38:03 +0200] "POST //xmlrpc.php HTTP/1.1" 200 404 "-" "Mozilla/5.0 (Windows NT 10.0; Win64; x64) AppleWebKit/537.36 (KHTML, like Gecko) Chrome/88.0.4240.193 Safari/537.36"
176.123.9.0 - - [28/Jun/2021:16:38:04 +0200] "POST //xmlrpc.php HTTP/1.1" 200 404 "-" "Mozilla/5.0 (Windows NT 10.0; Win64; x64) AppleWebKit/537.36 (KHTML, like Gecko) Chrome/88.0.4240.193 Safari/537.36"
176.123.9.0 - - [28/Jun/2021:16:38:05 +0200] "POST //xmlrpc.php HTTP/1.1" 200 404 "-" "Mozilla/5.0 (Windows NT 10.0; Win64; x64) AppleWebKit/537.36 (KHTML, like Gecko) Chrome/88.0.4240.193 Safari/537.36"
176.123.9.0 - - [28/Jun/2021:16:38:05 +0200] "POST //xmlrpc.php HTTP/1.1" 200 404 "-" "Mozilla/5.0 (Windows NT 10.0; Win64; x64) AppleWebKit/537.36 (KHTML, like Gecko) Chrome/88.0.4240.193 Safari/537.36"
176.123.9.0 - - [28/Jun/2021:16:38:06 +0200] "POST //xmlrpc.php HTTP/1.1" 200 404 "-" "Mozilla/5.0 (Windows NT 10.0; Win64; x64) AppleWebKit/537.36 (KHTML, like Gecko) Chrome/88.0.4240.193 Safari/537.36"
176.123.9.0 - - [28/Jun/2021:16:38:07 +0200] "POST //xmlrpc.php HTTP/1.1" 200 404 "-" "Mozilla/5.0 (Windows NT 10.0; Win64; x64) AppleWebKit/537.36 (KHTML, like Gecko) Chrome/88.0.4240.193 Safari/537.36"
176.123.9.0 - - [28/Jun/2021:16:38:07 +0200] "POST //xmlrpc.php HTTP/1.1" 200 404 "-" "Mozilla/5.0 (Windows NT 10.0; Win64; x64) AppleWebKit/537.36 (KHTML, like Gecko) Chrome/88.0.4240.193 Safari/537.36"
176.123.9.0 - - [28/Jun/2021:16:38:08 +0200] "POST //xmlrpc.php HTTP/1.1" 200 404 "-" "Mozilla/5.0 (Windows NT 10.0; Win64; x64) AppleWebKit/537.36 (KHTML, like Gecko) Chrome/88.0.4240.193 Safari/537.36"
176.123.9.0 - - [28/Jun/2021:16:38:09 +0200] "POST //xmlrpc.php HTTP/1.1" 200 404 "-" "Mozilla/5.0 (Windows NT 10.0; Win64; x64) AppleWebKit/537.36 (KHTML, like Gecko) Chrome/88.0.4240.193 Safari/537.36"
176.123.9.0 - - [28/Jun/2021:16:38:09 +0200] "POST //xmlrpc.php HTTP/1.1" 200 404 "-" "Mozilla/5.0 (Windows NT 10.0; Win64; x64) AppleWebKit/537.36 (KHTML, like Gecko) Chrome/88.0.4240.193 Safari/537.36"
176.123.9.0 - - [28/Jun/2021:16:38:10 +0200] "POST //xmlrpc.php HTTP/1.1" 503 18264 "-" "Mozilla/5.0 (Windows NT 10.0; Win64; x64) AppleWebKit/537.36 (KHTML, like Gecko) Chrome/88.0.4240.193 Safari/537.36"
62.210.185.0 - - [28/Jun/2021:16:40:21 +0200] "GET /wp-login.php HTTP/1.1" 200 2743 "-" "Mozilla/5.0 (X11; Ubuntu; Linux x86_64; rv:62.0) Gecko/20100101 Firefox/62.0"
62.210.185.0 - - [28/Jun/2021:16:40:22 +0200] "POST /wp-login.php HTTP/1.1" 200 2880 "-" "Mozilla/5.0 (X11; Ubuntu; Linux x86_64; rv:62.0) Gecko/20100101 Firefox/62.0"
62.210.185.0 - - [28/Jun/2021:16:40:22 +0200] "GET /wp-login.php HTTP/1.1" 200 2743 "-" "Mozilla/5.0 (X11; Ubuntu; Linux x86_64; rv:62.0) Gecko/20100101 Firefox/62.0"
62.210.185.0 - - [28/Jun/2021:16:40:23 +0200] "POST /wp-login.php HTTP/1.1" 200 2844 "-" "Mozilla/5.0 (X11; Ubuntu; Linux x86_64; rv:62.0) Gecko/20100101 Firefox/62.0"
62.210.185.0 - - [28/Jun/2021:16:40:24 +0200] "POST /xmlrpc.php HTTP/1.1" 200 249 "-" "Mozilla/5.0 (X11; Ubuntu; Linux x86_64; rv:62.0) Gecko/20100101 Firefox/62.0"
114.119.138.0 - - [28/Jun/2021:16:40:32 +0200] "GET /pc-ankauf HTTP/1.1" 200 - "-" "Mozilla/5.0 (Linux; Android 7.0;) AppleWebKit/537.36 (KHTML, like Gecko) Mobile Safari/537.36 (compatible; PetalBot;+https://webmaster.petalsearch.com/site/petalbot)"
81.169.178.0 - - [28/Jun/2021:16:40:33 +0200] "POST /wp-cron.php?doing_wp_cron=1624891232.9861879348754882812500 HTTP/1.1" 200 - "https://www.computerdoc24.de/wp-cron.php?doing_wp_cron=1624891232.9861879348754882812500" "WordPress/5.2.11; https://www.computerdoc24.de"
114.119.138.0 - - [28/Jun/2021:16:40:35 +0200] "GET /pc-ankauf/ HTTP/1.1" 200 9939 "-" "Mozilla/5.0 (Linux; Android 7.0;) AppleWebKit/537.36 (KHTML, like Gecko) Mobile Safari/537.36 (compatible; PetalBot;+https://webmaster.petalsearch.com/site/petalbot)"
206.72.193.0 - - [28/Jun/2021:16:43:09 +0200] "GET /wp-login.php HTTP/1.1" 200 2748 "-" "Mozilla/5.0 (X11; Ubuntu; Linux x86_64; rv:62.0) Gecko/20100101 Firefox/62.0"
81.169.178.0 - - [28/Jun/2021:16:43:09 +0200] "POST /wp-cron.php?doing_wp_cron=1624891389.2315750122070312500000 HTTP/1.1" 200 - "https://www.computerdoc24.de/wp-cron.php?doing_wp_cron=1624891389.2315750122070312500000" "WordPress/5.2.11; https://www.computerdoc24.de"
34.74.95.0 - - [28/Jun/2021:16:43:09 +0200] "GET /impressum/ HTTP/1.0" 200 10975 "-" "ZoominfoBot (zoominfobot at zoominfo dot com)"
206.72.193.0 - - [28/Jun/2021:16:43:10 +0200] "POST /wp-login.php HTTP/1.1" 200 2886 "-" "Mozilla/5.0 (X11; Ubuntu; Linux x86_64; rv:62.0) Gecko/20100101 Firefox/62.0"
206.72.193.0 - - [28/Jun/2021:16:43:11 +0200] "GET /wp-login.php HTTP/1.1" 200 2748 "-" "Mozilla/5.0 (X11; Ubuntu; Linux x86_64; rv:62.0) Gecko/20100101 Firefox/62.0"
206.72.193.0 - - [28/Jun/2021:16:43:12 +0200] "POST /wp-login.php HTTP/1.1" 200 2850 "-" "Mozilla/5.0 (X11; Ubuntu; Linux x86_64; rv:62.0) Gecko/20100101 Firefox/62.0"
206.72.193.0 - - [28/Jun/2021:16:43:14 +0200] "POST /xmlrpc.php HTTP/1.1" 200 249 "-" "Mozilla/5.0 (X11; Ubuntu; Linux x86_64; rv:62.0) Gecko/20100101 Firefox/62.0"
205.211.166.0 - - [28/Jun/2021:16:43:24 +0200] "GET /wp-login.php HTTP/1.1" 200 2238 "-" "Mozilla/5.0 (X11; Ubuntu; Linux x86_64; rv:62.0) Gecko/20100101 Firefox/62.0"
205.211.166.0 - - [28/Jun/2021:16:43:25 +0200] "POST /wp-login.php HTTP/1.1" 200 2589 "-" "Mozilla/5.0 (X11; Ubuntu; Linux x86_64; rv:62.0) Gecko/20100101 Firefox/62.0"
205.211.166.0 - - [28/Jun/2021:16:43:26 +0200] "POST /xmlrpc.php HTTP/1.1" 200 228 "-" "Mozilla/5.0 (X11; Ubuntu; Linux x86_64; rv:62.0) Gecko/20100101 Firefox/62.0"
114.119.137.0 - - [28/Jun/2021:16:43:41 +0200] "GET /it/auftraggeber HTTP/1.1" 200 - "-" "Mozilla/5.0 (Linux; Android 7.0;) AppleWebKit/537.36 (KHTML, like Gecko) Mobile Safari/537.36 (compatible; PetalBot;+https://webmaster.petalsearch.com/site/petalbot)"
114.119.137.0 - - [28/Jun/2021:16:43:43 +0200] "GET /it/auftraggeber/ HTTP/1.1" 200 10468 "-" "Mozilla/5.0 (Linux; Android 7.0;) AppleWebKit/537.36 (KHTML, like Gecko) Mobile Safari/537.36 (compatible; PetalBot;+https://webmaster.petalsearch.com/site/petalbot)"
81.169.178.0 - - [28/Jun/2021:16:44:40 +0200] "POST /wp-cron.php?doing_wp_cron=1624891480.4237151145935058593750 HTTP/1.1" 200 - "https://www.computerdoc24.de/wp-cron.php?doing_wp_cron=1624891480.4237151145935058593750" "WordPress/5.2.11; https://www.computerdoc24.de"
114.119.138.0 - - [28/Jun/2021:16:44:40 +0200] "GET /aktuelle-angebote/page/2 HTTP/1.1" 200 - "-" "Mozilla/5.0 (Linux; Android 7.0;) AppleWebKit/537.36 (KHTML, like Gecko) Mobile Safari/537.36 (compatible; PetalBot;+https://webmaster.petalsearch.com/site/petalbot)"
114.119.138.0 - - [28/Jun/2021:16:44:41 +0200] "GET /aktuelle-angebote/page/2/ HTTP/1.1" 200 9823 "-" "Mozilla/5.0 (Linux; Android 7.0;) AppleWebKit/537.36 (KHTML, like Gecko) Mobile Safari/537.36 (compatible; PetalBot;+https://webmaster.petalsearch.com/site/petalbot)"
168.181.120.0 - - [28/Jun/2021:16:44:44 +0200] "GET / HTTP/1.1" 403 2409 "-" "Mozilla/5.0 (Windows NT 10.0; WOW64) AppleWebKit/537.36 (KHTML, like Gecko) Chrome/51.0.2704.103 Safari/537.36"
139.59.118.0 - - [28/Jun/2021:16:45:37 +0200] "POST /wp-login.php HTTP/1.1" 200 2884 "-" "Mozilla/5.0 (Windows NT 6.3; Win64; x64) AppleWebKit/537.36 (KHTML, like Gecko) Chrome/65.0.3325.181 Safari/537.36"
66.249.64.0 - - [28/Jun/2021:16:48:36 +0200] "GET /robots.txt HTTP/1.1" 301 295 "-" "Mozilla/5.0 (compatible; Googlebot/2.1; +http://www.google.com/bot.html)"
66.249.64.0 - - [28/Jun/2021:16:48:37 +0200] "GET /ru/ueber-uns/ HTTP/1.1" 301 298 "-" "Mozilla/5.0 (Linux; Android 6.0.1; Nexus 5X Build/MMB29P) AppleWebKit/537.36 (KHTML, like Gecko) Chrome/91.0.4472.90 Mobile Safari/537.36 (compatible; Googlebot/2.1; +http://www.google.com/bot.html)"
114.119.144.0 - - [28/Jun/2021:16:53:03 +0200] "GET /uk/ueber-uns/firmeninformation HTTP/1.1" 200 9641 "-" "Mozilla/5.0 (Linux; Android 7.0;) AppleWebKit/537.36 (KHTML, like Gecko) Mobile Safari/537.36 (compatible; PetalBot;+https://webmaster.petalsearch.com/site/petalbot)"
81.169.178.0 - - [28/Jun/2021:16:53:17 +0200] "POST /wp-cron.php?doing_wp_cron=1624891997.4052500724792480468750 HTTP/1.1" 200 - "https://www.computerdoc24.de/wp-cron.php?doing_wp_cron=1624891997.4052500724792480468750" "WordPress/5.2.11; https://www.computerdoc24.de"
34.74.95.0 - - [28/Jun/2021:16:53:17 +0200] "GET /fernwartung/ HTTP/1.0" 200 9273 "-" "ZoominfoBot (zoominfobot at zoominfo dot com)"
81.169.178.0 - - [28/Jun/2021:16:53:03 +0200] "POST /wp-cron.php?doing_wp_cron=1624891983.3414309024810791015625 HTTP/1.1" 200 - "https://www.ipcbusiness.de/wp-cron.php?doing_wp_cron=1624891983.3414309024810791015625" "WordPress/5.6.4; https://www.ipcbusiness.de/uk"
81.169.178.0 - - [28/Jun/2021:16:53:37 +0200] "POST /wp-cron.php?doing_wp_cron=1624892017.3330049514770507812500 HTTP/1.1" 200 - "https://www.computerdoc24.de/wp-cron.php?doing_wp_cron=1624892017.3330049514770507812500" "WordPress/5.2.11; https://www.computerdoc24.de"
185.191.171.0 - - [28/Jun/2021:16:53:37 +0200] "GET /robots.txt HTTP/1.1" 200 69 "-" "Mozilla/5.0 (compatible; SemrushBot/7~bl; +http://www.semrush.com/bot.html)"
185.191.171.0 - - [28/Jun/2021:16:53:38 +0200] "GET /product-category/aktuelle-angebote/ HTTP/1.1" 200 12122 "-" "Mozilla/5.0 (compatible; SemrushBot/7~bl; +http://www.semrush.com/bot.html)"
213.159.209.0 - - [28/Jun/2021:16:55:20 +0200] "GET /wp-login.php HTTP/1.1" 200 2743 "-" "Mozilla/5.0 (X11; Ubuntu; Linux x86_64; rv:62.0) Gecko/20100101 Firefox/62.0"
213.159.209.0 - - [28/Jun/2021:16:55:20 +0200] "POST /wp-login.php HTTP/1.1" 200 2880 "-" "Mozilla/5.0 (X11; Ubuntu; Linux x86_64; rv:62.0) Gecko/20100101 Firefox/62.0"
213.159.209.0 - - [28/Jun/2021:16:55:21 +0200] "GET /wp-login.php HTTP/1.1" 200 2743 "-" "Mozilla/5.0 (X11; Ubuntu; Linux x86_64; rv:62.0) Gecko/20100101 Firefox/62.0"
213.159.209.0 - - [28/Jun/2021:16:55:22 +0200] "POST /wp-login.php HTTP/1.1" 200 2844 "-" "Mozilla/5.0 (X11; Ubuntu; Linux x86_64; rv:62.0) Gecko/20100101 Firefox/62.0"
213.159.209.0 - - [28/Jun/2021:16:55:22 +0200] "POST /xmlrpc.php HTTP/1.1" 200 249 "-" "Mozilla/5.0 (X11; Ubuntu; Linux x86_64; rv:62.0) Gecko/20100101 Firefox/62.0"
81.169.178.0 - - [28/Jun/2021:16:56:17 +0200] "POST /wp-cron.php?doing_wp_cron=1624892177.6112370491027832031250 HTTP/1.1" 200 - "https://www.ipcbusiness.de/wp-cron.php?doing_wp_cron=1624892177.6112370491027832031250" "WordPress/5.6.4; https://www.ipcbusiness.de"
93.114.235.0 - - [28/Jun/2021:16:56:17 +0200] "GET /wp-login.php HTTP/1.1" 200 2748 "-" "Mozilla/5.0 (X11; Ubuntu; Linux x86_64; rv:62.0) Gecko/20100101 Firefox/62.0"
93.114.235.0 - - [28/Jun/2021:16:56:18 +0200] "POST /wp-login.php HTTP/1.1" 200 2886 "-" "Mozilla/5.0 (X11; Ubuntu; Linux x86_64; rv:62.0) Gecko/20100101 Firefox/62.0"
93.114.235.0 - - [28/Jun/2021:16:56:19 +0200] "GET /wp-login.php HTTP/1.1" 200 2748 "-" "Mozilla/5.0 (X11; Ubuntu; Linux x86_64; rv:62.0) Gecko/20100101 Firefox/62.0"
93.114.235.0 - - [28/Jun/2021:16:56:19 +0200] "POST /wp-login.php HTTP/1.1" 200 2850 "-" "Mozilla/5.0 (X11; Ubuntu; Linux x86_64; rv:62.0) Gecko/20100101 Firefox/62.0"
93.114.235.0 - - [28/Jun/2021:16:56:20 +0200] "POST /xmlrpc.php HTTP/1.1" 200 249 "-" "Mozilla/5.0 (X11; Ubuntu; Linux x86_64; rv:62.0) Gecko/20100101 Firefox/62.0"
66.249.64.0 - - [28/Jun/2021:16:57:54 +0200] "GET /product/schoenes-gebrauchtes-lenovo-nb-ssd-neu/ HTTP/1.1" 301 334 "-" "Mozilla/5.0 (compatible; Googlebot/2.1; +http://www.google.com/bot.html)"
81.169.178.0 - - [28/Jun/2021:16:58:09 +0200] "POST /wp-cron.php?doing_wp_cron=1624892289.6110169887542724609375 HTTP/1.1" 200 - "https://www.computerdoc24.de/wp-cron.php?doing_wp_cron=1624892289.6110169887542724609375" "WordPress/5.2.11; https://www.computerdoc24.de"
119.18.52.0 - - [28/Jun/2021:16:58:09 +0200] "GET /wp-login.php HTTP/1.1" 200 2238 "-" "Mozilla/5.0 (X11; Ubuntu; Linux x86_64; rv:62.0) Gecko/20100101 Firefox/62.0"
119.18.52.0 - - [28/Jun/2021:16:58:11 +0200] "POST /wp-login.php HTTP/1.1" 200 2589 "-" "Mozilla/5.0 (X11; Ubuntu; Linux x86_64; rv:62.0) Gecko/20100101 Firefox/62.0"
119.18.52.0 - - [28/Jun/2021:16:58:12 +0200] "POST /xmlrpc.php HTTP/1.1" 200 228 "-" "Mozilla/5.0 (X11; Ubuntu; Linux x86_64; rv:62.0) Gecko/20100101 Firefox/62.0"
81.169.178.0 - - [28/Jun/2021:16:59:57 +0200] "POST /wp-cron.php?doing_wp_cron=1624892397.7804970741271972656250 HTTP/1.1" 200 - "https://www.computerdoc24.de/wp-cron.php?doing_wp_cron=1624892397.7804970741271972656250" "WordPress/5.2.11; https://www.computerdoc24.de"
178.18.245.0 - - [28/Jun/2021:16:59:57 +0200] "POST /wp-login.php HTTP/1.1" 503 7054 "-" "Mozilla/5.0 (Windows NT 10.0; Win64; x64) AppleWebKit/537.36 (KHTML, like Gecko) Chrome/66.0.3359.117 Safari/537.36"
81.169.178.0 - - [28/Jun/2021:17:02:01 +0200] "POST /wp-cron.php?doing_wp_cron=1624892521.1246330738067626953125 HTTP/1.1" 200 - "https://www.computerdoc24.de/wp-cron.php?doing_wp_cron=1624892521.1246330738067626953125" "WordPress/5.2.11; https://www.computerdoc24.de"
54.36.148.0 - - [28/Jun/2021:17:02:00 +0200] "GET /product/office-internet-pc-fujitsu-marken-pc/ HTTP/1.1" 200 14102 "-" "Mozilla/5.0 (compatible; AhrefsBot/7.0; +http://ahrefs.com/robot/)"
81.169.178.0 - - [28/Jun/2021:17:03:54 +0200] "POST /wp-cron.php?doing_wp_cron=1624892634.4563009738922119140625 HTTP/1.1" 200 - "https://www.ipcbusiness.de/wp-cron.php?doing_wp_cron=1624892634.4563009738922119140625" "WordPress/5.6.4; https://www.ipcbusiness.de"
202.172.26.0 - - [28/Jun/2021:17:03:54 +0200] "POST /wp-login.php HTTP/1.1" 200 2886 "-" "Mozilla/5.0 (Windows NT 10.0; WOW64) AppleWebKit/537.36 (KHTML, like Gecko) Chrome/46.0.2490.86 Safari/537.36"
40.77.167.0 - - [28/Jun/2021:17:04:08 +0200] "GET /wp-content/uploads/Presse1-1.gif HTTP/1.1" 301 319 "-" "Mozilla/5.0 (compatible; bingbot/2.0; +http://www.bing.com/bingbot.htm)"
80.82.77.0 - - [28/Jun/2021:17:04:13 +0200] "GET / HTTP/1.1" 403 2411 "-" "Mozilla/5.0 (Windows NT 10.0; Win64; x64) AppleWebKit/537.36 (KHTML, like Gecko) Chrome/88.0.4324.190 Safari/537.36"
117.50.90.0 - - [28/Jun/2021:17:04:47 +0200] "-" 408 - "-" "-"
81.169.178.0 - - [28/Jun/2021:17:07:42 +0200] "POST /wp-cron.php?doing_wp_cron=1624892862.8275210857391357421875 HTTP/1.1" 200 - "https://www.computerdoc24.de/wp-cron.php?doing_wp_cron=1624892862.8275210857391357421875" "WordPress/5.2.11; https://www.computerdoc24.de"
114.119.138.0 - - [28/Jun/2021:17:07:42 +0200] "GET /product-category/aktuelle-angebote/ HTTP/1.1" 200 12126 "-" "Mozilla/5.0 (Linux; Android 7.0;) AppleWebKit/537.36 (KHTML, like Gecko) Mobile Safari/537.36 (compatible; PetalBot;+https://webmaster.petalsearch.com/site/petalbot)"
185.191.171.0 - - [28/Jun/2021:17:07:46 +0200] "GET /product/office-und-internet-pc/ HTTP/1.1" 200 14155 "-" "Mozilla/5.0 (compatible; SemrushBot/7~bl; +http://www.semrush.com/bot.html)"
81.169.144.0 - - [28/Jun/2021:17:09:54 +0200] "POST /wp-cron.php?doing_wp_cron=1624892994.0697329044342041015625 HTTP/1.1" 200 - "http://www.computerdoc24.de/wp-cron.php?doing_wp_cron=1624892994.0697329044342041015625" "WordPress/5.2.2; https://www.computerdoc24.de"
81.169.178.0 - - [28/Jun/2021:17:09:56 +0200] "POST /wp-cron.php?doing_wp_cron=1624892996.2360820770263671875000 HTTP/1.1" 200 - "https://www.computerdoc24.de/wp-cron.php?doing_wp_cron=1624892996.2360820770263671875000" "WordPress/5.2.11; https://www.computerdoc24.de"
18.117.112.0 - - [28/Jun/2021:17:09:56 +0200] "GET / HTTP/1.1" 200 16468 "-" "Mozilla/5.0 (Windows NT 10.0; Win64; x64) AppleWebKit/537.36 (KHTML, like Gecko; compatible; BW/1.1; bit.ly/2W6Px8S) Chrome/84.0.4147.105 Safari/537.36"
18.117.112.0 - - [28/Jun/2021:17:09:57 +0200] "GET /robots.txt HTTP/1.1" 200 - "-" "Mozilla/5.0 (Windows NT 10.0; Win64; x64) AppleWebKit/537.36 (KHTML, like Gecko; compatible; BW/1.1; bit.ly/2W6Px8S) Chrome/84.0.4147.105 Safari/537.36"
18.117.112.0 - - [28/Jun/2021:17:09:57 +0200] "GET /robots.txt HTTP/1.1" 200 69 "-" "Mozilla/5.0 (Windows NT 10.0; Win64; x64) AppleWebKit/537.36 (KHTML, like Gecko; compatible; BW/1.1; bit.ly/2W6Px8S) Chrome/84.0.4147.105 Safari/537.36"
18.117.112.0 - - [28/Jun/2021:17:09:58 +0200] "\n" 400 226 "-" "-"
18.117.112.0 - - [28/Jun/2021:17:09:58 +0200] "GET /wp-content/plugins/woocommerce/readme.txt HTTP/1.1" 200 10236 "-" "Mozilla/5.0 (Windows NT 10.0; Win64; x64) AppleWebKit/537.36 (KHTML, like Gecko; compatible; BW/1.1; bit.ly/2W6Px8S) Chrome/84.0.4147.105 Safari/537.36"
18.117.112.0 - - [28/Jun/2021:17:09:58 +0200] "GET /checkout/ HTTP/1.1" 200 - "-" "Mozilla/5.0 (Windows NT 10.0; Win64; x64) AppleWebKit/537.36 (KHTML, like Gecko; compatible; BW/1.1; bit.ly/2W6Px8S) Chrome/84.0.4147.105 Safari/537.36"
18.117.112.0 - - [28/Jun/2021:17:09:58 +0200] "GET /shop/ HTTP/1.1" 200 - "-" "Mozilla/5.0 (Windows NT 10.0; Win64; x64) AppleWebKit/537.36 (KHTML, like Gecko; compatible; BW/1.1; bit.ly/2W6Px8S) Chrome/84.0.4147.105 Safari/537.36"
18.117.112.0 - - [28/Jun/2021:17:09:59 +0200] "GET /checkout/ HTTP/1.1" 200 8199 "-" "Mozilla/5.0 (Windows NT 10.0; Win64; x64) AppleWebKit/537.36 (KHTML, like Gecko; compatible; BW/1.1; bit.ly/2W6Px8S) Chrome/84.0.4147.105 Safari/537.36"
18.117.112.0 - - [28/Jun/2021:17:09:59 +0200] "GET /shop/ HTTP/1.1" 200 11575 "-" "Mozilla/5.0 (Windows NT 10.0; Win64; x64) AppleWebKit/537.36 (KHTML, like Gecko; compatible; BW/1.1; bit.ly/2W6Px8S) Chrome/84.0.4147.105 Safari/537.36"
81.169.178.0 - - [28/Jun/2021:17:10:57 +0200] "POST /wp-cron.php?doing_wp_cron=1624893056.9952690601348876953125 HTTP/1.1" 200 - "https://www.computerdoc24.de/wp-cron.php?doing_wp_cron=1624893056.9952690601348876953125" "WordPress/5.2.11; https://www.computerdoc24.de"
185.191.171.0 - - [28/Jun/2021:17:10:56 +0200] "GET /product/leistungsstarkes-17-zoll-hp-notebook/ HTTP/1.1" 200 13764 "-" "Mozilla/5.0 (compatible; SemrushBot/7~bl; +http://www.semrush.com/bot.html)"
114.119.149.0 - - [28/Jun/2021:17:11:13 +0200] "GET /ru/unsere-produkte-und-services/innovative-ladeeinheiten/ HTTP/1.1" 200 11035 "-" "Mozilla/5.0 (Linux; Android 7.0;) AppleWebKit/537.36 (KHTML, like Gecko) Mobile Safari/537.36 (compatible; PetalBot;+https://webmaster.petalsearch.com/site/petalbot)"
195.78.33.0 - - [28/Jun/2021:17:11:37 +0200] "GET /wp-login.php HTTP/1.1" 200 2748 "-" "Mozilla/5.0 (X11; Ubuntu; Linux x86_64; rv:62.0) Gecko/20100101 Firefox/62.0"
195.78.33.0 - - [28/Jun/2021:17:11:38 +0200] "POST /wp-login.php HTTP/1.1" 200 2886 "-" "Mozilla/5.0 (X11; Ubuntu; Linux x86_64; rv:62.0) Gecko/20100101 Firefox/62.0"
62.234.28.0 - - [28/Jun/2021:17:11:40 +0200] "-" 408 - "-" "-"
195.78.33.0 - - [28/Jun/2021:17:11:41 +0200] "GET /wp-login.php HTTP/1.1" 200 2748 "-" "Mozilla/5.0 (X11; Ubuntu; Linux x86_64; rv:62.0) Gecko/20100101 Firefox/62.0"
195.78.33.0 - - [28/Jun/2021:17:11:42 +0200] "POST /wp-login.php HTTP/1.1" 200 2850 "-" "Mozilla/5.0 (X11; Ubuntu; Linux x86_64; rv:62.0) Gecko/20100101 Firefox/62.0"
195.78.33.0 - - [28/Jun/2021:17:11:43 +0200] "POST /xmlrpc.php HTTP/1.1" 200 249 "-" "Mozilla/5.0 (X11; Ubuntu; Linux x86_64; rv:62.0) Gecko/20100101 Firefox/62.0"
62.234.28.0 - - [28/Jun/2021:17:12:41 +0200] "-" 408 - "-" "-"
81.169.178.0 - - [28/Jun/2021:17:14:25 +0200] "POST /wp-cron.php?doing_wp_cron=1624893265.6035969257354736328125 HTTP/1.1" 200 - "https://www.computerdoc24.de/wp-cron.php?doing_wp_cron=1624893265.6035969257354736328125" "WordPress/5.2.11; https://www.computerdoc24.de"
190.105.144.0 - - [28/Jun/2021:17:14:25 +0200] "GET /wp-login.php HTTP/1.1" 200 2238 "-" "Mozilla/5.0 (X11; Ubuntu; Linux x86_64; rv:62.0) Gecko/20100101 Firefox/62.0"
190.105.144.0 - - [28/Jun/2021:17:14:28 +0200] "POST /wp-login.php HTTP/1.1" 200 2589 "-" "Mozilla/5.0 (X11; Ubuntu; Linux x86_64; rv:62.0) Gecko/20100101 Firefox/62.0"
81.169.178.0 - - [28/Jun/2021:17:14:30 +0200] "POST /wp-cron.php?doing_wp_cron=1624893270.3302669525146484375000 HTTP/1.1" 200 - "https://www.computerdoc24.de/wp-cron.php?doing_wp_cron=1624893270.3302669525146484375000" "WordPress/5.2.11; https://www.computerdoc24.de"
190.105.144.0 - - [28/Jun/2021:17:14:30 +0200] "POST /xmlrpc.php HTTP/1.1" 200 228 "-" "Mozilla/5.0 (X11; Ubuntu; Linux x86_64; rv:62.0) Gecko/20100101 Firefox/62.0"
54.36.149.0 - - [28/Jun/2021:17:15:27 +0200] "GET /ru/ HTTP/1.1" 200 15568 "-" "Mozilla/5.0 (compatible; AhrefsBot/7.0; +http://ahrefs.com/robot/)"
114.119.151.0 - - [28/Jun/2021:17:17:05 +0200] "GET /pl/unsere-maerkte/feste-routen HTTP/1.1" 200 - "-" "Mozilla/5.0 (Linux; Android 7.0;) AppleWebKit/537.36 (KHTML, like Gecko) Mobile Safari/537.36 (compatible; PetalBot;+https://webmaster.petalsearch.com/site/petalbot)"
114.119.151.0 - - [28/Jun/2021:17:17:05 +0200] "GET /pl/unsere-maerkte/feste-routen/ HTTP/1.1" 200 10930 "-" "Mozilla/5.0 (Linux; Android 7.0;) AppleWebKit/537.36 (KHTML, like Gecko) Mobile Safari/537.36 (compatible; PetalBot;+https://webmaster.petalsearch.com/site/petalbot)"
114.119.151.0 - - [28/Jun/2021:17:17:06 +0200] "GET /wp-includes/css/dist/block-library/style.min.css HTTP/1.1" 200 7849 "https://www.ipcbusiness.de/pl/unsere-maerkte/feste-routen/" "Mozilla/5.0 (Linux; Android 7.0;) AppleWebKit/537.36 (KHTML, like Gecko) Mobile Safari/537.36 (compatible; PetalBot;+https://webmaster.petalsearch.com/site/petalbot)"
114.119.151.0 - - [28/Jun/2021:17:17:06 +0200] "GET /wp-includes/css/dist/block-library/theme.min.css HTTP/1.1" 200 741 "https://www.ipcbusiness.de/pl/unsere-maerkte/feste-routen/" "Mozilla/5.0 (Linux; Android 7.0;) AppleWebKit/537.36 (KHTML, like Gecko) Mobile Safari/537.36 (compatible; PetalBot;+https://webmaster.petalsearch.com/site/petalbot)"
114.119.151.0 - - [28/Jun/2021:17:17:07 +0200] "GET /wp-content/plugins/contact-form-7/includes/css/styles.css HTTP/1.1" 200 932 "https://www.ipcbusiness.de/pl/unsere-maerkte/feste-routen/" "Mozilla/5.0 (Linux; Android 7.0;) AppleWebKit/537.36 (KHTML, like Gecko) Mobile Safari/537.36 (compatible; PetalBot;+https://webmaster.petalsearch.com/site/petalbot)"
114.119.151.0 - - [28/Jun/2021:17:17:07 +0200] "GET /wp-content/plugins/revslider/public/assets/css/rs6.css HTTP/1.1" 200 12698 "https://www.ipcbusiness.de/pl/unsere-maerkte/feste-routen/" "Mozilla/5.0 (Linux; Android 7.0;) AppleWebKit/537.36 (KHTML, like Gecko) Mobile Safari/537.36 (compatible; PetalBot;+https://webmaster.petalsearch.com/site/petalbot)"
114.119.151.0 - - [28/Jun/2021:17:17:07 +0200] "GET /wp-content/plugins/shapepress-dsgvo/public/css/bootstrap-grid.min.css HTTP/1.1" 200 6791 "https://www.ipcbusiness.de/pl/unsere-maerkte/feste-routen/" "Mozilla/5.0 (Linux; Android 7.0;) AppleWebKit/537.36 (KHTML, like Gecko) Mobile Safari/537.36 (compatible; PetalBot;+https://webmaster.petalsearch.com/site/petalbot)"
114.119.151.0 - - [28/Jun/2021:17:17:07 +0200] "GET /wp-content/plugins/shapepress-dsgvo/public/css/sp-dsgvo-public.min.css HTTP/1.1" 200 1087 "https://www.ipcbusiness.de/pl/unsere-maerkte/feste-routen/" "Mozilla/5.0 (Linux; Android 7.0;) AppleWebKit/537.36 (KHTML, like Gecko) Mobile Safari/537.36 (compatible; PetalBot;+https://webmaster.petalsearch.com/site/petalbot)"
114.119.151.0 - - [28/Jun/2021:17:17:07 +0200] "GET /wp-content/plugins/shapepress-dsgvo/public/css/sp-dsgvo-popup.css HTTP/1.1" 200 3028 "https://www.ipcbusiness.de/pl/unsere-maerkte/feste-routen/" "Mozilla/5.0 (Linux; Android 7.0;) AppleWebKit/537.36 (KHTML, like Gecko) Mobile Safari/537.36 (compatible; PetalBot;+https://webmaster.petalsearch.com/site/petalbot)"
114.119.151.0 - - [28/Jun/2021:17:17:07 +0200] "GET /wp-content/plugins/shapepress-dsgvo/public/css/simplebar.min.css HTTP/1.1" 200 596 "https://www.ipcbusiness.de/pl/unsere-maerkte/feste-routen/" "Mozilla/5.0 (Linux; Android 7.0;) AppleWebKit/537.36 (KHTML, like Gecko) Mobile Safari/537.36 (compatible; PetalBot;+https://webmaster.petalsearch.com/site/petalbot)"
114.119.151.0 - - [28/Jun/2021:17:17:07 +0200] "GET /wp-content/plugins/easy-fancybox/css/jquery.fancybox.min.css HTTP/1.1" 200 1111 "https://www.ipcbusiness.de/pl/unsere-maerkte/feste-routen/" "Mozilla/5.0 (Linux; Android 7.0;) AppleWebKit/537.36 (KHTML, like Gecko) Mobile Safari/537.36 (compatible; PetalBot;+https://webmaster.petalsearch.com/site/petalbot)"
114.119.151.0 - - [28/Jun/2021:17:17:07 +0200] "GET /wp-content/uploads/smile_fonts/Defaults/Defaults.css HTTP/1.1" 200 4755 "https://www.ipcbusiness.de/pl/unsere-maerkte/feste-routen/" "Mozilla/5.0 (Linux; Android 7.0;) AppleWebKit/537.36 (KHTML, like Gecko) Mobile Safari/537.36 (compatible; PetalBot;+https://webmaster.petalsearch.com/site/petalbot)"
114.119.151.0 - - [28/Jun/2021:17:17:07 +0200] "GET /wp-content/plugins/js_composer/assets/css/js_composer.min.css HTTP/1.1" 200 45790 "https://www.ipcbusiness.de/pl/unsere-maerkte/feste-routen/" "Mozilla/5.0 (Linux; Android 7.0;) AppleWebKit/537.36 (KHTML, like Gecko) Mobile Safari/537.36 (compatible; PetalBot;+https://webmaster.petalsearch.com/site/petalbot)"
114.119.151.0 - - [28/Jun/2021:17:17:07 +0200] "GET /wp-content/themes/lhst/lib/css/style.min.css HTTP/1.1" 200 38395 "https://www.ipcbusiness.de/pl/unsere-maerkte/feste-routen/" "Mozilla/5.0 (Linux; Android 7.0;) AppleWebKit/537.36 (KHTML, like Gecko) Mobile Safari/537.36 (compatible; PetalBot;+https://webmaster.petalsearch.com/site/petalbot)"
114.119.151.0 - - [28/Jun/2021:17:17:07 +0200] "GET /wp-content/themes/lhst/lib/css/bootstrap-responsive-1170.min.css HTTP/1.1" 200 1157 "https://www.ipcbusiness.de/pl/unsere-maerkte/feste-routen/" "Mozilla/5.0 (Linux; Android 7.0;) AppleWebKit/537.36 (KHTML, like Gecko) Mobile Safari/537.36 (compatible; PetalBot;+https://webmaster.petalsearch.com/site/petalbot)"
114.119.151.0 - - [28/Jun/2021:17:17:07 +0200] "GET /wp-content/themes/lhst/includes/modules/module.fontawesome/source/css/font-awesome.min.css HTTP/1.1" 200 4680 "https://www.ipcbusiness.de/pl/unsere-maerkte/feste-routen/" "Mozilla/5.0 (Linux; Android 7.0;) AppleWebKit/537.36 (KHTML, like Gecko) Mobile Safari/537.36 (compatible; PetalBot;+https://webmaster.petalsearch.com/site/petalbot)"
114.119.151.0 - - [28/Jun/2021:17:17:07 +0200] "GET /wp-content/themes/lhst/includes/modules/module.icomoon/source/css/icomoon.css HTTP/1.1" 200 8420 "https://www.ipcbusiness.de/pl/unsere-maerkte/feste-routen/" "Mozilla/5.0 (Linux; Android 7.0;) AppleWebKit/537.36 (KHTML, like Gecko) Mobile Safari/537.36 (compatible; PetalBot;+https://webmaster.petalsearch.com/site/petalbot)"
114.119.151.0 - - [28/Jun/2021:17:17:07 +0200] "GET /wp-content/plugins/wpglobus/includes/css/wpglobus.css HTTP/1.1" 200 541 "https://www.ipcbusiness.de/pl/unsere-maerkte/feste-routen/" "Mozilla/5.0 (Linux; Android 7.0;) AppleWebKit/537.36 (KHTML, like Gecko) Mobile Safari/537.36 (compatible; PetalBot;+https://webmaster.petalsearch.com/site/petalbot)"
114.119.151.0 - - [28/Jun/2021:17:17:08 +0200] "GET /wp-content/uploads/Default-Skin_54ce98c851b37c14ba88fe891dd1e475.css?lXZVpV0jtP HTTP/1.1" 200 4314 "https://www.ipcbusiness.de/pl/unsere-maerkte/feste-routen/" "Mozilla/5.0 (Linux; Android 7.0;) AppleWebKit/537.36 (KHTML, like Gecko) Mobile Safari/537.36 (compatible; PetalBot;+https://webmaster.petalsearch.com/site/petalbot)"
114.119.151.0 - - [28/Jun/2021:17:17:08 +0200] "GET /wp-content/plugins/ts-visual-composer-extend/css/jquery.vcsc.nchlightbox.min.css HTTP/1.1" 200 8726 "https://www.ipcbusiness.de/pl/unsere-maerkte/feste-routen/" "Mozilla/5.0 (Linux; Android 7.0;) AppleWebKit/537.36 (KHTML, like Gecko) Mobile Safari/537.36 (compatible; PetalBot;+https://webmaster.petalsearch.com/site/petalbot)"
114.119.151.0 - - [28/Jun/2021:17:17:08 +0200] "GET /wp-content/plugins/ts-visual-composer-extend/css/ts-visual-composer-extend-animations.min.css HTTP/1.1" 200 12029 "https://www.ipcbusiness.de/pl/unsere-maerkte/feste-routen/" "Mozilla/5.0 (Linux; Android 7.0;) AppleWebKit/537.36 (KHTML, like Gecko) Mobile Safari/537.36 (compatible; PetalBot;+https://webmaster.petalsearch.com/site/petalbot)"
114.119.151.0 - - [28/Jun/2021:17:17:07 +0200] "GET /wp-content/plugins/js_composer/assets/lib/bower/font-awesome/css/font-awesome.min.css HTTP/1.1" 200 9779 "https://www.ipcbusiness.de/pl/unsere-maerkte/feste-routen/" "Mozilla/5.0 (Linux; Android 7.0;) AppleWebKit/537.36 (KHTML, like Gecko) Mobile Safari/537.36 (compatible; PetalBot;+https://webmaster.petalsearch.com/site/petalbot)"
114.119.151.0 - - [28/Jun/2021:17:17:08 +0200] "GET /wp-content/plugins/ts-visual-composer-extend/css/ts-visual-composer-extend-front.min.css HTTP/1.1" 200 36948 "https://www.ipcbusiness.de/pl/unsere-maerkte/feste-routen/" "Mozilla/5.0 (Linux; Android 7.0;) AppleWebKit/537.36 (KHTML, like Gecko) Mobile Safari/537.36 (compatible; PetalBot;+https://webmaster.petalsearch.com/site/petalbot)"
114.119.151.0 - - [28/Jun/2021:17:17:08 +0200] "GET /wp-includes/js/jquery/jquery.min.js HTTP/1.1" 200 30916 "https://www.ipcbusiness.de/pl/unsere-maerkte/feste-routen/" "Mozilla/5.0 (Linux; Android 7.0;) AppleWebKit/537.36 (KHTML, like Gecko) Mobile Safari/537.36 (compatible; PetalBot;+https://webmaster.petalsearch.com/site/petalbot)"
114.119.151.0 - - [28/Jun/2021:17:17:08 +0200] "GET /wp-includes/js/jquery/jquery-migrate.min.js HTTP/1.1" 200 4169 "https://www.ipcbusiness.de/pl/unsere-maerkte/feste-routen/" "Mozilla/5.0 (Linux; Android 7.0;) AppleWebKit/537.36 (KHTML, like Gecko) Mobile Safari/537.36 (compatible; PetalBot;+https://webmaster.petalsearch.com/site/petalbot)"
114.119.151.0 - - [28/Jun/2021:17:17:08 +0200] "GET /wp-content/plugins/revslider/public/assets/js/rbtools.min.js HTTP/1.1" 200 46967 "https://www.ipcbusiness.de/pl/unsere-maerkte/feste-routen/" "Mozilla/5.0 (Linux; Android 7.0;) AppleWebKit/537.36 (KHTML, like Gecko) Mobile Safari/537.36 (compatible; PetalBot;+https://webmaster.petalsearch.com/site/petalbot)"
114.119.151.0 - - [28/Jun/2021:17:17:08 +0200] "GET /wp-content/plugins/shapepress-dsgvo/public/js/sp-dsgvo-public.js HTTP/1.1" 200 8228 "https://www.ipcbusiness.de/pl/unsere-maerkte/feste-routen/" "Mozilla/5.0 (Linux; Android 7.0;) AppleWebKit/537.36 (KHTML, like Gecko) Mobile Safari/537.36 (compatible; PetalBot;+https://webmaster.petalsearch.com/site/petalbot)"
114.119.151.0 - - [28/Jun/2021:17:17:08 +0200] "GET /wp-content/plugins/ts-visual-composer-extend/js/jquery.vcsc.modernizr.min.js HTTP/1.1" 200 6938 "https://www.ipcbusiness.de/pl/unsere-maerkte/feste-routen/" "Mozilla/5.0 (Linux; Android 7.0;) AppleWebKit/537.36 (KHTML, like Gecko) Mobile Safari/537.36 (compatible; PetalBot;+https://webmaster.petalsearch.com/site/petalbot)"
114.119.151.0 - - [28/Jun/2021:17:17:08 +0200] "GET /wp-includes/js/utils.min.js HTTP/1.1" 200 828 "https://www.ipcbusiness.de/pl/unsere-maerkte/feste-routen/" "Mozilla/5.0 (Linux; Android 7.0;) AppleWebKit/537.36 (KHTML, like Gecko) Mobile Safari/537.36 (compatible; PetalBot;+https://webmaster.petalsearch.com/site/petalbot)"
114.119.151.0 - - [28/Jun/2021:17:17:08 +0200] "GET /wp-content/plugins/revslider/public/assets/js/rs6.min.js HTTP/1.1" 200 86246 "https://www.ipcbusiness.de/pl/unsere-maerkte/feste-routen/" "Mozilla/5.0 (Linux; Android 7.0;) AppleWebKit/537.36 (KHTML, like Gecko) Mobile Safari/537.36 (compatible; PetalBot;+https://webmaster.petalsearch.com/site/petalbot)"
114.119.151.0 - - [28/Jun/2021:17:17:08 +0200] "GET /wp-content/themes/lhst/lib/js/app.min.js HTTP/1.1" 200 31102 "https://www.ipcbusiness.de/pl/unsere-maerkte/feste-routen/" "Mozilla/5.0 (Linux; Android 7.0;) AppleWebKit/537.36 (KHTML, like Gecko) Mobile Safari/537.36 (compatible; PetalBot;+https://webmaster.petalsearch.com/site/petalbot)"
114.119.151.0 - - [28/Jun/2021:17:17:09 +0200] "GET /wp-includes/js/dist/vendor/lodash.min.js HTTP/1.1" 200 25763 "https://www.ipcbusiness.de/pl/unsere-maerkte/feste-routen/" "Mozilla/5.0 (Linux; Android 7.0;) AppleWebKit/537.36 (KHTML, like Gecko) Mobile Safari/537.36 (compatible; PetalBot;+https://webmaster.petalsearch.com/site/petalbot)"
114.119.151.0 - - [28/Jun/2021:17:17:09 +0200] "GET /wp-includes/js/dist/i18n.min.js HTTP/1.1" 200 3679 "https://www.ipcbusiness.de/pl/unsere-maerkte/feste-routen/" "Mozilla/5.0 (Linux; Android 7.0;) AppleWebKit/537.36 (KHTML, like Gecko) Mobile Safari/537.36 (compatible; PetalBot;+https://webmaster.petalsearch.com/site/petalbot)"
114.119.151.0 - - [28/Jun/2021:17:17:09 +0200] "GET /wp-includes/js/dist/url.min.js HTTP/1.1" 200 4747 "https://www.ipcbusiness.de/pl/unsere-maerkte/feste-routen/" "Mozilla/5.0 (Linux; Android 7.0;) AppleWebKit/537.36 (KHTML, like Gecko) Mobile Safari/537.36 (compatible; PetalBot;+https://webmaster.petalsearch.com/site/petalbot)"
114.119.151.0 - - [28/Jun/2021:17:17:09 +0200] "GET /wp-content/themes/lhst/includes/modules/module.to_top/source/to_top.js HTTP/1.1" 200 758 "https://www.ipcbusiness.de/pl/unsere-maerkte/feste-routen/" "Mozilla/5.0 (Linux; Android 7.0;) AppleWebKit/537.36 (KHTML, like Gecko) Mobile Safari/537.36 (compatible; PetalBot;+https://webmaster.petalsearch.com/site/petalbot)"
