114.119.151.0 - - [28/Jun/2021:17:17:09 +0200] "GET /wp-includes/js/dist/vendor/wp-polyfill.min.js HTTP/1.1" 200 34241 "https://www.ipcbusiness.de/pl/unsere-maerkte/feste-routen/" "Mozilla/5.0 (Linux; Android 7.0;) AppleWebKit/537.36 (KHTML, like Gecko) Mobile Safari/537.36 (compatible; PetalBot;+https://webmaster.petalsearch.com/site/petalbot)"
114.119.151.0 - - [28/Jun/2021:17:17:09 +0200] "GET /wp-content/themes/lhst/includes/modules/module.fontawesome/source/font/fontawesome-webfont.woff?v=3.2.1 HTTP/1.1" 200 43568 "https://www.ipcbusiness.de/wp-content/themes/lhst/includes/modules/module.fontawesome/source/css/font-awesome.min.css" "Mozilla/5.0 (Linux; Android 7.0;) AppleWebKit/537.36 (KHTML, like Gecko) Mobile Safari/537.36 (compatible; PetalBot;+https://webmaster.petalsearch.com/site/petalbot)"
114.119.151.0 - - [28/Jun/2021:17:17:09 +0200] "GET /wp-includes/js/dist/hooks.min.js HTTP/1.1" 200 2158 "https://www.ipcbusiness.de/pl/unsere-maerkte/feste-routen/" "Mozilla/5.0 (Linux; Android 7.0;) AppleWebKit/537.36 (KHTML, like Gecko) Mobile Safari/537.36 (compatible; PetalBot;+https://webmaster.petalsearch.com/site/petalbot)"
114.119.151.0 - - [28/Jun/2021:17:17:09 +0200] "GET /wp-includes/js/dist/api-fetch.min.js HTTP/1.1" 200 3479 "https://www.ipcbusiness.de/pl/unsere-maerkte/feste-routen/" "Mozilla/5.0 (Linux; Android 7.0;) AppleWebKit/537.36 (KHTML, like Gecko) Mobile Safari/537.36 (compatible; PetalBot;+https://webmaster.petalsearch.com/site/petalbot)"
114.119.151.0 - - [28/Jun/2021:17:17:09 +0200] "GET /wp-content/plugins/contact-form-7/includes/js/index.js HTTP/1.1" 200 3238 "https://www.ipcbusiness.de/pl/unsere-maerkte/feste-routen/" "Mozilla/5.0 (Linux; Android 7.0;) AppleWebKit/537.36 (KHTML, like Gecko) Mobile Safari/537.36 (compatible; PetalBot;+https://webmaster.petalsearch.com/site/petalbot)"
114.119.151.0 - - [28/Jun/2021:17:17:09 +0200] "GET /wp-content/themes/lhst/includes/modules/module.icomoon/source/font/Icomoon.woff HTTP/1.1" 200 242522 "https://www.ipcbusiness.de/wp-content/themes/lhst/includes/modules/module.icomoon/source/css/icomoon.css" "Mozilla/5.0 (Linux; Android 7.0;) AppleWebKit/537.36 (KHTML, like Gecko) Mobile Safari/537.36 (compatible; PetalBot;+https://webmaster.petalsearch.com/site/petalbot)"
114.119.151.0 - - [28/Jun/2021:17:17:09 +0200] "GET /wp-content/plugins/shapepress-dsgvo/public/js/simplebar.js HTTP/1.1" 200 9695 "https://www.ipcbusiness.de/pl/unsere-maerkte/feste-routen/" "Mozilla/5.0 (Linux; Android 7.0;) AppleWebKit/537.36 (KHTML, like Gecko) Mobile Safari/537.36 (compatible; PetalBot;+https://webmaster.petalsearch.com/site/petalbot)"
114.119.151.0 - - [28/Jun/2021:17:17:09 +0200] "GET /wp-content/plugins/wpglobus/includes/js/wpglobus.min.js HTTP/1.1" 200 303 "https://www.ipcbusiness.de/pl/unsere-maerkte/feste-routen/" "Mozilla/5.0 (Linux; Android 7.0;) AppleWebKit/537.36 (KHTML, like Gecko) Mobile Safari/537.36 (compatible; PetalBot;+https://webmaster.petalsearch.com/site/petalbot)"
114.119.151.0 - - [28/Jun/2021:17:17:09 +0200] "GET /wp-content/plugins/easy-fancybox/js/jquery.fancybox.min.js HTTP/1.1" 200 6330 "https://www.ipcbusiness.de/pl/unsere-maerkte/feste-routen/" "Mozilla/5.0 (Linux; Android 7.0;) AppleWebKit/537.36 (KHTML, like Gecko) Mobile Safari/537.36 (compatible; PetalBot;+https://webmaster.petalsearch.com/site/petalbot)"
114.119.151.0 - - [28/Jun/2021:17:17:10 +0200] "GET /wp-includes/js/wp-embed.min.js HTTP/1.1" 200 765 "https://www.ipcbusiness.de/pl/unsere-maerkte/feste-routen/" "Mozilla/5.0 (Linux; Android 7.0;) AppleWebKit/537.36 (KHTML, like Gecko) Mobile Safari/537.36 (compatible; PetalBot;+https://webmaster.petalsearch.com/site/petalbot)"
114.119.151.0 - - [28/Jun/2021:17:17:10 +0200] "GET /wp-content/themes/lhst/lib/js/jquery-smoothscroll.min.js HTTP/1.1" 200 2546 "https://www.ipcbusiness.de/pl/unsere-maerkte/feste-routen/" "Mozilla/5.0 (Linux; Android 7.0;) AppleWebKit/537.36 (KHTML, like Gecko) Mobile Safari/537.36 (compatible; PetalBot;+https://webmaster.petalsearch.com/site/petalbot)"
114.119.151.0 - - [28/Jun/2021:17:17:10 +0200] "GET /wp-content/plugins/js_composer/assets/js/dist/js_composer_front.min.js HTTP/1.1" 200 5816 "https://www.ipcbusiness.de/pl/unsere-maerkte/feste-routen/" "Mozilla/5.0 (Linux; Android 7.0;) AppleWebKit/537.36 (KHTML, like Gecko) Mobile Safari/537.36 (compatible; PetalBot;+https://webmaster.petalsearch.com/site/petalbot)"
114.119.151.0 - - [28/Jun/2021:17:17:10 +0200] "GET /wp-content/plugins/ts-visual-composer-extend/js/jquery.vcsc.hammer2.min.js HTTP/1.1" 200 6597 "https://www.ipcbusiness.de/pl/unsere-maerkte/feste-routen/" "Mozilla/5.0 (Linux; Android 7.0;) AppleWebKit/537.36 (KHTML, like Gecko) Mobile Safari/537.36 (compatible; PetalBot;+https://webmaster.petalsearch.com/site/petalbot)"
114.119.151.0 - - [28/Jun/2021:17:17:10 +0200] "GET /wp-content/plugins/ts-visual-composer-extend/js/jquery.vcsc.nchlightbox.min.js HTTP/1.1" 200 21556 "https://www.ipcbusiness.de/pl/unsere-maerkte/feste-routen/" "Mozilla/5.0 (Linux; Android 7.0;) AppleWebKit/537.36 (KHTML, like Gecko) Mobile Safari/537.36 (compatible; PetalBot;+https://webmaster.petalsearch.com/site/petalbot)"
114.119.151.0 - - [28/Jun/2021:17:17:10 +0200] "GET /wp-content/plugins/ts-visual-composer-extend/js/ts-visual-composer-extend-front.min.js HTTP/1.1" 200 52532 "https://www.ipcbusiness.de/pl/unsere-maerkte/feste-routen/" "Mozilla/5.0 (Linux; Android 7.0;) AppleWebKit/537.36 (KHTML, like Gecko) Mobile Safari/537.36 (compatible; PetalBot;+https://webmaster.petalsearch.com/site/petalbot)"
:: - - [28/Jun/2021:17:17:15 +0200] "OPTIONS * HTTP/1.0" 200 - "-" "Apache/2.4.6 (CentOS) OpenSSL/1.0.2k-fips mod_fcgid/2.3.9 (internal dummy connection)"
164.132.48.0 - - [28/Jun/2021:17:24:05 +0200] "GET /wp-login.php HTTP/1.1" 200 2743 "-" "Mozilla/5.0 (X11; Ubuntu; Linux x86_64; rv:62.0) Gecko/20100101 Firefox/62.0"
164.132.48.0 - - [28/Jun/2021:17:24:06 +0200] "POST /wp-login.php HTTP/1.1" 200 2880 "-" "Mozilla/5.0 (X11; Ubuntu; Linux x86_64; rv:62.0) Gecko/20100101 Firefox/62.0"
164.132.48.0 - - [28/Jun/2021:17:24:06 +0200] "GET /wp-login.php HTTP/1.1" 200 2743 "-" "Mozilla/5.0 (X11; Ubuntu; Linux x86_64; rv:62.0) Gecko/20100101 Firefox/62.0"
164.132.48.0 - - [28/Jun/2021:17:24:07 +0200] "POST /wp-login.php HTTP/1.1" 200 2844 "-" "Mozilla/5.0 (X11; Ubuntu; Linux x86_64; rv:62.0) Gecko/20100101 Firefox/62.0"
164.132.48.0 - - [28/Jun/2021:17:24:08 +0200] "POST /xmlrpc.php HTTP/1.1" 200 249 "-" "Mozilla/5.0 (X11; Ubuntu; Linux x86_64; rv:62.0) Gecko/20100101 Firefox/62.0"
81.169.178.0 - - [28/Jun/2021:17:25:06 +0200] "POST /wp-cron.php?doing_wp_cron=1624893906.9027841091156005859375 HTTP/1.1" 200 - "https://www.computerdoc24.de/wp-cron.php?doing_wp_cron=1624893906.9027841091156005859375" "WordPress/5.2.11; https://www.computerdoc24.de"
114.119.143.0 - - [28/Jun/2021:17:25:06 +0200] "GET /aktuelle-angebote/page/2/ HTTP/1.1" 200 9823 "-" "Mozilla/5.0 (Linux; Android 7.0;) AppleWebKit/537.36 (KHTML, like Gecko) Mobile Safari/537.36 (compatible; PetalBot;+https://webmaster.petalsearch.com/site/petalbot)"
206.72.193.0 - - [28/Jun/2021:17:25:41 +0200] "GET /wp-login.php HTTP/1.1" 200 2748 "-" "Mozilla/5.0 (X11; Ubuntu; Linux x86_64; rv:62.0) Gecko/20100101 Firefox/62.0"
206.72.193.0 - - [28/Jun/2021:17:25:42 +0200] "POST /wp-login.php HTTP/1.1" 200 2886 "-" "Mozilla/5.0 (X11; Ubuntu; Linux x86_64; rv:62.0) Gecko/20100101 Firefox/62.0"
206.72.193.0 - - [28/Jun/2021:17:25:43 +0200] "GET /wp-login.php HTTP/1.1" 200 2748 "-" "Mozilla/5.0 (X11; Ubuntu; Linux x86_64; rv:62.0) Gecko/20100101 Firefox/62.0"
206.72.193.0 - - [28/Jun/2021:17:25:45 +0200] "POST /wp-login.php HTTP/1.1" 200 2850 "-" "Mozilla/5.0 (X11; Ubuntu; Linux x86_64; rv:62.0) Gecko/20100101 Firefox/62.0"
206.72.193.0 - - [28/Jun/2021:17:25:46 +0200] "POST /xmlrpc.php HTTP/1.1" 200 249 "-" "Mozilla/5.0 (X11; Ubuntu; Linux x86_64; rv:62.0) Gecko/20100101 Firefox/62.0"
81.169.178.0 - - [28/Jun/2021:17:27:32 +0200] "POST /wp-cron.php?doing_wp_cron=1624894052.8013789653778076171875 HTTP/1.1" 200 - "https://www.computerdoc24.de/wp-cron.php?doing_wp_cron=1624894052.8013789653778076171875" "WordPress/5.2.11; https://www.computerdoc24.de"
45.119.212.0 - - [28/Jun/2021:17:27:32 +0200] "GET /wp-login.php HTTP/1.1" 200 2238 "-" "Mozilla/5.0 (X11; Ubuntu; Linux x86_64; rv:62.0) Gecko/20100101 Firefox/62.0"
45.119.212.0 - - [28/Jun/2021:17:27:34 +0200] "POST /wp-login.php HTTP/1.1" 200 2589 "-" "Mozilla/5.0 (X11; Ubuntu; Linux x86_64; rv:62.0) Gecko/20100101 Firefox/62.0"
45.119.212.0 - - [28/Jun/2021:17:27:35 +0200] "POST /xmlrpc.php HTTP/1.1" 200 228 "-" "Mozilla/5.0 (X11; Ubuntu; Linux x86_64; rv:62.0) Gecko/20100101 Firefox/62.0"
66.249.64.0 - - [28/Jun/2021:17:27:54 +0200] "GET /robots.txt HTTP/1.1" 301 297 "-" "Mozilla/5.0 (compatible; Googlebot/2.1; +http://www.google.com/bot.html)"
81.169.178.0 - - [28/Jun/2021:17:29:03 +0200] "POST /wp-cron.php?doing_wp_cron=1624894143.6008620262145996093750 HTTP/1.1" 200 - "https://www.computerdoc24.de/wp-cron.php?doing_wp_cron=1624894143.6008620262145996093750" "WordPress/5.2.11; https://www.computerdoc24.de"
114.119.140.0 - - [28/Jun/2021:17:29:03 +0200] "GET /kontakt/ HTTP/1.1" 200 10814 "-" "Mozilla/5.0 (Linux; Android 7.0;) AppleWebKit/537.36 (KHTML, like Gecko) Mobile Safari/537.36 (compatible; PetalBot;+https://webmaster.petalsearch.com/site/petalbot)"
72.13.46.0 - - [28/Jun/2021:17:30:06 +0200] "GET /robots.txt HTTP/1.1" 200 2691 "-" "Mozilla/5.0 (compatible; ips-agent)"
72.13.46.0 - - [28/Jun/2021:17:30:07 +0200] "GET / HTTP/1.1" 200 2691 "-" "Mozilla/5.0 (compatible; ips-agent)"
81.169.144.0 - - [28/Jun/2021:17:30:51 +0200] "POST /wp-cron.php?doing_wp_cron=1624894251.2284910678863525390625 HTTP/1.1" 200 - "http://www.computerdoc24.de/wp-cron.php?doing_wp_cron=1624894251.2284910678863525390625" "WordPress/5.2.2; https://www.computerdoc24.de"
114.119.131.0 - - [28/Jun/2021:17:35:06 +0200] "GET /es/ueber-uns/ipc-business-gmbh-firmeninformation HTTP/1.1" 200 - "-" "Mozilla/5.0 (Linux; Android 7.0;) AppleWebKit/537.36 (KHTML, like Gecko) Mobile Safari/537.36 (compatible; PetalBot;+https://webmaster.petalsearch.com/site/petalbot)"
114.119.131.0 - - [28/Jun/2021:17:35:08 +0200] "GET /es/ueber-uns/ipc-business-gmbh-firmeninformation/ HTTP/1.1" 200 11404 "-" "Mozilla/5.0 (Linux; Android 7.0;) AppleWebKit/537.36 (KHTML, like Gecko) Mobile Safari/537.36 (compatible; PetalBot;+https://webmaster.petalsearch.com/site/petalbot)"
66.249.89.0 - - [28/Jun/2021:17:35:20 +0200] "GET /html/fusion.css HTTP/1.1" 200 1161 "https://www.reinigungsprofi-weck.de/" "Mozilla/5.0 (iPhone; CPU iPhone OS 9_1 like Mac OS X) AppleWebKit/601.1.46 (KHTML, like Gecko) Version/9.0 Mobile/13B143 Safari/601.1 (compatible; AdsBot-Google-Mobile; +http://www.google.com/mobile/adsbot.html)"
64.90.48.0 - - [28/Jun/2021:17:39:28 +0200] "GET /wp-login.php HTTP/1.1" 200 2743 "-" "Mozilla/5.0 (X11; Ubuntu; Linux x86_64; rv:62.0) Gecko/20100101 Firefox/62.0"
64.90.48.0 - - [28/Jun/2021:17:39:30 +0200] "POST /wp-login.php HTTP/1.1" 200 2880 "-" "Mozilla/5.0 (X11; Ubuntu; Linux x86_64; rv:62.0) Gecko/20100101 Firefox/62.0"
64.90.48.0 - - [28/Jun/2021:17:39:31 +0200] "GET /wp-login.php HTTP/1.1" 200 2743 "-" "Mozilla/5.0 (X11; Ubuntu; Linux x86_64; rv:62.0) Gecko/20100101 Firefox/62.0"
64.90.48.0 - - [28/Jun/2021:17:39:32 +0200] "POST /wp-login.php HTTP/1.1" 200 2878 "-" "Mozilla/5.0 (X11; Ubuntu; Linux x86_64; rv:62.0) Gecko/20100101 Firefox/62.0"
64.90.48.0 - - [28/Jun/2021:17:39:33 +0200] "POST /xmlrpc.php HTTP/1.1" 200 249 "-" "Mozilla/5.0 (X11; Ubuntu; Linux x86_64; rv:62.0) Gecko/20100101 Firefox/62.0"
81.169.178.0 - - [28/Jun/2021:17:42:30 +0200] "POST /wp-cron.php?doing_wp_cron=1624894950.3995048999786376953125 HTTP/1.1" 200 - "https://www.computerdoc24.de/wp-cron.php?doing_wp_cron=1624894950.3995048999786376953125" "WordPress/5.2.11; https://www.computerdoc24.de"
185.191.171.0 - - [28/Jun/2021:17:42:30 +0200] "GET /product/iiyama-monitor-g-master-g2530hsu-b1-622cm-245/ HTTP/1.1" 200 13762 "-" "Mozilla/5.0 (compatible; SemrushBot/7~bl; +http://www.semrush.com/bot.html)"
192.232.252.0 - - [28/Jun/2021:17:42:42 +0200] "GET /wp-login.php HTTP/1.1" 200 2238 "-" "Mozilla/5.0 (X11; Ubuntu; Linux x86_64; rv:62.0) Gecko/20100101 Firefox/62.0"
192.232.252.0 - - [28/Jun/2021:17:42:43 +0200] "POST /wp-login.php HTTP/1.1" 200 2589 "-" "Mozilla/5.0 (X11; Ubuntu; Linux x86_64; rv:62.0) Gecko/20100101 Firefox/62.0"
192.232.252.0 - - [28/Jun/2021:17:42:44 +0200] "POST /xmlrpc.php HTTP/1.1" 200 228 "-" "Mozilla/5.0 (X11; Ubuntu; Linux x86_64; rv:62.0) Gecko/20100101 Firefox/62.0"
89.44.9.0 - - [28/Jun/2021:17:43:56 +0200] "GET / HTTP/1.1" 301 231 "http://ipcbusiness.de" "Mozilla/5.0 (Windows NT 5.1) AppleWebKit/537.36 (KHTML, like Gecko) Chrome/68.0.3029.110 Amigo/68.0.3029.110 MRCHROME SOC Safari/647.36"
89.44.9.0 - - [28/Jun/2021:17:43:57 +0200] "GET / HTTP/1.1" 301 - "http://ipcbusiness.de" "Mozilla/5.0 (Windows NT 5.1) AppleWebKit/537.36 (KHTML, like Gecko) Chrome/68.0.3029.110 Amigo/68.0.3029.110 MRCHROME SOC Safari/647.36"
89.44.9.0 - - [28/Jun/2021:17:43:58 +0200] "GET / HTTP/1.1" 200 18794 "https://ipcbusiness.de/" "Mozilla/5.0 (Windows NT 5.1) AppleWebKit/537.36 (KHTML, like Gecko) Chrome/68.0.3029.110 Amigo/68.0.3029.110 MRCHROME SOC Safari/647.36"
193.111.76.0 - - [28/Jun/2021:17:45:55 +0200] "GET /.env HTTP/1.1" 200 2691 "-" "Mozilla/5.0 (X11; Linux x86_64) AppleWebKit/537.36 (KHTML, like Gecko) Chrome/81.0.4044.129 Safari/537.36"
193.111.76.0 - - [28/Jun/2021:17:45:55 +0200] "POST /.env HTTP/1.1" 200 2691 "-" "Mozilla/5.0 (X11; Linux x86_64) AppleWebKit/537.36 (KHTML, like Gecko) Chrome/81.0.4044.129 Safari/537.36"
103.28.53.0 - - [28/Jun/2021:17:50:08 +0200] "POST /wp-login.php HTTP/1.1" 200 2884 "-" "Mozilla/5.0 (Windows NT 6.1) AppleWebKit/537.36 (KHTML, like Gecko) Chrome/62.0.3202.94 Safari/537.36"
114.119.146.0 - - [28/Jun/2021:17:50:14 +0200] "GET /fr/unsere-maerkte/gueter HTTP/1.1" 200 - "-" "Mozilla/5.0 (Linux; Android 7.0;) AppleWebKit/537.36 (KHTML, like Gecko) Mobile Safari/537.36 (compatible; PetalBot;+https://webmaster.petalsearch.com/site/petalbot)"
114.119.146.0 - - [28/Jun/2021:17:50:16 +0200] "GET /fr/unsere-maerkte/gueter/ HTTP/1.1" 200 10537 "-" "Mozilla/5.0 (Linux; Android 7.0;) AppleWebKit/537.36 (KHTML, like Gecko) Mobile Safari/537.36 (compatible; PetalBot;+https://webmaster.petalsearch.com/site/petalbot)"
178.12.70.0 - - [28/Jun/2021:17:53:29 +0200] "GET /index.html HTTP/1.1" 200 2590 "-" "Mozilla/5.0 (iPad; CPU OS 12_5_3 like Mac OS X) AppleWebKit/605.1.15 (KHTML, like Gecko) Version/12.1.2 Mobile/15E148 Safari/604.1"
178.12.70.0 - - [28/Jun/2021:17:53:29 +0200] "GET /apple-touch-icon-152x152-precomposed.png HTTP/1.1" 404 2667 "-" "MobileSafari/604.1 CFNetwork/978.0.7 Darwin/18.7.0"
178.12.70.0 - - [28/Jun/2021:17:53:29 +0200] "GET /apple-touch-icon-152x152.png HTTP/1.1" 404 2643 "-" "MobileSafari/604.1 CFNetwork/978.0.7 Darwin/18.7.0"
178.12.70.0 - - [28/Jun/2021:17:53:29 +0200] "GET /apple-touch-icon-precomposed.png HTTP/1.1" 404 2651 "-" "MobileSafari/604.1 CFNetwork/978.0.7 Darwin/18.7.0"
178.12.70.0 - - [28/Jun/2021:17:53:29 +0200] "GET /apple-touch-icon.png HTTP/1.1" 404 2627 "-" "MobileSafari/604.1 CFNetwork/978.0.7 Darwin/18.7.0"
178.12.70.0 - - [28/Jun/2021:17:53:29 +0200] "GET /favicon.ico HTTP/1.1" 404 2609 "-" "MobileSafari/604.1 CFNetwork/978.0.7 Darwin/18.7.0"
178.12.70.0 - - [28/Jun/2021:17:53:29 +0200] "GET /apple-touch-icon-152x152-precomposed.png HTTP/1.1" 404 2667 "-" "MobileSafari/604.1 CFNetwork/978.0.7 Darwin/18.7.0"
178.12.70.0 - - [28/Jun/2021:17:53:29 +0200] "GET /apple-touch-icon-152x152.png HTTP/1.1" 404 2643 "-" "MobileSafari/604.1 CFNetwork/978.0.7 Darwin/18.7.0"
178.12.70.0 - - [28/Jun/2021:17:53:29 +0200] "GET /apple-touch-icon-precomposed.png HTTP/1.1" 404 2651 "-" "MobileSafari/604.1 CFNetwork/978.0.7 Darwin/18.7.0"
178.12.70.0 - - [28/Jun/2021:17:53:29 +0200] "GET /apple-touch-icon.png HTTP/1.1" 404 2627 "-" "MobileSafari/604.1 CFNetwork/978.0.7 Darwin/18.7.0"
178.12.70.0 - - [28/Jun/2021:17:53:29 +0200] "GET /favicon.ico HTTP/1.1" 404 2609 "-" "MobileSafari/604.1 CFNetwork/978.0.7 Darwin/18.7.0"
54.36.148.0 - - [28/Jun/2021:17:54:38 +0200] "GET /robots.txt HTTP/1.1" 200 2691 "-" "Mozilla/5.0 (compatible; AhrefsBot/7.0; +http://ahrefs.com/robot/)"
54.36.148.0 - - [28/Jun/2021:17:54:39 +0200] "GET / HTTP/1.1" 200 2691 "-" "Mozilla/5.0 (compatible; AhrefsBot/7.0; +http://ahrefs.com/robot/)"
81.169.178.0 - - [28/Jun/2021:17:55:30 +0200] "POST /wp-cron.php?doing_wp_cron=1624895730.5981469154357910156250 HTTP/1.1" 200 - "https://www.ipcbusiness.de/wp-cron.php?doing_wp_cron=1624895730.5981469154357910156250" "WordPress/5.6.4; https://www.ipcbusiness.de/pl"
114.119.146.0 - - [28/Jun/2021:17:55:30 +0200] "GET /pl/ueber-uns/umweltverantwortung HTTP/1.1" 200 - "-" "Mozilla/5.0 (Linux; Android 7.0;) AppleWebKit/537.36 (KHTML, like Gecko) Mobile Safari/537.36 (compatible; PetalBot;+https://webmaster.petalsearch.com/site/petalbot)"
114.119.146.0 - - [28/Jun/2021:17:55:32 +0200] "GET /pl/ueber-uns/umweltverantwortung/ HTTP/1.1" 200 10619 "-" "Mozilla/5.0 (Linux; Android 7.0;) AppleWebKit/537.36 (KHTML, like Gecko) Mobile Safari/537.36 (compatible; PetalBot;+https://webmaster.petalsearch.com/site/petalbot)"
103.80.82.0 - - [28/Jun/2021:17:55:38 +0200] "GET /wp-login.php HTTP/1.1" 200 2743 "-" "Mozilla/5.0 (X11; Ubuntu; Linux x86_64; rv:62.0) Gecko/20100101 Firefox/62.0"
103.80.82.0 - - [28/Jun/2021:17:55:40 +0200] "POST /wp-login.php HTTP/1.1" 200 2880 "-" "Mozilla/5.0 (X11; Ubuntu; Linux x86_64; rv:62.0) Gecko/20100101 Firefox/62.0"
103.80.82.0 - - [28/Jun/2021:17:55:42 +0200] "GET /wp-login.php HTTP/1.1" 200 2743 "-" "Mozilla/5.0 (X11; Ubuntu; Linux x86_64; rv:62.0) Gecko/20100101 Firefox/62.0"
103.80.82.0 - - [28/Jun/2021:17:55:43 +0200] "POST /wp-login.php HTTP/1.1" 200 2878 "-" "Mozilla/5.0 (X11; Ubuntu; Linux x86_64; rv:62.0) Gecko/20100101 Firefox/62.0"
103.80.82.0 - - [28/Jun/2021:17:55:44 +0200] "POST /xmlrpc.php HTTP/1.1" 200 249 "-" "Mozilla/5.0 (X11; Ubuntu; Linux x86_64; rv:62.0) Gecko/20100101 Firefox/62.0"
144.217.12.0 - - [28/Jun/2021:17:56:43 +0200] "POST /wp-login.php HTTP/1.1" 200 2637 "-" "Mozilla/5.0 (Windows NT 10.0; Win64; x64) AppleWebKit/537.36 (KHTML, like Gecko) Chrome/78.0.3904.70 Safari/537.36"
81.169.178.0 - - [28/Jun/2021:17:56:43 +0200] "POST /wp-cron.php?doing_wp_cron=1624895803.8186500072479248046875 HTTP/1.1" 200 - "https://www.computerdoc24.de/wp-cron.php?doing_wp_cron=1624895803.8186500072479248046875" "WordPress/5.2.11; https://www.computerdoc24.de"
81.169.178.0 - - [28/Jun/2021:17:57:44 +0200] "POST /wp-cron.php?doing_wp_cron=1624895864.0548980236053466796875 HTTP/1.1" 200 - "https://www.computerdoc24.de/wp-cron.php?doing_wp_cron=1624895864.0548980236053466796875" "WordPress/5.2.11; https://www.computerdoc24.de"
122.116.248.0 - - [28/Jun/2021:17:57:43 +0200] "GET /wp-login.php HTTP/1.1" 200 2238 "-" "Mozilla/5.0 (X11; Ubuntu; Linux x86_64; rv:62.0) Gecko/20100101 Firefox/62.0"
122.116.248.0 - - [28/Jun/2021:17:57:45 +0200] "POST /wp-login.php HTTP/1.1" 200 2589 "-" "Mozilla/5.0 (X11; Ubuntu; Linux x86_64; rv:62.0) Gecko/20100101 Firefox/62.0"
122.116.248.0 - - [28/Jun/2021:17:57:46 +0200] "POST /xmlrpc.php HTTP/1.1" 200 228 "-" "Mozilla/5.0 (X11; Ubuntu; Linux x86_64; rv:62.0) Gecko/20100101 Firefox/62.0"
185.132.82.0 - - [28/Jun/2021:17:57:55 +0200] "GET /wp-login.php HTTP/1.1" 200 2748 "-" "Mozilla/5.0 (X11; Ubuntu; Linux x86_64; rv:62.0) Gecko/20100101 Firefox/62.0"
185.132.82.0 - - [28/Jun/2021:17:57:56 +0200] "POST /wp-login.php HTTP/1.1" 200 2886 "-" "Mozilla/5.0 (X11; Ubuntu; Linux x86_64; rv:62.0) Gecko/20100101 Firefox/62.0"
185.132.82.0 - - [28/Jun/2021:17:57:57 +0200] "GET /wp-login.php HTTP/1.1" 200 2748 "-" "Mozilla/5.0 (X11; Ubuntu; Linux x86_64; rv:62.0) Gecko/20100101 Firefox/62.0"
185.132.82.0 - - [28/Jun/2021:17:57:58 +0200] "POST /wp-login.php HTTP/1.1" 200 2884 "-" "Mozilla/5.0 (X11; Ubuntu; Linux x86_64; rv:62.0) Gecko/20100101 Firefox/62.0"
185.132.82.0 - - [28/Jun/2021:17:57:59 +0200] "POST /xmlrpc.php HTTP/1.1" 200 249 "-" "Mozilla/5.0 (X11; Ubuntu; Linux x86_64; rv:62.0) Gecko/20100101 Firefox/62.0"
66.249.64.0 - - [28/Jun/2021:18:04:03 +0200] "GET /assets/images/autogen/Anfahrtskosten_Nregular_1_1.gif HTTP/1.1" 200 1732 "-" "Googlebot-Image/1.0"
199.19.225.0 - - [28/Jun/2021:18:07:08 +0200] "POST /boaform/admin/formLogin HTTP/1.1" 404 2786 "http://81.169.178.78:80/admin/login.asp" "Mozilla/5.0 (X11; Ubuntu; Linux x86_64; rv:71.0) Gecko/20100101 Firefox/71.0"
119.96.223.0 - - [28/Jun/2021:18:08:31 +0200] "POST /wp-login.php HTTP/1.1" 200 2886 "-" "Mozilla/5.0 (Windows NT 6.3; Win64; x64) AppleWebKit/537.36 (KHTML, like Gecko) Chrome/77.0.3865.90 Safari/537.36"
81.169.178.0 - - [28/Jun/2021:18:08:59 +0200] "POST /wp-cron.php?doing_wp_cron=1624896539.4469449520111083984375 HTTP/1.1" 200 - "https://www.computerdoc24.de/wp-cron.php?doing_wp_cron=1624896539.4469449520111083984375" "WordPress/5.2.11; https://www.computerdoc24.de"
51.68.79.0 - - [28/Jun/2021:18:08:59 +0200] "POST /wp-login.php HTTP/1.1" 503 7053 "-" "Mozilla/5.0 (Windows NT 10.0; WOW64) AppleWebKit/537.36 (KHTML, like Gecko) Chrome/46.0.2490.80 Safari/537.36"
162.62.123.0 - - [28/Jun/2021:18:09:17 +0200] "GET / HTTP/1.1" 403 2411 "-" "-"
81.169.178.0 - - [28/Jun/2021:18:12:11 +0200] "POST /wp-cron.php?doing_wp_cron=1624896731.5315039157867431640625 HTTP/1.1" 200 - "https://www.computerdoc24.de/wp-cron.php?doing_wp_cron=1624896731.5315039157867431640625" "WordPress/5.2.11; https://www.computerdoc24.de"
185.191.171.0 - - [28/Jun/2021:18:12:11 +0200] "GET /robots.txt HTTP/1.1" 200 69 "-" "Mozilla/5.0 (compatible; SemrushBot/7~bl; +http://www.semrush.com/bot.html)"
185.191.171.0 - - [28/Jun/2021:18:12:12 +0200] "GET /aktuelle-angebote/page/2/ HTTP/1.1" 200 9818 "-" "Mozilla/5.0 (compatible; SemrushBot/7~bl; +http://www.semrush.com/bot.html)"
165.231.178.0 - - [28/Jun/2021:18:14:57 +0200] "GET /wp-login.php HTTP/1.1" 301 243 "-" "Mozilla/5.0 (Windows NT 6.1) AppleWebKit/537.36 (KHTML, like Gecko) Chrome/45.0.2454.85 Safari/537.36 OPR/32.0.1948.45"
165.231.178.0 - - [28/Jun/2021:18:14:57 +0200] "GET /wp-login.php HTTP/1.1" 200 8977 "-" "Mozilla/5.0 (Windows NT 6.1) AppleWebKit/537.36 (KHTML, like Gecko) Chrome/45.0.2454.85 Safari/537.36 OPR/32.0.1948.45"
165.231.178.0 - - [28/Jun/2021:18:14:58 +0200] "POST /wp-login.php HTTP/1.0" 301 243 "http://ipcbusiness.de/wp-login.php" "Mozilla/5.0 (Windows NT 6.1) AppleWebKit/537.36 (KHTML, like Gecko) Chrome/45.0.2454.85 Safari/537.36 OPR/32.0.1948.45"
165.231.178.0 - - [28/Jun/2021:18:14:58 +0200] "POST /wp-login.php HTTP/1.0" 200 9446 "http://ipcbusiness.de/wp-login.php" "Mozilla/5.0 (Windows NT 6.1) AppleWebKit/537.36 (KHTML, like Gecko) Chrome/45.0.2454.85 Safari/537.36 OPR/32.0.1948.45"
92.118.160.0 - - [28/Jun/2021:18:20:47 +0200] "GET / HTTP/1.1" 200 2691 "-" "NetSystemsResearch studies the availability of various services across the internet. Our website is netsystemsresearch.com"
81.169.178.0 - - [28/Jun/2021:18:25:29 +0200] "POST /wp-cron.php?doing_wp_cron=1624897529.5503211021423339843750 HTTP/1.1" 200 - "https://www.computerdoc24.de/wp-cron.php?doing_wp_cron=1624897529.5503211021423339843750" "WordPress/5.2.11; https://www.computerdoc24.de"
217.235.38.0 - - [28/Jun/2021:18:25:29 +0200] "POST /wp-login.php HTTP/1.1" 503 7054 "-" "Mozilla/5.0 (Windows NT 6.1) AppleWebKit/537.36 (KHTML, like Gecko) Chrome/80.0.3987.149 Safari/537.36"
54.36.149.0 - - [28/Jun/2021:18:27:03 +0200] "GET /impressum/ HTTP/1.1" 200 13626 "-" "Mozilla/5.0 (compatible; AhrefsBot/7.0; +http://ahrefs.com/robot/)"
134.209.157.0 - - [28/Jun/2021:18:27:10 +0200] "POST /wp-login.php HTTP/1.1" 200 2886 "-" "Mozilla/5.0 (Windows NT 6.1; Win64; x64) AppleWebKit/537.36 (KHTML, like Gecko) Chrome/80.0.3987.106 Safari/537.36"
81.169.178.0 - - [28/Jun/2021:18:28:00 +0200] "POST /wp-cron.php?doing_wp_cron=1624897679.9374859333038330078125 HTTP/1.1" 200 - "https://www.computerdoc24.de/wp-cron.php?doing_wp_cron=1624897679.9374859333038330078125" "WordPress/5.2.11; https://www.computerdoc24.de"
35.227.51.0 - - [28/Jun/2021:18:27:59 +0200] "GET /robots.txt HTTP/1.0" 200 69 "-" "ZoominfoBot (zoominfobot at zoominfo dot com)"
35.227.51.0 - - [28/Jun/2021:18:28:00 +0200] "GET /pc-ankauf/ HTTP/1.0" 200 9934 "-" "ZoominfoBot (zoominfobot at zoominfo dot com)"
35.227.51.0 - - [28/Jun/2021:18:28:02 +0200] "GET /product/office-internet-pc-fujitsu-marken-pc/ HTTP/1.0" 200 14076 "-" "ZoominfoBot (zoominfobot at zoominfo dot com)"
35.227.51.0 - - [28/Jun/2021:18:28:04 +0200] "GET /product/office-internet-pc-fujitsu-marken-pc-4gb-240gb-ssd-neu/ HTTP/1.0" 200 14163 "-" "ZoominfoBot (zoominfobot at zoominfo dot com)"
81.169.178.0 - - [28/Jun/2021:18:31:08 +0200] "POST /wp-cron.php?doing_wp_cron=1624897868.6539390087127685546875 HTTP/1.1" 200 - "https://www.computerdoc24.de/wp-cron.php?doing_wp_cron=1624897868.6539390087127685546875" "WordPress/5.2.11; https://www.computerdoc24.de"
35.227.51.0 - - [28/Jun/2021:18:31:08 +0200] "GET /product/leistungsstarkes-17-zoll-hp-notebook/ HTTP/1.0" 200 13768 "-" "ZoominfoBot (zoominfobot at zoominfo dot com)"
81.169.178.0 - - [28/Jun/2021:18:32:48 +0200] "POST /wp-cron.php?doing_wp_cron=1624897968.4225540161132812500000 HTTP/1.1" 200 - "https://www.computerdoc24.de/wp-cron.php?doing_wp_cron=1624897968.4225540161132812500000" "WordPress/5.2.11; https://www.computerdoc24.de"
35.227.51.0 - - [28/Jun/2021:18:32:48 +0200] "GET /software/ HTTP/1.0" 200 8685 "-" "ZoominfoBot (zoominfobot at zoominfo dot com)"
194.173.174.0 - - [28/Jun/2021:18:33:14 +0200] "HEAD / HTTP/1.1" 301 - "-" "Mozilla/5.0 (Windows NT 6.3; WOW64) AppleWebKit/537.36 (KHTML, like Gecko) Chrome/43.0.2357.134 Safari/537.36"
194.173.174.0 - - [28/Jun/2021:18:33:15 +0200] "HEAD / HTTP/1.1" 200 - "-" "Mozilla/5.0 (Windows NT 6.3; WOW64) AppleWebKit/537.36 (KHTML, like Gecko) Chrome/43.0.2357.134 Safari/537.36"
194.173.174.0 - - [28/Jun/2021:18:33:20 +0200] "HEAD / HTTP/1.1" 200 - "-" "Mozilla/5.0 (Windows NT 6.3; WOW64) AppleWebKit/537.36 (KHTML, like Gecko) Chrome/43.0.2357.134 Safari/537.36"
158.69.42.0 - - [28/Jun/2021:18:33:21 +0200] "GET /google-site-verification-content-fpk8ez12pdbewljjo9xhbxlv7lhxa9nplpcode87.php HTTP/1.1" 200 - "http://simplesite.com" "Mozilla/5.0 (Windows; U; Windows NT 5.1; en-US) AppleWebKit/533.4 (KHTML, like Gecko) Chrome/5.0.375.99 Safari/533.4"
158.69.42.0 - - [28/Jun/2021:18:33:24 +0200] "GET /google-site-verification-content-fpk8ez12pdbewljjo9xhbxlv7lhxa9nplpcode87.php HTTP/1.1" 200 - "http://computerdoc24.de/google-site-verification-content-fpk8ez12pdbewljjo9xhbxlv7lhxa9nplpcode87.php" "Mozilla/5.0 (Windows; U; Windows NT 5.1; en-US) AppleWebKit/533.4 (KHTML, like Gecko) Chrome/5.0.375.99 Safari/533.4"
172.105.189.0 - - [28/Jun/2021:18:33:28 +0200] "GET / HTTP/1.1" 403 2411 "-" "Mozilla/5.0 (Windows NT 10.0; Win64; x64) AppleWebKit/537.36 (KHTML, like Gecko) Chrome/60.0.3112.113 Safari/537.36"
81.169.178.0 - - [28/Jun/2021:18:34:59 +0200] "POST /wp-cron.php?doing_wp_cron=1624898099.8089489936828613281250 HTTP/1.1" 200 - "https://www.computerdoc24.de/wp-cron.php?doing_wp_cron=1624898099.8089489936828613281250" "WordPress/5.2.11; https://www.computerdoc24.de"
35.227.51.0 - - [28/Jun/2021:18:34:59 +0200] "GET /xmlrpc.php?rsd HTTP/1.0" 200 310 "-" "ZoominfoBot (zoominfobot at zoominfo dot com)"
46.191.131.0 - - [28/Jun/2021:18:36:04 +0200] "GET / HTTP/1.1" 403 2409 "-" "Mozilla/5.0 (Macintosh; Intel Mac OS X 10_11_6) AppleWebKit/601.7.7 (KHTML, like Gecko) Version/9.1.2 Safari/601.7.7"
40.77.167.0 - - [28/Jun/2021:18:36:57 +0200] "GET / HTTP/1.1" 301 287 "-" "Mozilla/5.0 (compatible; bingbot/2.0; +http://www.bing.com/bingbot.htm)"
5.188.210.0 - - [28/Jun/2021:18:37:13 +0200] "GET /admin/editor/filemanager/connectors/php/connector.php?Command=GetFoldersAndFiles&Type=File&CurrentFolder=%2F HTTP/1.0" 200 2691 "-" "Mozilla/5.0 (Windows NT 6.3; Win64; x64) AppleWebKit/537.36 (KHTML, like Gecko) Chrome/75.0.3770.100 Safari/537.36"
81.169.178.0 - - [28/Jun/2021:18:38:01 +0200] "POST /wp-cron.php?doing_wp_cron=1624898281.8026669025421142578125 HTTP/1.1" 200 - "https://www.computerdoc24.de/wp-cron.php?doing_wp_cron=1624898281.8026669025421142578125" "WordPress/5.2.11; https://www.computerdoc24.de"
35.227.51.0 - - [28/Jun/2021:18:38:01 +0200] "GET /product/leistungsstarkes-15-zoll-hp-notebook-silber/ HTTP/1.0" 200 13888 "-" "ZoominfoBot (zoominfobot at zoominfo dot com)"
81.169.178.0 - - [28/Jun/2021:18:41:40 +0200] "POST /wp-cron.php?doing_wp_cron=1624898500.8827219009399414062500 HTTP/1.1" 200 - "https://www.computerdoc24.de/wp-cron.php?doing_wp_cron=1624898500.8827219009399414062500" "WordPress/5.2.11; https://www.computerdoc24.de"
35.227.51.0 - - [28/Jun/2021:18:41:40 +0200] "GET /datenschutzerklaerung/ HTTP/1.0" 200 21457 "-" "ZoominfoBot (zoominfobot at zoominfo dot com)"
81.169.178.0 - - [28/Jun/2021:18:42:42 +0200] "POST /wp-cron.php?doing_wp_cron=1624898562.0030210018157958984375 HTTP/1.1" 200 - "https://www.computerdoc24.de/wp-cron.php?doing_wp_cron=1624898562.0030210018157958984375" "WordPress/5.2.11; https://www.computerdoc24.de"
35.227.51.0 - - [28/Jun/2021:18:42:41 +0200] "GET /kontakt/ HTTP/1.0" 200 10810 "-" "ZoominfoBot (zoominfobot at zoominfo dot com)"
66.249.64.0 - - [28/Jun/2021:18:44:25 +0200] "GET /robots.txt HTTP/1.1" 301 295 "-" "Mozilla/5.0 (compatible; Googlebot/2.1; +http://www.google.com/bot.html)"
66.249.64.0 - - [28/Jun/2021:18:44:25 +0200] "GET /uk/comments/feed/ HTTP/1.1" 301 302 "-" "Mozilla/5.0 (Linux; Android 6.0.1; Nexus 5X Build/MMB29P) AppleWebKit/537.36 (KHTML, like Gecko) Chrome/91.0.4472.90 Mobile Safari/537.36 (compatible; Googlebot/2.1; +http://www.google.com/bot.html)"
162.55.214.0 - - [28/Jun/2021:18:47:55 +0200] "GET / HTTP/1.1" 200 2691 "-" "Mozilla/5.0 (X11; Linux x86_64) AppleWebKit/537.36 (KHTML, like Gecko) Chrome/80.0.3987.106 Safari/537.36"
81.169.144.0 - - [28/Jun/2021:18:47:56 +0200] "POST /wp-cron.php?doing_wp_cron=1624898876.8417410850524902343750 HTTP/1.1" 200 - "http://www.computerdoc24.de/wp-cron.php?doing_wp_cron=1624898876.8417410850524902343750" "WordPress/5.2.2; https://www.computerdoc24.de"
77.88.5.0 - - [28/Jun/2021:18:48:12 +0200] "GET /robots.txt HTTP/1.1" 301 297 "-" "Mozilla/5.0 (compatible; YandexBot/3.0; +http://yandex.com/bots)"
77.88.5.0 - - [28/Jun/2021:18:48:16 +0200] "GET / HTTP/1.1" 301 287 "-" "Mozilla/5.0 (compatible; YandexBot/3.0; +http://yandex.com/bots)"
81.169.144.0 - - [28/Jun/2021:18:50:16 +0200] "POST /wp-cron.php?doing_wp_cron=1624899016.5391180515289306640625 HTTP/1.1" 200 - "https://www.computerdoc24.de/wp-cron.php?doing_wp_cron=1624899016.5391180515289306640625" "WordPress/5.2.2; https://www.computerdoc24.de"
77.88.5.0 - - [28/Jun/2021:18:50:51 +0200] "GET / HTTP/1.1" 301 287 "-" "Mozilla/5.0 (compatible; YandexBot/3.0; +http://yandex.com/bots)"
44.229.14.0 - - [28/Jun/2021:18:52:24 +0200] "GET / HTTP/1.1" 403 2409 "-" "Mozilla/5.0 (Macintosh; Intel Mac OS X 10_11_5) AppleWebKit/537.36 (KHTML, like Gecko) Chrome/50.0.2661.102 Safari/537.36"
81.169.178.0 - - [28/Jun/2021:18:54:33 +0200] "POST /wp-cron.php?doing_wp_cron=1624899273.8074080944061279296875 HTTP/1.1" 200 - "https://www.computerdoc24.de/wp-cron.php?doing_wp_cron=1624899273.8074080944061279296875" "WordPress/5.2.11; https://www.computerdoc24.de"
35.227.51.0 - - [28/Jun/2021:18:54:33 +0200] "GET /comments/feed/ HTTP/1.0" 200 451 "-" "ZoominfoBot (zoominfobot at zoominfo dot com)"
67.205.12.0 - - [28/Jun/2021:18:54:34 +0200] "POST /wp-login.php HTTP/1.1" 503 7054 "-" "Mozilla/5.0 (Windows NT 6.1; WOW64) AppleWebKit/537.36 (KHTML, like Gecko) Chrome/48.0.2564.109 Safari/537.36"
81.169.178.0 - - [28/Jun/2021:18:54:37 +0200] "POST /wp-cron.php?doing_wp_cron=1624899277.5666899681091308593750 HTTP/1.1" 200 - "https://www.ipcbusiness.de/wp-cron.php?doing_wp_cron=1624899277.5666899681091308593750" "WordPress/5.6.4; https://www.ipcbusiness.de"
103.28.53.0 - - [28/Jun/2021:18:54:37 +0200] "POST /wp-login.php HTTP/1.1" 200 2884 "-" "Mozilla/5.0 (Windows NT 6.3; Win64; x64) AppleWebKit/537.36 (KHTML, like Gecko) Chrome/67.0.3396.99 Safari/537.36"
195.246.120.0 - - [28/Jun/2021:18:54:59 +0200] "GET /index.php/admin/ HTTP/1.1" 200 2691 "-" "Mozilla/5.0 (X11; Ubuntu; Linux x86_64; rv:62.0) Gecko/20100101 Firefox/62.0"
195.246.120.0 - - [28/Jun/2021:18:54:59 +0200] "GET /dev/index.php/admin/ HTTP/1.1" 200 2691 "-" "Mozilla/5.0 (X11; Ubuntu; Linux x86_64; rv:62.0) Gecko/20100101 Firefox/62.0"
195.246.120.0 - - [28/Jun/2021:18:55:01 +0200] "GET /old/index.php/admin/ HTTP/1.1" 200 2691 "-" "Mozilla/5.0 (X11; Ubuntu; Linux x86_64; rv:62.0) Gecko/20100101 Firefox/62.0"
195.246.120.0 - - [28/Jun/2021:18:55:01 +0200] "GET /test/index.php/admin/ HTTP/1.1" 200 2691 "-" "Mozilla/5.0 (X11; Ubuntu; Linux x86_64; rv:62.0) Gecko/20100101 Firefox/62.0"
195.246.120.0 - - [28/Jun/2021:18:55:02 +0200] "GET /shop/index.php/admin/ HTTP/1.1" 200 2691 "-" "Mozilla/5.0 (X11; Ubuntu; Linux x86_64; rv:62.0) Gecko/20100101 Firefox/62.0"
195.246.120.0 - - [28/Jun/2021:18:55:03 +0200] "GET /demo/index.php/admin/ HTTP/1.1" 200 2691 "-" "Mozilla/5.0 (X11; Ubuntu; Linux x86_64; rv:62.0) Gecko/20100101 Firefox/62.0"
195.246.120.0 - - [28/Jun/2021:18:55:04 +0200] "GET /store/index.php/admin/ HTTP/1.1" 200 2691 "-" "Mozilla/5.0 (X11; Ubuntu; Linux x86_64; rv:62.0) Gecko/20100101 Firefox/62.0"
195.246.120.0 - - [28/Jun/2021:18:55:05 +0200] "GET /staging/index.php/admin/ HTTP/1.1" 200 2691 "-" "Mozilla/5.0 (X11; Ubuntu; Linux x86_64; rv:62.0) Gecko/20100101 Firefox/62.0"
195.246.120.0 - - [28/Jun/2021:18:55:05 +0200] "GET /magento/index.php/admin/ HTTP/1.1" 200 2691 "-" "Mozilla/5.0 (X11; Ubuntu; Linux x86_64; rv:62.0) Gecko/20100101 Firefox/62.0"
195.246.120.0 - - [28/Jun/2021:18:55:06 +0200] "GET /rss/order/new HTTP/1.1" 200 2691 "-" "Mozilla/5.0 (X11; Ubuntu; Linux x86_64; rv:62.0) Gecko/20100101 Firefox/62.0"
195.246.120.0 - - [28/Jun/2021:18:55:07 +0200] "GET /rss/catalog/notifystock HTTP/1.1" 200 2691 "-" "Mozilla/5.0 (X11; Ubuntu; Linux x86_64; rv:62.0) Gecko/20100101 Firefox/62.0"
195.246.120.0 - - [28/Jun/2021:18:55:07 +0200] "GET /rss/catalog/review HTTP/1.1" 200 2691 "-" "Mozilla/5.0 (X11; Ubuntu; Linux x86_64; rv:62.0) Gecko/20100101 Firefox/62.0"
195.246.120.0 - - [28/Jun/2021:18:55:07 +0200] "GET /dev/rss/order/new HTTP/1.1" 200 2691 "-" "Mozilla/5.0 (X11; Ubuntu; Linux x86_64; rv:62.0) Gecko/20100101 Firefox/62.0"
195.246.120.0 - - [28/Jun/2021:18:55:08 +0200] "GET /dev/rss/catalog/notifystock HTTP/1.1" 200 2691 "-" "Mozilla/5.0 (X11; Ubuntu; Linux x86_64; rv:62.0) Gecko/20100101 Firefox/62.0"
195.246.120.0 - - [28/Jun/2021:18:55:08 +0200] "GET /dev/rss/catalog/review HTTP/1.1" 200 2691 "-" "Mozilla/5.0 (X11; Ubuntu; Linux x86_64; rv:62.0) Gecko/20100101 Firefox/62.0"
195.246.120.0 - - [28/Jun/2021:18:55:08 +0200] "GET /old/rss/order/new HTTP/1.1" 200 2691 "-" "Mozilla/5.0 (X11; Ubuntu; Linux x86_64; rv:62.0) Gecko/20100101 Firefox/62.0"
195.246.120.0 - - [28/Jun/2021:18:55:08 +0200] "GET /old/rss/catalog/notifystock HTTP/1.1" 200 2691 "-" "Mozilla/5.0 (X11; Ubuntu; Linux x86_64; rv:62.0) Gecko/20100101 Firefox/62.0"
195.246.120.0 - - [28/Jun/2021:18:55:09 +0200] "GET /old/rss/catalog/review HTTP/1.1" 200 2691 "-" "Mozilla/5.0 (X11; Ubuntu; Linux x86_64; rv:62.0) Gecko/20100101 Firefox/62.0"
195.246.120.0 - - [28/Jun/2021:18:55:09 +0200] "GET /test/rss/order/new HTTP/1.1" 200 2691 "-" "Mozilla/5.0 (X11; Ubuntu; Linux x86_64; rv:62.0) Gecko/20100101 Firefox/62.0"
195.246.120.0 - - [28/Jun/2021:18:55:09 +0200] "GET /test/rss/catalog/notifystock HTTP/1.1" 200 2691 "-" "Mozilla/5.0 (X11; Ubuntu; Linux x86_64; rv:62.0) Gecko/20100101 Firefox/62.0"
195.246.120.0 - - [28/Jun/2021:18:55:09 +0200] "GET /test/rss/catalog/review HTTP/1.1" 200 2691 "-" "Mozilla/5.0 (X11; Ubuntu; Linux x86_64; rv:62.0) Gecko/20100101 Firefox/62.0"
195.246.120.0 - - [28/Jun/2021:18:55:10 +0200] "GET /shop/rss/order/new HTTP/1.1" 200 2691 "-" "Mozilla/5.0 (X11; Ubuntu; Linux x86_64; rv:62.0) Gecko/20100101 Firefox/62.0"
195.246.120.0 - - [28/Jun/2021:18:55:10 +0200] "GET /shop/rss/catalog/notifystock HTTP/1.1" 200 2691 "-" "Mozilla/5.0 (X11; Ubuntu; Linux x86_64; rv:62.0) Gecko/20100101 Firefox/62.0"
195.246.120.0 - - [28/Jun/2021:18:55:10 +0200] "GET /shop/rss/catalog/review HTTP/1.1" 200 2691 "-" "Mozilla/5.0 (X11; Ubuntu; Linux x86_64; rv:62.0) Gecko/20100101 Firefox/62.0"
195.246.120.0 - - [28/Jun/2021:18:55:11 +0200] "GET /demo/rss/order/new HTTP/1.1" 200 2691 "-" "Mozilla/5.0 (X11; Ubuntu; Linux x86_64; rv:62.0) Gecko/20100101 Firefox/62.0"
195.246.120.0 - - [28/Jun/2021:18:55:11 +0200] "GET /demo/rss/catalog/notifystock HTTP/1.1" 200 2691 "-" "Mozilla/5.0 (X11; Ubuntu; Linux x86_64; rv:62.0) Gecko/20100101 Firefox/62.0"
195.246.120.0 - - [28/Jun/2021:18:55:11 +0200] "GET /demo/rss/catalog/review HTTP/1.1" 200 2691 "-" "Mozilla/5.0 (X11; Ubuntu; Linux x86_64; rv:62.0) Gecko/20100101 Firefox/62.0"
195.246.120.0 - - [28/Jun/2021:18:55:11 +0200] "GET /store/rss/order/new HTTP/1.1" 200 2691 "-" "Mozilla/5.0 (X11; Ubuntu; Linux x86_64; rv:62.0) Gecko/20100101 Firefox/62.0"
195.246.120.0 - - [28/Jun/2021:18:55:12 +0200] "GET /store/rss/catalog/notifystock HTTP/1.1" 200 2691 "-" "Mozilla/5.0 (X11; Ubuntu; Linux x86_64; rv:62.0) Gecko/20100101 Firefox/62.0"
195.246.120.0 - - [28/Jun/2021:18:55:12 +0200] "GET /store/rss/catalog/review HTTP/1.1" 200 2691 "-" "Mozilla/5.0 (X11; Ubuntu; Linux x86_64; rv:62.0) Gecko/20100101 Firefox/62.0"
195.246.120.0 - - [28/Jun/2021:18:55:12 +0200] "GET /staging/rss/order/new HTTP/1.1" 200 2691 "-" "Mozilla/5.0 (X11; Ubuntu; Linux x86_64; rv:62.0) Gecko/20100101 Firefox/62.0"
195.246.120.0 - - [28/Jun/2021:18:55:12 +0200] "GET /staging/rss/catalog/notifystock HTTP/1.1" 200 2691 "-" "Mozilla/5.0 (X11; Ubuntu; Linux x86_64; rv:62.0) Gecko/20100101 Firefox/62.0"
195.246.120.0 - - [28/Jun/2021:18:55:13 +0200] "GET /staging/rss/catalog/review HTTP/1.1" 200 2691 "-" "Mozilla/5.0 (X11; Ubuntu; Linux x86_64; rv:62.0) Gecko/20100101 Firefox/62.0"
195.246.120.0 - - [28/Jun/2021:18:55:13 +0200] "GET /magento/rss/order/new HTTP/1.1" 200 2691 "-" "Mozilla/5.0 (X11; Ubuntu; Linux x86_64; rv:62.0) Gecko/20100101 Firefox/62.0"
195.246.120.0 - - [28/Jun/2021:18:55:13 +0200] "GET /magento/rss/catalog/notifystock HTTP/1.1" 200 2691 "-" "Mozilla/5.0 (X11; Ubuntu; Linux x86_64; rv:62.0) Gecko/20100101 Firefox/62.0"
195.246.120.0 - - [28/Jun/2021:18:55:13 +0200] "GET /magento/rss/catalog/review HTTP/1.1" 200 2691 "-" "Mozilla/5.0 (X11; Ubuntu; Linux x86_64; rv:62.0) Gecko/20100101 Firefox/62.0"
195.246.120.0 - - [28/Jun/2021:18:55:14 +0200] "GET /downloader/index.php HTTP/1.1" 200 2691 "-" "Mozilla/5.0 (X11; Ubuntu; Linux x86_64; rv:62.0) Gecko/20100101 Firefox/62.0"
195.246.120.0 - - [28/Jun/2021:18:55:14 +0200] "GET /dev/downloader/index.php HTTP/1.1" 200 2691 "-" "Mozilla/5.0 (X11; Ubuntu; Linux x86_64; rv:62.0) Gecko/20100101 Firefox/62.0"
195.246.120.0 - - [28/Jun/2021:18:55:19 +0200] "GET /old/downloader/index.php HTTP/1.1" 200 2691 "-" "Mozilla/5.0 (X11; Ubuntu; Linux x86_64; rv:62.0) Gecko/20100101 Firefox/62.0"
195.246.120.0 - - [28/Jun/2021:18:55:19 +0200] "GET /test/downloader/index.php HTTP/1.1" 200 2691 "-" "Mozilla/5.0 (X11; Ubuntu; Linux x86_64; rv:62.0) Gecko/20100101 Firefox/62.0"
195.246.120.0 - - [28/Jun/2021:18:55:19 +0200] "GET /shop/downloader/index.php HTTP/1.1" 200 2691 "-" "Mozilla/5.0 (X11; Ubuntu; Linux x86_64; rv:62.0) Gecko/20100101 Firefox/62.0"
195.246.120.0 - - [28/Jun/2021:18:55:20 +0200] "GET /demo/downloader/index.php HTTP/1.1" 200 2691 "-" "Mozilla/5.0 (X11; Ubuntu; Linux x86_64; rv:62.0) Gecko/20100101 Firefox/62.0"
195.246.120.0 - - [28/Jun/2021:18:55:20 +0200] "GET /store/downloader/index.php HTTP/1.1" 200 2691 "-" "Mozilla/5.0 (X11; Ubuntu; Linux x86_64; rv:62.0) Gecko/20100101 Firefox/62.0"
195.246.120.0 - - [28/Jun/2021:18:55:20 +0200] "GET /staging/downloader/index.php HTTP/1.1" 200 2691 "-" "Mozilla/5.0 (X11; Ubuntu; Linux x86_64; rv:62.0) Gecko/20100101 Firefox/62.0"
195.246.120.0 - - [28/Jun/2021:18:55:20 +0200] "GET /magento/downloader/index.php HTTP/1.1" 200 2691 "-" "Mozilla/5.0 (X11; Ubuntu; Linux x86_64; rv:62.0) Gecko/20100101 Firefox/62.0"
195.246.120.0 - - [28/Jun/2021:18:55:21 +0200] "GET /errors/503.php HTTP/1.1" 200 2691 "-" "Mozilla/5.0 (X11; Ubuntu; Linux x86_64; rv:62.0) Gecko/20100101 Firefox/62.0"
195.246.120.0 - - [28/Jun/2021:18:55:21 +0200] "GET /dev/errors/503.php HTTP/1.1" 200 2691 "-" "Mozilla/5.0 (X11; Ubuntu; Linux x86_64; rv:62.0) Gecko/20100101 Firefox/62.0"
195.246.120.0 - - [28/Jun/2021:18:55:21 +0200] "GET /old/errors/503.php HTTP/1.1" 200 2691 "-" "Mozilla/5.0 (X11; Ubuntu; Linux x86_64; rv:62.0) Gecko/20100101 Firefox/62.0"
195.246.120.0 - - [28/Jun/2021:18:55:21 +0200] "GET /test/errors/503.php HTTP/1.1" 200 2691 "-" "Mozilla/5.0 (X11; Ubuntu; Linux x86_64; rv:62.0) Gecko/20100101 Firefox/62.0"
195.246.120.0 - - [28/Jun/2021:18:55:22 +0200] "GET /shop/errors/503.php HTTP/1.1" 200 2691 "-" "Mozilla/5.0 (X11; Ubuntu; Linux x86_64; rv:62.0) Gecko/20100101 Firefox/62.0"
195.246.120.0 - - [28/Jun/2021:18:55:22 +0200] "GET /demo/errors/503.php HTTP/1.1" 200 2691 "-" "Mozilla/5.0 (X11; Ubuntu; Linux x86_64; rv:62.0) Gecko/20100101 Firefox/62.0"
195.246.120.0 - - [28/Jun/2021:18:55:22 +0200] "GET /store/errors/503.php HTTP/1.1" 200 2691 "-" "Mozilla/5.0 (X11; Ubuntu; Linux x86_64; rv:62.0) Gecko/20100101 Firefox/62.0"
195.246.120.0 - - [28/Jun/2021:18:55:22 +0200] "GET /staging/errors/503.php HTTP/1.1" 200 2691 "-" "Mozilla/5.0 (X11; Ubuntu; Linux x86_64; rv:62.0) Gecko/20100101 Firefox/62.0"
195.246.120.0 - - [28/Jun/2021:18:55:28 +0200] "GET /magento/errors/503.php HTTP/1.1" 200 2691 "-" "Mozilla/5.0 (X11; Ubuntu; Linux x86_64; rv:62.0) Gecko/20100101 Firefox/62.0"
18.205.203.0 - - [28/Jun/2021:18:56:21 +0200] "POST /wp-login.php HTTP/1.1" 200 2886 "-" "Mozilla/5.0 (Windows NT 10.0; WOW64) AppleWebKit/537.36 (KHTML, like Gecko) Chrome/55.0.2883.87 Safari/537.36"
81.169.178.0 - - [28/Jun/2021:18:56:34 +0200] "POST /wp-cron.php?doing_wp_cron=1624899394.7126159667968750000000 HTTP/1.1" 200 - "https://www.computerdoc24.de/wp-cron.php?doing_wp_cron=1624899394.7126159667968750000000" "WordPress/5.2.11; https://www.computerdoc24.de"
35.227.51.0 - - [28/Jun/2021:18:56:34 +0200] "GET /service/ HTTP/1.0" 200 12575 "-" "ZoominfoBot (zoominfobot at zoominfo dot com)"
81.169.178.0 - - [28/Jun/2021:18:58:08 +0200] "POST /wp-cron.php?doing_wp_cron=1624899488.5832090377807617187500 HTTP/1.1" 200 - "https://www.computerdoc24.de/wp-cron.php?doing_wp_cron=1624899488.5832090377807617187500" "WordPress/5.2.11; https://www.computerdoc24.de"
35.227.51.0 - - [28/Jun/2021:18:58:08 +0200] "GET /allgemeine-geschaeftsbedingungen/ HTTP/1.0" 200 11029 "-" "ZoominfoBot (zoominfobot at zoominfo dot com)"
195.246.120.0 - - [28/Jun/2021:18:58:40 +0200] "GET /index.php/admin/ HTTP/1.1" 200 2691 "-" "Mozilla/5.0 (X11; Ubuntu; Linux x86_64; rv:62.0) Gecko/20100101 Firefox/62.0"
195.246.120.0 - - [28/Jun/2021:18:58:40 +0200] "GET /old/index.php/admin/ HTTP/1.1" 200 2691 "-" "Mozilla/5.0 (X11; Ubuntu; Linux x86_64; rv:62.0) Gecko/20100101 Firefox/62.0"
195.246.120.0 - - [28/Jun/2021:18:58:41 +0200] "GET /dev/index.php/admin/ HTTP/1.1" 200 2691 "-" "Mozilla/5.0 (X11; Ubuntu; Linux x86_64; rv:62.0) Gecko/20100101 Firefox/62.0"
195.246.120.0 - - [28/Jun/2021:18:58:43 +0200] "GET /shop/index.php/admin/ HTTP/1.1" 200 2691 "-" "Mozilla/5.0 (X11; Ubuntu; Linux x86_64; rv:62.0) Gecko/20100101 Firefox/62.0"
195.246.120.0 - - [28/Jun/2021:18:58:44 +0200] "GET /test/index.php/admin/ HTTP/1.1" 200 2691 "-" "Mozilla/5.0 (X11; Ubuntu; Linux x86_64; rv:62.0) Gecko/20100101 Firefox/62.0"
195.246.120.0 - - [28/Jun/2021:18:58:45 +0200] "GET /demo/index.php/admin/ HTTP/1.1" 200 2691 "-" "Mozilla/5.0 (X11; Ubuntu; Linux x86_64; rv:62.0) Gecko/20100101 Firefox/62.0"
195.246.120.0 - - [28/Jun/2021:18:58:51 +0200] "GET /store/index.php/admin/ HTTP/1.1" 200 2691 "-" "Mozilla/5.0 (X11; Ubuntu; Linux x86_64; rv:62.0) Gecko/20100101 Firefox/62.0"
195.246.120.0 - - [28/Jun/2021:18:58:51 +0200] "GET /magento/index.php/admin/ HTTP/1.1" 200 2691 "-" "Mozilla/5.0 (X11; Ubuntu; Linux x86_64; rv:62.0) Gecko/20100101 Firefox/62.0"
195.246.120.0 - - [28/Jun/2021:18:58:58 +0200] "GET /staging/index.php/admin/ HTTP/1.1" 200 2691 "-" "Mozilla/5.0 (X11; Ubuntu; Linux x86_64; rv:62.0) Gecko/20100101 Firefox/62.0"
195.246.120.0 - - [28/Jun/2021:18:59:03 +0200] "GET /rss/order/new HTTP/1.1" 200 2691 "-" "Mozilla/5.0 (X11; Ubuntu; Linux x86_64; rv:62.0) Gecko/20100101 Firefox/62.0"
195.246.120.0 - - [28/Jun/2021:18:59:03 +0200] "GET /rss/catalog/notifystock HTTP/1.1" 200 2691 "-" "Mozilla/5.0 (X11; Ubuntu; Linux x86_64; rv:62.0) Gecko/20100101 Firefox/62.0"
195.246.120.0 - - [28/Jun/2021:18:59:04 +0200] "GET /rss/catalog/review HTTP/1.1" 200 2691 "-" "Mozilla/5.0 (X11; Ubuntu; Linux x86_64; rv:62.0) Gecko/20100101 Firefox/62.0"
195.246.120.0 - - [28/Jun/2021:18:59:04 +0200] "GET /old/rss/order/new HTTP/1.1" 200 2691 "-" "Mozilla/5.0 (X11; Ubuntu; Linux x86_64; rv:62.0) Gecko/20100101 Firefox/62.0"
195.246.120.0 - - [28/Jun/2021:18:59:04 +0200] "GET /old/rss/catalog/notifystock HTTP/1.1" 200 2691 "-" "Mozilla/5.0 (X11; Ubuntu; Linux x86_64; rv:62.0) Gecko/20100101 Firefox/62.0"
195.246.120.0 - - [28/Jun/2021:18:59:04 +0200] "GET /old/rss/catalog/review HTTP/1.1" 200 2691 "-" "Mozilla/5.0 (X11; Ubuntu; Linux x86_64; rv:62.0) Gecko/20100101 Firefox/62.0"
81.169.178.0 - - [28/Jun/2021:18:59:04 +0200] "POST /wp-cron.php?doing_wp_cron=1624899544.8312840461730957031250 HTTP/1.1" 200 - "https://www.computerdoc24.de/wp-cron.php?doing_wp_cron=1624899544.8312840461730957031250" "WordPress/5.2.11; https://www.computerdoc24.de"
35.227.51.0 - - [28/Jun/2021:18:59:04 +0200] "GET /feed/ HTTP/1.0" 200 477 "-" "ZoominfoBot (zoominfobot at zoominfo dot com)"
195.246.120.0 - - [28/Jun/2021:18:59:05 +0200] "GET /dev/rss/order/new HTTP/1.1" 200 2691 "-" "Mozilla/5.0 (X11; Ubuntu; Linux x86_64; rv:62.0) Gecko/20100101 Firefox/62.0"
195.246.120.0 - - [28/Jun/2021:18:59:05 +0200] "GET /dev/rss/catalog/notifystock HTTP/1.1" 200 2691 "-" "Mozilla/5.0 (X11; Ubuntu; Linux x86_64; rv:62.0) Gecko/20100101 Firefox/62.0"
195.246.120.0 - - [28/Jun/2021:18:59:05 +0200] "GET /dev/rss/catalog/review HTTP/1.1" 200 2691 "-" "Mozilla/5.0 (X11; Ubuntu; Linux x86_64; rv:62.0) Gecko/20100101 Firefox/62.0"
195.246.120.0 - - [28/Jun/2021:18:59:05 +0200] "GET /shop/rss/order/new HTTP/1.1" 200 2691 "-" "Mozilla/5.0 (X11; Ubuntu; Linux x86_64; rv:62.0) Gecko/20100101 Firefox/62.0"
195.246.120.0 - - [28/Jun/2021:18:59:06 +0200] "GET /shop/rss/catalog/notifystock HTTP/1.1" 200 2691 "-" "Mozilla/5.0 (X11; Ubuntu; Linux x86_64; rv:62.0) Gecko/20100101 Firefox/62.0"
195.246.120.0 - - [28/Jun/2021:18:59:06 +0200] "GET /shop/rss/catalog/review HTTP/1.1" 200 2691 "-" "Mozilla/5.0 (X11; Ubuntu; Linux x86_64; rv:62.0) Gecko/20100101 Firefox/62.0"
195.246.120.0 - - [28/Jun/2021:18:59:06 +0200] "GET /test/rss/order/new HTTP/1.1" 200 2691 "-" "Mozilla/5.0 (X11; Ubuntu; Linux x86_64; rv:62.0) Gecko/20100101 Firefox/62.0"
195.246.120.0 - - [28/Jun/2021:18:59:06 +0200] "GET /test/rss/catalog/notifystock HTTP/1.1" 200 2691 "-" "Mozilla/5.0 (X11; Ubuntu; Linux x86_64; rv:62.0) Gecko/20100101 Firefox/62.0"
195.246.120.0 - - [28/Jun/2021:18:59:07 +0200] "GET /test/rss/catalog/review HTTP/1.1" 200 2691 "-" "Mozilla/5.0 (X11; Ubuntu; Linux x86_64; rv:62.0) Gecko/20100101 Firefox/62.0"
195.246.120.0 - - [28/Jun/2021:18:59:12 +0200] "GET /demo/rss/order/new HTTP/1.1" 200 2691 "-" "Mozilla/5.0 (X11; Ubuntu; Linux x86_64; rv:62.0) Gecko/20100101 Firefox/62.0"
195.246.120.0 - - [28/Jun/2021:18:59:12 +0200] "GET /demo/rss/catalog/notifystock HTTP/1.1" 200 2691 "-" "Mozilla/5.0 (X11; Ubuntu; Linux x86_64; rv:62.0) Gecko/20100101 Firefox/62.0"
195.246.120.0 - - [28/Jun/2021:18:59:12 +0200] "GET /demo/rss/catalog/review HTTP/1.1" 200 2691 "-" "Mozilla/5.0 (X11; Ubuntu; Linux x86_64; rv:62.0) Gecko/20100101 Firefox/62.0"
195.246.120.0 - - [28/Jun/2021:18:59:13 +0200] "GET /store/rss/order/new HTTP/1.1" 200 2691 "-" "Mozilla/5.0 (X11; Ubuntu; Linux x86_64; rv:62.0) Gecko/20100101 Firefox/62.0"
195.246.120.0 - - [28/Jun/2021:18:59:13 +0200] "GET /store/rss/catalog/notifystock HTTP/1.1" 200 2691 "-" "Mozilla/5.0 (X11; Ubuntu; Linux x86_64; rv:62.0) Gecko/20100101 Firefox/62.0"
195.246.120.0 - - [28/Jun/2021:18:59:13 +0200] "GET /store/rss/catalog/review HTTP/1.1" 200 2691 "-" "Mozilla/5.0 (X11; Ubuntu; Linux x86_64; rv:62.0) Gecko/20100101 Firefox/62.0"
118.178.123.0 - - [28/Jun/2021:18:59:13 +0200] "GET /ini.php HTTP/1.1" 200 - "http://simplesite.com" "Mozilla/5.0 (Windows; U; Windows NT 5.1; en-US) AppleWebKit/533.4 (KHTML, like Gecko) Chrome/5.0.375.99 Safari/533.4"
195.246.120.0 - - [28/Jun/2021:18:59:13 +0200] "GET /magento/rss/order/new HTTP/1.1" 200 2691 "-" "Mozilla/5.0 (X11; Ubuntu; Linux x86_64; rv:62.0) Gecko/20100101 Firefox/62.0"
195.246.120.0 - - [28/Jun/2021:18:59:14 +0200] "GET /magento/rss/catalog/notifystock HTTP/1.1" 200 2691 "-" "Mozilla/5.0 (X11; Ubuntu; Linux x86_64; rv:62.0) Gecko/20100101 Firefox/62.0"
195.246.120.0 - - [28/Jun/2021:18:59:14 +0200] "GET /magento/rss/catalog/review HTTP/1.1" 200 2691 "-" "Mozilla/5.0 (X11; Ubuntu; Linux x86_64; rv:62.0) Gecko/20100101 Firefox/62.0"
195.246.120.0 - - [28/Jun/2021:18:59:14 +0200] "GET /staging/rss/order/new HTTP/1.1" 200 2691 "-" "Mozilla/5.0 (X11; Ubuntu; Linux x86_64; rv:62.0) Gecko/20100101 Firefox/62.0"
195.246.120.0 - - [28/Jun/2021:18:59:14 +0200] "GET /staging/rss/catalog/notifystock HTTP/1.1" 200 2691 "-" "Mozilla/5.0 (X11; Ubuntu; Linux x86_64; rv:62.0) Gecko/20100101 Firefox/62.0"
195.246.120.0 - - [28/Jun/2021:18:59:15 +0200] "GET /staging/rss/catalog/review HTTP/1.1" 200 2691 "-" "Mozilla/5.0 (X11; Ubuntu; Linux x86_64; rv:62.0) Gecko/20100101 Firefox/62.0"
