188.34.195.0 - - [29/Jun/2021:21:18:20 +0200] "POST /xmlrpc.php HTTP/1.1" 200 228 "-" "Mozilla/5.0 (X11; Ubuntu; Linux x86_64; rv:62.0) Gecko/20100101 Firefox/62.0"
124.150.129.0 - - [29/Jun/2021:21:19:56 +0200] "GET /wp-login.php HTTP/1.1" 200 2748 "-" "Mozilla/5.0 (X11; Ubuntu; Linux x86_64; rv:62.0) Gecko/20100101 Firefox/62.0"
124.150.129.0 - - [29/Jun/2021:21:19:58 +0200] "POST /wp-login.php HTTP/1.1" 200 2886 "-" "Mozilla/5.0 (X11; Ubuntu; Linux x86_64; rv:62.0) Gecko/20100101 Firefox/62.0"
124.150.129.0 - - [29/Jun/2021:21:20:00 +0200] "POST /xmlrpc.php HTTP/1.1" 200 249 "-" "Mozilla/5.0 (X11; Ubuntu; Linux x86_64; rv:62.0) Gecko/20100101 Firefox/62.0"
66.249.69.0 - - [29/Jun/2021:21:23:40 +0200] "GET /robots.txt HTTP/1.1" 301 297 "-" "Mozilla/5.0 (compatible; Googlebot/2.1; +http://www.google.com/bot.html)"
66.249.69.0 - - [29/Jun/2021:21:23:41 +0200] "GET /product/logitech-speaker-s-120-2-0-23w-rms/ HTTP/1.1" 301 330 "-" "Mozilla/5.0 (compatible; Googlebot/2.1; +http://www.google.com/bot.html)"
45.119.84.0 - - [29/Jun/2021:21:28:11 +0200] "GET /wp-login.php HTTP/1.1" 200 2743 "-" "Mozilla/5.0 (X11; Ubuntu; Linux x86_64; rv:62.0) Gecko/20100101 Firefox/62.0"
45.119.84.0 - - [29/Jun/2021:21:28:13 +0200] "POST /wp-login.php HTTP/1.1" 200 2880 "-" "Mozilla/5.0 (X11; Ubuntu; Linux x86_64; rv:62.0) Gecko/20100101 Firefox/62.0"
45.119.84.0 - - [29/Jun/2021:21:28:15 +0200] "GET /wp-login.php HTTP/1.1" 200 2743 "-" "Mozilla/5.0 (X11; Ubuntu; Linux x86_64; rv:62.0) Gecko/20100101 Firefox/62.0"
45.119.84.0 - - [29/Jun/2021:21:28:16 +0200] "POST /wp-login.php HTTP/1.1" 200 2878 "-" "Mozilla/5.0 (X11; Ubuntu; Linux x86_64; rv:62.0) Gecko/20100101 Firefox/62.0"
45.119.84.0 - - [29/Jun/2021:21:28:18 +0200] "POST /xmlrpc.php HTTP/1.1" 200 249 "-" "Mozilla/5.0 (X11; Ubuntu; Linux x86_64; rv:62.0) Gecko/20100101 Firefox/62.0"
178.22.113.0 - - [29/Jun/2021:21:32:21 +0200] "GET / HTTP/1.1" 403 2409 "-" "Mozilla/5.0 (Windows NT 10.0; WOW64) AppleWebKit/537.36 (KHTML, like Gecko) Chrome/51.0.2704.103 Safari/537.36"
81.169.178.0 - - [29/Jun/2021:21:33:12 +0200] "POST /wp-cron.php?doing_wp_cron=1624995192.6879010200500488281250 HTTP/1.1" 200 - "https://www.computerdoc24.de/wp-cron.php?doing_wp_cron=1624995192.6879010200500488281250" "WordPress/5.2.11; https://www.computerdoc24.de"
114.119.140.0 - - [29/Jun/2021:21:33:12 +0200] "GET /product-category/aktuelle-angebote/page/2 HTTP/1.1" 200 - "-" "Mozilla/5.0 (Linux; Android 7.0;) AppleWebKit/537.36 (KHTML, like Gecko) Mobile Safari/537.36 (compatible; PetalBot;+https://webmaster.petalsearch.com/site/petalbot)"
114.119.140.0 - - [29/Jun/2021:21:33:14 +0200] "GET /product-category/aktuelle-angebote/page/2/ HTTP/1.1" 200 9836 "-" "Mozilla/5.0 (Linux; Android 7.0;) AppleWebKit/537.36 (KHTML, like Gecko) Mobile Safari/537.36 (compatible; PetalBot;+https://webmaster.petalsearch.com/site/petalbot)"
81.169.178.0 - - [29/Jun/2021:21:35:14 +0200] "POST /wp-cron.php?doing_wp_cron=1624995314.7727770805358886718750 HTTP/1.1" 200 - "https://www.computerdoc24.de/wp-cron.php?doing_wp_cron=1624995314.7727770805358886718750" "WordPress/5.2.11; https://www.computerdoc24.de"
45.55.60.0 - - [29/Jun/2021:21:35:14 +0200] "GET /wp-login.php HTTP/1.1" 200 2238 "-" "Mozilla/5.0 (X11; Ubuntu; Linux x86_64; rv:62.0) Gecko/20100101 Firefox/62.0"
45.55.60.0 - - [29/Jun/2021:21:35:15 +0200] "POST /wp-login.php HTTP/1.1" 200 2589 "-" "Mozilla/5.0 (X11; Ubuntu; Linux x86_64; rv:62.0) Gecko/20100101 Firefox/62.0"
45.55.60.0 - - [29/Jun/2021:21:35:16 +0200] "POST /xmlrpc.php HTTP/1.1" 200 228 "-" "Mozilla/5.0 (X11; Ubuntu; Linux x86_64; rv:62.0) Gecko/20100101 Firefox/62.0"
35.193.222.0 - - [29/Jun/2021:21:35:54 +0200] "GET /wp-login.php HTTP/1.1" 200 2748 "-" "Mozilla/5.0 (X11; Ubuntu; Linux x86_64; rv:62.0) Gecko/20100101 Firefox/62.0"
35.193.222.0 - - [29/Jun/2021:21:35:55 +0200] "POST /wp-login.php HTTP/1.1" 200 2886 "-" "Mozilla/5.0 (X11; Ubuntu; Linux x86_64; rv:62.0) Gecko/20100101 Firefox/62.0"
35.193.222.0 - - [29/Jun/2021:21:35:56 +0200] "POST /xmlrpc.php HTTP/1.1" 200 249 "-" "Mozilla/5.0 (X11; Ubuntu; Linux x86_64; rv:62.0) Gecko/20100101 Firefox/62.0"
114.119.137.0 - - [29/Jun/2021:21:37:10 +0200] "GET /es/unsere-produkte-und-services/kranbare-auflieger HTTP/1.1" 200 - "-" "Mozilla/5.0 (Linux; Android 7.0;) AppleWebKit/537.36 (KHTML, like Gecko) Mobile Safari/537.36 (compatible; PetalBot;+https://webmaster.petalsearch.com/site/petalbot)"
114.119.137.0 - - [29/Jun/2021:21:37:12 +0200] "GET /es/unsere-produkte-und-services/kranbare-auflieger/ HTTP/1.1" 200 10505 "-" "Mozilla/5.0 (Linux; Android 7.0;) AppleWebKit/537.36 (KHTML, like Gecko) Mobile Safari/537.36 (compatible; PetalBot;+https://webmaster.petalsearch.com/site/petalbot)"
66.249.75.0 - - [29/Jun/2021:21:40:39 +0200] "GET /robots.txt HTTP/1.1" 301 295 "-" "Mozilla/5.0 (compatible; Googlebot/2.1; +http://www.google.com/bot.html)"
66.249.75.0 - - [29/Jun/2021:21:40:40 +0200] "GET /unsere-produkte-und-services/kombiverkehr-gruener-transport/ HTTP/1.1" 301 345 "-" "Mozilla/5.0 (compatible; Googlebot/2.1; +http://www.google.com/bot.html)"
114.119.146.0 - - [29/Jun/2021:21:42:06 +0200] "GET /uk/unsere-produkte-und-services/digitale-loesungen-ueberwachung-der-ladeeinheiten/ HTTP/1.1" 200 11032 "-" "Mozilla/5.0 (Linux; Android 7.0;) AppleWebKit/537.36 (KHTML, like Gecko) Mobile Safari/537.36 (compatible; PetalBot;+https://webmaster.petalsearch.com/site/petalbot)"
81.169.178.0 - - [29/Jun/2021:21:42:51 +0200] "POST /wp-cron.php?doing_wp_cron=1624995771.6648099422454833984375 HTTP/1.1" 200 - "https://www.computerdoc24.de/wp-cron.php?doing_wp_cron=1624995771.6648099422454833984375" "WordPress/5.2.11; https://www.computerdoc24.de"
103.221.222.0 - - [29/Jun/2021:21:42:51 +0200] "GET /wp-login.php HTTP/1.1" 200 2238 "-" "Mozilla/5.0 (X11; Ubuntu; Linux x86_64; rv:62.0) Gecko/20100101 Firefox/62.0"
103.221.222.0 - - [29/Jun/2021:21:42:53 +0200] "POST /wp-login.php HTTP/1.1" 200 2589 "-" "Mozilla/5.0 (X11; Ubuntu; Linux x86_64; rv:62.0) Gecko/20100101 Firefox/62.0"
103.221.222.0 - - [29/Jun/2021:21:42:55 +0200] "POST /xmlrpc.php HTTP/1.1" 200 228 "-" "Mozilla/5.0 (X11; Ubuntu; Linux x86_64; rv:62.0) Gecko/20100101 Firefox/62.0"
114.119.144.0 - - [29/Jun/2021:21:46:36 +0200] "GET /fr/ueber-uns/firmeninformation HTTP/1.1" 200 9429 "-" "Mozilla/5.0 (Linux; Android 7.0;) AppleWebKit/537.36 (KHTML, like Gecko) Mobile Safari/537.36 (compatible; PetalBot;+https://webmaster.petalsearch.com/site/petalbot)"
193.118.53.0 - - [29/Jun/2021:21:47:14 +0200] "GET / HTTP/1.1" 403 2411 "-" "Mozilla/5.0 (Windows NT 10.0; Win64; x64) AppleWebKit/537.36 (KHTML, like Gecko) Chrome/60.0.3112.113 Safari/537.36"
81.169.178.0 - - [29/Jun/2021:21:48:40 +0200] "POST /wp-cron.php?doing_wp_cron=1624996120.0088291168212890625000 HTTP/1.1" 200 - "https://www.computerdoc24.de/wp-cron.php?doing_wp_cron=1624996120.0088291168212890625000" "WordPress/5.2.11; https://www.computerdoc24.de"
54.38.177.0 - - [29/Jun/2021:21:48:39 +0200] "GET /wp-login.php HTTP/1.1" 200 2238 "-" "Mozilla/5.0 (X11; Ubuntu; Linux x86_64; rv:62.0) Gecko/20100101 Firefox/62.0"
54.38.177.0 - - [29/Jun/2021:21:48:40 +0200] "POST /wp-login.php HTTP/1.1" 200 2589 "-" "Mozilla/5.0 (X11; Ubuntu; Linux x86_64; rv:62.0) Gecko/20100101 Firefox/62.0"
54.38.177.0 - - [29/Jun/2021:21:48:41 +0200] "POST /xmlrpc.php HTTP/1.1" 200 228 "-" "Mozilla/5.0 (X11; Ubuntu; Linux x86_64; rv:62.0) Gecko/20100101 Firefox/62.0"
128.14.133.0 - - [29/Jun/2021:21:48:54 +0200] "GET / HTTP/1.1" 403 2409 "-" "Mozilla/5.0 (Windows NT 10.0; Win64; x64) AppleWebKit/537.36 (KHTML, like Gecko) Chrome/60.0.3112.113 Safari/537.36"
114.119.149.0 - - [29/Jun/2021:21:51:20 +0200] "GET /it/unsere-produkte-und-services/kombiverkehr-gruener-transport/ HTTP/1.1" 200 10711 "-" "Mozilla/5.0 (Linux; Android 7.0;) AppleWebKit/537.36 (KHTML, like Gecko) Mobile Safari/537.36 (compatible; PetalBot;+https://webmaster.petalsearch.com/site/petalbot)"
81.169.178.0 - - [29/Jun/2021:21:51:41 +0200] "POST /wp-cron.php?doing_wp_cron=1624996301.4006979465484619140625 HTTP/1.1" 200 - "https://www.computerdoc24.de/wp-cron.php?doing_wp_cron=1624996301.4006979465484619140625" "WordPress/5.2.11; https://www.computerdoc24.de"
114.119.128.0 - - [29/Jun/2021:21:51:41 +0200] "GET /product/gepflegtes-lenovo-notebook-mit-neuer-240gb-ssd HTTP/1.1" 200 8204 "-" "Mozilla/5.0 (Linux; Android 7.0;) AppleWebKit/537.36 (KHTML, like Gecko) Mobile Safari/537.36 (compatible; PetalBot;+https://webmaster.petalsearch.com/site/petalbot)"
81.169.178.0 - - [29/Jun/2021:21:52:03 +0200] "POST /wp-cron.php?doing_wp_cron=1624996323.1721479892730712890625 HTTP/1.1" 200 - "https://www.ipcbusiness.de/wp-cron.php?doing_wp_cron=1624996323.1721479892730712890625" "WordPress/5.6.4; https://www.ipcbusiness.de"
157.230.208.0 - - [29/Jun/2021:21:52:03 +0200] "GET /wp-login.php HTTP/1.1" 200 2748 "-" "Mozilla/5.0 (X11; Ubuntu; Linux x86_64; rv:62.0) Gecko/20100101 Firefox/62.0"
157.230.208.0 - - [29/Jun/2021:21:52:04 +0200] "POST /wp-login.php HTTP/1.1" 200 2886 "-" "Mozilla/5.0 (X11; Ubuntu; Linux x86_64; rv:62.0) Gecko/20100101 Firefox/62.0"
157.230.208.0 - - [29/Jun/2021:21:52:05 +0200] "POST /xmlrpc.php HTTP/1.1" 200 249 "-" "Mozilla/5.0 (X11; Ubuntu; Linux x86_64; rv:62.0) Gecko/20100101 Firefox/62.0"
66.249.69.0 - - [29/Jun/2021:21:53:40 +0200] "GET /product/leistungsstarkes-17-zoll-hp-notebook/ HTTP/1.1" 301 332 "-" "Mozilla/5.0 (compatible; Googlebot/2.1; +http://www.google.com/bot.html)"
81.169.178.0 - - [29/Jun/2021:21:54:43 +0200] "POST /wp-cron.php?doing_wp_cron=1624996483.6278328895568847656250 HTTP/1.1" 200 - "http://www.computerdoc24.de/wp-cron.php?doing_wp_cron=1624996483.6278328895568847656250" "WordPress/5.2.11; https://www.computerdoc24.de"
89.161.250.0 - - [29/Jun/2021:21:54:43 +0200] "GET /content-post.php.suspected HTTP/1.1" 200 - "http://simplesite.com" "Mozilla/5.0 (Windows; U; Windows NT 5.1; en-US) AppleWebKit/533.4 (KHTML, like Gecko) Chrome/5.0.375.99 Safari/533.4"
89.161.250.0 - - [29/Jun/2021:21:54:44 +0200] "GET /content-post.php.suspected HTTP/1.1" 200 - "http://computerdoc24.de/content-post.php.suspected" "Mozilla/5.0 (Windows; U; Windows NT 5.1; en-US) AppleWebKit/533.4 (KHTML, like Gecko) Chrome/5.0.375.99 Safari/533.4"
89.161.250.0 - - [29/Jun/2021:21:54:44 +0200] "GET /content-post.php.suspected HTTP/1.1" 200 33512 "https://computerdoc24.de/content-post.php.suspected" "Mozilla/5.0 (Windows; U; Windows NT 5.1; en-US) AppleWebKit/533.4 (KHTML, like Gecko) Chrome/5.0.375.99 Safari/533.4"
114.119.154.0 - - [29/Jun/2021:21:55:53 +0200] "GET /en/unsere-maerkte/drehkreuze-service-partner HTTP/1.1" 200 - "-" "Mozilla/5.0 (Linux; Android 7.0;) AppleWebKit/537.36 (KHTML, like Gecko) Mobile Safari/537.36 (compatible; PetalBot;+https://webmaster.petalsearch.com/site/petalbot)"
114.119.154.0 - - [29/Jun/2021:21:55:55 +0200] "GET /en/unsere-maerkte/drehkreuze-service-partner/ HTTP/1.1" 200 10575 "-" "Mozilla/5.0 (Linux; Android 7.0;) AppleWebKit/537.36 (KHTML, like Gecko) Mobile Safari/537.36 (compatible; PetalBot;+https://webmaster.petalsearch.com/site/petalbot)"
65.21.145.0 - - [29/Jun/2021:21:57:27 +0200] "GET /wp-login.php HTTP/1.1" 200 2748 "-" "Mozilla/5.0 (X11; Ubuntu; Linux x86_64; rv:62.0) Gecko/20100101 Firefox/62.0"
65.21.145.0 - - [29/Jun/2021:21:57:27 +0200] "POST /wp-login.php HTTP/1.1" 200 2884 "-" "Mozilla/5.0 (X11; Ubuntu; Linux x86_64; rv:62.0) Gecko/20100101 Firefox/62.0"
65.21.145.0 - - [29/Jun/2021:21:57:28 +0200] "POST /xmlrpc.php HTTP/1.1" 200 249 "-" "Mozilla/5.0 (X11; Ubuntu; Linux x86_64; rv:62.0) Gecko/20100101 Firefox/62.0"
188.225.40.0 - - [29/Jun/2021:21:58:40 +0200] "GET /wp-login.php HTTP/1.1" 200 2743 "-" "Mozilla/5.0 (X11; Ubuntu; Linux x86_64; rv:62.0) Gecko/20100101 Firefox/62.0"
188.225.40.0 - - [29/Jun/2021:21:58:40 +0200] "POST /wp-login.php HTTP/1.1" 200 2880 "-" "Mozilla/5.0 (X11; Ubuntu; Linux x86_64; rv:62.0) Gecko/20100101 Firefox/62.0"
188.225.40.0 - - [29/Jun/2021:21:58:41 +0200] "GET /wp-login.php HTTP/1.1" 200 2743 "-" "Mozilla/5.0 (X11; Ubuntu; Linux x86_64; rv:62.0) Gecko/20100101 Firefox/62.0"
188.225.40.0 - - [29/Jun/2021:21:58:41 +0200] "POST /wp-login.php HTTP/1.1" 200 2844 "-" "Mozilla/5.0 (X11; Ubuntu; Linux x86_64; rv:62.0) Gecko/20100101 Firefox/62.0"
188.225.40.0 - - [29/Jun/2021:21:58:42 +0200] "POST /xmlrpc.php HTTP/1.1" 200 249 "-" "Mozilla/5.0 (X11; Ubuntu; Linux x86_64; rv:62.0) Gecko/20100101 Firefox/62.0"
81.169.178.0 - - [29/Jun/2021:22:04:19 +0200] "POST /wp-cron.php?doing_wp_cron=1624997059.2642760276794433593750 HTTP/1.1" 200 - "https://www.computerdoc24.de/wp-cron.php?doing_wp_cron=1624997059.2642760276794433593750" "WordPress/5.2.11; https://www.computerdoc24.de"
103.132.124.0 - - [29/Jun/2021:22:04:19 +0200] "GET /wp-login.php HTTP/1.1" 200 2238 "-" "Mozilla/5.0 (X11; Ubuntu; Linux x86_64; rv:62.0) Gecko/20100101 Firefox/62.0"
103.132.124.0 - - [29/Jun/2021:22:04:20 +0200] "POST /wp-login.php HTTP/1.1" 200 2589 "-" "Mozilla/5.0 (X11; Ubuntu; Linux x86_64; rv:62.0) Gecko/20100101 Firefox/62.0"
103.132.124.0 - - [29/Jun/2021:22:04:22 +0200] "POST /xmlrpc.php HTTP/1.1" 200 228 "-" "Mozilla/5.0 (X11; Ubuntu; Linux x86_64; rv:62.0) Gecko/20100101 Firefox/62.0"
184.168.126.0 - - [29/Jun/2021:22:06:42 +0200] "GET /wp-login.php HTTP/1.1" 200 2748 "-" "Mozilla/5.0 (X11; Ubuntu; Linux x86_64; rv:62.0) Gecko/20100101 Firefox/62.0"
184.168.126.0 - - [29/Jun/2021:22:06:44 +0200] "POST /wp-login.php HTTP/1.1" 200 2886 "-" "Mozilla/5.0 (X11; Ubuntu; Linux x86_64; rv:62.0) Gecko/20100101 Firefox/62.0"
184.168.126.0 - - [29/Jun/2021:22:06:46 +0200] "POST /xmlrpc.php HTTP/1.1" 200 249 "-" "Mozilla/5.0 (X11; Ubuntu; Linux x86_64; rv:62.0) Gecko/20100101 Firefox/62.0"
81.169.178.0 - - [29/Jun/2021:22:06:49 +0200] "POST /wp-cron.php?doing_wp_cron=1624997209.0787100791931152343750 HTTP/1.1" 200 - "http://www.computerdoc24.de/wp-cron.php?doing_wp_cron=1624997209.0787100791931152343750" "WordPress/5.2.11; https://www.computerdoc24.de"
188.165.197.0 - - [29/Jun/2021:22:06:48 +0200] "GET /wp-config.php HTTP/1.1" 200 - "-" "Mozilla/5.0 (Windows NT 10.0; WOW64; rv:45.0) Gecko/20100101 Firefox/45.0"
188.165.197.0 - - [29/Jun/2021:22:06:49 +0200] "GET /wp-config.txt HTTP/1.1" 200 - "-" "Mozilla/5.0 (Windows NT 10.0; WOW64; rv:45.0) Gecko/20100101 Firefox/45.0"
188.165.197.0 - - [29/Jun/2021:22:06:49 +0200] "GET /wp-config.txt HTTP/1.1" 200 - "-" "Mozilla/5.0 (Windows NT 10.0; WOW64; rv:45.0) Gecko/20100101 Firefox/45.0"
188.165.197.0 - - [29/Jun/2021:22:06:50 +0200] "GET /wp-config.txt HTTP/1.1" 200 8199 "-" "Mozilla/5.0 (Windows NT 10.0; WOW64; rv:45.0) Gecko/20100101 Firefox/45.0"
188.165.197.0 - - [29/Jun/2021:22:06:50 +0200] "GET /wp-config.original HTTP/1.1" 200 - "-" "Mozilla/5.0 (Windows NT 10.0; WOW64; rv:45.0) Gecko/20100101 Firefox/45.0"
188.165.197.0 - - [29/Jun/2021:22:06:50 +0200] "GET /wp-config.original HTTP/1.1" 200 - "-" "Mozilla/5.0 (Windows NT 10.0; WOW64; rv:45.0) Gecko/20100101 Firefox/45.0"
188.165.197.0 - - [29/Jun/2021:22:06:50 +0200] "GET /wp-config.original HTTP/1.1" 200 8199 "-" "Mozilla/5.0 (Windows NT 10.0; WOW64; rv:45.0) Gecko/20100101 Firefox/45.0"
188.165.197.0 - - [29/Jun/2021:22:06:51 +0200] "GET /wp-config.php.original HTTP/1.1" 200 - "-" "Mozilla/5.0 (Windows NT 10.0; WOW64; rv:45.0) Gecko/20100101 Firefox/45.0"
188.165.197.0 - - [29/Jun/2021:22:06:51 +0200] "GET /wp-config.php.original HTTP/1.1" 200 - "-" "Mozilla/5.0 (Windows NT 10.0; WOW64; rv:45.0) Gecko/20100101 Firefox/45.0"
188.165.197.0 - - [29/Jun/2021:22:06:51 +0200] "GET /wp-config.php.original HTTP/1.1" 200 8199 "-" "Mozilla/5.0 (Windows NT 10.0; WOW64; rv:45.0) Gecko/20100101 Firefox/45.0"
188.165.197.0 - - [29/Jun/2021:22:06:51 +0200] "GET /wp-admin/admin-ajax.php?action=duplicator_download&file=..%2Fwp-config.php HTTP/1.1" 403 6629 "-" "Mozilla/5.0 (Windows NT 10.0; WOW64; rv:45.0) Gecko/20100101 Firefox/45.0"
188.165.197.0 - - [29/Jun/2021:22:06:51 +0200] "GET /wp-admin/admin-ajax.php?action=revslider_show_image&img=..%2Fwp-config.php HTTP/1.1" 403 6629 "-" "Mozilla/5.0 (Windows NT 10.0; WOW64; rv:45.0) Gecko/20100101 Firefox/45.0"
92.50.185.0 - - [29/Jun/2021:22:07:37 +0200] "GET / HTTP/1.1" 403 2409 "-" "Mozilla/5.0 (Macintosh; Intel Mac OS X 10_11_6) AppleWebKit/601.7.7 (KHTML, like Gecko) Version/9.1.2 Safari/601.7.7"
66.249.69.0 - - [29/Jun/2021:22:10:39 +0200] "GET /product/neues-schnelles-arbeits-internet-notebook/ HTTP/1.1" 301 337 "-" "Mozilla/5.0 (Linux; Android 6.0.1; Nexus 5X Build/MMB29P) AppleWebKit/537.36 (KHTML, like Gecko) Chrome/91.0.4472.90 Mobile Safari/537.36 (compatible; Googlebot/2.1; +http://www.google.com/bot.html)"
185.2.5.0 - - [29/Jun/2021:22:13:57 +0200] "POST /wp-login.php HTTP/1.1" 200 2886 "-" "Mozilla/5.0 (Windows NT 6.1) AppleWebKit/537.36 (KHTML, like Gecko) Chrome/80.0.3987.149 Safari/537.36"
81.169.178.0 - - [29/Jun/2021:22:14:32 +0200] "POST /wp-cron.php?doing_wp_cron=1624997672.7760589122772216796875 HTTP/1.1" 200 - "https://www.computerdoc24.de/wp-cron.php?doing_wp_cron=1624997672.7760589122772216796875" "WordPress/5.2.11; https://www.computerdoc24.de"
81.169.178.0 - - [29/Jun/2021:22:14:32 +0200] "POST /?wordfence_syncAttackData=1624997672.5929 HTTP/1.1" 200 - "https://www.computerdoc24.de/?wordfence_syncAttackData=1624997672.5929" "WordPress/5.2.11; https://www.computerdoc24.de"
81.169.178.0 - - [29/Jun/2021:22:14:33 +0200] "POST /wp-cron.php?doing_wp_cron=1624997673.2175021171569824218750 HTTP/1.1" 200 - "https://www.computerdoc24.de/wp-cron.php?doing_wp_cron=1624997673.2175021171569824218750" "WordPress/5.2.11; https://www.computerdoc24.de"
185.4.64.0 - - [29/Jun/2021:22:14:34 +0200] "GET /sftp-config.json HTTP/1.1" 301 299 "-" "Googlebot-News"
47.100.172.0 - - [29/Jun/2021:22:14:32 +0200] "POST /wp-login.php HTTP/1.1" 200 2637 "-" "Mozilla/5.0 (Windows NT 6.1) AppleWebKit/537.36 (KHTML, like Gecko) Chrome/58.0.3029.110 Safari/537.36"
163.44.198.0 - - [29/Jun/2021:22:14:59 +0200] "GET /wp-login.php HTTP/1.1" 200 2743 "-" "Mozilla/5.0 (X11; Ubuntu; Linux x86_64; rv:62.0) Gecko/20100101 Firefox/62.0"
163.44.198.0 - - [29/Jun/2021:22:15:01 +0200] "POST /wp-login.php HTTP/1.1" 200 2880 "-" "Mozilla/5.0 (X11; Ubuntu; Linux x86_64; rv:62.0) Gecko/20100101 Firefox/62.0"
163.44.198.0 - - [29/Jun/2021:22:15:02 +0200] "GET /wp-login.php HTTP/1.1" 200 2743 "-" "Mozilla/5.0 (X11; Ubuntu; Linux x86_64; rv:62.0) Gecko/20100101 Firefox/62.0"
163.44.198.0 - - [29/Jun/2021:22:15:03 +0200] "POST /wp-login.php HTTP/1.1" 200 2844 "-" "Mozilla/5.0 (X11; Ubuntu; Linux x86_64; rv:62.0) Gecko/20100101 Firefox/62.0"
163.44.198.0 - - [29/Jun/2021:22:15:05 +0200] "POST /xmlrpc.php HTTP/1.1" 200 249 "-" "Mozilla/5.0 (X11; Ubuntu; Linux x86_64; rv:62.0) Gecko/20100101 Firefox/62.0"
81.169.178.0 - - [29/Jun/2021:22:15:36 +0200] "POST /wp-cron.php?doing_wp_cron=1624997736.7726750373840332031250 HTTP/1.1" 200 - "https://www.computerdoc24.de/wp-cron.php?doing_wp_cron=1624997736.7726750373840332031250" "WordPress/5.2.11; https://www.computerdoc24.de"
75.119.141.0 - - [29/Jun/2021:22:15:36 +0200] "GET /wp-login.php HTTP/1.1" 200 2238 "-" "Mozilla/5.0 (X11; Ubuntu; Linux x86_64; rv:62.0) Gecko/20100101 Firefox/62.0"
75.119.141.0 - - [29/Jun/2021:22:15:37 +0200] "POST /wp-login.php HTTP/1.1" 200 2589 "-" "Mozilla/5.0 (X11; Ubuntu; Linux x86_64; rv:62.0) Gecko/20100101 Firefox/62.0"
75.119.141.0 - - [29/Jun/2021:22:15:37 +0200] "POST /xmlrpc.php HTTP/1.1" 200 228 "-" "Mozilla/5.0 (X11; Ubuntu; Linux x86_64; rv:62.0) Gecko/20100101 Firefox/62.0"
40.77.167.0 - - [29/Jun/2021:22:16:20 +0200] "GET /wp-content/uploads/WEB_Karte-14042021.jpg HTTP/1.1" 301 326 "-" "Mozilla/5.0 (compatible; bingbot/2.0; +http://www.bing.com/bingbot.htm)"
66.249.75.0 - - [29/Jun/2021:22:16:31 +0200] "GET /favicon.ico HTTP/1.1" 404 2597 "-" "Googlebot-Image/1.0"
207.46.13.0 - - [29/Jun/2021:22:18:39 +0200] "GET /wp-content/uploads/Presse3-1-300x267.jpg HTTP/1.1" 301 327 "-" "Mozilla/5.0 (compatible; bingbot/2.0; +http://www.bing.com/bingbot.htm)"
114.119.149.0 - - [29/Jun/2021:22:19:47 +0200] "GET /unsere-produkte-und-services/kombiverkehr-gruener-transport/ HTTP/1.1" 200 11046 "-" "Mozilla/5.0 (Linux; Android 7.0;) AppleWebKit/537.36 (KHTML, like Gecko) Mobile Safari/537.36 (compatible; PetalBot;+https://webmaster.petalsearch.com/site/petalbot)"
40.77.167.0 - - [29/Jun/2021:22:19:57 +0200] "GET /subheader_r.gif HTTP/1.1" 200 1036 "-" "Mozilla/5.0 (compatible; bingbot/2.0; +http://www.bing.com/bingbot.htm)"
54.203.73.0 - - [29/Jun/2021:22:20:05 +0200] "GET / HTTP/1.1" 200 2691 "-" "Mozilla/5.0 (X11; Ubuntu; Linux x86_64; rv:82.0) Gecko/20100101 Firefox/82.0"
165.232.176.0 - - [29/Jun/2021:22:20:36 +0200] "GET /wp-login.php HTTP/1.1" 200 2238 "-" "Mozilla/5.0 (X11; Ubuntu; Linux x86_64; rv:62.0) Gecko/20100101 Firefox/62.0"
165.232.176.0 - - [29/Jun/2021:22:20:39 +0200] "POST /wp-login.php HTTP/1.1" 200 2589 "-" "Mozilla/5.0 (X11; Ubuntu; Linux x86_64; rv:62.0) Gecko/20100101 Firefox/62.0"
81.169.178.0 - - [29/Jun/2021:22:20:36 +0200] "POST /wp-cron.php?doing_wp_cron=1624998036.1947751045227050781250 HTTP/1.1" 200 - "https://www.computerdoc24.de/wp-cron.php?doing_wp_cron=1624998036.1947751045227050781250" "WordPress/5.2.11; https://www.computerdoc24.de"
165.232.176.0 - - [29/Jun/2021:22:20:45 +0200] "POST /xmlrpc.php HTTP/1.1" 200 228 "-" "Mozilla/5.0 (X11; Ubuntu; Linux x86_64; rv:62.0) Gecko/20100101 Firefox/62.0"
54.39.133.0 - - [29/Jun/2021:22:21:28 +0200] "GET /wp-login.php HTTP/1.1" 200 2748 "-" "Mozilla/5.0 (X11; Ubuntu; Linux x86_64; rv:62.0) Gecko/20100101 Firefox/62.0"
54.39.133.0 - - [29/Jun/2021:22:21:29 +0200] "POST /wp-login.php HTTP/1.1" 200 2886 "-" "Mozilla/5.0 (X11; Ubuntu; Linux x86_64; rv:62.0) Gecko/20100101 Firefox/62.0"
54.39.133.0 - - [29/Jun/2021:22:21:30 +0200] "POST /xmlrpc.php HTTP/1.1" 200 249 "-" "Mozilla/5.0 (X11; Ubuntu; Linux x86_64; rv:62.0) Gecko/20100101 Firefox/62.0"
5.188.210.0 - - [29/Jun/2021:22:22:30 +0200] "GET /admin/editor/editor/filemanager/upload/php/upload.php HTTP/1.0" 200 2691 "-" "Mozilla/5.0 (Windows NT 6.3; Win64; x64) AppleWebKit/537.36 (KHTML, like Gecko) Chrome/75.0.3770.100 Safari/537.36"
66.249.75.0 - - [29/Jun/2021:22:29:08 +0200] "GET /robots.txt HTTP/1.1" 301 295 "-" "Mozilla/5.0 (compatible; Googlebot/2.1; +http://www.google.com/bot.html)"
103.28.36.0 - - [29/Jun/2021:22:29:25 +0200] "GET /wp-login.php HTTP/1.1" 200 2748 "-" "Mozilla/5.0 (X11; Ubuntu; Linux x86_64; rv:62.0) Gecko/20100101 Firefox/62.0"
103.28.36.0 - - [29/Jun/2021:22:29:27 +0200] "POST /wp-login.php HTTP/1.1" 200 2884 "-" "Mozilla/5.0 (X11; Ubuntu; Linux x86_64; rv:62.0) Gecko/20100101 Firefox/62.0"
103.28.36.0 - - [29/Jun/2021:22:29:29 +0200] "POST /xmlrpc.php HTTP/1.1" 200 249 "-" "Mozilla/5.0 (X11; Ubuntu; Linux x86_64; rv:62.0) Gecko/20100101 Firefox/62.0"
159.89.99.0 - - [29/Jun/2021:22:30:03 +0200] "GET /wp-login.php HTTP/1.1" 200 2743 "-" "Mozilla/5.0 (X11; Ubuntu; Linux x86_64; rv:62.0) Gecko/20100101 Firefox/62.0"
159.89.99.0 - - [29/Jun/2021:22:30:04 +0200] "POST /wp-login.php HTTP/1.1" 200 2880 "-" "Mozilla/5.0 (X11; Ubuntu; Linux x86_64; rv:62.0) Gecko/20100101 Firefox/62.0"
159.89.99.0 - - [29/Jun/2021:22:30:05 +0200] "GET /wp-login.php HTTP/1.1" 200 2743 "-" "Mozilla/5.0 (X11; Ubuntu; Linux x86_64; rv:62.0) Gecko/20100101 Firefox/62.0"
159.89.99.0 - - [29/Jun/2021:22:30:10 +0200] "POST /wp-login.php HTTP/1.1" 200 2844 "-" "Mozilla/5.0 (X11; Ubuntu; Linux x86_64; rv:62.0) Gecko/20100101 Firefox/62.0"
159.89.99.0 - - [29/Jun/2021:22:30:11 +0200] "POST /xmlrpc.php HTTP/1.1" 200 249 "-" "Mozilla/5.0 (X11; Ubuntu; Linux x86_64; rv:62.0) Gecko/20100101 Firefox/62.0"
120.26.168.0 - - [29/Jun/2021:22:34:41 +0200] "GET /lsn_an.php|root HTTP/1.1" 301 248 "http://simplesite.com" "Mozilla/5.0 (Windows; U; Windows NT 5.1; en-US) AppleWebKit/533.4 (KHTML, like Gecko) Chrome/5.0.375.99 Safari/533.4"
81.169.178.0 - - [29/Jun/2021:22:34:42 +0200] "POST /wp-cron.php?doing_wp_cron=1624998882.0942449569702148437500 HTTP/1.1" 200 - "https://www.computerdoc24.de/wp-cron.php?doing_wp_cron=1624998882.0942449569702148437500" "WordPress/5.2.11; https://www.computerdoc24.de"
208.113.170.0 - - [29/Jun/2021:22:34:41 +0200] "GET /wp-login.php HTTP/1.1" 200 2238 "-" "Mozilla/5.0 (X11; Ubuntu; Linux x86_64; rv:62.0) Gecko/20100101 Firefox/62.0"
208.113.170.0 - - [29/Jun/2021:22:34:42 +0200] "POST /wp-login.php HTTP/1.1" 200 2589 "-" "Mozilla/5.0 (X11; Ubuntu; Linux x86_64; rv:62.0) Gecko/20100101 Firefox/62.0"
208.113.170.0 - - [29/Jun/2021:22:34:43 +0200] "POST /xmlrpc.php HTTP/1.1" 200 228 "-" "Mozilla/5.0 (X11; Ubuntu; Linux x86_64; rv:62.0) Gecko/20100101 Firefox/62.0"
120.26.168.0 - - [29/Jun/2021:22:34:52 +0200] "GET /lsn_an.php|root HTTP/1.1" 301 248 "http://simplesite.com" "Mozilla/5.0 (Windows; U; Windows NT 5.1; en-US) AppleWebKit/533.4 (KHTML, like Gecko) Chrome/5.0.375.99 Safari/533.4"
206.189.231.0 - - [29/Jun/2021:22:36:56 +0200] "GET /wp-login.php HTTP/1.1" 200 2748 "-" "Mozilla/5.0 (X11; Ubuntu; Linux x86_64; rv:62.0) Gecko/20100101 Firefox/62.0"
206.189.231.0 - - [29/Jun/2021:22:36:57 +0200] "POST /wp-login.php HTTP/1.1" 200 2886 "-" "Mozilla/5.0 (X11; Ubuntu; Linux x86_64; rv:62.0) Gecko/20100101 Firefox/62.0"
206.189.231.0 - - [29/Jun/2021:22:36:59 +0200] "POST /xmlrpc.php HTTP/1.1" 200 249 "-" "Mozilla/5.0 (X11; Ubuntu; Linux x86_64; rv:62.0) Gecko/20100101 Firefox/62.0"
81.169.178.0 - - [29/Jun/2021:22:37:46 +0200] "POST /wp-cron.php?doing_wp_cron=1624999066.4544889926910400390625 HTTP/1.1" 200 - "http://www.computerdoc24.de/wp-cron.php?doing_wp_cron=1624999066.4544889926910400390625" "WordPress/5.2.11; https://www.computerdoc24.de"
5.253.205.0 - - [29/Jun/2021:22:37:46 +0200] "GET / HTTP/1.0" 301 - "http://computerdoc24.de/" "Mozilla/5.0 (Windows NT 10.0; Win64; x64) AppleWebKit/537.36 (KHTML, like Gecko) Chrome/67.0.3396.87 Safari/537.36 OPR/54.0.2952.54"
5.253.205.0 - - [29/Jun/2021:22:37:46 +0200] "GET / HTTP/1.0" 301 - "https://computerdoc24.de/" "Mozilla/5.0 (Windows NT 10.0; Win64; x64) AppleWebKit/537.36 (KHTML, like Gecko) Chrome/67.0.3396.87 Safari/537.36 OPR/54.0.2952.54"
5.253.205.0 - - [29/Jun/2021:22:37:47 +0200] "GET / HTTP/1.0" 200 89177 "https://www.computerdoc24.de/" "Mozilla/5.0 (Windows NT 10.0; Win64; x64) AppleWebKit/537.36 (KHTML, like Gecko) Chrome/67.0.3396.87 Safari/537.36 OPR/54.0.2952.54"
5.253.205.0 - - [29/Jun/2021:22:37:47 +0200] "GET /kontakt/ HTTP/1.0" 200 43441 "https://www.computerdoc24.de/kontakt/" "Mozilla/5.0 (Windows NT 10.0; Win64; x64) AppleWebKit/537.36 (KHTML, like Gecko) Chrome/67.0.3396.87 Safari/537.36 OPR/54.0.2952.54"
5.253.205.0 - - [29/Jun/2021:22:37:48 +0200] "POST /wp-json/contact-form-7/v1/contact-forms/2118/feedback HTTP/1.0" 200 225 "https://www.computerdoc24.de/kontakt/" "Mozilla/5.0 (Windows NT 10.0; Win64; x64) AppleWebKit/537.36 (KHTML, like Gecko) Chrome/67.0.3396.87 Safari/537.36 OPR/54.0.2952.54"
192.241.216.0 - - [29/Jun/2021:22:39:08 +0200] "GET / HTTP/1.1" 403 2409 "-" "Mozilla/5.0 zgrab/0.x"
66.249.69.0 - - [29/Jun/2021:22:39:21 +0200] "GET /robots.txt HTTP/1.1" 301 297 "-" "Mozilla/5.0 (compatible; Googlebot/2.1; +http://www.google.com/bot.html)"
66.249.69.0 - - [29/Jun/2021:22:39:22 +0200] "GET /product/office-und-internet-pc/ HTTP/1.1" 301 318 "-" "Mozilla/5.0 (compatible; Googlebot/2.1; +http://www.google.com/bot.html)"
66.249.69.0 - - [29/Jun/2021:22:40:27 +0200] "GET /wp-content/uploads/Network-1.png HTTP/1.1" 301 319 "-" "Googlebot-Image/1.0"
66.249.75.0 - - [29/Jun/2021:22:40:39 +0200] "GET /unsere-produkte-und-services/kombiverkehr-gruener-transport/ HTTP/1.1" 301 345 "-" "Mozilla/5.0 (Linux; Android 6.0.1; Nexus 5X Build/MMB29P) AppleWebKit/537.36 (KHTML, like Gecko) Chrome/91.0.4472.90 Mobile Safari/537.36 (compatible; Googlebot/2.1; +http://www.google.com/bot.html)"
81.169.178.0 - - [29/Jun/2021:22:41:47 +0200] "POST /wp-cron.php?doing_wp_cron=1624999307.4797809123992919921875 HTTP/1.1" 200 - "http://www.computerdoc24.de/wp-cron.php?doing_wp_cron=1624999307.4797809123992919921875" "WordPress/5.2.11; https://www.computerdoc24.de"
114.119.147.0 - - [29/Jun/2021:22:41:47 +0200] "GET / HTTP/1.1" 301 - "-" "Mozilla/5.0 (Linux; Android 7.0;) AppleWebKit/537.36 (KHTML, like Gecko) Mobile Safari/537.36 (compatible; PetalBot;+https://webmaster.petalsearch.com/site/petalbot)"
114.119.147.0 - - [29/Jun/2021:22:41:49 +0200] "GET / HTTP/1.1" 200 16472 "-" "Mozilla/5.0 (Linux; Android 7.0;) AppleWebKit/537.36 (KHTML, like Gecko) Mobile Safari/537.36 (compatible; PetalBot;+https://webmaster.petalsearch.com/site/petalbot)"
81.169.178.0 - - [29/Jun/2021:22:42:58 +0200] "POST /wp-cron.php?doing_wp_cron=1624999378.7381420135498046875000 HTTP/1.1" 200 - "https://www.computerdoc24.de/wp-cron.php?doing_wp_cron=1624999378.7381420135498046875000" "WordPress/5.2.11; https://www.computerdoc24.de"
54.36.148.0 - - [29/Jun/2021:22:42:58 +0200] "GET /product/schoenes-gebrauchtes-lenovo-nb-ssd-neu/ HTTP/1.1" 200 13942 "-" "Mozilla/5.0 (compatible; AhrefsBot/7.0; +http://ahrefs.com/robot/)"
172.96.190.0 - - [29/Jun/2021:22:46:42 +0200] "GET /wp-login.php HTTP/1.1" 200 2743 "-" "Mozilla/5.0 (X11; Ubuntu; Linux x86_64; rv:62.0) Gecko/20100101 Firefox/62.0"
172.96.190.0 - - [29/Jun/2021:22:46:44 +0200] "POST /wp-login.php HTTP/1.1" 200 2880 "-" "Mozilla/5.0 (X11; Ubuntu; Linux x86_64; rv:62.0) Gecko/20100101 Firefox/62.0"
172.96.190.0 - - [29/Jun/2021:22:46:47 +0200] "GET /wp-login.php HTTP/1.1" 200 2743 "-" "Mozilla/5.0 (X11; Ubuntu; Linux x86_64; rv:62.0) Gecko/20100101 Firefox/62.0"
172.96.190.0 - - [29/Jun/2021:22:46:49 +0200] "POST /wp-login.php HTTP/1.1" 200 2844 "-" "Mozilla/5.0 (X11; Ubuntu; Linux x86_64; rv:62.0) Gecko/20100101 Firefox/62.0"
172.96.190.0 - - [29/Jun/2021:22:46:51 +0200] "POST /xmlrpc.php HTTP/1.1" 200 249 "-" "Mozilla/5.0 (X11; Ubuntu; Linux x86_64; rv:62.0) Gecko/20100101 Firefox/62.0"
34.96.130.0 - - [29/Jun/2021:22:47:05 +0200] "GET / HTTP/1.1" 200 16151 "-" "Expanse, a Palo Alto Networks company, searches across the global IPv4 space multiple times per day to identify customers&#39; presences on the Internet. If you would like to be excluded from our scans, please send IP addresses/domains to: scaninfo@paloaltonetworks.com"
81.169.178.0 - - [29/Jun/2021:22:47:09 +0200] "POST /wp-cron.php?doing_wp_cron=1624999629.4183189868927001953125 HTTP/1.1" 200 - "https://www.computerdoc24.de/wp-cron.php?doing_wp_cron=1624999629.4183189868927001953125" "WordPress/5.2.11; https://www.computerdoc24.de"
50.116.97.0 - - [29/Jun/2021:22:47:09 +0200] "GET /wp-login.php HTTP/1.1" 200 2238 "-" "Mozilla/5.0 (X11; Ubuntu; Linux x86_64; rv:62.0) Gecko/20100101 Firefox/62.0"
50.116.97.0 - - [29/Jun/2021:22:47:12 +0200] "POST /wp-login.php HTTP/1.1" 200 2589 "-" "Mozilla/5.0 (X11; Ubuntu; Linux x86_64; rv:62.0) Gecko/20100101 Firefox/62.0"
50.116.97.0 - - [29/Jun/2021:22:47:13 +0200] "POST /xmlrpc.php HTTP/1.1" 200 228 "-" "Mozilla/5.0 (X11; Ubuntu; Linux x86_64; rv:62.0) Gecko/20100101 Firefox/62.0"
81.169.178.0 - - [29/Jun/2021:22:49:53 +0200] "POST /wp-cron.php?doing_wp_cron=1624999793.9042150974273681640625 HTTP/1.1" 200 - "https://www.computerdoc24.de/wp-cron.php?doing_wp_cron=1624999793.9042150974273681640625" "WordPress/5.2.11; https://www.computerdoc24.de"
104.199.146.0 - - [29/Jun/2021:22:49:53 +0200] "GET /wp-login.php HTTP/1.1" 200 2238 "-" "Mozilla/5.0 (X11; Ubuntu; Linux x86_64; rv:62.0) Gecko/20100101 Firefox/62.0"
104.199.146.0 - - [29/Jun/2021:22:49:55 +0200] "POST /wp-login.php HTTP/1.1" 200 2589 "-" "Mozilla/5.0 (X11; Ubuntu; Linux x86_64; rv:62.0) Gecko/20100101 Firefox/62.0"
104.199.146.0 - - [29/Jun/2021:22:49:56 +0200] "POST /xmlrpc.php HTTP/1.1" 200 228 "-" "Mozilla/5.0 (X11; Ubuntu; Linux x86_64; rv:62.0) Gecko/20100101 Firefox/62.0"
77.11.80.0 - - [29/Jun/2021:22:51:57 +0200] "GET / HTTP/1.1" 200 2590 "https://www.google.com/" "Mozilla/5.0 (Linux; Android 11; SAMSUNG SM-G970F) AppleWebKit/537.36 (KHTML, like Gecko) SamsungBrowser/14.2 Chrome/87.0.4280.141 Mobile Safari/537.36"
77.11.80.0 - - [29/Jun/2021:22:51:57 +0200] "GET /assets/rollover.js HTTP/1.1" 200 5145 "https://www.reinigungsprofi-weck.de/" "Mozilla/5.0 (Linux; Android 11; SAMSUNG SM-G970F) AppleWebKit/537.36 (KHTML, like Gecko) SamsungBrowser/14.2 Chrome/87.0.4280.141 Mobile Safari/537.36"
77.11.80.0 - - [29/Jun/2021:22:51:57 +0200] "GET /html/fusion.css HTTP/1.1" 200 1161 "https://www.reinigungsprofi-weck.de/" "Mozilla/5.0 (Linux; Android 11; SAMSUNG SM-G970F) AppleWebKit/537.36 (KHTML, like Gecko) SamsungBrowser/14.2 Chrome/87.0.4280.141 Mobile Safari/537.36"
77.11.80.0 - - [29/Jun/2021:22:51:57 +0200] "GET /html/style.css HTTP/1.1" 200 458 "https://www.reinigungsprofi-weck.de/" "Mozilla/5.0 (Linux; Android 11; SAMSUNG SM-G970F) AppleWebKit/537.36 (KHTML, like Gecko) SamsungBrowser/14.2 Chrome/87.0.4280.141 Mobile Safari/537.36"
77.11.80.0 - - [29/Jun/2021:22:51:57 +0200] "GET /html/site.css HTTP/1.1" 200 88 "https://www.reinigungsprofi-weck.de/" "Mozilla/5.0 (Linux; Android 11; SAMSUNG SM-G970F) AppleWebKit/537.36 (KHTML, like Gecko) SamsungBrowser/14.2 Chrome/87.0.4280.141 Mobile Safari/537.36"
77.11.80.0 - - [29/Jun/2021:22:51:57 +0200] "GET /subheader_l.gif HTTP/1.1" 200 2832 "https://www.reinigungsprofi-weck.de/" "Mozilla/5.0 (Linux; Android 11; SAMSUNG SM-G970F) AppleWebKit/537.36 (KHTML, like Gecko) SamsungBrowser/14.2 Chrome/87.0.4280.141 Mobile Safari/537.36"
77.11.80.0 - - [29/Jun/2021:22:51:57 +0200] "GET /header_l.gif HTTP/1.1" 200 7358 "https://www.reinigungsprofi-weck.de/" "Mozilla/5.0 (Linux; Android 11; SAMSUNG SM-G970F) AppleWebKit/537.36 (KHTML, like Gecko) SamsungBrowser/14.2 Chrome/87.0.4280.141 Mobile Safari/537.36"
77.11.80.0 - - [29/Jun/2021:22:51:57 +0200] "GET /subheader_bl.gif HTTP/1.1" 200 1883 "https://www.reinigungsprofi-weck.de/" "Mozilla/5.0 (Linux; Android 11; SAMSUNG SM-G970F) AppleWebKit/537.36 (KHTML, like Gecko) SamsungBrowser/14.2 Chrome/87.0.4280.141 Mobile Safari/537.36"
77.11.80.0 - - [29/Jun/2021:22:51:57 +0200] "GET /subheader_br.gif HTTP/1.1" 200 1693 "https://www.reinigungsprofi-weck.de/" "Mozilla/5.0 (Linux; Android 11; SAMSUNG SM-G970F) AppleWebKit/537.36 (KHTML, like Gecko) SamsungBrowser/14.2 Chrome/87.0.4280.141 Mobile Safari/537.36"
77.11.80.0 - - [29/Jun/2021:22:51:57 +0200] "GET /subheader_r.gif HTTP/1.1" 200 1036 "https://www.reinigungsprofi-weck.de/" "Mozilla/5.0 (Linux; Android 11; SAMSUNG SM-G970F) AppleWebKit/537.36 (KHTML, like Gecko) SamsungBrowser/14.2 Chrome/87.0.4280.141 Mobile Safari/537.36"
77.11.80.0 - - [29/Jun/2021:22:51:57 +0200] "GET /assets/images/autogen/Spezialreinigung-_Hhighlighted_1_1.gif HTTP/1.1" 200 1750 "https://www.reinigungsprofi-weck.de/" "Mozilla/5.0 (Linux; Android 11; SAMSUNG SM-G970F) AppleWebKit/537.36 (KHTML, like Gecko) SamsungBrowser/14.2 Chrome/87.0.4280.141 Mobile Safari/537.36"
77.11.80.0 - - [29/Jun/2021:22:51:57 +0200] "GET /assets/images/autogen/Kontakt_Nregular_1_1.gif HTTP/1.1" 200 1596 "https://www.reinigungsprofi-weck.de/" "Mozilla/5.0 (Linux; Android 11; SAMSUNG SM-G970F) AppleWebKit/537.36 (KHTML, like Gecko) SamsungBrowser/14.2 Chrome/87.0.4280.141 Mobile Safari/537.36"
77.11.80.0 - - [29/Jun/2021:22:51:57 +0200] "GET /assets/images/autogen/Referenzen_Nregular_1_1.gif HTTP/1.1" 200 1249 "https://www.reinigungsprofi-weck.de/" "Mozilla/5.0 (Linux; Android 11; SAMSUNG SM-G970F) AppleWebKit/537.36 (KHTML, like Gecko) SamsungBrowser/14.2 Chrome/87.0.4280.141 Mobile Safari/537.36"
77.11.80.0 - - [29/Jun/2021:22:51:57 +0200] "GET /assets/images/autogen/Impressum_Nregular_1_1.gif HTTP/1.1" 200 1218 "https://www.reinigungsprofi-weck.de/" "Mozilla/5.0 (Linux; Android 11; SAMSUNG SM-G970F) AppleWebKit/537.36 (KHTML, like Gecko) SamsungBrowser/14.2 Chrome/87.0.4280.141 Mobile Safari/537.36"
77.11.80.0 - - [29/Jun/2021:22:51:57 +0200] "GET /assets/images/autogen/Anfahrtskosten_Nregular_1_1.gif HTTP/1.1" 200 1732 "https://www.reinigungsprofi-weck.de/" "Mozilla/5.0 (Linux; Android 11; SAMSUNG SM-G970F) AppleWebKit/537.36 (KHTML, like Gecko) SamsungBrowser/14.2 Chrome/87.0.4280.141 Mobile Safari/537.36"
77.11.80.0 - - [29/Jun/2021:22:51:57 +0200] "GET /assets/images/autogen/Vorher-Nachher_Nregular_1_1.gif HTTP/1.1" 200 1718 "https://www.reinigungsprofi-weck.de/" "Mozilla/5.0 (Linux; Android 11; SAMSUNG SM-G970F) AppleWebKit/537.36 (KHTML, like Gecko) SamsungBrowser/14.2 Chrome/87.0.4280.141 Mobile Safari/537.36"
77.11.80.0 - - [29/Jun/2021:22:51:57 +0200] "GET /kv_none_poetic_cream_none_1.gif HTTP/1.1" 200 248 "https://www.reinigungsprofi-weck.de/" "Mozilla/5.0 (Linux; Android 11; SAMSUNG SM-G970F) AppleWebKit/537.36 (KHTML, like Gecko) SamsungBrowser/14.2 Chrome/87.0.4280.141 Mobile Safari/537.36"
77.11.80.0 - - [29/Jun/2021:22:51:57 +0200] "GET /assets/images/autogen/clearpixel.gif HTTP/1.1" 200 43 "https://www.reinigungsprofi-weck.de/" "Mozilla/5.0 (Linux; Android 11; SAMSUNG SM-G970F) AppleWebKit/537.36 (KHTML, like Gecko) SamsungBrowser/14.2 Chrome/87.0.4280.141 Mobile Safari/537.36"
77.11.80.0 - - [29/Jun/2021:22:51:57 +0200] "GET /assets/images/subheader_bak.gif HTTP/1.1" 200 44 "https://www.reinigungsprofi-weck.de/" "Mozilla/5.0 (Linux; Android 11; SAMSUNG SM-G970F) AppleWebKit/537.36 (KHTML, like Gecko) SamsungBrowser/14.2 Chrome/87.0.4280.141 Mobile Safari/537.36"
77.11.80.0 - - [29/Jun/2021:22:51:57 +0200] "GET /assets/images/body_bak1.gif HTTP/1.1" 200 49 "https://www.reinigungsprofi-weck.de/" "Mozilla/5.0 (Linux; Android 11; SAMSUNG SM-G970F) AppleWebKit/537.36 (KHTML, like Gecko) SamsungBrowser/14.2 Chrome/87.0.4280.141 Mobile Safari/537.36"
77.11.80.0 - - [29/Jun/2021:22:51:57 +0200] "GET /assets/images/body_bak.gif HTTP/1.1" 200 49 "https://www.reinigungsprofi-weck.de/html/style.css" "Mozilla/5.0 (Linux; Android 11; SAMSUNG SM-G970F) AppleWebKit/537.36 (KHTML, like Gecko) SamsungBrowser/14.2 Chrome/87.0.4280.141 Mobile Safari/537.36"
77.11.80.0 - - [29/Jun/2021:22:51:57 +0200] "GET /favicon.ico HTTP/1.1" 404 2816 "https://www.reinigungsprofi-weck.de/" "Mozilla/5.0 (Linux; Android 11; SAMSUNG SM-G970F) AppleWebKit/537.36 (KHTML, like Gecko) SamsungBrowser/14.2 Chrome/87.0.4280.141 Mobile Safari/537.36"
:: - - [29/Jun/2021:22:52:04 +0200] "OPTIONS * HTTP/1.0" 200 - "-" "Apache/2.4.6 (CentOS) OpenSSL/1.0.2k-fips mod_fcgid/2.3.9 (internal dummy connection)"
77.11.80.0 - - [29/Jun/2021:22:52:19 +0200] "GET /assets/images/autogen/Kontakt_NRregularRollover_1_1.gif HTTP/1.1" 200 1199 "https://www.reinigungsprofi-weck.de/" "Mozilla/5.0 (Linux; Android 11; SAMSUNG SM-G970F) AppleWebKit/537.36 (KHTML, like Gecko) SamsungBrowser/14.2 Chrome/87.0.4280.141 Mobile Safari/537.36"
77.11.80.0 - - [29/Jun/2021:22:52:19 +0200] "GET /html/kontakt.html HTTP/1.1" 200 2033 "https://www.reinigungsprofi-weck.de/" "Mozilla/5.0 (Linux; Android 11; SAMSUNG SM-G970F) AppleWebKit/537.36 (KHTML, like Gecko) SamsungBrowser/14.2 Chrome/87.0.4280.141 Mobile Safari/537.36"
77.11.80.0 - - [29/Jun/2021:22:52:19 +0200] "GET /assets/images/autogen/Spezialreinigung-_Nregular_1_1.gif HTTP/1.1" 200 1741 "https://www.reinigungsprofi-weck.de/html/kontakt.html" "Mozilla/5.0 (Linux; Android 11; SAMSUNG SM-G970F) AppleWebKit/537.36 (KHTML, like Gecko) SamsungBrowser/14.2 Chrome/87.0.4280.141 Mobile Safari/537.36"
77.11.80.0 - - [29/Jun/2021:22:52:19 +0200] "GET /assets/images/autogen/Kontakt_Hhighlighted_1_1.gif HTTP/1.1" 200 1622 "https://www.reinigungsprofi-weck.de/html/kontakt.html" "Mozilla/5.0 (Linux; Android 11; SAMSUNG SM-G970F) AppleWebKit/537.36 (KHTML, like Gecko) SamsungBrowser/14.2 Chrome/87.0.4280.141 Mobile Safari/537.36"
81.169.178.0 - - [29/Jun/2021:22:52:46 +0200] "POST /wp-cron.php?doing_wp_cron=1624999965.9193298816680908203125 HTTP/1.1" 200 - "https://www.ipcbusiness.de/wp-cron.php?doing_wp_cron=1624999965.9193298816680908203125" "WordPress/5.6.4; https://www.ipcbusiness.de"
161.35.27.0 - - [29/Jun/2021:22:52:45 +0200] "GET /wp-login.php HTTP/1.1" 200 2748 "-" "Mozilla/5.0 (X11; Ubuntu; Linux x86_64; rv:62.0) Gecko/20100101 Firefox/62.0"
161.35.27.0 - - [29/Jun/2021:22:52:47 +0200] "POST /wp-login.php HTTP/1.1" 200 2886 "-" "Mozilla/5.0 (X11; Ubuntu; Linux x86_64; rv:62.0) Gecko/20100101 Firefox/62.0"
161.35.27.0 - - [29/Jun/2021:22:52:47 +0200] "POST /xmlrpc.php HTTP/1.1" 200 249 "-" "Mozilla/5.0 (X11; Ubuntu; Linux x86_64; rv:62.0) Gecko/20100101 Firefox/62.0"
188.166.94.0 - - [29/Jun/2021:22:58:05 +0200] "POST /wp-login.php HTTP/1.1" 200 2884 "-" "Mozilla/5.0 (Windows NT 6.1) AppleWebKit/537.36 (KHTML, like Gecko) Chrome/65.0.3325.181 Safari/537.36"
81.169.144.0 - - [29/Jun/2021:22:59:46 +0200] "POST /wp-cron.php?doing_wp_cron=1625000386.7311909198760986328125 HTTP/1.1" 200 - "http://www.computerdoc24.de/wp-cron.php?doing_wp_cron=1625000386.7311909198760986328125" "WordPress/5.2.2; https://www.computerdoc24.de"
114.119.136.0 - - [29/Jun/2021:23:00:49 +0200] "GET /robots.txt HTTP/1.1" 200 69 "-" "Mozilla/5.0 (compatible;PetalBot;+https://webmaster.petalsearch.com/site/petalbot)"
182.50.135.0 - - [29/Jun/2021:23:01:55 +0200] "GET /wp-login.php HTTP/1.1" 200 2748 "-" "Mozilla/5.0 (X11; Ubuntu; Linux x86_64; rv:62.0) Gecko/20100101 Firefox/62.0"
182.50.135.0 - - [29/Jun/2021:23:01:57 +0200] "POST /wp-login.php HTTP/1.1" 200 2884 "-" "Mozilla/5.0 (X11; Ubuntu; Linux x86_64; rv:62.0) Gecko/20100101 Firefox/62.0"
182.50.135.0 - - [29/Jun/2021:23:01:58 +0200] "POST /xmlrpc.php HTTP/1.1" 200 249 "-" "Mozilla/5.0 (X11; Ubuntu; Linux x86_64; rv:62.0) Gecko/20100101 Firefox/62.0"
34.96.130.0 - - [29/Jun/2021:23:04:43 +0200] "GET / HTTP/1.1" 200 2691 "-" "Expanse, a Palo Alto Networks company, searches across the global IPv4 space multiple times per day to identify customers&#39; presences on the Internet. If you would like to be excluded from our scans, please send IP addresses/domains to: scaninfo@paloaltonetworks.com"
81.169.178.0 - - [29/Jun/2021:23:06:07 +0200] "POST /wp-cron.php?doing_wp_cron=1625000767.1410689353942871093750 HTTP/1.1" 200 - "https://www.computerdoc24.de/wp-cron.php?doing_wp_cron=1625000767.1410689353942871093750" "WordPress/5.2.11; https://www.computerdoc24.de"
93.113.111.0 - - [29/Jun/2021:23:06:07 +0200] "GET /wp-login.php HTTP/1.1" 200 2238 "-" "Mozilla/5.0 (X11; Ubuntu; Linux x86_64; rv:62.0) Gecko/20100101 Firefox/62.0"
93.113.111.0 - - [29/Jun/2021:23:06:07 +0200] "POST /wp-login.php HTTP/1.1" 200 2589 "-" "Mozilla/5.0 (X11; Ubuntu; Linux x86_64; rv:62.0) Gecko/20100101 Firefox/62.0"
93.113.111.0 - - [29/Jun/2021:23:06:07 +0200] "POST /xmlrpc.php HTTP/1.1" 200 228 "-" "Mozilla/5.0 (X11; Ubuntu; Linux x86_64; rv:62.0) Gecko/20100101 Firefox/62.0"
188.164.194.0 - - [29/Jun/2021:23:08:07 +0200] "GET /wp-login.php HTTP/1.1" 200 2748 "-" "Mozilla/5.0 (X11; Ubuntu; Linux x86_64; rv:62.0) Gecko/20100101 Firefox/62.0"
188.164.194.0 - - [29/Jun/2021:23:08:08 +0200] "POST /wp-login.php HTTP/1.1" 200 2886 "-" "Mozilla/5.0 (X11; Ubuntu; Linux x86_64; rv:62.0) Gecko/20100101 Firefox/62.0"
188.164.194.0 - - [29/Jun/2021:23:08:09 +0200] "POST /xmlrpc.php HTTP/1.1" 200 249 "-" "Mozilla/5.0 (X11; Ubuntu; Linux x86_64; rv:62.0) Gecko/20100101 Firefox/62.0"
212.227.216.0 - - [29/Jun/2021:23:09:04 +0200] "GET /robots.txt HTTP/1.1" 200 2691 "-" "IonCrawl (https://www.ionos.de/terms-gtc/faq-crawler-en/)"
51.254.59.0 - - [29/Jun/2021:23:09:42 +0200] "GET / HTTP/1.1" 403 2409 "-" "Mozilla/5.0 (Windows NT 6.1) AppleWebKit/537.36 (KHTML, like Gecko) Chrome/41.0.2228.0 Safari/537.36"
66.249.75.0 - - [29/Jun/2021:23:10:39 +0200] "GET / HTTP/1.1" 200 2590 "-" "Mozilla/5.0 (compatible; Googlebot/2.1; +http://www.google.com/bot.html)"
212.227.216.0 - - [29/Jun/2021:23:10:47 +0200] "GET /sitemap.xml HTTP/1.1" 200 2691 "-" "IonCrawl (https://www.ionos.de/terms-gtc/faq-crawler-en/)"
212.227.216.0 - - [29/Jun/2021:23:10:48 +0200] "GET / HTTP/1.1" 200 2691 "-" "IonCrawl (https://www.ionos.de/terms-gtc/faq-crawler-en/)"
212.227.216.0 - - [29/Jun/2021:23:10:50 +0200] "GET /wp-admin/admin-ajax.php HTTP/1.1" 200 2691 "-" "IonCrawl (https://www.ionos.de/terms-gtc/faq-crawler-en/)"
192.241.213.0 - - [29/Jun/2021:23:11:55 +0200] "GET /ReportServer HTTP/1.1" 404 2559 "-" "Mozilla/5.0 zgrab/0.x"
192.241.216.0 - - [29/Jun/2021:23:14:32 +0200] "GET / HTTP/1.1" 403 2411 "-" "Mozilla/5.0 zgrab/0.x"
165.22.53.0 - - [29/Jun/2021:23:15:43 +0200] "POST /wp-login.php HTTP/1.1" 200 2886 "-" "Mozilla/5.0 (Windows NT 6.1) AppleWebKit/537.36 (KHTML, like Gecko) Chrome/61.0.3163.100 Safari/537.36"
166.62.84.0 - - [29/Jun/2021:23:15:52 +0200] "GET /wp-login.php HTTP/1.1" 200 2743 "-" "Mozilla/5.0 (X11; Ubuntu; Linux x86_64; rv:62.0) Gecko/20100101 Firefox/62.0"
166.62.84.0 - - [29/Jun/2021:23:15:53 +0200] "POST /wp-login.php HTTP/1.1" 200 2880 "-" "Mozilla/5.0 (X11; Ubuntu; Linux x86_64; rv:62.0) Gecko/20100101 Firefox/62.0"
166.62.84.0 - - [29/Jun/2021:23:15:54 +0200] "GET /wp-login.php HTTP/1.1" 200 2743 "-" "Mozilla/5.0 (X11; Ubuntu; Linux x86_64; rv:62.0) Gecko/20100101 Firefox/62.0"
166.62.84.0 - - [29/Jun/2021:23:15:55 +0200] "POST /wp-login.php HTTP/1.1" 200 2844 "-" "Mozilla/5.0 (X11; Ubuntu; Linux x86_64; rv:62.0) Gecko/20100101 Firefox/62.0"
166.62.84.0 - - [29/Jun/2021:23:15:56 +0200] "POST /xmlrpc.php HTTP/1.1" 200 249 "-" "Mozilla/5.0 (X11; Ubuntu; Linux x86_64; rv:62.0) Gecko/20100101 Firefox/62.0"
81.169.178.0 - - [29/Jun/2021:23:16:06 +0200] "POST /wp-cron.php?doing_wp_cron=1625001366.3126521110534667968750 HTTP/1.1" 200 - "https://www.computerdoc24.de/wp-cron.php?doing_wp_cron=1625001366.3126521110534667968750" "WordPress/5.2.11; https://www.computerdoc24.de"
103.28.53.0 - - [29/Jun/2021:23:16:06 +0200] "POST /wp-login.php HTTP/1.1" 503 7057 "-" "Mozilla/5.0 (Windows NT 6.1) AppleWebKit/537.36 (KHTML, like Gecko) Chrome/62.0.3202.94 Safari/537.36"
81.169.178.0 - - [29/Jun/2021:23:18:16 +0200] "POST /wp-cron.php?doing_wp_cron=1625001496.5407469272613525390625 HTTP/1.1" 200 - "https://www.computerdoc24.de/wp-cron.php?doing_wp_cron=1625001496.5407469272613525390625" "WordPress/5.2.11; https://www.computerdoc24.de"
88.99.218.0 - - [29/Jun/2021:23:18:16 +0200] "GET /wp-login.php HTTP/1.1" 200 2238 "-" "Mozilla/5.0 (X11; Ubuntu; Linux x86_64; rv:62.0) Gecko/20100101 Firefox/62.0"
88.99.218.0 - - [29/Jun/2021:23:18:16 +0200] "POST /wp-login.php HTTP/1.1" 200 2589 "-" "Mozilla/5.0 (X11; Ubuntu; Linux x86_64; rv:62.0) Gecko/20100101 Firefox/62.0"
88.99.218.0 - - [29/Jun/2021:23:18:17 +0200] "POST /xmlrpc.php HTTP/1.1" 200 228 "-" "Mozilla/5.0 (X11; Ubuntu; Linux x86_64; rv:62.0) Gecko/20100101 Firefox/62.0"
66.249.69.0 - - [29/Jun/2021:23:19:38 +0200] "GET / HTTP/1.1" 301 287 "-" "Mozilla/5.0 (Linux; Android 6.0.1; Nexus 5X Build/MMB29P) AppleWebKit/537.36 (KHTML, like Gecko) Chrome/91.0.4472.90 Mobile Safari/537.36 (compatible; Googlebot/2.1; +http://www.google.com/bot.html)"
81.169.178.0 - - [29/Jun/2021:23:22:04 +0200] "POST /wp-cron.php?doing_wp_cron=1625001724.3777189254760742187500 HTTP/1.1" 200 - "https://www.computerdoc24.de/wp-cron.php?doing_wp_cron=1625001724.3777189254760742187500" "WordPress/5.2.11; https://www.computerdoc24.de"
178.128.180.0 - - [29/Jun/2021:23:22:04 +0200] "GET /wp-login.php HTTP/1.1" 200 2238 "-" "Mozilla/5.0 (X11; Ubuntu; Linux x86_64; rv:62.0) Gecko/20100101 Firefox/62.0"
178.128.180.0 - - [29/Jun/2021:23:22:05 +0200] "POST /wp-login.php HTTP/1.1" 200 2589 "-" "Mozilla/5.0 (X11; Ubuntu; Linux x86_64; rv:62.0) Gecko/20100101 Firefox/62.0"
178.128.180.0 - - [29/Jun/2021:23:22:11 +0200] "POST /xmlrpc.php HTTP/1.1" 200 228 "-" "Mozilla/5.0 (X11; Ubuntu; Linux x86_64; rv:62.0) Gecko/20100101 Firefox/62.0"
54.36.148.0 - - [29/Jun/2021:23:23:59 +0200] "GET /robots.txt HTTP/1.1" 200 2691 "-" "Mozilla/5.0 (compatible; AhrefsBot/7.0; +http://ahrefs.com/robot/)"
54.36.149.0 - - [29/Jun/2021:23:23:59 +0200] "GET / HTTP/1.1" 200 2691 "-" "Mozilla/5.0 (compatible; AhrefsBot/7.0; +http://ahrefs.com/robot/)"
108.163.132.0 - - [29/Jun/2021:23:25:46 +0200] "GET /wp-login.php HTTP/1.1" 200 2748 "-" "Mozilla/5.0 (X11; Ubuntu; Linux x86_64; rv:62.0) Gecko/20100101 Firefox/62.0"
108.163.132.0 - - [29/Jun/2021:23:25:47 +0200] "POST /wp-login.php HTTP/1.1" 200 2886 "-" "Mozilla/5.0 (X11; Ubuntu; Linux x86_64; rv:62.0) Gecko/20100101 Firefox/62.0"
108.163.132.0 - - [29/Jun/2021:23:25:48 +0200] "POST /xmlrpc.php HTTP/1.1" 200 249 "-" "Mozilla/5.0 (X11; Ubuntu; Linux x86_64; rv:62.0) Gecko/20100101 Firefox/62.0"
114.119.144.0 - - [29/Jun/2021:23:29:38 +0200] "GET /pl/unsere-produkte-und-services/digitale-loesungen-ueberwachung-der-ladeeinheiten HTTP/1.1" 200 - "-" "Mozilla/5.0 (Linux; Android 7.0;) AppleWebKit/537.36 (KHTML, like Gecko) Mobile Safari/537.36 (compatible; PetalBot;+https://webmaster.petalsearch.com/site/petalbot)"
114.119.144.0 - - [29/Jun/2021:23:29:39 +0200] "GET /pl/unsere-produkte-und-services/digitale-loesungen-ueberwachung-der-ladeeinheiten/ HTTP/1.1" 200 10676 "-" "Mozilla/5.0 (Linux; Android 7.0;) AppleWebKit/537.36 (KHTML, like Gecko) Mobile Safari/537.36 (compatible; PetalBot;+https://webmaster.petalsearch.com/site/petalbot)"
67.205.12.0 - - [29/Jun/2021:23:33:03 +0200] "GET /wp-login.php HTTP/1.1" 200 2743 "-" "Mozilla/5.0 (X11; Ubuntu; Linux x86_64; rv:62.0) Gecko/20100101 Firefox/62.0"
67.205.12.0 - - [29/Jun/2021:23:33:04 +0200] "POST /wp-login.php HTTP/1.1" 200 2880 "-" "Mozilla/5.0 (X11; Ubuntu; Linux x86_64; rv:62.0) Gecko/20100101 Firefox/62.0"
67.205.12.0 - - [29/Jun/2021:23:33:05 +0200] "GET /wp-login.php HTTP/1.1" 200 2743 "-" "Mozilla/5.0 (X11; Ubuntu; Linux x86_64; rv:62.0) Gecko/20100101 Firefox/62.0"
67.205.12.0 - - [29/Jun/2021:23:33:06 +0200] "POST /wp-login.php HTTP/1.1" 200 2844 "-" "Mozilla/5.0 (X11; Ubuntu; Linux x86_64; rv:62.0) Gecko/20100101 Firefox/62.0"
67.205.12.0 - - [29/Jun/2021:23:33:07 +0200] "POST /xmlrpc.php HTTP/1.1" 200 249 "-" "Mozilla/5.0 (X11; Ubuntu; Linux x86_64; rv:62.0) Gecko/20100101 Firefox/62.0"
35.161.41.0 - - [29/Jun/2021:23:33:25 +0200] "GET / HTTP/1.1" 200 2691 "-" "Mozilla/5.0 (X11; Linux x86_64) AppleWebKit/537.36 (KHTML, like Gecko) Chrome/83.0.4103.97 Safari/537.36"
