80.80.170.0 - - [30/Jun/2021:06:20:03 +0200] "GET / HTTP/1.1" 403 2409 "-" "Mozilla/5.0 (Windows NT 10.0; WOW64) AppleWebKit/537.36 (KHTML, like Gecko) Chrome/52.0.2743.116 Safari/537.36"
34.75.200.0 - - [30/Jun/2021:06:20:35 +0200] "GET /product/leistungsstarkes-17-zoll-hp-notebook/ HTTP/1.0" 200 13763 "-" "ZoominfoBot (zoominfobot at zoominfo dot com)"
81.169.178.0 - - [30/Jun/2021:06:20:36 +0200] "POST /wp-cron.php?doing_wp_cron=1625026836.0209441184997558593750 HTTP/1.1" 200 - "https://www.computerdoc24.de/wp-cron.php?doing_wp_cron=1625026836.0209441184997558593750" "WordPress/5.2.11; https://www.computerdoc24.de"
81.169.178.0 - - [30/Jun/2021:06:22:30 +0200] "POST /wp-cron.php?doing_wp_cron=1625026950.1365749835968017578125 HTTP/1.1" 200 - "https://www.computerdoc24.de/wp-cron.php?doing_wp_cron=1625026950.1365749835968017578125" "WordPress/5.2.11; https://www.computerdoc24.de"
34.75.200.0 - - [30/Jun/2021:06:22:30 +0200] "GET /software/ HTTP/1.0" 200 8685 "-" "ZoominfoBot (zoominfobot at zoominfo dot com)"
81.169.178.0 - - [30/Jun/2021:06:24:43 +0200] "POST /wp-cron.php?doing_wp_cron=1625027083.8174960613250732421875 HTTP/1.1" 200 - "https://www.computerdoc24.de/wp-cron.php?doing_wp_cron=1625027083.8174960613250732421875" "WordPress/5.2.11; https://www.computerdoc24.de"
149.129.174.0 - - [30/Jun/2021:06:24:43 +0200] "GET /wp-login.php HTTP/1.1" 200 2238 "-" "Mozilla/5.0 (X11; Ubuntu; Linux x86_64; rv:62.0) Gecko/20100101 Firefox/62.0"
149.129.174.0 - - [30/Jun/2021:06:24:45 +0200] "POST /wp-login.php HTTP/1.1" 200 2589 "-" "Mozilla/5.0 (X11; Ubuntu; Linux x86_64; rv:62.0) Gecko/20100101 Firefox/62.0"
149.129.174.0 - - [30/Jun/2021:06:24:45 +0200] "POST /xmlrpc.php HTTP/1.1" 200 228 "-" "Mozilla/5.0 (X11; Ubuntu; Linux x86_64; rv:62.0) Gecko/20100101 Firefox/62.0"
34.75.200.0 - - [30/Jun/2021:06:25:02 +0200] "GET /xmlrpc.php?rsd HTTP/1.0" 200 310 "-" "ZoominfoBot (zoominfobot at zoominfo dot com)"
34.77.162.0 - - [30/Jun/2021:06:27:19 +0200] "GET / HTTP/1.1" 200 2691 "-" "Expanse, a Palo Alto Networks company, searches across the global IPv4 space multiple times per day to identify customers&#39; presences on the Internet. If you would like to be excluded from our scans, please send IP addresses/domains to: scaninfo@paloaltonetworks.com"
81.169.178.0 - - [30/Jun/2021:06:28:29 +0200] "POST /wp-cron.php?doing_wp_cron=1625027309.3147139549255371093750 HTTP/1.1" 200 - "https://www.computerdoc24.de/wp-cron.php?doing_wp_cron=1625027309.3147139549255371093750" "WordPress/5.2.11; https://www.computerdoc24.de"
34.75.200.0 - - [30/Jun/2021:06:28:29 +0200] "GET /product/leistungsstarkes-15-zoll-hp-notebook-silber/ HTTP/1.0" 200 13909 "-" "ZoominfoBot (zoominfobot at zoominfo dot com)"
114.119.149.0 - - [30/Jun/2021:06:28:46 +0200] "GET /en/unsere-produkte-und-services/innovative-ladeeinheiten/ HTTP/1.1" 200 10514 "-" "Mozilla/5.0 (Linux; Android 7.0;) AppleWebKit/537.36 (KHTML, like Gecko) Mobile Safari/537.36 (compatible; PetalBot;+https://webmaster.petalsearch.com/site/petalbot)"
202.189.180.0 - - [30/Jun/2021:06:31:25 +0200] "POST /wp-login.php HTTP/1.1" 200 2886 "-" "Mozilla/5.0 (Windows NT 6.1; Win64; x64) AppleWebKit/537.36 (KHTML, like Gecko) Chrome/80.0.3987.106 Safari/537.36"
81.169.178.0 - - [30/Jun/2021:06:32:03 +0200] "POST /wp-cron.php?doing_wp_cron=1625027523.1362569332122802734375 HTTP/1.1" 200 - "https://www.computerdoc24.de/wp-cron.php?doing_wp_cron=1625027523.1362569332122802734375" "WordPress/5.2.11; https://www.computerdoc24.de"
185.2.5.0 - - [30/Jun/2021:06:32:03 +0200] "POST /wp-login.php HTTP/1.1" 200 2637 "-" "Mozilla/5.0 (Windows NT 10.0; Win64; x64) AppleWebKit/537.36 (KHTML, like Gecko) Chrome/73.0.3683.75 Safari/537.36"
81.169.178.0 - - [30/Jun/2021:06:32:28 +0200] "POST /wp-cron.php?doing_wp_cron=1625027548.1099510192871093750000 HTTP/1.1" 200 - "https://www.computerdoc24.de/wp-cron.php?doing_wp_cron=1625027548.1099510192871093750000" "WordPress/5.2.11; https://www.computerdoc24.de"
34.75.200.0 - - [30/Jun/2021:06:32:27 +0200] "GET /datenschutzerklaerung/ HTTP/1.0" 200 21457 "-" "ZoominfoBot (zoominfobot at zoominfo dot com)"
81.169.178.0 - - [30/Jun/2021:06:33:35 +0200] "POST /wp-cron.php?doing_wp_cron=1625027615.2999019622802734375000 HTTP/1.1" 200 - "https://www.computerdoc24.de/wp-cron.php?doing_wp_cron=1625027615.2999019622802734375000" "WordPress/5.2.11; https://www.computerdoc24.de"
34.75.200.0 - - [30/Jun/2021:06:33:35 +0200] "GET /kontakt/ HTTP/1.0" 200 10810 "-" "ZoominfoBot (zoominfobot at zoominfo dot com)"
167.71.218.0 - - [30/Jun/2021:06:33:47 +0200] "GET /wp-login.php HTTP/1.1" 200 2743 "-" "Mozilla/5.0 (X11; Ubuntu; Linux x86_64; rv:62.0) Gecko/20100101 Firefox/62.0"
167.71.218.0 - - [30/Jun/2021:06:33:49 +0200] "POST /wp-login.php HTTP/1.1" 200 2880 "-" "Mozilla/5.0 (X11; Ubuntu; Linux x86_64; rv:62.0) Gecko/20100101 Firefox/62.0"
167.71.218.0 - - [30/Jun/2021:06:33:51 +0200] "GET /wp-login.php HTTP/1.1" 200 2743 "-" "Mozilla/5.0 (X11; Ubuntu; Linux x86_64; rv:62.0) Gecko/20100101 Firefox/62.0"
167.71.218.0 - - [30/Jun/2021:06:33:52 +0200] "POST /wp-login.php HTTP/1.1" 200 2844 "-" "Mozilla/5.0 (X11; Ubuntu; Linux x86_64; rv:62.0) Gecko/20100101 Firefox/62.0"
167.71.218.0 - - [30/Jun/2021:06:33:54 +0200] "POST /xmlrpc.php HTTP/1.1" 200 249 "-" "Mozilla/5.0 (X11; Ubuntu; Linux x86_64; rv:62.0) Gecko/20100101 Firefox/62.0"
114.119.154.0 - - [30/Jun/2021:06:34:35 +0200] "GET /en/impressum HTTP/1.1" 200 - "-" "Mozilla/5.0 (Linux; Android 7.0;) AppleWebKit/537.36 (KHTML, like Gecko) Mobile Safari/537.36 (compatible; PetalBot;+https://webmaster.petalsearch.com/site/petalbot)"
114.119.154.0 - - [30/Jun/2021:06:34:37 +0200] "GET /en/impressum/ HTTP/1.1" 200 13275 "-" "Mozilla/5.0 (Linux; Android 7.0;) AppleWebKit/537.36 (KHTML, like Gecko) Mobile Safari/537.36 (compatible; PetalBot;+https://webmaster.petalsearch.com/site/petalbot)"
114.119.138.0 - - [30/Jun/2021:06:41:46 +0200] "GET /en/unsere-produkte-und-services/kranbare-auflieger/ HTTP/1.1" 200 10429 "-" "Mozilla/5.0 (Linux; Android 7.0;) AppleWebKit/537.36 (KHTML, like Gecko) Mobile Safari/537.36 (compatible; PetalBot;+https://webmaster.petalsearch.com/site/petalbot)"
164.90.134.0 - - [30/Jun/2021:06:42:21 +0200] "GET /wp-login.php HTTP/1.1" 200 2748 "-" "Mozilla/5.0 (X11; Ubuntu; Linux x86_64; rv:62.0) Gecko/20100101 Firefox/62.0"
164.90.134.0 - - [30/Jun/2021:06:42:22 +0200] "POST /wp-login.php HTTP/1.1" 200 2884 "-" "Mozilla/5.0 (X11; Ubuntu; Linux x86_64; rv:62.0) Gecko/20100101 Firefox/62.0"
164.90.134.0 - - [30/Jun/2021:06:42:23 +0200] "POST /xmlrpc.php HTTP/1.1" 200 249 "-" "Mozilla/5.0 (X11; Ubuntu; Linux x86_64; rv:62.0) Gecko/20100101 Firefox/62.0"
81.169.178.0 - - [30/Jun/2021:06:42:29 +0200] "POST /wp-cron.php?doing_wp_cron=1625028149.0846490859985351562500 HTTP/1.1" 200 - "https://www.computerdoc24.de/wp-cron.php?doing_wp_cron=1625028149.0846490859985351562500" "WordPress/5.2.11; https://www.computerdoc24.de"
62.28.184.0 - - [30/Jun/2021:06:42:28 +0200] "GET /wp-login.php HTTP/1.1" 200 2238 "-" "Mozilla/5.0 (X11; Ubuntu; Linux x86_64; rv:62.0) Gecko/20100101 Firefox/62.0"
62.28.184.0 - - [30/Jun/2021:06:42:29 +0200] "POST /wp-login.php HTTP/1.1" 200 2589 "-" "Mozilla/5.0 (X11; Ubuntu; Linux x86_64; rv:62.0) Gecko/20100101 Firefox/62.0"
81.169.178.0 - - [30/Jun/2021:06:42:30 +0200] "POST /wp-cron.php?doing_wp_cron=1625028150.5341999530792236328125 HTTP/1.1" 200 - "https://www.computerdoc24.de/wp-cron.php?doing_wp_cron=1625028150.5341999530792236328125" "WordPress/5.2.11; https://www.computerdoc24.de"
62.28.184.0 - - [30/Jun/2021:06:42:30 +0200] "POST /xmlrpc.php HTTP/1.1" 503 7058 "-" "Mozilla/5.0 (X11; Ubuntu; Linux x86_64; rv:62.0) Gecko/20100101 Firefox/62.0"
81.169.178.0 - - [30/Jun/2021:06:46:56 +0200] "POST /wp-cron.php?doing_wp_cron=1625028416.0002288818359375000000 HTTP/1.1" 200 - "https://www.computerdoc24.de/wp-cron.php?doing_wp_cron=1625028416.0002288818359375000000" "WordPress/5.2.11; https://www.computerdoc24.de"
34.75.200.0 - - [30/Jun/2021:06:46:55 +0200] "GET /comments/feed/ HTTP/1.0" 200 451 "-" "ZoominfoBot (zoominfobot at zoominfo dot com)"
182.176.222.0 - - [30/Jun/2021:06:48:01 +0200] "GET /wp-login.php HTTP/1.1" 200 2748 "-" "Mozilla/5.0 (X11; Ubuntu; Linux x86_64; rv:62.0) Gecko/20100101 Firefox/62.0"
182.176.222.0 - - [30/Jun/2021:06:48:03 +0200] "POST /wp-login.php HTTP/1.1" 200 2886 "-" "Mozilla/5.0 (X11; Ubuntu; Linux x86_64; rv:62.0) Gecko/20100101 Firefox/62.0"
182.176.222.0 - - [30/Jun/2021:06:48:04 +0200] "POST /xmlrpc.php HTTP/1.1" 200 249 "-" "Mozilla/5.0 (X11; Ubuntu; Linux x86_64; rv:62.0) Gecko/20100101 Firefox/62.0"
81.169.178.0 - - [30/Jun/2021:06:49:19 +0200] "POST /wp-cron.php?doing_wp_cron=1625028558.9505600929260253906250 HTTP/1.1" 200 - "https://www.computerdoc24.de/wp-cron.php?doing_wp_cron=1625028558.9505600929260253906250" "WordPress/5.2.11; https://www.computerdoc24.de"
34.75.200.0 - - [30/Jun/2021:06:49:18 +0200] "GET /service/ HTTP/1.0" 200 12571 "-" "ZoominfoBot (zoominfobot at zoominfo dot com)"
34.74.184.0 - - [30/Jun/2021:06:49:20 +0200] "GET /robots.txt HTTP/1.0" 404 2607 "-" "ZoominfoBot (zoominfobot at zoominfo dot com)"
34.74.184.0 - - [30/Jun/2021:06:49:20 +0200] "GET /html/vorher_nachher.html HTTP/1.0" 200 2132 "-" "ZoominfoBot (zoominfobot at zoominfo dot com)"
81.169.178.0 - - [30/Jun/2021:06:51:06 +0200] "POST /wp-cron.php?doing_wp_cron=1625028666.0404820442199707031250 HTTP/1.1" 200 - "https://www.computerdoc24.de/wp-cron.php?doing_wp_cron=1625028666.0404820442199707031250" "WordPress/5.2.11; https://www.computerdoc24.de"
34.75.200.0 - - [30/Jun/2021:06:51:05 +0200] "GET /allgemeine-geschaeftsbedingungen/ HTTP/1.0" 200 11029 "-" "ZoominfoBot (zoominfobot at zoominfo dot com)"
34.74.184.0 - - [30/Jun/2021:06:51:07 +0200] "GET /robots.txt HTTP/1.0" 404 2591 "-" "ZoominfoBot (zoominfobot at zoominfo dot com)"
34.74.184.0 - - [30/Jun/2021:06:51:07 +0200] "GET /html/referenzen.html HTTP/1.0" 200 2727 "-" "ZoominfoBot (zoominfobot at zoominfo dot com)"
81.169.178.0 - - [30/Jun/2021:06:52:11 +0200] "POST /wp-cron.php?doing_wp_cron=1625028730.9993510246276855468750 HTTP/1.1" 200 - "https://www.computerdoc24.de/wp-cron.php?doing_wp_cron=1625028730.9993510246276855468750" "WordPress/5.2.11; https://www.computerdoc24.de"
34.75.200.0 - - [30/Jun/2021:06:52:10 +0200] "GET /feed/ HTTP/1.0" 200 477 "-" "ZoominfoBot (zoominfobot at zoominfo dot com)"
81.169.178.0 - - [30/Jun/2021:06:54:23 +0200] "POST /wp-cron.php?doing_wp_cron=1625028863.1092300415039062500000 HTTP/1.1" 200 - "https://www.computerdoc24.de/wp-cron.php?doing_wp_cron=1625028863.1092300415039062500000" "WordPress/5.2.11; https://www.computerdoc24.de"
34.75.200.0 - - [30/Jun/2021:06:54:22 +0200] "GET /presse/ HTTP/1.0" 200 9599 "-" "ZoominfoBot (zoominfobot at zoominfo dot com)"
81.169.178.0 - - [30/Jun/2021:06:55:00 +0200] "POST /wp-cron.php?doing_wp_cron=1625028900.1194579601287841796875 HTTP/1.1" 200 - "https://www.computerdoc24.de/wp-cron.php?doing_wp_cron=1625028900.1194579601287841796875" "WordPress/5.2.11; https://www.computerdoc24.de"
34.75.200.0 - - [30/Jun/2021:06:54:59 +0200] "GET /aktuelle-angebote/ HTTP/1.0" 200 12103 "-" "ZoominfoBot (zoominfobot at zoominfo dot com)"
66.249.75.0 - - [30/Jun/2021:06:55:03 +0200] "GET /robots.txt HTTP/1.1" 301 295 "-" "Mozilla/5.0 (compatible; Googlebot/2.1; +http://www.google.com/bot.html)"
81.169.178.0 - - [30/Jun/2021:06:56:13 +0200] "POST /wp-cron.php?doing_wp_cron=1625028973.2018210887908935546875 HTTP/1.1" 200 - "https://www.computerdoc24.de/wp-cron.php?doing_wp_cron=1625028973.2018210887908935546875" "WordPress/5.2.11; https://www.computerdoc24.de"
34.75.200.0 - - [30/Jun/2021:06:56:13 +0200] "GET /startseite/feed/ HTTP/1.0" 200 438 "-" "ZoominfoBot (zoominfobot at zoominfo dot com)"
81.169.178.0 - - [30/Jun/2021:06:57:44 +0200] "POST /wp-cron.php?doing_wp_cron=1625029064.4445359706878662109375 HTTP/1.1" 200 - "https://www.computerdoc24.de/wp-cron.php?doing_wp_cron=1625029064.4445359706878662109375" "WordPress/5.2.11; https://www.computerdoc24.de"
34.75.200.0 - - [30/Jun/2021:06:57:44 +0200] "GET /product/schoenes-gebrauchtes-lenovo-nb-ssd-neu/ HTTP/1.0" 200 13937 "-" "ZoominfoBot (zoominfobot at zoominfo dot com)"
81.169.178.0 - - [30/Jun/2021:06:59:24 +0200] "POST /wp-cron.php?doing_wp_cron=1625029164.1621439456939697265625 HTTP/1.1" 200 - "https://www.computerdoc24.de/wp-cron.php?doing_wp_cron=1625029164.1621439456939697265625" "WordPress/5.2.11; https://www.computerdoc24.de"
51.195.101.0 - - [30/Jun/2021:06:59:24 +0200] "GET /wp-login.php HTTP/1.1" 200 2238 "-" "Mozilla/5.0 (X11; Ubuntu; Linux x86_64; rv:62.0) Gecko/20100101 Firefox/62.0"
51.195.101.0 - - [30/Jun/2021:06:59:24 +0200] "POST /wp-login.php HTTP/1.1" 200 2589 "-" "Mozilla/5.0 (X11; Ubuntu; Linux x86_64; rv:62.0) Gecko/20100101 Firefox/62.0"
51.195.101.0 - - [30/Jun/2021:06:59:24 +0200] "POST /xmlrpc.php HTTP/1.1" 200 228 "-" "Mozilla/5.0 (X11; Ubuntu; Linux x86_64; rv:62.0) Gecko/20100101 Firefox/62.0"
81.169.178.0 - - [30/Jun/2021:07:02:12 +0200] "POST /wp-cron.php?doing_wp_cron=1625029332.5961389541625976562500 HTTP/1.1" 200 - "https://www.computerdoc24.de/wp-cron.php?doing_wp_cron=1625029332.5961389541625976562500" "WordPress/5.2.11; https://www.computerdoc24.de"
114.119.138.0 - - [30/Jun/2021:07:02:12 +0200] "GET /software/ HTTP/1.1" 200 8689 "-" "Mozilla/5.0 (Linux; Android 7.0;) AppleWebKit/537.36 (KHTML, like Gecko) Mobile Safari/537.36 (compatible; PetalBot;+https://webmaster.petalsearch.com/site/petalbot)"
81.169.178.0 - - [30/Jun/2021:07:02:20 +0200] "POST /wp-cron.php?doing_wp_cron=1625029340.2356729507446289062500 HTTP/1.1" 200 - "https://www.ipcbusiness.de/wp-cron.php?doing_wp_cron=1625029340.2356729507446289062500" "WordPress/5.6.4; https://www.ipcbusiness.de/it"
114.119.137.0 - - [30/Jun/2021:07:02:20 +0200] "GET /it/unsere-produkte-und-services/innovative-ladeeinheiten/ HTTP/1.1" 200 10577 "-" "Mozilla/5.0 (Linux; Android 7.0;) AppleWebKit/537.36 (KHTML, like Gecko) Mobile Safari/537.36 (compatible; PetalBot;+https://webmaster.petalsearch.com/site/petalbot)"
93.113.111.0 - - [30/Jun/2021:07:02:29 +0200] "GET /wp-login.php HTTP/1.1" 200 2743 "-" "Mozilla/5.0 (X11; Ubuntu; Linux x86_64; rv:62.0) Gecko/20100101 Firefox/62.0"
93.113.111.0 - - [30/Jun/2021:07:02:30 +0200] "POST /wp-login.php HTTP/1.1" 200 2880 "-" "Mozilla/5.0 (X11; Ubuntu; Linux x86_64; rv:62.0) Gecko/20100101 Firefox/62.0"
93.113.111.0 - - [30/Jun/2021:07:02:30 +0200] "GET /wp-login.php HTTP/1.1" 200 2743 "-" "Mozilla/5.0 (X11; Ubuntu; Linux x86_64; rv:62.0) Gecko/20100101 Firefox/62.0"
93.113.111.0 - - [30/Jun/2021:07:02:31 +0200] "POST /wp-login.php HTTP/1.1" 200 2878 "-" "Mozilla/5.0 (X11; Ubuntu; Linux x86_64; rv:62.0) Gecko/20100101 Firefox/62.0"
93.113.111.0 - - [30/Jun/2021:07:02:31 +0200] "POST /xmlrpc.php HTTP/1.1" 200 249 "-" "Mozilla/5.0 (X11; Ubuntu; Linux x86_64; rv:62.0) Gecko/20100101 Firefox/62.0"
81.169.178.0 - - [30/Jun/2021:07:02:40 +0200] "POST /wp-cron.php?doing_wp_cron=1625029360.8458778858184814453125 HTTP/1.1" 200 - "https://www.computerdoc24.de/wp-cron.php?doing_wp_cron=1625029360.8458778858184814453125" "WordPress/5.2.11; https://www.computerdoc24.de"
34.75.200.0 - - [30/Jun/2021:07:02:40 +0200] "GET /impressum/ HTTP/1.0" 200 10975 "-" "ZoominfoBot (zoominfobot at zoominfo dot com)"
64.62.197.0 - - [30/Jun/2021:07:02:57 +0200] "GET / HTTP/1.1" 403 2411 "-" "-"
66.249.75.0 - - [30/Jun/2021:07:05:01 +0200] "GET /ueber-uns/ HTTP/1.1" 301 295 "-" "Mozilla/5.0 (compatible; Googlebot/2.1; +http://www.google.com/bot.html)"
81.169.178.0 - - [30/Jun/2021:07:11:07 +0200] "POST /wp-cron.php?doing_wp_cron=1625029867.7148559093475341796875 HTTP/1.1" 200 - "https://www.computerdoc24.de/wp-cron.php?doing_wp_cron=1625029867.7148559093475341796875" "WordPress/5.2.11; https://www.computerdoc24.de"
34.75.200.0 - - [30/Jun/2021:07:11:07 +0200] "GET /fernwartung/ HTTP/1.0" 200 9273 "-" "ZoominfoBot (zoominfobot at zoominfo dot com)"
81.169.178.0 - - [30/Jun/2021:07:11:58 +0200] "POST /wp-cron.php?doing_wp_cron=1625029917.9355740547180175781250 HTTP/1.1" 200 - "https://www.computerdoc24.de/wp-cron.php?doing_wp_cron=1625029917.9355740547180175781250" "WordPress/5.2.11; https://www.computerdoc24.de"
96.62.119.0 - - [30/Jun/2021:07:11:57 +0200] "GET /wp-login.php HTTP/1.1" 200 2238 "-" "Mozilla/5.0 (X11; Ubuntu; Linux x86_64; rv:62.0) Gecko/20100101 Firefox/62.0"
96.62.119.0 - - [30/Jun/2021:07:11:58 +0200] "POST /wp-login.php HTTP/1.1" 200 2589 "-" "Mozilla/5.0 (X11; Ubuntu; Linux x86_64; rv:62.0) Gecko/20100101 Firefox/62.0"
96.62.119.0 - - [30/Jun/2021:07:11:59 +0200] "POST /xmlrpc.php HTTP/1.1" 503 7057 "-" "Mozilla/5.0 (X11; Ubuntu; Linux x86_64; rv:62.0) Gecko/20100101 Firefox/62.0"
34.74.184.0 - - [30/Jun/2021:07:12:14 +0200] "GET /html/impressum.html HTTP/1.0" 200 3769 "-" "ZoominfoBot (zoominfobot at zoominfo dot com)"
81.169.178.0 - - [30/Jun/2021:07:13:02 +0200] "POST /wp-cron.php?doing_wp_cron=1625029982.0363340377807617187500 HTTP/1.1" 200 - "https://www.computerdoc24.de/wp-cron.php?doing_wp_cron=1625029982.0363340377807617187500" "WordPress/5.2.11; https://www.computerdoc24.de"
114.119.138.0 - - [30/Jun/2021:07:13:01 +0200] "GET /product/logitech-mk270-wireless-desktop-combo/ HTTP/1.1" 200 15167 "-" "Mozilla/5.0 (Linux; Android 7.0;) AppleWebKit/537.36 (KHTML, like Gecko) Mobile Safari/537.36 (compatible; PetalBot;+https://webmaster.petalsearch.com/site/petalbot)"
103.224.80.0 - - [30/Jun/2021:07:14:31 +0200] "GET /wp-login.php HTTP/1.1" 200 2748 "-" "Mozilla/5.0 (X11; Ubuntu; Linux x86_64; rv:62.0) Gecko/20100101 Firefox/62.0"
103.224.80.0 - - [30/Jun/2021:07:14:33 +0200] "POST /wp-login.php HTTP/1.1" 200 2884 "-" "Mozilla/5.0 (X11; Ubuntu; Linux x86_64; rv:62.0) Gecko/20100101 Firefox/62.0"
103.224.80.0 - - [30/Jun/2021:07:14:35 +0200] "POST /xmlrpc.php HTTP/1.1" 200 249 "-" "Mozilla/5.0 (X11; Ubuntu; Linux x86_64; rv:62.0) Gecko/20100101 Firefox/62.0"
51.38.42.0 - - [30/Jun/2021:07:15:12 +0200] "GET /wp-login.php HTTP/1.1" 200 2748 "-" "Mozilla/5.0 (X11; Ubuntu; Linux x86_64; rv:62.0) Gecko/20100101 Firefox/62.0"
51.38.42.0 - - [30/Jun/2021:07:15:13 +0200] "POST /wp-login.php HTTP/1.1" 200 2886 "-" "Mozilla/5.0 (X11; Ubuntu; Linux x86_64; rv:62.0) Gecko/20100101 Firefox/62.0"
51.38.42.0 - - [30/Jun/2021:07:15:14 +0200] "POST /xmlrpc.php HTTP/1.1" 200 249 "-" "Mozilla/5.0 (X11; Ubuntu; Linux x86_64; rv:62.0) Gecko/20100101 Firefox/62.0"
114.119.138.0 - - [30/Jun/2021:07:15:47 +0200] "GET /impressum/ HTTP/1.1" 200 13629 "-" "Mozilla/5.0 (Linux; Android 7.0;) AppleWebKit/537.36 (KHTML, like Gecko) Mobile Safari/537.36 (compatible; PetalBot;+https://webmaster.petalsearch.com/site/petalbot)"
34.74.184.0 - - [30/Jun/2021:07:19:37 +0200] "GET /index.html HTTP/1.0" 200 2590 "-" "ZoominfoBot (zoominfobot at zoominfo dot com)"
35.232.55.0 - - [30/Jun/2021:07:20:02 +0200] "GET / HTTP/1.1" 200 18796 "-" "Mozilla/5.0 (Linux; Android 5.1.1; SM-J111F) AppleWebKit/537.36 (KHTML, like Gecko) Chrome/73.0.3683.90 Mobile Safari/537.36"
35.232.55.0 - - [30/Jun/2021:07:20:03 +0200] "GET /blog/ HTTP/1.1" 200 12173 "-" "Mozilla/5.0 (Linux; Android 5.1.1; SM-J111F) AppleWebKit/537.36 (KHTML, like Gecko) Chrome/73.0.3683.90 Mobile Safari/537.36"
35.232.55.0 - - [30/Jun/2021:07:20:05 +0200] "GET /wp/ HTTP/1.1" 200 12170 "-" "Mozilla/5.0 (Linux; Android 5.1.1; SM-J111F) AppleWebKit/537.36 (KHTML, like Gecko) Chrome/73.0.3683.90 Mobile Safari/537.36"
35.232.55.0 - - [30/Jun/2021:07:20:06 +0200] "GET /wordpress/ HTTP/1.1" 200 12175 "-" "Mozilla/5.0 (Linux; Android 5.1.1; SM-J111F) AppleWebKit/537.36 (KHTML, like Gecko) Chrome/73.0.3683.90 Mobile Safari/537.36"
35.232.55.0 - - [30/Jun/2021:07:20:07 +0200] "GET /new/ HTTP/1.1" 200 12172 "-" "Mozilla/5.0 (Linux; Android 5.1.1; SM-J111F) AppleWebKit/537.36 (KHTML, like Gecko) Chrome/73.0.3683.90 Mobile Safari/537.36"
35.232.55.0 - - [30/Jun/2021:07:20:08 +0200] "GET /old/ HTTP/1.1" 200 12172 "-" "Mozilla/5.0 (Linux; Android 5.1.1; SM-J111F) AppleWebKit/537.36 (KHTML, like Gecko) Chrome/73.0.3683.90 Mobile Safari/537.36"
35.232.55.0 - - [30/Jun/2021:07:20:09 +0200] "GET /test/ HTTP/1.1" 200 12173 "-" "Mozilla/5.0 (Linux; Android 5.1.1; SM-J111F) AppleWebKit/537.36 (KHTML, like Gecko) Chrome/73.0.3683.90 Mobile Safari/537.36"
35.232.55.0 - - [30/Jun/2021:07:20:10 +0200] "GET /main/ HTTP/1.1" 200 12173 "-" "Mozilla/5.0 (Linux; Android 5.1.1; SM-J111F) AppleWebKit/537.36 (KHTML, like Gecko) Chrome/73.0.3683.90 Mobile Safari/537.36"
35.232.55.0 - - [30/Jun/2021:07:20:11 +0200] "GET /site/ HTTP/1.1" 200 12173 "-" "Mozilla/5.0 (Linux; Android 5.1.1; SM-J111F) AppleWebKit/537.36 (KHTML, like Gecko) Chrome/73.0.3683.90 Mobile Safari/537.36"
35.232.55.0 - - [30/Jun/2021:07:20:13 +0200] "GET /backup/ HTTP/1.1" 403 2421 "-" "Mozilla/5.0 (Linux; Android 5.1.1; SM-J111F) AppleWebKit/537.36 (KHTML, like Gecko) Chrome/73.0.3683.90 Mobile Safari/537.36"
35.232.55.0 - - [30/Jun/2021:07:20:13 +0200] "GET /demo/ HTTP/1.1" 200 12173 "-" "Mozilla/5.0 (Linux; Android 5.1.1; SM-J111F) AppleWebKit/537.36 (KHTML, like Gecko) Chrome/73.0.3683.90 Mobile Safari/537.36"
35.232.55.0 - - [30/Jun/2021:07:20:14 +0200] "GET /home/ HTTP/1.1" 200 12172 "-" "Mozilla/5.0 (Linux; Android 5.1.1; SM-J111F) AppleWebKit/537.36 (KHTML, like Gecko) Chrome/73.0.3683.90 Mobile Safari/537.36"
35.232.55.0 - - [30/Jun/2021:07:20:15 +0200] "GET /tmp/ HTTP/1.1" 200 12172 "-" "Mozilla/5.0 (Linux; Android 5.1.1; SM-J111F) AppleWebKit/537.36 (KHTML, like Gecko) Chrome/73.0.3683.90 Mobile Safari/537.36"
35.232.55.0 - - [30/Jun/2021:07:20:16 +0200] "GET /cms/ HTTP/1.1" 200 12173 "-" "Mozilla/5.0 (Linux; Android 5.1.1; SM-J111F) AppleWebKit/537.36 (KHTML, like Gecko) Chrome/73.0.3683.90 Mobile Safari/537.36"
35.232.55.0 - - [30/Jun/2021:07:20:18 +0200] "GET /dev/ HTTP/1.1" 200 12172 "-" "Mozilla/5.0 (Linux; Android 5.1.1; SM-J111F) AppleWebKit/537.36 (KHTML, like Gecko) Chrome/73.0.3683.90 Mobile Safari/537.36"
35.232.55.0 - - [30/Jun/2021:07:20:19 +0200] "GET /old-wp/ HTTP/1.1" 200 12173 "-" "Mozilla/5.0 (Linux; Android 5.1.1; SM-J111F) AppleWebKit/537.36 (KHTML, like Gecko) Chrome/73.0.3683.90 Mobile Safari/537.36"
35.232.55.0 - - [30/Jun/2021:07:20:20 +0200] "GET /web/ HTTP/1.1" 200 12171 "-" "Mozilla/5.0 (Linux; Android 5.1.1; SM-J111F) AppleWebKit/537.36 (KHTML, like Gecko) Chrome/73.0.3683.90 Mobile Safari/537.36"
35.232.55.0 - - [30/Jun/2021:07:20:21 +0200] "GET /old-site/ HTTP/1.1" 200 12178 "-" "Mozilla/5.0 (Linux; Android 5.1.1; SM-J111F) AppleWebKit/537.36 (KHTML, like Gecko) Chrome/73.0.3683.90 Mobile Safari/537.36"
35.232.55.0 - - [30/Jun/2021:07:20:23 +0200] "GET /temp/ HTTP/1.1" 200 12173 "-" "Mozilla/5.0 (Linux; Android 5.1.1; SM-J111F) AppleWebKit/537.36 (KHTML, like Gecko) Chrome/73.0.3683.90 Mobile Safari/537.36"
35.232.55.0 - - [30/Jun/2021:07:20:24 +0200] "GET /2018/ HTTP/1.1" 200 12174 "-" "Mozilla/5.0 (Linux; Android 5.1.1; SM-J111F) AppleWebKit/537.36 (KHTML, like Gecko) Chrome/73.0.3683.90 Mobile Safari/537.36"
35.232.55.0 - - [30/Jun/2021:07:20:25 +0200] "GET /2019/ HTTP/1.1" 200 12174 "-" "Mozilla/5.0 (Linux; Android 5.1.1; SM-J111F) AppleWebKit/537.36 (KHTML, like Gecko) Chrome/73.0.3683.90 Mobile Safari/537.36"
35.232.55.0 - - [30/Jun/2021:07:20:27 +0200] "GET /bk/ HTTP/1.1" 200 12170 "-" "Mozilla/5.0 (Linux; Android 5.1.1; SM-J111F) AppleWebKit/537.36 (KHTML, like Gecko) Chrome/73.0.3683.90 Mobile Safari/537.36"
35.232.55.0 - - [30/Jun/2021:07:20:28 +0200] "GET /wp1/ HTTP/1.1" 200 12172 "-" "Mozilla/5.0 (Linux; Android 5.1.1; SM-J111F) AppleWebKit/537.36 (KHTML, like Gecko) Chrome/73.0.3683.90 Mobile Safari/537.36"
35.232.55.0 - - [30/Jun/2021:07:20:29 +0200] "GET /wp2/ HTTP/1.1" 200 12172 "-" "Mozilla/5.0 (Linux; Android 5.1.1; SM-J111F) AppleWebKit/537.36 (KHTML, like Gecko) Chrome/73.0.3683.90 Mobile Safari/537.36"
35.232.55.0 - - [30/Jun/2021:07:20:30 +0200] "GET /v1/ HTTP/1.1" 200 12170 "-" "Mozilla/5.0 (Linux; Android 5.1.1; SM-J111F) AppleWebKit/537.36 (KHTML, like Gecko) Chrome/73.0.3683.90 Mobile Safari/537.36"
35.232.55.0 - - [30/Jun/2021:07:20:31 +0200] "GET /v2/ HTTP/1.1" 200 12170 "-" "Mozilla/5.0 (Linux; Android 5.1.1; SM-J111F) AppleWebKit/537.36 (KHTML, like Gecko) Chrome/73.0.3683.90 Mobile Safari/537.36"
35.232.55.0 - - [30/Jun/2021:07:20:32 +0200] "GET /bak/ HTTP/1.1" 200 12173 "-" "Mozilla/5.0 (Linux; Android 5.1.1; SM-J111F) AppleWebKit/537.36 (KHTML, like Gecko) Chrome/73.0.3683.90 Mobile Safari/537.36"
35.232.55.0 - - [30/Jun/2021:07:20:34 +0200] "GET /install/ HTTP/1.1" 200 12176 "-" "Mozilla/5.0 (Linux; Android 5.1.1; SM-J111F) AppleWebKit/537.36 (KHTML, like Gecko) Chrome/73.0.3683.90 Mobile Safari/537.36"
35.232.55.0 - - [30/Jun/2021:07:20:35 +0200] "GET /2020/ HTTP/1.1" 200 12174 "-" "Mozilla/5.0 (Linux; Android 5.1.1; SM-J111F) AppleWebKit/537.36 (KHTML, like Gecko) Chrome/73.0.3683.90 Mobile Safari/537.36"
35.232.55.0 - - [30/Jun/2021:07:20:36 +0200] "GET /new-site/ HTTP/1.1" 200 12180 "-" "Mozilla/5.0 (Linux; Android 5.1.1; SM-J111F) AppleWebKit/537.36 (KHTML, like Gecko) Chrome/73.0.3683.90 Mobile Safari/537.36"
34.74.184.0 - - [30/Jun/2021:07:20:40 +0200] "GET /html/anfahrtskosten.html HTTP/1.0" 200 2353 "-" "ZoominfoBot (zoominfobot at zoominfo dot com)"
81.169.178.0 - - [30/Jun/2021:07:20:45 +0200] "POST /wp-cron.php?doing_wp_cron=1625030445.5947940349578857421875 HTTP/1.1" 200 - "http://www.computerdoc24.de/wp-cron.php?doing_wp_cron=1625030445.5947940349578857421875" "WordPress/5.2.11; https://www.computerdoc24.de"
188.68.216.0 - - [30/Jun/2021:07:20:45 +0200] "GET /wp-login.php HTTP/1.0" 302 - "http://computerdoc24.de/wp-login.php" "Mozilla/5.0 (Windows NT 10.0; Win64; x64) AppleWebKit/537.36 (KHTML, like Gecko) Chrome/83.0.4096.0 Safari/537.36"
188.68.216.0 - - [30/Jun/2021:07:20:46 +0200] "GET /wp-admin/ HTTP/1.0" 302 - "https://www.computerdoc24.de/wp-admin/" "Mozilla/5.0 (Windows NT 10.0; Win64; x64) AppleWebKit/537.36 (KHTML, like Gecko) Chrome/83.0.4096.0 Safari/537.36"
188.68.216.0 - - [30/Jun/2021:07:20:46 +0200] "GET /wp-login.php?redirect_to=https%3A%2F%2Fwww.computerdoc24.de%2Fwp-admin%2F&reauth=1 HTTP/1.0" 200 8144 "https://www.computerdoc24.de/wp-login.php?redirect_to=https%3A%2F%2Fwww.computerdoc24.de%2Fwp-admin%2F&reauth=1" "Mozilla/5.0 (Windows NT 10.0; Win64; x64) AppleWebKit/537.36 (KHTML, like Gecko) Chrome/83.0.4096.0 Safari/537.36"
34.74.184.0 - - [30/Jun/2021:07:21:58 +0200] "GET /html/impressum.html HTTP/1.0" 200 3769 "-" "ZoominfoBot (zoominfobot at zoominfo dot com)"
66.249.87.0 - - [30/Jun/2021:07:23:20 +0200] "GET /html/site.css HTTP/1.1" 200 88 "https://www.reinigungsprofi-weck.de/" "AdsBot-Google (+http://www.google.com/adsbot.html)"
66.249.87.0 - - [30/Jun/2021:07:23:31 +0200] "GET /html/style.css HTTP/1.1" 200 458 "https://www.reinigungsprofi-weck.de/" "AdsBot-Google (+http://www.google.com/adsbot.html)"
66.249.87.0 - - [30/Jun/2021:07:23:45 +0200] "GET /html/fusion.css HTTP/1.1" 200 1161 "https://www.reinigungsprofi-weck.de/" "AdsBot-Google (+http://www.google.com/adsbot.html)"
81.169.178.0 - - [30/Jun/2021:07:24:17 +0200] "POST /wp-cron.php?doing_wp_cron=1625030657.0079329013824462890625 HTTP/1.1" 200 - "https://www.computerdoc24.de/wp-cron.php?doing_wp_cron=1625030657.0079329013824462890625" "WordPress/5.2.11; https://www.computerdoc24.de"
54.36.148.0 - - [30/Jun/2021:07:24:16 +0200] "GET /product/schoenes-gebrauchtes-lenovo-nb-ssd-neu/ HTTP/1.1" 200 13899 "-" "Mozilla/5.0 (compatible; AhrefsBot/7.0; +http://ahrefs.com/robot/)"
66.249.72.0 - - [30/Jun/2021:07:25:02 +0200] "GET /robots.txt HTTP/1.1" 200 2691 "-" "Mozilla/5.0 (compatible; Googlebot/2.1; +http://www.google.com/bot.html)"
66.249.72.0 - - [30/Jun/2021:07:25:02 +0200] "GET / HTTP/1.1" 200 2691 "-" "Mozilla/5.0 (Linux; Android 6.0.1; Nexus 5X Build/MMB29P) AppleWebKit/537.36 (KHTML, like Gecko) Chrome/91.0.4472.90 Mobile Safari/537.36 (compatible; Googlebot/2.1; +http://www.google.com/bot.html)"
74.120.14.0 - - [30/Jun/2021:07:27:51 +0200] "GET / HTTP/1.1" 403 2411 "-" "-"
74.120.14.0 - - [30/Jun/2021:07:27:52 +0200] "GET / HTTP/1.1" 403 2411 "-" "Mozilla/5.0 (compatible; CensysInspect/1.1; +https://about.censys.io/)"
157.55.39.0 - - [30/Jun/2021:07:27:59 +0200] "GET /sitemap_index.xml HTTP/1.1" 301 302 "-" "Mozilla/5.0 (compatible; bingbot/2.0; +http://www.bing.com/bingbot.htm)"
34.74.184.0 - - [30/Jun/2021:07:28:44 +0200] "GET /index.html HTTP/1.0" 200 2590 "-" "ZoominfoBot (zoominfobot at zoominfo dot com)"
34.74.184.0 - - [30/Jun/2021:07:29:09 +0200] "GET /html/kontakt.html HTTP/1.0" 200 2033 "-" "ZoominfoBot (zoominfobot at zoominfo dot com)"
144.91.107.0 - - [30/Jun/2021:07:30:10 +0200] "GET /wp-login.php HTTP/1.1" 200 2743 "-" "Mozilla/5.0 (X11; Ubuntu; Linux x86_64; rv:62.0) Gecko/20100101 Firefox/62.0"
144.91.107.0 - - [30/Jun/2021:07:30:11 +0200] "POST /wp-login.php HTTP/1.1" 200 2880 "-" "Mozilla/5.0 (X11; Ubuntu; Linux x86_64; rv:62.0) Gecko/20100101 Firefox/62.0"
144.91.107.0 - - [30/Jun/2021:07:30:12 +0200] "GET /wp-login.php HTTP/1.1" 200 2743 "-" "Mozilla/5.0 (X11; Ubuntu; Linux x86_64; rv:62.0) Gecko/20100101 Firefox/62.0"
144.91.107.0 - - [30/Jun/2021:07:30:12 +0200] "POST /wp-login.php HTTP/1.1" 200 2878 "-" "Mozilla/5.0 (X11; Ubuntu; Linux x86_64; rv:62.0) Gecko/20100101 Firefox/62.0"
144.91.107.0 - - [30/Jun/2021:07:30:13 +0200] "POST /xmlrpc.php HTTP/1.1" 200 249 "-" "Mozilla/5.0 (X11; Ubuntu; Linux x86_64; rv:62.0) Gecko/20100101 Firefox/62.0"
81.169.178.0 - - [30/Jun/2021:07:31:59 +0200] "POST /wp-cron.php?doing_wp_cron=1625031119.1175770759582519531250 HTTP/1.1" 200 - "https://www.computerdoc24.de/wp-cron.php?doing_wp_cron=1625031119.1175770759582519531250" "WordPress/5.2.11; https://www.computerdoc24.de"
221.143.48.0 - - [30/Jun/2021:07:31:58 +0200] "GET /wp-login.php HTTP/1.1" 200 2238 "-" "Mozilla/5.0 (X11; Ubuntu; Linux x86_64; rv:62.0) Gecko/20100101 Firefox/62.0"
221.143.48.0 - - [30/Jun/2021:07:32:01 +0200] "POST /wp-login.php HTTP/1.1" 200 2589 "-" "Mozilla/5.0 (X11; Ubuntu; Linux x86_64; rv:62.0) Gecko/20100101 Firefox/62.0"
221.143.48.0 - - [30/Jun/2021:07:32:02 +0200] "POST /xmlrpc.php HTTP/1.1" 200 228 "-" "Mozilla/5.0 (X11; Ubuntu; Linux x86_64; rv:62.0) Gecko/20100101 Firefox/62.0"
47.90.219.0 - - [30/Jun/2021:07:33:29 +0200] "GET /.env HTTP/1.1" 404 2539 "-" "Mozilla/5.0 (X11; Linux x86_64) AppleWebKit/537.36 (KHTML, like Gecko) Chrome/81.0.4044.129 Safari/537.36"
47.90.219.0 - - [30/Jun/2021:07:33:29 +0200] "POST / HTTP/1.1" 404 2531 "-" "Mozilla/5.0 (X11; Linux x86_64) AppleWebKit/537.36 (KHTML, like Gecko) Chrome/81.0.4044.129 Safari/537.36"
47.90.219.0 - - [30/Jun/2021:07:33:29 +0200] "GET /.env HTTP/1.1" 404 2543 "-" "Mozilla/5.0 (X11; Linux x86_64) AppleWebKit/537.36 (KHTML, like Gecko) Chrome/81.0.4044.129 Safari/537.36"
47.90.219.0 - - [30/Jun/2021:07:33:30 +0200] "POST / HTTP/1.1" 404 2535 "-" "Mozilla/5.0 (X11; Linux x86_64) AppleWebKit/537.36 (KHTML, like Gecko) Chrome/81.0.4044.129 Safari/537.36"
114.119.144.0 - - [30/Jun/2021:07:34:50 +0200] "GET /es/unsere-maerkte/destinationen/ HTTP/1.1" 200 10444 "-" "Mozilla/5.0 (Linux; Android 7.0;) AppleWebKit/537.36 (KHTML, like Gecko) Mobile Safari/537.36 (compatible; PetalBot;+https://webmaster.petalsearch.com/site/petalbot)"
54.36.148.0 - - [30/Jun/2021:07:35:45 +0200] "GET / HTTP/1.1" 200 16371 "-" "Mozilla/5.0 (compatible; AhrefsBot/7.0; +http://ahrefs.com/robot/)"
34.74.184.0 - - [30/Jun/2021:07:35:49 +0200] "GET /html/anfahrtskosten.html HTTP/1.0" 200 2353 "-" "ZoominfoBot (zoominfobot at zoominfo dot com)"
51.38.42.0 - - [30/Jun/2021:07:39:11 +0200] "GET /wp-login.php HTTP/1.1" 200 2238 "-" "Mozilla/5.0 (X11; Ubuntu; Linux x86_64; rv:62.0) Gecko/20100101 Firefox/62.0"
81.169.178.0 - - [30/Jun/2021:07:39:11 +0200] "POST /wp-cron.php?doing_wp_cron=1625031551.2253370285034179687500 HTTP/1.1" 200 - "https://www.computerdoc24.de/wp-cron.php?doing_wp_cron=1625031551.2253370285034179687500" "WordPress/5.2.11; https://www.computerdoc24.de"
51.38.42.0 - - [30/Jun/2021:07:39:12 +0200] "POST /wp-login.php HTTP/1.1" 200 2589 "-" "Mozilla/5.0 (X11; Ubuntu; Linux x86_64; rv:62.0) Gecko/20100101 Firefox/62.0"
51.38.42.0 - - [30/Jun/2021:07:39:12 +0200] "POST /xmlrpc.php HTTP/1.1" 200 228 "-" "Mozilla/5.0 (X11; Ubuntu; Linux x86_64; rv:62.0) Gecko/20100101 Firefox/62.0"
34.74.184.0 - - [30/Jun/2021:07:40:57 +0200] "GET /html/kontakt.html HTTP/1.0" 200 2033 "-" "ZoominfoBot (zoominfobot at zoominfo dot com)"
166.62.89.0 - - [30/Jun/2021:07:44:45 +0200] "GET /wp-login.php HTTP/1.1" 200 2748 "-" "Mozilla/5.0 (X11; Ubuntu; Linux x86_64; rv:62.0) Gecko/20100101 Firefox/62.0"
166.62.89.0 - - [30/Jun/2021:07:44:47 +0200] "POST /wp-login.php HTTP/1.1" 200 2886 "-" "Mozilla/5.0 (X11; Ubuntu; Linux x86_64; rv:62.0) Gecko/20100101 Firefox/62.0"
166.62.89.0 - - [30/Jun/2021:07:44:54 +0200] "POST /xmlrpc.php HTTP/1.1" 200 249 "-" "Mozilla/5.0 (X11; Ubuntu; Linux x86_64; rv:62.0) Gecko/20100101 Firefox/62.0"
34.74.184.0 - - [30/Jun/2021:07:48:46 +0200] "GET /html/referenzen.html HTTP/1.0" 200 2727 "-" "ZoominfoBot (zoominfobot at zoominfo dot com)"
114.119.138.0 - - [30/Jun/2021:07:48:58 +0200] "GET /unsere-produkte-und-services/kranbare-auflieger HTTP/1.1" 200 - "-" "Mozilla/5.0 (Linux; Android 7.0;) AppleWebKit/537.36 (KHTML, like Gecko) Mobile Safari/537.36 (compatible; PetalBot;+https://webmaster.petalsearch.com/site/petalbot)"
114.119.138.0 - - [30/Jun/2021:07:48:59 +0200] "GET /unsere-produkte-und-services/kranbare-auflieger/ HTTP/1.1" 200 10833 "-" "Mozilla/5.0 (Linux; Android 7.0;) AppleWebKit/537.36 (KHTML, like Gecko) Mobile Safari/537.36 (compatible; PetalBot;+https://webmaster.petalsearch.com/site/petalbot)"
185.2.5.0 - - [30/Jun/2021:07:51:18 +0200] "POST /wp-login.php HTTP/1.1" 200 2886 "-" "Mozilla/5.0 (Windows NT 6.1; WOW64) AppleWebKit/537.36 (KHTML, like Gecko) Chrome/47.0.2526.111 Safari/537.36"
81.169.178.0 - - [30/Jun/2021:07:52:04 +0200] "POST /wp-cron.php?doing_wp_cron=1625032324.7943160533905029296875 HTTP/1.1" 200 - "https://www.computerdoc24.de/wp-cron.php?doing_wp_cron=1625032324.7943160533905029296875" "WordPress/5.2.11; https://www.computerdoc24.de"
193.112.127.0 - - [30/Jun/2021:07:52:04 +0200] "POST /wp-login.php HTTP/1.1" 200 2637 "-" "Mozilla/5.0 (Windows NT 6.3; WOW64) AppleWebKit/537.36 (KHTML, like Gecko) Chrome/46.0.2490.80 Safari/537.36"
81.169.178.0 - - [30/Jun/2021:07:53:58 +0200] "POST /wp-cron.php?doing_wp_cron=1625032437.9598848819732666015625 HTTP/1.1" 200 - "https://www.ipcbusiness.de/wp-cron.php?doing_wp_cron=1625032437.9598848819732666015625" "WordPress/5.6.4; https://www.ipcbusiness.de/ru"
114.119.139.0 - - [30/Jun/2021:07:53:57 +0200] "GET /ru/ HTTP/1.1" 200 15571 "-" "Mozilla/5.0 (Linux; Android 7.0;) AppleWebKit/537.36 (KHTML, like Gecko) Mobile Safari/537.36 (compatible; PetalBot;+https://webmaster.petalsearch.com/site/petalbot)"
185.34.33.0 - - [30/Jun/2021:07:54:20 +0200] "GET /cf_scripts/scripts/ajax/ckeditor/plugins/filemanager/plugin.js HTTP/1.1" 200 2691 "-" "Mozilla/5.0 (Windows NT 10.0; Win64; x64) AppleWebKit/537.36 (KHTML, like Gecko) Chrome/89.0.3945.117 Safari/537.36"
66.249.72.0 - - [30/Jun/2021:07:55:27 +0200] "GET / HTTP/1.1" 200 2691 "-" "Mozilla/5.0 (Linux; Android 6.0.1; Nexus 5X Build/MMB29P) AppleWebKit/537.36 (KHTML, like Gecko) Chrome/91.0.4472.90 Mobile Safari/537.36 (compatible; Googlebot/2.1; +http://www.google.com/bot.html)"
34.74.184.0 - - [30/Jun/2021:07:55:32 +0200] "GET /html/vorher_nachher.html HTTP/1.0" 200 2132 "-" "ZoominfoBot (zoominfobot at zoominfo dot com)"
81.169.144.0 - - [30/Jun/2021:07:56:54 +0200] "POST /wp-cron.php?doing_wp_cron=1625032614.4179620742797851562500 HTTP/1.1" 200 - "http://www.computerdoc24.de/wp-cron.php?doing_wp_cron=1625032614.4179620742797851562500" "WordPress/5.2.2; https://www.computerdoc24.de"
114.119.138.0 - - [30/Jun/2021:07:58:33 +0200] "GET /uk/unsere-maerkte/feste-routen/ HTTP/1.1" 200 11174 "-" "Mozilla/5.0 (Linux; Android 7.0;) AppleWebKit/537.36 (KHTML, like Gecko) Mobile Safari/537.36 (compatible; PetalBot;+https://webmaster.petalsearch.com/site/petalbot)"
185.59.44.0 - - [30/Jun/2021:07:59:57 +0200] "GET /wp-login.php HTTP/1.1" 200 2743 "-" "Mozilla/5.0 (X11; Ubuntu; Linux x86_64; rv:62.0) Gecko/20100101 Firefox/62.0"
185.59.44.0 - - [30/Jun/2021:07:59:58 +0200] "POST /wp-login.php HTTP/1.1" 200 2880 "-" "Mozilla/5.0 (X11; Ubuntu; Linux x86_64; rv:62.0) Gecko/20100101 Firefox/62.0"
185.59.44.0 - - [30/Jun/2021:07:59:58 +0200] "GET /wp-login.php HTTP/1.1" 200 2743 "-" "Mozilla/5.0 (X11; Ubuntu; Linux x86_64; rv:62.0) Gecko/20100101 Firefox/62.0"
185.59.44.0 - - [30/Jun/2021:07:59:59 +0200] "POST /wp-login.php HTTP/1.1" 200 2878 "-" "Mozilla/5.0 (X11; Ubuntu; Linux x86_64; rv:62.0) Gecko/20100101 Firefox/62.0"
185.59.44.0 - - [30/Jun/2021:08:00:00 +0200] "POST /xmlrpc.php HTTP/1.1" 200 249 "-" "Mozilla/5.0 (X11; Ubuntu; Linux x86_64; rv:62.0) Gecko/20100101 Firefox/62.0"
137.117.178.0 - - [30/Jun/2021:08:00:25 +0200] "POST /xmlrpc.php HTTP/1.1" 301 241 "-" "Mozilla/5.0 (Macintosh; U; Intel Mac OS X 10.6; fr; rv:1.9.2.8) Gecko/20100722 Firefox/3.6.8"
185.191.171.0 - - [30/Jun/2021:08:01:36 +0200] "GET /robots.txt HTTP/1.1" 200 69 "-" "Mozilla/5.0 (compatible; SemrushBot/7~bl; +http://www.semrush.com/bot.html)"
185.191.171.0 - - [30/Jun/2021:08:01:37 +0200] "GET /fr/unsere-produkte-und-services/digitale-loesungen-ueberwachung-der-ladeeinheiten/ HTTP/1.1" 200 10642 "-" "Mozilla/5.0 (compatible; SemrushBot/7~bl; +http://www.semrush.com/bot.html)"
185.220.101.0 - - [30/Jun/2021:08:03:52 +0200] "POST /xmlrpc.php HTTP/1.0" 301 241 "-" "Mozilla/5.0 (iPad; CPU OS 11_4_1 like Mac OS X) AppleWebKit/605.1.15 (KHTML, like Gecko) Version/11.0 Mobile/15E148 Safari/604.1"
185.220.101.0 - - [30/Jun/2021:08:03:52 +0200] "POST /xmlrpc.php HTTP/1.0" 200 429 "-" "Mozilla/5.0 (iPad; CPU OS 11_4_1 like Mac OS X) AppleWebKit/605.1.15 (KHTML, like Gecko) Version/11.0 Mobile/15E148 Safari/604.1"
81.169.178.0 - - [30/Jun/2021:08:05:00 +0200] "POST /wp-cron.php?doing_wp_cron=1625033100.2353379726409912109375 HTTP/1.1" 200 - "https://www.computerdoc24.de/wp-cron.php?doing_wp_cron=1625033100.2353379726409912109375" "WordPress/5.2.11; https://www.computerdoc24.de"
62.109.9.0 - - [30/Jun/2021:08:05:00 +0200] "GET /wp-login.php HTTP/1.1" 200 2238 "-" "Mozilla/5.0 (X11; Ubuntu; Linux x86_64; rv:62.0) Gecko/20100101 Firefox/62.0"
62.109.9.0 - - [30/Jun/2021:08:05:00 +0200] "POST /wp-login.php HTTP/1.1" 200 2589 "-" "Mozilla/5.0 (X11; Ubuntu; Linux x86_64; rv:62.0) Gecko/20100101 Firefox/62.0"
62.109.9.0 - - [30/Jun/2021:08:05:01 +0200] "POST /xmlrpc.php HTTP/1.1" 503 7057 "-" "Mozilla/5.0 (X11; Ubuntu; Linux x86_64; rv:62.0) Gecko/20100101 Firefox/62.0"
103.216.187.0 - - [30/Jun/2021:08:05:04 +0200] "GET / HTTP/1.1" 403 2409 "-" "Mozilla/5.0 (Macintosh; Intel Mac OS X 10_11_6) AppleWebKit/601.7.7 (KHTML, like Gecko) Version/9.1.2 Safari/601.7.7"
66.249.72.0 - - [30/Jun/2021:08:05:47 +0200] "GET /robots.txt HTTP/1.1" 200 2691 "-" "Mozilla/5.0 (compatible; Googlebot/2.1; +http://www.google.com/bot.html)"
66.249.72.0 - - [30/Jun/2021:08:05:47 +0200] "GET / HTTP/1.1" 200 2691 "-" "Mozilla/5.0 (Linux; Android 6.0.1; Nexus 5X Build/MMB29P) AppleWebKit/537.36 (KHTML, like Gecko) Chrome/91.0.4472.90 Mobile Safari/537.36 (compatible; Googlebot/2.1; +http://www.google.com/bot.html)"
81.169.178.0 - - [30/Jun/2021:08:08:35 +0200] "POST /wp-cron.php?doing_wp_cron=1625033315.7913329601287841796875 HTTP/1.1" 200 - "https://www.computerdoc24.de/wp-cron.php?doing_wp_cron=1625033315.7913329601287841796875" "WordPress/5.2.11; https://www.computerdoc24.de"
132.148.130.0 - - [30/Jun/2021:08:08:35 +0200] "GET /wp-login.php HTTP/1.1" 200 2238 "-" "Mozilla/5.0 (X11; Ubuntu; Linux x86_64; rv:62.0) Gecko/20100101 Firefox/62.0"
132.148.130.0 - - [30/Jun/2021:08:08:36 +0200] "POST /wp-login.php HTTP/1.1" 200 2589 "-" "Mozilla/5.0 (X11; Ubuntu; Linux x86_64; rv:62.0) Gecko/20100101 Firefox/62.0"
132.148.130.0 - - [30/Jun/2021:08:08:37 +0200] "POST /xmlrpc.php HTTP/1.1" 200 228 "-" "Mozilla/5.0 (X11; Ubuntu; Linux x86_64; rv:62.0) Gecko/20100101 Firefox/62.0"
114.119.130.0 - - [30/Jun/2021:08:11:44 +0200] "GET /it/unsere-maerkte/drehkreuze-service-partner/ HTTP/1.1" 200 10620 "-" "Mozilla/5.0 (Linux; Android 7.0;) AppleWebKit/537.36 (KHTML, like Gecko) Mobile Safari/537.36 (compatible; PetalBot;+https://webmaster.petalsearch.com/site/petalbot)"
185.208.182.0 - - [30/Jun/2021:08:13:45 +0200] "GET /wp-login.php HTTP/1.1" 200 2748 "-" "Mozilla/5.0 (X11; Ubuntu; Linux x86_64; rv:62.0) Gecko/20100101 Firefox/62.0"
185.208.182.0 - - [30/Jun/2021:08:13:46 +0200] "POST /wp-login.php HTTP/1.1" 200 2886 "-" "Mozilla/5.0 (X11; Ubuntu; Linux x86_64; rv:62.0) Gecko/20100101 Firefox/62.0"
185.208.182.0 - - [30/Jun/2021:08:13:47 +0200] "POST /xmlrpc.php HTTP/1.1" 200 249 "-" "Mozilla/5.0 (X11; Ubuntu; Linux x86_64; rv:62.0) Gecko/20100101 Firefox/62.0"
88.128.88.0 - - [30/Jun/2021:08:18:36 +0200] "GET / HTTP/1.1" 200 18794 "https://www.google.com/" "Mozilla/5.0 (Linux; Android 8.0.0; SM-G930F) AppleWebKit/537.36 (KHTML, like Gecko) Chrome/91.0.4472.120 Mobile Safari/537.36"
88.128.88.0 - - [30/Jun/2021:08:18:37 +0200] "GET /wp-includes/css/dist/block-library/style.min.css HTTP/1.1" 200 7849 "https://www.ipcbusiness.de/" "Mozilla/5.0 (Linux; Android 8.0.0; SM-G930F) AppleWebKit/537.36 (KHTML, like Gecko) Chrome/91.0.4472.120 Mobile Safari/537.36"
88.128.88.0 - - [30/Jun/2021:08:18:38 +0200] "GET /wp-includes/css/dist/block-library/theme.min.css HTTP/1.1" 200 741 "https://www.ipcbusiness.de/" "Mozilla/5.0 (Linux; Android 8.0.0; SM-G930F) AppleWebKit/537.36 (KHTML, like Gecko) Chrome/91.0.4472.120 Mobile Safari/537.36"
88.128.88.0 - - [30/Jun/2021:08:18:38 +0200] "GET /wp-content/plugins/contact-form-7/includes/css/styles.css HTTP/1.1" 200 932 "https://www.ipcbusiness.de/" "Mozilla/5.0 (Linux; Android 8.0.0; SM-G930F) AppleWebKit/537.36 (KHTML, like Gecko) Chrome/91.0.4472.120 Mobile Safari/537.36"
88.128.88.0 - - [30/Jun/2021:08:18:38 +0200] "GET /wp-content/plugins/shapepress-dsgvo/public/css/sp-dsgvo-public.min.css HTTP/1.1" 200 1087 "https://www.ipcbusiness.de/" "Mozilla/5.0 (Linux; Android 8.0.0; SM-G930F) AppleWebKit/537.36 (KHTML, like Gecko) Chrome/91.0.4472.120 Mobile Safari/537.36"
88.128.88.0 - - [30/Jun/2021:08:18:38 +0200] "GET /wp-content/plugins/shapepress-dsgvo/public/css/sp-dsgvo-popup.css HTTP/1.1" 200 3028 "https://www.ipcbusiness.de/" "Mozilla/5.0 (Linux; Android 8.0.0; SM-G930F) AppleWebKit/537.36 (KHTML, like Gecko) Chrome/91.0.4472.120 Mobile Safari/537.36"
88.128.88.0 - - [30/Jun/2021:08:18:38 +0200] "GET /wp-content/plugins/shapepress-dsgvo/public/css/bootstrap-grid.min.css HTTP/1.1" 200 6791 "https://www.ipcbusiness.de/" "Mozilla/5.0 (Linux; Android 8.0.0; SM-G930F) AppleWebKit/537.36 (KHTML, like Gecko) Chrome/91.0.4472.120 Mobile Safari/537.36"
88.128.88.0 - - [30/Jun/2021:08:18:38 +0200] "GET /wp-content/plugins/revslider/public/assets/css/rs6.css HTTP/1.1" 200 12698 "https://www.ipcbusiness.de/" "Mozilla/5.0 (Linux; Android 8.0.0; SM-G930F) AppleWebKit/537.36 (KHTML, like Gecko) Chrome/91.0.4472.120 Mobile Safari/537.36"
88.128.88.0 - - [30/Jun/2021:08:18:38 +0200] "GET /wp-content/plugins/shapepress-dsgvo/public/css/simplebar.min.css HTTP/1.1" 200 596 "https://www.ipcbusiness.de/" "Mozilla/5.0 (Linux; Android 8.0.0; SM-G930F) AppleWebKit/537.36 (KHTML, like Gecko) Chrome/91.0.4472.120 Mobile Safari/537.36"
88.128.88.0 - - [30/Jun/2021:08:18:38 +0200] "GET /wp-content/plugins/easy-fancybox/css/jquery.fancybox.min.css HTTP/1.1" 200 1111 "https://www.ipcbusiness.de/" "Mozilla/5.0 (Linux; Android 8.0.0; SM-G930F) AppleWebKit/537.36 (KHTML, like Gecko) Chrome/91.0.4472.120 Mobile Safari/537.36"
88.128.88.0 - - [30/Jun/2021:08:18:38 +0200] "GET /wp-content/uploads/smile_fonts/Defaults/Defaults.css HTTP/1.1" 200 4755 "https://www.ipcbusiness.de/" "Mozilla/5.0 (Linux; Android 8.0.0; SM-G930F) AppleWebKit/537.36 (KHTML, like Gecko) Chrome/91.0.4472.120 Mobile Safari/537.36"
88.128.88.0 - - [30/Jun/2021:08:18:38 +0200] "GET /wp-content/themes/lhst/lib/css/style.min.css HTTP/1.1" 200 38395 "https://www.ipcbusiness.de/" "Mozilla/5.0 (Linux; Android 8.0.0; SM-G930F) AppleWebKit/537.36 (KHTML, like Gecko) Chrome/91.0.4472.120 Mobile Safari/537.36"
88.128.88.0 - - [30/Jun/2021:08:18:38 +0200] "GET /wp-content/plugins/js_composer/assets/css/js_composer.min.css HTTP/1.1" 200 45790 "https://www.ipcbusiness.de/" "Mozilla/5.0 (Linux; Android 8.0.0; SM-G930F) AppleWebKit/537.36 (KHTML, like Gecko) Chrome/91.0.4472.120 Mobile Safari/537.36"
88.128.88.0 - - [30/Jun/2021:08:18:38 +0200] "GET /wp-content/themes/lhst/lib/css/bootstrap-responsive-1170.min.css HTTP/1.1" 200 1157 "https://www.ipcbusiness.de/" "Mozilla/5.0 (Linux; Android 8.0.0; SM-G930F) AppleWebKit/537.36 (KHTML, like Gecko) Chrome/91.0.4472.120 Mobile Safari/537.36"
88.128.88.0 - - [30/Jun/2021:08:18:38 +0200] "GET /wp-content/themes/lhst/includes/modules/module.fontawesome/source/css/font-awesome.min.css HTTP/1.1" 200 4680 "https://www.ipcbusiness.de/" "Mozilla/5.0 (Linux; Android 8.0.0; SM-G930F) AppleWebKit/537.36 (KHTML, like Gecko) Chrome/91.0.4472.120 Mobile Safari/537.36"
88.128.88.0 - - [30/Jun/2021:08:18:38 +0200] "GET /wp-content/plugins/wpglobus/includes/css/wpglobus.css HTTP/1.1" 200 541 "https://www.ipcbusiness.de/" "Mozilla/5.0 (Linux; Android 8.0.0; SM-G930F) AppleWebKit/537.36 (KHTML, like Gecko) Chrome/91.0.4472.120 Mobile Safari/537.36"
88.128.88.0 - - [30/Jun/2021:08:18:38 +0200] "GET /wp-content/themes/lhst/includes/modules/module.icomoon/source/css/icomoon.css HTTP/1.1" 200 8420 "https://www.ipcbusiness.de/" "Mozilla/5.0 (Linux; Android 8.0.0; SM-G930F) AppleWebKit/537.36 (KHTML, like Gecko) Chrome/91.0.4472.120 Mobile Safari/537.36"
88.128.88.0 - - [30/Jun/2021:08:18:38 +0200] "GET /wp-content/uploads/Default-Skin_54ce98c851b37c14ba88fe891dd1e475.css?lXZVpV0jtP HTTP/1.1" 200 4314 "https://www.ipcbusiness.de/" "Mozilla/5.0 (Linux; Android 8.0.0; SM-G930F) AppleWebKit/537.36 (KHTML, like Gecko) Chrome/91.0.4472.120 Mobile Safari/537.36"
88.128.88.0 - - [30/Jun/2021:08:18:38 +0200] "GET /wp-content/plugins/js_composer/assets/lib/prettyphoto/css/prettyPhoto.min.css HTTP/1.1" 200 2797 "https://www.ipcbusiness.de/" "Mozilla/5.0 (Linux; Android 8.0.0; SM-G930F) AppleWebKit/537.36 (KHTML, like Gecko) Chrome/91.0.4472.120 Mobile Safari/537.36"
88.128.88.0 - - [30/Jun/2021:08:18:38 +0200] "GET /wp-includes/js/jquery/jquery.min.js HTTP/1.1" 200 30916 "https://www.ipcbusiness.de/" "Mozilla/5.0 (Linux; Android 8.0.0; SM-G930F) AppleWebKit/537.36 (KHTML, like Gecko) Chrome/91.0.4472.120 Mobile Safari/537.36"
88.128.88.0 - - [30/Jun/2021:08:18:38 +0200] "GET /wp-includes/js/jquery/jquery-migrate.min.js HTTP/1.1" 200 4169 "https://www.ipcbusiness.de/" "Mozilla/5.0 (Linux; Android 8.0.0; SM-G930F) AppleWebKit/537.36 (KHTML, like Gecko) Chrome/91.0.4472.120 Mobile Safari/537.36"
88.128.88.0 - - [30/Jun/2021:08:18:38 +0200] "GET /wp-content/plugins/revslider/public/assets/js/rbtools.min.js HTTP/1.1" 200 46967 "https://www.ipcbusiness.de/" "Mozilla/5.0 (Linux; Android 8.0.0; SM-G930F) AppleWebKit/537.36 (KHTML, like Gecko) Chrome/91.0.4472.120 Mobile Safari/537.36"
88.128.88.0 - - [30/Jun/2021:08:18:38 +0200] "GET /wp-includes/js/utils.min.js HTTP/1.1" 200 828 "https://www.ipcbusiness.de/" "Mozilla/5.0 (Linux; Android 8.0.0; SM-G930F) AppleWebKit/537.36 (KHTML, like Gecko) Chrome/91.0.4472.120 Mobile Safari/537.36"
88.128.88.0 - - [30/Jun/2021:08:18:38 +0200] "GET /wp-content/plugins/shapepress-dsgvo/public/js/sp-dsgvo-public.js HTTP/1.1" 200 8228 "https://www.ipcbusiness.de/" "Mozilla/5.0 (Linux; Android 8.0.0; SM-G930F) AppleWebKit/537.36 (KHTML, like Gecko) Chrome/91.0.4472.120 Mobile Safari/537.36"
88.128.88.0 - - [30/Jun/2021:08:18:38 +0200] "GET /wp-content/plugins/revslider/public/assets/js/rs6.min.js HTTP/1.1" 200 86246 "https://www.ipcbusiness.de/" "Mozilla/5.0 (Linux; Android 8.0.0; SM-G930F) AppleWebKit/537.36 (KHTML, like Gecko) Chrome/91.0.4472.120 Mobile Safari/537.36"
88.128.88.0 - - [30/Jun/2021:08:18:38 +0200] "GET /wp-content/themes/lhst/lib/js/app.min.js HTTP/1.1" 200 31102 "https://www.ipcbusiness.de/" "Mozilla/5.0 (Linux; Android 8.0.0; SM-G930F) AppleWebKit/537.36 (KHTML, like Gecko) Chrome/91.0.4472.120 Mobile Safari/537.36"
88.128.88.0 - - [30/Jun/2021:08:18:38 +0200] "GET /wp-content/themes/lhst/includes/modules/module.to_top/source/to_top.js HTTP/1.1" 200 758 "https://www.ipcbusiness.de/" "Mozilla/5.0 (Linux; Android 8.0.0; SM-G930F) AppleWebKit/537.36 (KHTML, like Gecko) Chrome/91.0.4472.120 Mobile Safari/537.36"
88.128.88.0 - - [30/Jun/2021:08:18:38 +0200] "GET /wp-includes/js/dist/i18n.min.js HTTP/1.1" 200 3679 "https://www.ipcbusiness.de/" "Mozilla/5.0 (Linux; Android 8.0.0; SM-G930F) AppleWebKit/537.36 (KHTML, like Gecko) Chrome/91.0.4472.120 Mobile Safari/537.36"
88.128.88.0 - - [30/Jun/2021:08:18:38 +0200] "GET /wp-includes/js/dist/url.min.js HTTP/1.1" 200 4747 "https://www.ipcbusiness.de/" "Mozilla/5.0 (Linux; Android 8.0.0; SM-G930F) AppleWebKit/537.36 (KHTML, like Gecko) Chrome/91.0.4472.120 Mobile Safari/537.36"
88.128.88.0 - - [30/Jun/2021:08:18:38 +0200] "GET /wp-includes/js/dist/hooks.min.js HTTP/1.1" 200 2158 "https://www.ipcbusiness.de/" "Mozilla/5.0 (Linux; Android 8.0.0; SM-G930F) AppleWebKit/537.36 (KHTML, like Gecko) Chrome/91.0.4472.120 Mobile Safari/537.36"
88.128.88.0 - - [30/Jun/2021:08:18:38 +0200] "GET /wp-includes/js/dist/vendor/lodash.min.js HTTP/1.1" 200 25763 "https://www.ipcbusiness.de/" "Mozilla/5.0 (Linux; Android 8.0.0; SM-G930F) AppleWebKit/537.36 (KHTML, like Gecko) Chrome/91.0.4472.120 Mobile Safari/537.36"
88.128.88.0 - - [30/Jun/2021:08:18:38 +0200] "GET /wp-includes/js/dist/vendor/wp-polyfill.min.js HTTP/1.1" 200 34241 "https://www.ipcbusiness.de/" "Mozilla/5.0 (Linux; Android 8.0.0; SM-G930F) AppleWebKit/537.36 (KHTML, like Gecko) Chrome/91.0.4472.120 Mobile Safari/537.36"
