:: - - [29/Jun/2021:06:16:00 +0200] "OPTIONS * HTTP/1.0" 200 - "-" "Apache/2.4.6 (CentOS) OpenSSL/1.0.2k-fips mod_fcgid/2.3.9 (internal dummy connection)"
35.232.55.0 - - [29/Jun/2021:06:16:00 +0200] "GET /new-site/ HTTP/1.1" 200 2691 "-" "Mozilla/5.0 (Linux; Android 5.1.1; SM-J111F) AppleWebKit/537.36 (KHTML, like Gecko) Chrome/73.0.3683.90 Mobile Safari/537.36"
35.232.55.0 - - [29/Jun/2021:06:16:00 +0200] "GET /2020/ HTTP/1.1" 200 2691 "-" "Mozilla/5.0 (Linux; Android 5.1.1; SM-J111F) AppleWebKit/537.36 (KHTML, like Gecko) Chrome/73.0.3683.90 Mobile Safari/537.36"
35.232.55.0 - - [29/Jun/2021:06:16:00 +0200] "GET /new-site/ HTTP/1.1" 200 2691 "-" "Mozilla/5.0 (Linux; Android 5.1.1; SM-J111F) AppleWebKit/537.36 (KHTML, like Gecko) Chrome/73.0.3683.90 Mobile Safari/537.36"
:: - - [29/Jun/2021:06:16:01 +0200] "OPTIONS * HTTP/1.0" 200 - "-" "Apache/2.4.6 (CentOS) OpenSSL/1.0.2k-fips mod_fcgid/2.3.9 (internal dummy connection)"
:: - - [29/Jun/2021:06:16:02 +0200] "OPTIONS * HTTP/1.0" 200 - "-" "Apache/2.4.6 (CentOS) OpenSSL/1.0.2k-fips mod_fcgid/2.3.9 (internal dummy connection)"
:: - - [29/Jun/2021:06:16:03 +0200] "OPTIONS * HTTP/1.0" 200 - "-" "Apache/2.4.6 (CentOS) OpenSSL/1.0.2k-fips mod_fcgid/2.3.9 (internal dummy connection)"
:: - - [29/Jun/2021:06:16:04 +0200] "OPTIONS * HTTP/1.0" 200 - "-" "Apache/2.4.6 (CentOS) OpenSSL/1.0.2k-fips mod_fcgid/2.3.9 (internal dummy connection)"
:: - - [29/Jun/2021:06:16:05 +0200] "OPTIONS * HTTP/1.0" 200 - "-" "Apache/2.4.6 (CentOS) OpenSSL/1.0.2k-fips mod_fcgid/2.3.9 (internal dummy connection)"
:: - - [29/Jun/2021:06:16:06 +0200] "OPTIONS * HTTP/1.0" 200 - "-" "Apache/2.4.6 (CentOS) OpenSSL/1.0.2k-fips mod_fcgid/2.3.9 (internal dummy connection)"
:: - - [29/Jun/2021:06:16:07 +0200] "OPTIONS * HTTP/1.0" 200 - "-" "Apache/2.4.6 (CentOS) OpenSSL/1.0.2k-fips mod_fcgid/2.3.9 (internal dummy connection)"
:: - - [29/Jun/2021:06:16:08 +0200] "OPTIONS * HTTP/1.0" 200 - "-" "Apache/2.4.6 (CentOS) OpenSSL/1.0.2k-fips mod_fcgid/2.3.9 (internal dummy connection)"
:: - - [29/Jun/2021:06:16:09 +0200] "OPTIONS * HTTP/1.0" 200 - "-" "Apache/2.4.6 (CentOS) OpenSSL/1.0.2k-fips mod_fcgid/2.3.9 (internal dummy connection)"
:: - - [29/Jun/2021:06:16:10 +0200] "OPTIONS * HTTP/1.0" 200 - "-" "Apache/2.4.6 (CentOS) OpenSSL/1.0.2k-fips mod_fcgid/2.3.9 (internal dummy connection)"
:: - - [29/Jun/2021:06:16:11 +0200] "OPTIONS * HTTP/1.0" 200 - "-" "Apache/2.4.6 (CentOS) OpenSSL/1.0.2k-fips mod_fcgid/2.3.9 (internal dummy connection)"
:: - - [29/Jun/2021:06:16:12 +0200] "OPTIONS * HTTP/1.0" 200 - "-" "Apache/2.4.6 (CentOS) OpenSSL/1.0.2k-fips mod_fcgid/2.3.9 (internal dummy connection)"
:: - - [29/Jun/2021:06:16:13 +0200] "OPTIONS * HTTP/1.0" 200 - "-" "Apache/2.4.6 (CentOS) OpenSSL/1.0.2k-fips mod_fcgid/2.3.9 (internal dummy connection)"
:: - - [29/Jun/2021:06:16:14 +0200] "OPTIONS * HTTP/1.0" 200 - "-" "Apache/2.4.6 (CentOS) OpenSSL/1.0.2k-fips mod_fcgid/2.3.9 (internal dummy connection)"
:: - - [29/Jun/2021:06:16:15 +0200] "OPTIONS * HTTP/1.0" 200 - "-" "Apache/2.4.6 (CentOS) OpenSSL/1.0.2k-fips mod_fcgid/2.3.9 (internal dummy connection)"
:: - - [29/Jun/2021:06:16:16 +0200] "OPTIONS * HTTP/1.0" 200 - "-" "Apache/2.4.6 (CentOS) OpenSSL/1.0.2k-fips mod_fcgid/2.3.9 (internal dummy connection)"
:: - - [29/Jun/2021:06:16:17 +0200] "OPTIONS * HTTP/1.0" 200 - "-" "Apache/2.4.6 (CentOS) OpenSSL/1.0.2k-fips mod_fcgid/2.3.9 (internal dummy connection)"
:: - - [29/Jun/2021:06:16:18 +0200] "OPTIONS * HTTP/1.0" 200 - "-" "Apache/2.4.6 (CentOS) OpenSSL/1.0.2k-fips mod_fcgid/2.3.9 (internal dummy connection)"
:: - - [29/Jun/2021:06:16:19 +0200] "OPTIONS * HTTP/1.0" 200 - "-" "Apache/2.4.6 (CentOS) OpenSSL/1.0.2k-fips mod_fcgid/2.3.9 (internal dummy connection)"
:: - - [29/Jun/2021:06:16:20 +0200] "OPTIONS * HTTP/1.0" 200 - "-" "Apache/2.4.6 (CentOS) OpenSSL/1.0.2k-fips mod_fcgid/2.3.9 (internal dummy connection)"
:: - - [29/Jun/2021:06:16:21 +0200] "OPTIONS * HTTP/1.0" 200 - "-" "Apache/2.4.6 (CentOS) OpenSSL/1.0.2k-fips mod_fcgid/2.3.9 (internal dummy connection)"
:: - - [29/Jun/2021:06:16:22 +0200] "OPTIONS * HTTP/1.0" 200 - "-" "Apache/2.4.6 (CentOS) OpenSSL/1.0.2k-fips mod_fcgid/2.3.9 (internal dummy connection)"
:: - - [29/Jun/2021:06:16:23 +0200] "OPTIONS * HTTP/1.0" 200 - "-" "Apache/2.4.6 (CentOS) OpenSSL/1.0.2k-fips mod_fcgid/2.3.9 (internal dummy connection)"
:: - - [29/Jun/2021:06:16:24 +0200] "OPTIONS * HTTP/1.0" 200 - "-" "Apache/2.4.6 (CentOS) OpenSSL/1.0.2k-fips mod_fcgid/2.3.9 (internal dummy connection)"
:: - - [29/Jun/2021:06:16:25 +0200] "OPTIONS * HTTP/1.0" 200 - "-" "Apache/2.4.6 (CentOS) OpenSSL/1.0.2k-fips mod_fcgid/2.3.9 (internal dummy connection)"
:: - - [29/Jun/2021:06:16:26 +0200] "OPTIONS * HTTP/1.0" 200 - "-" "Apache/2.4.6 (CentOS) OpenSSL/1.0.2k-fips mod_fcgid/2.3.9 (internal dummy connection)"
:: - - [29/Jun/2021:06:16:27 +0200] "OPTIONS * HTTP/1.0" 200 - "-" "Apache/2.4.6 (CentOS) OpenSSL/1.0.2k-fips mod_fcgid/2.3.9 (internal dummy connection)"
:: - - [29/Jun/2021:06:16:28 +0200] "OPTIONS * HTTP/1.0" 200 - "-" "Apache/2.4.6 (CentOS) OpenSSL/1.0.2k-fips mod_fcgid/2.3.9 (internal dummy connection)"
:: - - [29/Jun/2021:06:16:29 +0200] "OPTIONS * HTTP/1.0" 200 - "-" "Apache/2.4.6 (CentOS) OpenSSL/1.0.2k-fips mod_fcgid/2.3.9 (internal dummy connection)"
:: - - [29/Jun/2021:06:16:30 +0200] "OPTIONS * HTTP/1.0" 200 - "-" "Apache/2.4.6 (CentOS) OpenSSL/1.0.2k-fips mod_fcgid/2.3.9 (internal dummy connection)"
:: - - [29/Jun/2021:06:16:31 +0200] "OPTIONS * HTTP/1.0" 200 - "-" "Apache/2.4.6 (CentOS) OpenSSL/1.0.2k-fips mod_fcgid/2.3.9 (internal dummy connection)"
:: - - [29/Jun/2021:06:16:32 +0200] "OPTIONS * HTTP/1.0" 200 - "-" "Apache/2.4.6 (CentOS) OpenSSL/1.0.2k-fips mod_fcgid/2.3.9 (internal dummy connection)"
194.226.139.0 - - [29/Jun/2021:06:16:33 +0200] "POST /tot43/DESKTOP-JGLLJLF_W10016299.1CF3DD28B304BBF734B33FBDF1762BBE/83/ HTTP/1.1" 404 2671 "-" "Mozilla/5.0 (Windows NT 10.0; Win64; x64; rv:80.0) Gecko/20100101 Firefox/80.0"
:: - - [29/Jun/2021:06:16:33 +0200] "OPTIONS * HTTP/1.0" 200 - "-" "Apache/2.4.6 (CentOS) OpenSSL/1.0.2k-fips mod_fcgid/2.3.9 (internal dummy connection)"
:: - - [29/Jun/2021:06:16:34 +0200] "OPTIONS * HTTP/1.0" 200 - "-" "Apache/2.4.6 (CentOS) OpenSSL/1.0.2k-fips mod_fcgid/2.3.9 (internal dummy connection)"
:: - - [29/Jun/2021:06:16:35 +0200] "OPTIONS * HTTP/1.0" 200 - "-" "Apache/2.4.6 (CentOS) OpenSSL/1.0.2k-fips mod_fcgid/2.3.9 (internal dummy connection)"
:: - - [29/Jun/2021:06:16:36 +0200] "OPTIONS * HTTP/1.0" 200 - "-" "Apache/2.4.6 (CentOS) OpenSSL/1.0.2k-fips mod_fcgid/2.3.9 (internal dummy connection)"
81.169.178.0 - - [29/Jun/2021:06:17:50 +0200] "POST /wp-cron.php?doing_wp_cron=1624940269.9407041072845458984375 HTTP/1.1" 200 - "https://www.computerdoc24.de/wp-cron.php?doing_wp_cron=1624940269.9407041072845458984375" "WordPress/5.2.11; https://www.computerdoc24.de"
114.119.128.0 - - [29/Jun/2021:06:17:49 +0200] "GET /product/top-17-zoll-hp-notebook-neu-2-jahre-garantie HTTP/1.1" 200 8204 "-" "Mozilla/5.0 (Linux; Android 7.0;) AppleWebKit/537.36 (KHTML, like Gecko) Mobile Safari/537.36 (compatible; PetalBot;+https://webmaster.petalsearch.com/site/petalbot)"
114.119.139.0 - - [29/Jun/2021:06:18:40 +0200] "GET /ru/auftraggeber/ HTTP/1.1" 200 10858 "-" "Mozilla/5.0 (Linux; Android 7.0;) AppleWebKit/537.36 (KHTML, like Gecko) Mobile Safari/537.36 (compatible; PetalBot;+https://webmaster.petalsearch.com/site/petalbot)"
114.119.154.0 - - [29/Jun/2021:06:19:11 +0200] "GET /robots.txt HTTP/1.1" 404 2611 "-" "Mozilla/5.0 (compatible;PetalBot;+https://webmaster.petalsearch.com/site/petalbot)"
207.46.13.0 - - [29/Jun/2021:06:20:13 +0200] "GET /wp-content/uploads/20201006_110331_HDR.jpg HTTP/1.1" 301 329 "-" "Mozilla/5.0 (compatible; bingbot/2.0; +http://www.bing.com/bingbot.htm)"
114.119.154.0 - - [29/Jun/2021:06:22:44 +0200] "GET /ru/unsere-maerkte/gueter/ HTTP/1.1" 200 10884 "-" "Mozilla/5.0 (Linux; Android 7.0;) AppleWebKit/537.36 (KHTML, like Gecko) Mobile Safari/537.36 (compatible; PetalBot;+https://webmaster.petalsearch.com/site/petalbot)"
51.195.57.0 - - [29/Jun/2021:06:22:55 +0200] "GET / HTTP/1.1" 403 2409 "-" "Mozilla/5.0 (Windows NT 10.0; Win64; x64; rv:55.0) Gecko/20100101 Firefox/55.0"
64.62.197.0 - - [29/Jun/2021:06:26:12 +0200] "GET / HTTP/1.1" 403 2411 "-" "-"
81.169.178.0 - - [29/Jun/2021:06:26:35 +0200] "POST /wp-cron.php?doing_wp_cron=1624940795.6212110519409179687500 HTTP/1.1" 200 - "https://www.computerdoc24.de/wp-cron.php?doing_wp_cron=1624940795.6212110519409179687500" "WordPress/5.2.11; https://www.computerdoc24.de"
51.210.111.0 - - [29/Jun/2021:06:26:35 +0200] "POST /wp-login.php HTTP/1.1" 503 7057 "-" "Mozilla/5.0 (Windows NT 6.1) AppleWebKit/537.36 (KHTML, like Gecko) Chrome/59.0.3071.115 Safari/537.36"
167.172.151.0 - - [29/Jun/2021:06:26:39 +0200] "POST /wp-login.php HTTP/1.1" 200 2884 "-" "Mozilla/5.0 (Windows NT 6.3; Win64; x64) AppleWebKit/537.36 (KHTML, like Gecko) Chrome/77.0.3865.90 Safari/537.36"
114.119.137.0 - - [29/Jun/2021:06:26:45 +0200] "GET /en HTTP/1.1" 200 - "-" "Mozilla/5.0 (Linux; Android 7.0;) AppleWebKit/537.36 (KHTML, like Gecko) Mobile Safari/537.36 (compatible; PetalBot;+https://webmaster.petalsearch.com/site/petalbot)"
114.119.137.0 - - [29/Jun/2021:06:26:46 +0200] "GET /en/ HTTP/1.1" 200 14617 "-" "Mozilla/5.0 (Linux; Android 7.0;) AppleWebKit/537.36 (KHTML, like Gecko) Mobile Safari/537.36 (compatible; PetalBot;+https://webmaster.petalsearch.com/site/petalbot)"
114.119.149.0 - - [29/Jun/2021:06:30:50 +0200] "GET /ru/unsere-produkte-und-services/ HTTP/1.1" 200 10823 "-" "Mozilla/5.0 (Linux; Android 7.0;) AppleWebKit/537.36 (KHTML, like Gecko) Mobile Safari/537.36 (compatible; PetalBot;+https://webmaster.petalsearch.com/site/petalbot)"
123.160.221.0 - - [29/Jun/2021:06:31:29 +0200] "\x16\x03" 400 226 "-" "-"
123.160.221.0 - - [29/Jun/2021:06:31:41 +0200] "HEAD / HTTP/1.1" 403 - "-" "Chrome/54.0 (Windows NT 10.0)"
123.160.221.0 - - [29/Jun/2021:06:31:42 +0200] "GET / HTTP/1.1" 403 2409 "-" "Chrome/54.0 (Windows NT 10.0)"
209.141.41.0 - - [29/Jun/2021:06:31:42 +0200] "GET / HTTP/1.1" 403 2409 "-" "Mozilla/5.0 (Macintosh; Intel Mac OS X 11_0_0) AppleWebKit/537.36 (KHTML, like Gecko) Chrome/87.0.4280.88 Safari/537.36"
123.160.221.0 - - [29/Jun/2021:06:31:47 +0200] "GET /favicon.ico HTTP/1.1" 404 2553 "-" "Chrome/54.0 (Windows NT 10.0)"
123.160.221.0 - - [29/Jun/2021:06:31:48 +0200] "HEAD / HTTP/1.1" 200 - "-" "Chrome/54.0 (Windows NT 10.0)"
123.160.221.0 - - [29/Jun/2021:06:31:48 +0200] "GET / HTTP/1.1" 200 2691 "-" "Chrome/54.0 (Windows NT 10.0)"
205.185.116.0 - - [29/Jun/2021:06:31:49 +0200] "GET / HTTP/1.1" 403 2409 "-" "Mozilla/5.0 (Macintosh; Intel Mac OS X 11_0_0) AppleWebKit/537.36 (KHTML, like Gecko) Chrome/87.0.4280.88 Safari/537.36"
123.160.221.0 - - [29/Jun/2021:06:31:54 +0200] "GET /favicon.ico HTTP/1.1" 200 2691 "-" "Chrome/54.0 (Windows NT 10.0)"
123.160.221.0 - - [29/Jun/2021:06:31:55 +0200] "HEAD / HTTP/1.1" 200 - "-" "Chrome/54.0 (Windows NT 10.0)"
123.160.221.0 - - [29/Jun/2021:06:31:58 +0200] "GET / HTTP/1.1" 200 2691 "-" "Chrome/54.0 (Windows NT 10.0)"
209.141.41.0 - - [29/Jun/2021:06:31:59 +0200] "GET / HTTP/1.1" 403 2409 "-" "Mozilla/5.0 (Macintosh; Intel Mac OS X 11_0_0) AppleWebKit/537.36 (KHTML, like Gecko) Chrome/87.0.4280.88 Safari/537.36"
123.160.221.0 - - [29/Jun/2021:06:32:04 +0200] "GET /favicon.ico HTTP/1.1" 200 2691 "-" "Chrome/54.0 (Windows NT 10.0)"
123.160.221.0 - - [29/Jun/2021:06:32:04 +0200] "HEAD / HTTP/1.1" 200 - "-" "Chrome/54.0 (Windows NT 10.0)"
123.160.221.0 - - [29/Jun/2021:06:32:05 +0200] "GET / HTTP/1.1" 200 2691 "-" "Chrome/54.0 (Windows NT 10.0)"
209.141.54.0 - - [29/Jun/2021:06:32:05 +0200] "GET / HTTP/1.1" 403 2409 "-" "Mozilla/5.0 (Macintosh; Intel Mac OS X 11_0_0) AppleWebKit/537.36 (KHTML, like Gecko) Chrome/87.0.4280.88 Safari/537.36"
123.160.221.0 - - [29/Jun/2021:06:32:12 +0200] "GET /favicon.ico HTTP/1.1" 200 2691 "-" "Chrome/54.0 (Windows NT 10.0)"
123.160.221.0 - - [29/Jun/2021:06:32:12 +0200] "HEAD / HTTP/1.1" 200 - "-" "Chrome/54.0 (Windows NT 10.0)"
123.160.221.0 - - [29/Jun/2021:06:32:13 +0200] "GET / HTTP/1.1" 200 2691 "-" "Chrome/54.0 (Windows NT 10.0)"
205.185.116.0 - - [29/Jun/2021:06:32:13 +0200] "GET / HTTP/1.1" 403 2409 "-" "Mozilla/5.0 (Macintosh; Intel Mac OS X 11_0_0) AppleWebKit/537.36 (KHTML, like Gecko) Chrome/87.0.4280.88 Safari/537.36"
123.160.221.0 - - [29/Jun/2021:06:32:19 +0200] "GET /favicon.ico HTTP/1.1" 200 2691 "-" "Chrome/54.0 (Windows NT 10.0)"
81.169.178.0 - - [29/Jun/2021:06:32:20 +0200] "POST /wp-cron.php?doing_wp_cron=1624941140.3138968944549560546875 HTTP/1.1" 200 - "http://www.computerdoc24.de/wp-cron.php?doing_wp_cron=1624941140.3138968944549560546875" "WordPress/5.2.11; https://www.computerdoc24.de"
123.160.221.0 - - [29/Jun/2021:06:32:20 +0200] "HEAD / HTTP/1.1" 301 - "-" "Chrome/54.0 (Windows NT 10.0)"
123.160.221.0 - - [29/Jun/2021:06:32:21 +0200] "\x16\x03\x01\x01\v\x01" 400 226 "-" "-"
123.160.221.0 - - [29/Jun/2021:06:32:22 +0200] "HEAD / HTTP/1.1" 403 - "-" "Chrome/54.0 (Windows NT 10.0)"
123.160.221.0 - - [29/Jun/2021:06:32:22 +0200] "GET / HTTP/1.1" 403 2433 "-" "Chrome/54.0 (Windows NT 10.0)"
209.141.41.0 - - [29/Jun/2021:06:32:23 +0200] "GET / HTTP/1.1" 403 2409 "-" "Mozilla/5.0 (Macintosh; Intel Mac OS X 11_0_0) AppleWebKit/537.36 (KHTML, like Gecko) Chrome/87.0.4280.88 Safari/537.36"
123.160.221.0 - - [29/Jun/2021:06:32:28 +0200] "GET /favicon.ico HTTP/1.1" 404 2601 "-" "Chrome/54.0 (Windows NT 10.0)"
123.160.221.0 - - [29/Jun/2021:06:32:28 +0200] "HEAD / HTTP/1.1" 200 - "-" "Chrome/54.0 (Windows NT 10.0)"
123.160.221.0 - - [29/Jun/2021:06:32:29 +0200] "GET / HTTP/1.1" 200 2691 "-" "Chrome/54.0 (Windows NT 10.0)"
209.141.41.0 - - [29/Jun/2021:06:32:29 +0200] "GET / HTTP/1.1" 403 2409 "-" "Mozilla/5.0 (Macintosh; Intel Mac OS X 11_0_0) AppleWebKit/537.36 (KHTML, like Gecko) Chrome/87.0.4280.88 Safari/537.36"
123.160.221.0 - - [29/Jun/2021:06:32:34 +0200] "GET /favicon.ico HTTP/1.1" 200 2691 "-" "Chrome/54.0 (Windows NT 10.0)"
123.160.221.0 - - [29/Jun/2021:06:32:34 +0200] "HEAD / HTTP/1.1" 200 - "-" "Chrome/54.0 (Windows NT 10.0)"
123.160.221.0 - - [29/Jun/2021:06:32:35 +0200] "GET / HTTP/1.1" 200 2590 "-" "Chrome/54.0 (Windows NT 10.0)"
209.141.41.0 - - [29/Jun/2021:06:32:35 +0200] "GET / HTTP/1.1" 403 2409 "-" "Mozilla/5.0 (Macintosh; Intel Mac OS X 11_0_0) AppleWebKit/537.36 (KHTML, like Gecko) Chrome/87.0.4280.88 Safari/537.36"
123.160.221.0 - - [29/Jun/2021:06:32:40 +0200] "GET /favicon.ico HTTP/1.1" 404 2593 "-" "Chrome/54.0 (Windows NT 10.0)"
123.160.221.0 - - [29/Jun/2021:06:32:41 +0200] "HEAD / HTTP/1.1" 200 - "-" "Chrome/54.0 (Windows NT 10.0)"
123.160.221.0 - - [29/Jun/2021:06:32:41 +0200] "GET / HTTP/1.1" 200 2691 "-" "Chrome/54.0 (Windows NT 10.0)"
205.185.116.0 - - [29/Jun/2021:06:32:42 +0200] "GET / HTTP/1.1" 403 2409 "-" "Mozilla/5.0 (Macintosh; Intel Mac OS X 11_0_0) AppleWebKit/537.36 (KHTML, like Gecko) Chrome/87.0.4280.88 Safari/537.36"
123.160.221.0 - - [29/Jun/2021:06:32:47 +0200] "GET /favicon.ico HTTP/1.1" 200 2691 "-" "Chrome/54.0 (Windows NT 10.0)"
123.160.221.0 - - [29/Jun/2021:06:32:48 +0200] "HEAD / HTTP/1.1" 301 - "-" "Chrome/54.0 (Windows NT 10.0)"
123.160.221.0 - - [29/Jun/2021:06:32:49 +0200] "\x16\x03\x01\x01\t\x01" 400 226 "-" "-"
81.169.178.0 - - [29/Jun/2021:06:32:49 +0200] "POST /wp-cron.php?doing_wp_cron=1624941169.7781059741973876953125 HTTP/1.1" 200 - "http://www.computerdoc24.de/wp-cron.php?doing_wp_cron=1624941169.7781059741973876953125" "WordPress/5.2.11; https://www.computerdoc24.de"
123.160.221.0 - - [29/Jun/2021:06:32:49 +0200] "HEAD / HTTP/1.1" 301 - "-" "Chrome/54.0 (Windows NT 10.0)"
123.160.221.0 - - [29/Jun/2021:06:32:50 +0200] "\x16\x03\x01\x01\x07\x01" 400 226 "-" "-"
123.160.221.0 - - [29/Jun/2021:06:32:53 +0200] "HEAD / HTTP/1.1" 301 - "-" "Chrome/54.0 (Windows NT 10.0)"
123.160.221.0 - - [29/Jun/2021:06:32:53 +0200] "\x16\x03\x01\x01\x05\x01" 400 226 "-" "-"
123.160.221.0 - - [29/Jun/2021:06:32:55 +0200] "HEAD / HTTP/1.1" 200 - "-" "Chrome/54.0 (Windows NT 10.0)"
123.160.221.0 - - [29/Jun/2021:06:32:55 +0200] "GET / HTTP/1.1" 200 2691 "-" "Chrome/54.0 (Windows NT 10.0)"
209.141.54.0 - - [29/Jun/2021:06:32:56 +0200] "GET / HTTP/1.1" 403 2409 "-" "Mozilla/5.0 (Macintosh; Intel Mac OS X 11_0_0) AppleWebKit/537.36 (KHTML, like Gecko) Chrome/87.0.4280.88 Safari/537.36"
123.160.221.0 - - [29/Jun/2021:06:33:00 +0200] "GET /favicon.ico HTTP/1.1" 200 2691 "-" "Chrome/54.0 (Windows NT 10.0)"
123.160.221.0 - - [29/Jun/2021:06:33:01 +0200] "HEAD / HTTP/1.1" 200 - "-" "Chrome/54.0 (Windows NT 10.0)"
123.160.221.0 - - [29/Jun/2021:06:33:01 +0200] "GET / HTTP/1.1" 200 2691 "-" "Chrome/54.0 (Windows NT 10.0)"
209.141.33.0 - - [29/Jun/2021:06:33:02 +0200] "GET / HTTP/1.1" 403 2409 "-" "Mozilla/5.0 (Macintosh; Intel Mac OS X 11_0_0) AppleWebKit/537.36 (KHTML, like Gecko) Chrome/87.0.4280.88 Safari/537.36"
123.160.221.0 - - [29/Jun/2021:06:33:06 +0200] "GET /favicon.ico HTTP/1.1" 200 2691 "-" "Chrome/54.0 (Windows NT 10.0)"
123.160.221.0 - - [29/Jun/2021:06:33:08 +0200] "HEAD / HTTP/1.1" 200 - "-" "Chrome/54.0 (Windows NT 10.0)"
123.160.221.0 - - [29/Jun/2021:06:33:09 +0200] "GET / HTTP/1.1" 200 2590 "-" "Chrome/54.0 (Windows NT 10.0)"
205.185.116.0 - - [29/Jun/2021:06:33:10 +0200] "GET / HTTP/1.1" 403 2409 "-" "Mozilla/5.0 (Macintosh; Intel Mac OS X 11_0_0) AppleWebKit/537.36 (KHTML, like Gecko) Chrome/87.0.4280.88 Safari/537.36"
123.160.221.0 - - [29/Jun/2021:06:33:14 +0200] "GET /favicon.ico HTTP/1.1" 404 2609 "-" "Chrome/54.0 (Windows NT 10.0)"
162.241.115.0 - - [29/Jun/2021:06:34:43 +0200] "POST /wp-login.php HTTP/1.1" 200 2878 "-" "Mozilla/5.0 (Windows NT 6.1; WOW64) AppleWebKit/537.36 (KHTML, like Gecko) Chrome/36.0.1985.125 Safari/537.36"
114.119.144.0 - - [29/Jun/2021:06:34:51 +0200] "GET /fr/unsere-maerkte HTTP/1.1" 200 - "-" "Mozilla/5.0 (Linux; Android 7.0;) AppleWebKit/537.36 (KHTML, like Gecko) Mobile Safari/537.36 (compatible; PetalBot;+https://webmaster.petalsearch.com/site/petalbot)"
114.119.144.0 - - [29/Jun/2021:06:34:53 +0200] "GET /fr/unsere-maerkte/ HTTP/1.1" 200 10404 "-" "Mozilla/5.0 (Linux; Android 7.0;) AppleWebKit/537.36 (KHTML, like Gecko) Mobile Safari/537.36 (compatible; PetalBot;+https://webmaster.petalsearch.com/site/petalbot)"
14.49.206.0 - - [29/Jun/2021:06:37:49 +0200] "POST /GponForm/diag_Form?images/ HTTP/1.1" 200 2691 "-" "Hello, World"
45.146.166.0 - - [29/Jun/2021:06:38:25 +0200] "GET /dana-na/../dana/html5acc/guacamole/../../../../../../etc/passwd?/dana/html5acc/guacamole/ HTTP/1.1" 400 226 "-" "Mozilla/4.0 (compatible; MSIE 6.0; Windows NT 5.1)"
114.119.146.0 - - [29/Jun/2021:06:39:04 +0200] "GET /en/auftraggeber/ HTTP/1.1" 200 10414 "-" "Mozilla/5.0 (Linux; Android 7.0;) AppleWebKit/537.36 (KHTML, like Gecko) Mobile Safari/537.36 (compatible; PetalBot;+https://webmaster.petalsearch.com/site/petalbot)"
40.77.167.0 - - [29/Jun/2021:06:42:30 +0200] "GET /wp-content/uploads/wlan_neumarkt-1-300x266.jpg HTTP/1.1" 301 333 "-" "Mozilla/5.0 (compatible; bingbot/2.0; +http://www.bing.com/bingbot.htm)"
114.119.137.0 - - [29/Jun/2021:06:43:16 +0200] "GET /it/ueber-uns HTTP/1.1" 200 - "-" "Mozilla/5.0 (Linux; Android 7.0;) AppleWebKit/537.36 (KHTML, like Gecko) Mobile Safari/537.36 (compatible; PetalBot;+https://webmaster.petalsearch.com/site/petalbot)"
114.119.137.0 - - [29/Jun/2021:06:43:18 +0200] "GET /it/ueber-uns/ HTTP/1.1" 200 10126 "-" "Mozilla/5.0 (Linux; Android 7.0;) AppleWebKit/537.36 (KHTML, like Gecko) Mobile Safari/537.36 (compatible; PetalBot;+https://webmaster.petalsearch.com/site/petalbot)"
114.119.149.0 - - [29/Jun/2021:06:47:31 +0200] "GET /uk/ueber-uns HTTP/1.1" 200 - "-" "Mozilla/5.0 (Linux; Android 7.0;) AppleWebKit/537.36 (KHTML, like Gecko) Mobile Safari/537.36 (compatible; PetalBot;+https://webmaster.petalsearch.com/site/petalbot)"
114.119.149.0 - - [29/Jun/2021:06:47:32 +0200] "GET /uk/ueber-uns/ HTTP/1.1" 200 10393 "-" "Mozilla/5.0 (Linux; Android 7.0;) AppleWebKit/537.36 (KHTML, like Gecko) Mobile Safari/537.36 (compatible; PetalBot;+https://webmaster.petalsearch.com/site/petalbot)"
167.99.211.0 - - [29/Jun/2021:06:49:52 +0200] "-" 408 - "-" "-"
81.169.178.0 - - [29/Jun/2021:06:51:44 +0200] "POST /wp-cron.php?doing_wp_cron=1624942304.3778951168060302734375 HTTP/1.1" 200 - "https://www.computerdoc24.de/wp-cron.php?doing_wp_cron=1624942304.3778951168060302734375" "WordPress/5.2.11; https://www.computerdoc24.de"
114.119.149.0 - - [29/Jun/2021:06:51:44 +0200] "GET /es/ueber-uns/soziale-verantwortung HTTP/1.1" 200 - "-" "Mozilla/5.0 (Linux; Android 7.0;) AppleWebKit/537.36 (KHTML, like Gecko) Mobile Safari/537.36 (compatible; PetalBot;+https://webmaster.petalsearch.com/site/petalbot)"
81.169.178.0 - - [29/Jun/2021:06:51:44 +0200] "POST /wp-cron.php?doing_wp_cron=1624942304.7720990180969238281250 HTTP/1.1" 200 - "https://www.ipcbusiness.de/wp-cron.php?doing_wp_cron=1624942304.7720990180969238281250" "WordPress/5.6.4; https://www.ipcbusiness.de/es"
114.119.149.0 - - [29/Jun/2021:06:51:47 +0200] "GET /es/ueber-uns/soziale-verantwortung/ HTTP/1.1" 200 10528 "-" "Mozilla/5.0 (Linux; Android 7.0;) AppleWebKit/537.36 (KHTML, like Gecko) Mobile Safari/537.36 (compatible; PetalBot;+https://webmaster.petalsearch.com/site/petalbot)"
51.68.43.0 - - [29/Jun/2021:06:51:44 +0200] "POST /wp-login.php HTTP/1.1" 200 2637 "-" "Mozilla/5.0 (Windows NT 6.1; WOW64) AppleWebKit/537.36 (KHTML, like Gecko) Chrome/48.0.2564.109 Safari/537.36"
159.65.76.0 - - [29/Jun/2021:06:51:54 +0200] "POST /wp-login.php HTTP/1.1" 200 2884 "-" "Mozilla/5.0 (Windows NT 10.0; Win64; x64) AppleWebKit/537.36 (KHTML, like Gecko) Chrome/60.0.3112.101 Safari/537.36"
40.77.167.0 - - [29/Jun/2021:06:53:52 +0200] "GET /robots.txt HTTP/1.1" 404 2591 "-" "Mozilla/5.0 (compatible; bingbot/2.0; +http://www.bing.com/bingbot.htm)"
40.77.167.0 - - [29/Jun/2021:06:54:00 +0200] "GET /assets/images/20150307_182429.jpg HTTP/1.1" 200 130698 "-" "Mozilla/5.0 (compatible; bingbot/2.0; +http://www.bing.com/bingbot.htm)"
114.119.137.0 - - [29/Jun/2021:06:55:55 +0200] "GET /es/linieninformationen/ HTTP/1.1" 200 11941 "-" "Mozilla/5.0 (Linux; Android 7.0;) AppleWebKit/537.36 (KHTML, like Gecko) Mobile Safari/537.36 (compatible; PetalBot;+https://webmaster.petalsearch.com/site/petalbot)"
66.249.64.0 - - [29/Jun/2021:06:56:00 +0200] "GET /ru/ HTTP/1.1" 301 288 "-" "Mozilla/5.0 (compatible; Googlebot/2.1; +http://www.google.com/bot.html)"
66.249.64.0 - - [29/Jun/2021:06:56:00 +0200] "GET /robots.txt HTTP/1.1" 301 295 "-" "Mozilla/5.0 (compatible; Googlebot/2.1; +http://www.google.com/bot.html)"
47.106.118.0 - - [29/Jun/2021:06:59:20 +0200] "-" 408 - "-" "-"
114.119.146.0 - - [29/Jun/2021:07:00:58 +0200] "GET /it/ueber-uns/ HTTP/1.1" 200 10126 "-" "Mozilla/5.0 (Linux; Android 7.0;) AppleWebKit/537.36 (KHTML, like Gecko) Mobile Safari/537.36 (compatible; PetalBot;+https://webmaster.petalsearch.com/site/petalbot)"
114.119.154.0 - - [29/Jun/2021:07:04:20 +0200] "GET /it/ueber-uns/ipc-business-gmbh-firmeninformation HTTP/1.1" 200 - "-" "Mozilla/5.0 (Linux; Android 7.0;) AppleWebKit/537.36 (KHTML, like Gecko) Mobile Safari/537.36 (compatible; PetalBot;+https://webmaster.petalsearch.com/site/petalbot)"
114.119.154.0 - - [29/Jun/2021:07:04:21 +0200] "GET /it/ueber-uns/ipc-business-gmbh-firmeninformation/ HTTP/1.1" 200 10621 "-" "Mozilla/5.0 (Linux; Android 7.0;) AppleWebKit/537.36 (KHTML, like Gecko) Mobile Safari/537.36 (compatible; PetalBot;+https://webmaster.petalsearch.com/site/petalbot)"
172.105.105.0 - - [29/Jun/2021:07:06:07 +0200] "GET / HTTP/1.0" 400 362 "-" "-"
172.105.105.0 - - [29/Jun/2021:07:06:10 +0200] "GET / HTTP/1.0" 200 2691 "-" "-"
114.119.130.0 - - [29/Jun/2021:07:08:38 +0200] "GET /it/unsere-produkte-und-services/kombiverkehr-gruener-transport HTTP/1.1" 200 - "-" "Mozilla/5.0 (Linux; Android 7.0;) AppleWebKit/537.36 (KHTML, like Gecko) Mobile Safari/537.36 (compatible; PetalBot;+https://webmaster.petalsearch.com/site/petalbot)"
114.119.130.0 - - [29/Jun/2021:07:08:39 +0200] "GET /it/unsere-produkte-und-services/kombiverkehr-gruener-transport/ HTTP/1.1" 200 10710 "-" "Mozilla/5.0 (Linux; Android 7.0;) AppleWebKit/537.36 (KHTML, like Gecko) Mobile Safari/537.36 (compatible; PetalBot;+https://webmaster.petalsearch.com/site/petalbot)"
40.77.167.0 - - [29/Jun/2021:07:11:52 +0200] "GET /wp-content/uploads/20200922_145143-768x1024-570x321.jpg HTTP/1.1" 301 342 "-" "Mozilla/5.0 (compatible; bingbot/2.0; +http://www.bing.com/bingbot.htm)"
114.119.130.0 - - [29/Jun/2021:07:13:05 +0200] "GET /it/ HTTP/1.1" 200 14740 "-" "Mozilla/5.0 (Linux; Android 7.0;) AppleWebKit/537.36 (KHTML, like Gecko) Mobile Safari/537.36 (compatible; PetalBot;+https://webmaster.petalsearch.com/site/petalbot)"
47.241.109.0 - - [29/Jun/2021:07:15:59 +0200] "POST /wp-login.php HTTP/1.1" 200 2886 "-" "Mozilla/5.0 (Windows NT 6.1; WOW64) AppleWebKit/537.36 (KHTML, like Gecko) Chrome/52.0.2743.116 Safari/537.36"
81.169.178.0 - - [29/Jun/2021:07:16:30 +0200] "POST /wp-cron.php?doing_wp_cron=1624943790.4963591098785400390625 HTTP/1.1" 200 - "https://www.computerdoc24.de/wp-cron.php?doing_wp_cron=1624943790.4963591098785400390625" "WordPress/5.2.11; https://www.computerdoc24.de"
178.62.79.0 - - [29/Jun/2021:07:16:30 +0200] "POST /wp-login.php HTTP/1.1" 503 7057 "-" "Mozilla/5.0 (Windows NT 6.1; Win64; x64) AppleWebKit/537.36 (KHTML, like Gecko) Chrome/70.0.3538.67 Safari/537.36"
45.141.84.0 - - [29/Jun/2021:07:18:20 +0200] "GET / HTTP/1.1" 301 231 "-" "Mozilla/5.0 (Windows NT 10.0; Win64; x64) AppleWebKit/537.36 (KHTML, like Gecko) Chrome/89.0.4389.114 Safari/537.36"
45.141.84.0 - - [29/Jun/2021:07:18:25 +0200] "GET / HTTP/1.1" 301 - "-" "Mozilla/5.0 (Windows NT 10.0; Win64; x64) AppleWebKit/537.36 (KHTML, like Gecko) Chrome/89.0.4389.114 Safari/537.36"
45.141.84.0 - - [29/Jun/2021:07:18:26 +0200] "GET //wp-includes/wlwmanifest.xml HTTP/1.1" 200 1045 "-" "Mozilla/5.0 (Windows NT 10.0; Win64; x64) AppleWebKit/537.36 (KHTML, like Gecko) Chrome/89.0.4389.114 Safari/537.36"
45.141.84.0 - - [29/Jun/2021:07:18:26 +0200] "GET //?author=1 HTTP/1.1" 301 - "-" "Mozilla/5.0 (Windows NT 10.0; Win64; x64) AppleWebKit/537.36 (KHTML, like Gecko) Chrome/89.0.4389.114 Safari/537.36"
45.141.84.0 - - [29/Jun/2021:07:18:26 +0200] "GET //?author=2 HTTP/1.1" 301 - "-" "Mozilla/5.0 (Windows NT 10.0; Win64; x64) AppleWebKit/537.36 (KHTML, like Gecko) Chrome/89.0.4389.114 Safari/537.36"
45.141.84.0 - - [29/Jun/2021:07:18:27 +0200] "GET //?author=3 HTTP/1.1" 301 - "-" "Mozilla/5.0 (Windows NT 10.0; Win64; x64) AppleWebKit/537.36 (KHTML, like Gecko) Chrome/89.0.4389.114 Safari/537.36"
45.141.84.0 - - [29/Jun/2021:07:18:27 +0200] "GET //wp-json/wp/v2/users/ HTTP/1.1" 200 4332 "-" "Mozilla/5.0 (Windows NT 10.0; Win64; x64) AppleWebKit/537.36 (KHTML, like Gecko) Chrome/89.0.4389.114 Safari/537.36"
45.141.84.0 - - [29/Jun/2021:07:18:28 +0200] "GET //wp-json/oembed/1.0/embed?url=https://www.ipcbusiness.de/ HTTP/1.1" 200 2639 "-" "Mozilla/5.0 (Windows NT 10.0; Win64; x64) AppleWebKit/537.36 (KHTML, like Gecko) Chrome/89.0.4389.114 Safari/537.36"
45.141.84.0 - - [29/Jun/2021:07:18:29 +0200] "POST //xmlrpc.php HTTP/1.1" 200 427 "-" "Mozilla/5.0 (Windows NT 10.0; Win64; x64) AppleWebKit/537.36 (KHTML, like Gecko) Chrome/89.0.4389.114 Safari/537.36"
143.198.54.0 - - [29/Jun/2021:07:18:37 +0200] "POST /wp-login.php HTTP/1.1" 200 2880 "-" "Mozilla/5.0 (Windows NT 6.3; Win64; x64) AppleWebKit/537.36 (KHTML, like Gecko) Chrome/67.0.3396.99 Safari/537.36"
223.146.88.0 - - [29/Jun/2021:07:19:14 +0200] "GET / HTTP/1.1" 200 2691 "-" "Mozilla/5.0 (Windows NT 6.1; Win64; x64) AppleWebKit/537.36 (KHTML, like Gecko) Chrome/86.0.4240.75 Safari/537.36"
136.243.83.0 - - [29/Jun/2021:07:19:34 +0200] "GET /robots.txt HTTP/1.1" 200 69 "-" "Mozilla/5.0 (compatible; MetaJobBot; https://www.metajob.de/crawler)"
136.243.83.0 - - [29/Jun/2021:07:19:35 +0200] "GET / HTTP/1.1" 200 16370 "-" "Mozilla/5.0 (compatible; MetaJobBot; https://www.metajob.de/crawler)"
136.243.83.0 - - [29/Jun/2021:07:19:46 +0200] "GET /ueber-uns/firmeninformation/ HTTP/1.1" 200 9744 "-" "Mozilla/5.0 (compatible; MetaJobBot; https://www.metajob.de/crawler)"
81.169.178.0 - - [29/Jun/2021:07:21:35 +0200] "POST /wp-cron.php?doing_wp_cron=1624944094.8402869701385498046875 HTTP/1.1" 200 - "https://www.computerdoc24.de/wp-cron.php?doing_wp_cron=1624944094.8402869701385498046875" "WordPress/5.2.11; https://www.computerdoc24.de"
118.69.173.0 - - [29/Jun/2021:07:21:34 +0200] "POST /wp-login.php HTTP/1.1" 200 2637 "-" "Mozilla/5.0 (Windows NT 10.0; WOW64) AppleWebKit/537.36 (KHTML, like Gecko) Chrome/56.0.2924.87 Safari/537.36"
82.223.117.0 - - [29/Jun/2021:07:21:41 +0200] "POST /wp-login.php HTTP/1.1" 200 2884 "-" "Mozilla/5.0 (Windows NT 6.1; WOW64) AppleWebKit/537.36 (KHTML, like Gecko) Chrome/46.0.2490.86 Safari/537.36"
159.89.234.0 - - [29/Jun/2021:07:23:12 +0200] "POST /wp-login.php HTTP/1.1" 200 2886 "-" "Mozilla/5.0 (Windows NT 6.0) AppleWebKit/537.36 (KHTML, like Gecko) Chrome/49.0.2623.112 Safari/537.36"
52.26.214.0 - - [29/Jun/2021:07:27:10 +0200] "GET / HTTP/1.1" 200 2691 "-" "-"
81.169.178.0 - - [29/Jun/2021:07:27:33 +0200] "POST /wp-cron.php?doing_wp_cron=1624944453.6423010826110839843750 HTTP/1.1" 200 - "https://www.computerdoc24.de/wp-cron.php?doing_wp_cron=1624944453.6423010826110839843750" "WordPress/5.2.11; https://www.computerdoc24.de"
79.173.90.0 - - [29/Jun/2021:07:27:33 +0200] "GET /kontakt/ HTTP/1.0" 200 43441 "https://www.computerdoc24.de/kontakt/" "Mozilla/5.0 (Windows NT 6.1; WOW64) AppleWebKit/537.36 (KHTML, like Gecko) Chrome/83.0.4102.0 Safari/537.36"
79.173.90.0 - - [29/Jun/2021:07:27:34 +0200] "POST /wp-json/contact-form-7/v1/contact-forms/2118/feedback HTTP/1.0" 200 225 "https://www.computerdoc24.de/kontakt/" "Mozilla/5.0 (Windows NT 6.1; WOW64) AppleWebKit/537.36 (KHTML, like Gecko) Chrome/83.0.4102.0 Safari/537.36"
40.77.167.0 - - [29/Jun/2021:07:28:25 +0200] "GET /wp-content/uploads/20200714_095307_HDR-768x1024-200x200.jpg HTTP/1.1" 301 346 "-" "Mozilla/5.0 (compatible; bingbot/2.0; +http://www.bing.com/bingbot.htm)"
124.123.107.0 - - [29/Jun/2021:07:31:14 +0200] "POST /wp-login.php HTTP/1.1" 200 2878 "-" "Mozilla/5.0 (Windows NT 5.1) AppleWebKit/537.36 (KHTML, like Gecko) Chrome/47.0.2526.106 Safari/537.36"
34.75.185.0 - - [29/Jun/2021:07:33:40 +0200] "GET /robots.txt HTTP/1.0" 404 2607 "-" "ZoominfoBot (zoominfobot at zoominfo dot com)"
34.75.185.0 - - [29/Jun/2021:07:33:40 +0200] "GET /html/vorher_nachher.html HTTP/1.0" 200 2132 "-" "ZoominfoBot (zoominfobot at zoominfo dot com)"
81.169.178.0 - - [29/Jun/2021:07:34:01 +0200] "POST /wp-cron.php?doing_wp_cron=1624944841.7538399696350097656250 HTTP/1.1" 200 - "http://www.computerdoc24.de/wp-cron.php?doing_wp_cron=1624944841.7538399696350097656250" "WordPress/5.2.11; https://www.computerdoc24.de"
23.228.109.0 - - [29/Jun/2021:07:34:01 +0200] "GET /?gf_page=upload HTTP/1.1" 301 - "http://www.google.com/" "Mozilla/5.0 (Windows NT 6.1; Win64; x64) AppleWebKit/537.36 (KHTML, like Gecko) Chrome/56.0.2896.3 Safari/537.36"
23.228.109.0 - - [29/Jun/2021:07:34:03 +0200] "GET /?gf_page=upload HTTP/1.1" 301 - "http://www.google.com/" "Mozilla/5.0 (Windows NT 6.1; Win64; x64) AppleWebKit/537.36 (KHTML, like Gecko) Chrome/56.0.2896.3 Safari/537.36"
23.228.109.0 - - [29/Jun/2021:07:34:04 +0200] "GET /?gf_page=upload HTTP/1.1" 200 16467 "http://www.google.com/" "Mozilla/5.0 (Windows NT 6.1; Win64; x64) AppleWebKit/537.36 (KHTML, like Gecko) Chrome/56.0.2896.3 Safari/537.36"
34.75.185.0 - - [29/Jun/2021:07:35:16 +0200] "GET /robots.txt HTTP/1.0" 404 2591 "-" "ZoominfoBot (zoominfobot at zoominfo dot com)"
34.75.185.0 - - [29/Jun/2021:07:35:16 +0200] "GET /html/referenzen.html HTTP/1.0" 200 2727 "-" "ZoominfoBot (zoominfobot at zoominfo dot com)"
84.165.160.0 - - [29/Jun/2021:07:39:30 +0200] "GET / HTTP/1.1" 200 2590 "https://www.crowdyfan.com/" "Mozilla/5.0 (Windows NT 6.1) AppleWebKit/537.36 (KHTML, like Gecko) Chrome/91.0.4472.124 Safari/537.36"
84.165.160.0 - - [29/Jun/2021:07:39:31 +0200] "GET /assets/rollover.js HTTP/1.1" 200 5145 "https://www.reinigungsprofi-weck.de/" "Mozilla/5.0 (Windows NT 6.1) AppleWebKit/537.36 (KHTML, like Gecko) Chrome/91.0.4472.124 Safari/537.36"
84.165.160.0 - - [29/Jun/2021:07:39:31 +0200] "GET /html/fusion.css HTTP/1.1" 200 1161 "https://www.reinigungsprofi-weck.de/" "Mozilla/5.0 (Windows NT 6.1) AppleWebKit/537.36 (KHTML, like Gecko) Chrome/91.0.4472.124 Safari/537.36"
84.165.160.0 - - [29/Jun/2021:07:39:31 +0200] "GET /html/style.css HTTP/1.1" 200 458 "https://www.reinigungsprofi-weck.de/" "Mozilla/5.0 (Windows NT 6.1) AppleWebKit/537.36 (KHTML, like Gecko) Chrome/91.0.4472.124 Safari/537.36"
84.165.160.0 - - [29/Jun/2021:07:39:31 +0200] "GET /html/site.css HTTP/1.1" 200 88 "https://www.reinigungsprofi-weck.de/" "Mozilla/5.0 (Windows NT 6.1) AppleWebKit/537.36 (KHTML, like Gecko) Chrome/91.0.4472.124 Safari/537.36"
84.165.160.0 - - [29/Jun/2021:07:39:31 +0200] "GET /header_l.gif HTTP/1.1" 200 7358 "https://www.reinigungsprofi-weck.de/" "Mozilla/5.0 (Windows NT 6.1) AppleWebKit/537.36 (KHTML, like Gecko) Chrome/91.0.4472.124 Safari/537.36"
84.165.160.0 - - [29/Jun/2021:07:39:31 +0200] "GET /subheader_l.gif HTTP/1.1" 200 2832 "https://www.reinigungsprofi-weck.de/" "Mozilla/5.0 (Windows NT 6.1) AppleWebKit/537.36 (KHTML, like Gecko) Chrome/91.0.4472.124 Safari/537.36"
84.165.160.0 - - [29/Jun/2021:07:39:31 +0200] "GET /subheader_bl.gif HTTP/1.1" 200 1883 "https://www.reinigungsprofi-weck.de/" "Mozilla/5.0 (Windows NT 6.1) AppleWebKit/537.36 (KHTML, like Gecko) Chrome/91.0.4472.124 Safari/537.36"
84.165.160.0 - - [29/Jun/2021:07:39:31 +0200] "GET /subheader_br.gif HTTP/1.1" 200 1693 "https://www.reinigungsprofi-weck.de/" "Mozilla/5.0 (Windows NT 6.1) AppleWebKit/537.36 (KHTML, like Gecko) Chrome/91.0.4472.124 Safari/537.36"
84.165.160.0 - - [29/Jun/2021:07:39:31 +0200] "GET /subheader_r.gif HTTP/1.1" 200 1036 "https://www.reinigungsprofi-weck.de/" "Mozilla/5.0 (Windows NT 6.1) AppleWebKit/537.36 (KHTML, like Gecko) Chrome/91.0.4472.124 Safari/537.36"
84.165.160.0 - - [29/Jun/2021:07:39:31 +0200] "GET /assets/images/autogen/Spezialreinigung-_Hhighlighted_1_1.gif HTTP/1.1" 200 1750 "https://www.reinigungsprofi-weck.de/" "Mozilla/5.0 (Windows NT 6.1) AppleWebKit/537.36 (KHTML, like Gecko) Chrome/91.0.4472.124 Safari/537.36"
84.165.160.0 - - [29/Jun/2021:07:39:31 +0200] "GET /assets/images/autogen/Kontakt_Nregular_1_1.gif HTTP/1.1" 200 1596 "https://www.reinigungsprofi-weck.de/" "Mozilla/5.0 (Windows NT 6.1) AppleWebKit/537.36 (KHTML, like Gecko) Chrome/91.0.4472.124 Safari/537.36"
84.165.160.0 - - [29/Jun/2021:07:39:31 +0200] "GET /assets/images/autogen/Referenzen_Nregular_1_1.gif HTTP/1.1" 200 1249 "https://www.reinigungsprofi-weck.de/" "Mozilla/5.0 (Windows NT 6.1) AppleWebKit/537.36 (KHTML, like Gecko) Chrome/91.0.4472.124 Safari/537.36"
84.165.160.0 - - [29/Jun/2021:07:39:31 +0200] "GET /assets/images/autogen/Impressum_Nregular_1_1.gif HTTP/1.1" 200 1218 "https://www.reinigungsprofi-weck.de/" "Mozilla/5.0 (Windows NT 6.1) AppleWebKit/537.36 (KHTML, like Gecko) Chrome/91.0.4472.124 Safari/537.36"
84.165.160.0 - - [29/Jun/2021:07:39:31 +0200] "GET /assets/images/autogen/Anfahrtskosten_Nregular_1_1.gif HTTP/1.1" 200 1732 "https://www.reinigungsprofi-weck.de/" "Mozilla/5.0 (Windows NT 6.1) AppleWebKit/537.36 (KHTML, like Gecko) Chrome/91.0.4472.124 Safari/537.36"
84.165.160.0 - - [29/Jun/2021:07:39:31 +0200] "GET /assets/images/autogen/Vorher-Nachher_Nregular_1_1.gif HTTP/1.1" 200 1718 "https://www.reinigungsprofi-weck.de/" "Mozilla/5.0 (Windows NT 6.1) AppleWebKit/537.36 (KHTML, like Gecko) Chrome/91.0.4472.124 Safari/537.36"
84.165.160.0 - - [29/Jun/2021:07:39:31 +0200] "GET /kv_none_poetic_cream_none_1.gif HTTP/1.1" 200 248 "https://www.reinigungsprofi-weck.de/" "Mozilla/5.0 (Windows NT 6.1) AppleWebKit/537.36 (KHTML, like Gecko) Chrome/91.0.4472.124 Safari/537.36"
84.165.160.0 - - [29/Jun/2021:07:39:31 +0200] "GET /assets/images/autogen/clearpixel.gif HTTP/1.1" 200 43 "https://www.reinigungsprofi-weck.de/" "Mozilla/5.0 (Windows NT 6.1) AppleWebKit/537.36 (KHTML, like Gecko) Chrome/91.0.4472.124 Safari/537.36"
84.165.160.0 - - [29/Jun/2021:07:39:31 +0200] "GET /assets/images/subheader_bak.gif HTTP/1.1" 200 44 "https://www.reinigungsprofi-weck.de/" "Mozilla/5.0 (Windows NT 6.1) AppleWebKit/537.36 (KHTML, like Gecko) Chrome/91.0.4472.124 Safari/537.36"
84.165.160.0 - - [29/Jun/2021:07:39:31 +0200] "GET /assets/images/body_bak1.gif HTTP/1.1" 200 49 "https://www.reinigungsprofi-weck.de/" "Mozilla/5.0 (Windows NT 6.1) AppleWebKit/537.36 (KHTML, like Gecko) Chrome/91.0.4472.124 Safari/537.36"
84.165.160.0 - - [29/Jun/2021:07:39:31 +0200] "GET /assets/images/body_bak.gif HTTP/1.1" 200 49 "https://www.reinigungsprofi-weck.de/html/style.css" "Mozilla/5.0 (Windows NT 6.1) AppleWebKit/537.36 (KHTML, like Gecko) Chrome/91.0.4472.124 Safari/537.36"
84.165.160.0 - - [29/Jun/2021:07:39:33 +0200] "GET /favicon.ico HTTP/1.1" 404 2816 "https://www.reinigungsprofi-weck.de/" "Mozilla/5.0 (Windows NT 6.1) AppleWebKit/537.36 (KHTML, like Gecko) Chrome/91.0.4472.124 Safari/537.36"
:: - - [29/Jun/2021:07:39:40 +0200] "OPTIONS * HTTP/1.0" 200 - "-" "Apache/2.4.6 (CentOS) OpenSSL/1.0.2k-fips mod_fcgid/2.3.9 (internal dummy connection)"
190.230.227.0 - - [29/Jun/2021:07:41:08 +0200] "GET / HTTP/1.0" 403 2409 "-" "-"
81.169.178.0 - - [29/Jun/2021:07:43:50 +0200] "POST /wp-cron.php?doing_wp_cron=1624945430.5030510425567626953125 HTTP/1.1" 200 - "http://www.computerdoc24.de/wp-cron.php?doing_wp_cron=1624945430.5030510425567626953125" "WordPress/5.2.11; https://www.computerdoc24.de"
54.36.148.0 - - [29/Jun/2021:07:43:50 +0200] "GET /robots.txt HTTP/1.1" 200 - "-" "Mozilla/5.0 (compatible; AhrefsBot/7.0; +http://ahrefs.com/robot/)"
54.36.148.0 - - [29/Jun/2021:07:43:51 +0200] "GET /robots.txt HTTP/1.1" 200 69 "-" "Mozilla/5.0 (compatible; AhrefsBot/7.0; +http://ahrefs.com/robot/)"
52.87.44.0 - - [29/Jun/2021:07:47:52 +0200] "GET / HTTP/1.1" 200 2590 "-" "Mozilla/5.0 (X11; Linux aarch64) AppleWebKit/537.36 (KHTML, like Gecko) Chrome/91.0.4472.101 Safari/537.36"
52.87.44.0 - - [29/Jun/2021:07:47:53 +0200] "GET /assets/rollover.js HTTP/1.1" 200 5145 "http://reinigungsprofi-weck.de/" "Mozilla/5.0 (X11; Linux aarch64) AppleWebKit/537.36 (KHTML, like Gecko) Chrome/91.0.4472.101 Safari/537.36"
52.87.44.0 - - [29/Jun/2021:07:47:53 +0200] "GET /html/fusion.css HTTP/1.1" 200 1161 "http://reinigungsprofi-weck.de/" "Mozilla/5.0 (X11; Linux aarch64) AppleWebKit/537.36 (KHTML, like Gecko) Chrome/91.0.4472.101 Safari/537.36"
52.87.44.0 - - [29/Jun/2021:07:47:53 +0200] "GET /html/style.css HTTP/1.1" 200 458 "http://reinigungsprofi-weck.de/" "Mozilla/5.0 (X11; Linux aarch64) AppleWebKit/537.36 (KHTML, like Gecko) Chrome/91.0.4472.101 Safari/537.36"
52.87.44.0 - - [29/Jun/2021:07:47:53 +0200] "GET /html/site.css HTTP/1.1" 200 88 "http://reinigungsprofi-weck.de/" "Mozilla/5.0 (X11; Linux aarch64) AppleWebKit/537.36 (KHTML, like Gecko) Chrome/91.0.4472.101 Safari/537.36"
52.87.44.0 - - [29/Jun/2021:07:47:53 +0200] "GET /header_l.gif HTTP/1.1" 200 7358 "http://reinigungsprofi-weck.de/" "Mozilla/5.0 (X11; Linux aarch64) AppleWebKit/537.36 (KHTML, like Gecko) Chrome/91.0.4472.101 Safari/537.36"
52.87.44.0 - - [29/Jun/2021:07:47:53 +0200] "GET /subheader_br.gif HTTP/1.1" 200 1693 "http://reinigungsprofi-weck.de/" "Mozilla/5.0 (X11; Linux aarch64) AppleWebKit/537.36 (KHTML, like Gecko) Chrome/91.0.4472.101 Safari/537.36"
52.87.44.0 - - [29/Jun/2021:07:47:53 +0200] "GET /subheader_r.gif HTTP/1.1" 200 1036 "http://reinigungsprofi-weck.de/" "Mozilla/5.0 (X11; Linux aarch64) AppleWebKit/537.36 (KHTML, like Gecko) Chrome/91.0.4472.101 Safari/537.36"
52.87.44.0 - - [29/Jun/2021:07:47:53 +0200] "GET /assets/images/autogen/Spezialreinigung-_Hhighlighted_1_1.gif HTTP/1.1" 200 1750 "http://reinigungsprofi-weck.de/" "Mozilla/5.0 (X11; Linux aarch64) AppleWebKit/537.36 (KHTML, like Gecko) Chrome/91.0.4472.101 Safari/537.36"
52.87.44.0 - - [29/Jun/2021:07:47:53 +0200] "GET /assets/images/autogen/Kontakt_Nregular_1_1.gif HTTP/1.1" 200 1596 "http://reinigungsprofi-weck.de/" "Mozilla/5.0 (X11; Linux aarch64) AppleWebKit/537.36 (KHTML, like Gecko) Chrome/91.0.4472.101 Safari/537.36"
52.87.44.0 - - [29/Jun/2021:07:47:53 +0200] "GET /subheader_l.gif HTTP/1.1" 200 2832 "http://reinigungsprofi-weck.de/" "Mozilla/5.0 (X11; Linux aarch64) AppleWebKit/537.36 (KHTML, like Gecko) Chrome/91.0.4472.101 Safari/537.36"
52.87.44.0 - - [29/Jun/2021:07:47:53 +0200] "GET /subheader_bl.gif HTTP/1.1" 200 1883 "http://reinigungsprofi-weck.de/" "Mozilla/5.0 (X11; Linux aarch64) AppleWebKit/537.36 (KHTML, like Gecko) Chrome/91.0.4472.101 Safari/537.36"
52.87.44.0 - - [29/Jun/2021:07:47:53 +0200] "GET /assets/images/autogen/Referenzen_Nregular_1_1.gif HTTP/1.1" 200 1249 "http://reinigungsprofi-weck.de/" "Mozilla/5.0 (X11; Linux aarch64) AppleWebKit/537.36 (KHTML, like Gecko) Chrome/91.0.4472.101 Safari/537.36"
52.87.44.0 - - [29/Jun/2021:07:47:53 +0200] "GET /assets/images/autogen/Impressum_Nregular_1_1.gif HTTP/1.1" 200 1218 "http://reinigungsprofi-weck.de/" "Mozilla/5.0 (X11; Linux aarch64) AppleWebKit/537.36 (KHTML, like Gecko) Chrome/91.0.4472.101 Safari/537.36"
52.87.44.0 - - [29/Jun/2021:07:47:53 +0200] "GET /assets/images/autogen/Anfahrtskosten_Nregular_1_1.gif HTTP/1.1" 200 1732 "http://reinigungsprofi-weck.de/" "Mozilla/5.0 (X11; Linux aarch64) AppleWebKit/537.36 (KHTML, like Gecko) Chrome/91.0.4472.101 Safari/537.36"
52.87.44.0 - - [29/Jun/2021:07:47:53 +0200] "GET /assets/images/autogen/Vorher-Nachher_Nregular_1_1.gif HTTP/1.1" 200 1718 "http://reinigungsprofi-weck.de/" "Mozilla/5.0 (X11; Linux aarch64) AppleWebKit/537.36 (KHTML, like Gecko) Chrome/91.0.4472.101 Safari/537.36"
52.87.44.0 - - [29/Jun/2021:07:47:53 +0200] "GET /kv_none_poetic_cream_none_1.gif HTTP/1.1" 200 248 "http://reinigungsprofi-weck.de/" "Mozilla/5.0 (X11; Linux aarch64) AppleWebKit/537.36 (KHTML, like Gecko) Chrome/91.0.4472.101 Safari/537.36"
52.87.44.0 - - [29/Jun/2021:07:47:53 +0200] "GET /assets/images/autogen/clearpixel.gif HTTP/1.1" 200 43 "http://reinigungsprofi-weck.de/" "Mozilla/5.0 (X11; Linux aarch64) AppleWebKit/537.36 (KHTML, like Gecko) Chrome/91.0.4472.101 Safari/537.36"
52.87.44.0 - - [29/Jun/2021:07:47:53 +0200] "GET /assets/images/subheader_bak.gif HTTP/1.1" 200 44 "http://reinigungsprofi-weck.de/" "Mozilla/5.0 (X11; Linux aarch64) AppleWebKit/537.36 (KHTML, like Gecko) Chrome/91.0.4472.101 Safari/537.36"
52.87.44.0 - - [29/Jun/2021:07:47:53 +0200] "GET /assets/images/body_bak1.gif HTTP/1.1" 200 49 "http://reinigungsprofi-weck.de/" "Mozilla/5.0 (X11; Linux aarch64) AppleWebKit/537.36 (KHTML, like Gecko) Chrome/91.0.4472.101 Safari/537.36"
52.87.44.0 - - [29/Jun/2021:07:47:53 +0200] "GET /assets/images/body_bak.gif HTTP/1.1" 200 49 "http://reinigungsprofi-weck.de/html/style.css" "Mozilla/5.0 (X11; Linux aarch64) AppleWebKit/537.36 (KHTML, like Gecko) Chrome/91.0.4472.101 Safari/537.36"
52.87.44.0 - - [29/Jun/2021:07:47:53 +0200] "GET /favicon.ico HTTP/1.1" 404 2786 "http://reinigungsprofi-weck.de/" "Mozilla/5.0 (X11; Linux aarch64) AppleWebKit/537.36 (KHTML, like Gecko) Chrome/91.0.4472.101 Safari/537.36"
:: - - [29/Jun/2021:07:47:59 +0200] "OPTIONS * HTTP/1.0" 200 - "-" "Apache/2.4.6 (CentOS) OpenSSL/1.0.2k-fips mod_fcgid/2.3.9 (internal dummy connection)"
18.205.203.0 - - [29/Jun/2021:07:48:04 +0200] "POST /wp-login.php HTTP/1.1" 200 2880 "-" "Mozilla/5.0 (Windows NT 6.1) AppleWebKit/537.36 (KHTML, like Gecko) Chrome/58.0.3029.110 Safari/537.36"
193.30.120.0 - - [29/Jun/2021:07:48:58 +0200] "HEAD / HTTP/1.1" 301 - "https://www.diebewertung.de" "Mozilla/5.0 (Windows NT 10.0; Win64; x64) AppleWebKit/537.36 (KHTML, like Gecko) Chrome/70.0.3538.102 Safari/537.36"
81.169.178.0 - - [29/Jun/2021:07:51:59 +0200] "POST /wp-cron.php?doing_wp_cron=1624945918.9483010768890380859375 HTTP/1.1" 200 - "https://www.computerdoc24.de/wp-cron.php?doing_wp_cron=1624945918.9483010768890380859375" "WordPress/5.2.11; https://www.computerdoc24.de"
185.191.171.0 - - [29/Jun/2021:07:51:58 +0200] "GET /robots.txt HTTP/1.1" 200 69 "-" "Mozilla/5.0 (compatible; SemrushBot/7~bl; +http://www.semrush.com/bot.html)"
81.169.178.0 - - [29/Jun/2021:07:51:59 +0200] "POST /wp-cron.php?doing_wp_cron=1624945919.2502779960632324218750 HTTP/1.1" 200 - "https://www.ipcbusiness.de/wp-cron.php?doing_wp_cron=1624945919.2502779960632324218750" "WordPress/5.6.4; https://www.ipcbusiness.de"
185.191.171.0 - - [29/Jun/2021:07:51:59 +0200] "GET /product/logitech-oem-optical-mouse-b100-black/ HTTP/1.1" 200 13743 "-" "Mozilla/5.0 (compatible; SemrushBot/7~bl; +http://www.semrush.com/bot.html)"
162.241.29.0 - - [29/Jun/2021:07:51:59 +0200] "POST /wp-login.php HTTP/1.1" 200 2886 "-" "Mozilla/5.0 (Windows NT 6.1) AppleWebKit/537.36 (KHTML, like Gecko) Chrome/58.0.3029.110 Safari/537.36"
195.201.171.0 - - [29/Jun/2021:07:53:00 +0200] "GET / HTTP/1.1" 200 2590 "-" "Mozilla/5.0 (X11; Ubuntu; Linux i686; rv:62.0.2) Gecko/20100101 Firefox/62.0.2"
34.75.185.0 - - [29/Jun/2021:07:55:01 +0200] "GET /html/impressum.html HTTP/1.0" 200 3769 "-" "ZoominfoBot (zoominfobot at zoominfo dot com)"
40.69.160.0 - - [29/Jun/2021:07:59:19 +0200] "POST /wp-login.php HTTP/1.1" 200 2878 "-" "Mozilla/5.0 (Windows NT 6.3; Win64; x64) AppleWebKit/537.36 (KHTML, like Gecko) Chrome/57.0.2987.133 Safari/537.36"
185.189.182.0 - - [29/Jun/2021:08:00:23 +0200] "GET / HTTP/1.0" 400 362 "-" "-"
116.62.49.0 - - [29/Jun/2021:08:00:24 +0200] "-" 408 - "-" "-"
34.75.185.0 - - [29/Jun/2021:08:01:46 +0200] "GET /index.html HTTP/1.0" 200 2590 "-" "ZoominfoBot (zoominfobot at zoominfo dot com)"
34.75.185.0 - - [29/Jun/2021:08:02:43 +0200] "GET /html/anfahrtskosten.html HTTP/1.0" 200 2353 "-" "ZoominfoBot (zoominfobot at zoominfo dot com)"
34.75.185.0 - - [29/Jun/2021:08:04:02 +0200] "GET /html/impressum.html HTTP/1.0" 200 3769 "-" "ZoominfoBot (zoominfobot at zoominfo dot com)"
66.249.64.0 - - [29/Jun/2021:08:04:18 +0200] "GET /robots.txt HTTP/1.1" 301 297 "-" "Mozilla/5.0 (compatible; Googlebot/2.1; +http://www.google.com/bot.html)"
66.249.64.0 - - [29/Jun/2021:08:04:19 +0200] "GET /wp-content/uploads/20200915_113818-300x300.jpg HTTP/1.1" 301 333 "-" "Googlebot-Image/1.0"
81.169.178.0 - - [29/Jun/2021:08:04:28 +0200] "POST /wp-cron.php?doing_wp_cron=1624946668.7833499908447265625000 HTTP/1.1" 200 - "https://www.computerdoc24.de/wp-cron.php?doing_wp_cron=1624946668.7833499908447265625000" "WordPress/5.2.11; https://www.computerdoc24.de"
54.36.148.0 - - [29/Jun/2021:08:04:28 +0200] "GET /product-category/aktuelle-angebote/tastatur-und-maus/ HTTP/1.1" 200 9517 "-" "Mozilla/5.0 (compatible; AhrefsBot/7.0; +http://ahrefs.com/robot/)"
125.164.149.0 - - [29/Jun/2021:08:07:44 +0200] "GET / HTTP/1.1" 403 2409 "-" "Mozilla/5.0 (Windows NT 10.0; WOW64) AppleWebKit/537.36 (KHTML, like Gecko) Chrome/51.0.2704.103 Safari/537.36"
34.75.185.0 - - [29/Jun/2021:08:10:30 +0200] "GET /index.html HTTP/1.0" 200 2590 "-" "ZoominfoBot (zoominfobot at zoominfo dot com)"
34.75.185.0 - - [29/Jun/2021:08:10:53 +0200] "GET /html/kontakt.html HTTP/1.0" 200 2033 "-" "ZoominfoBot (zoominfobot at zoominfo dot com)"
143.110.248.0 - - [29/Jun/2021:08:11:18 +0200] "GET /wp-login.php HTTP/1.1" 200 2691 "-" "Mozilla/5.0 (X11; Ubuntu; Linux x86_64; rv:62.0) Gecko/20100101 Firefox/62.0"
37.58.48.0 - - [29/Jun/2021:08:16:06 +0200] "GET /wp-login.php HTTP/1.1" 200 2691 "-" "Mozilla/5.0 (X11; Ubuntu; Linux x86_64; rv:62.0) Gecko/20100101 Firefox/62.0"
34.75.185.0 - - [29/Jun/2021:08:17:05 +0200] "GET /html/anfahrtskosten.html HTTP/1.0" 200 2353 "-" "ZoominfoBot (zoominfobot at zoominfo dot com)"
180.250.28.0 - - [29/Jun/2021:08:17:07 +0200] "POST /wp-login.php HTTP/1.1" 200 2880 "-" "Mozilla/5.0 (Windows NT 10.0; WOW64) AppleWebKit/537.36 (KHTML, like Gecko) Chrome/79.0.3945.130 Safari/537.36"
123.207.30.0 - - [29/Jun/2021:08:18:25 +0200] "-" 408 - "-" "-"
54.36.148.0 - - [29/Jun/2021:08:18:29 +0200] "GET /robots.txt HTTP/1.1" 301 241 "-" "Mozilla/5.0 (compatible; AhrefsBot/7.0; +http://ahrefs.com/robot/)"
81.169.178.0 - - [29/Jun/2021:08:18:30 +0200] "POST /wp-cron.php?doing_wp_cron=1624947510.0200450420379638671875 HTTP/1.1" 200 - "https://www.computerdoc24.de/wp-cron.php?doing_wp_cron=1624947510.0200450420379638671875" "WordPress/5.2.11; https://www.computerdoc24.de"
54.36.148.0 - - [29/Jun/2021:08:18:29 +0200] "GET /robots.txt HTTP/1.1" 200 - "-" "Mozilla/5.0 (compatible; AhrefsBot/7.0; +http://ahrefs.com/robot/)"
54.36.148.0 - - [29/Jun/2021:08:18:30 +0200] "GET /robots.txt HTTP/1.1" 200 69 "-" "Mozilla/5.0 (compatible; AhrefsBot/7.0; +http://ahrefs.com/robot/)"
94.73.142.0 - - [29/Jun/2021:08:18:29 +0200] "POST /wp-login.php HTTP/1.1" 503 7056 "-" "Mozilla/5.0 (Windows NT 10.0; Win64; x64) AppleWebKit/537.36 (KHTML, like Gecko) Chrome/66.0.3359.117 Safari/537.36"
54.36.148.0 - - [29/Jun/2021:08:18:31 +0200] "GET / HTTP/1.1" 301 231 "-" "Mozilla/5.0 (compatible; AhrefsBot/7.0; +http://ahrefs.com/robot/)"
81.169.178.0 - - [29/Jun/2021:08:19:33 +0200] "POST /wp-cron.php?doing_wp_cron=1624947573.3601109981536865234375 HTTP/1.1" 200 - "https://www.computerdoc24.de/wp-cron.php?doing_wp_cron=1624947573.3601109981536865234375" "WordPress/5.2.11; https://www.computerdoc24.de"
157.90.246.0 - - [29/Jun/2021:08:19:33 +0200] "POST /wp-login.php HTTP/1.1" 503 7056 "-" "Mozilla/5.0 (Windows NT 6.3; Win64; x64) AppleWebKit/537.36 (KHTML, like Gecko) Chrome/79.0.3945.130 Safari/537.36"
81.88.52.0 - - [29/Jun/2021:08:19:41 +0200] "POST /wp-login.php HTTP/1.1" 200 2884 "-" "Mozilla/5.0 (Windows NT 10.0; Win64; x64) AppleWebKit/537.36 (KHTML, like Gecko) Chrome/62.0.3202.89 Safari/537.36"
80.187.117.0 - - [29/Jun/2021:08:20:38 +0200] "GET / HTTP/1.1" 200 2590 "https://googleads.g.doubleclick.net/" "Mozilla/5.0 (X11; Linux x86_64) AppleWebKit/537.36 (KHTML, like Gecko) SamsungBrowser/14.0 Chrome/87.0.4280.141 Safari/537.36"
