66.33.205.0 - - [28/Jun/2021:12:28:59 +0200] "GET /wp-login.php HTTP/1.1" 200 2748 "-" "Mozilla/5.0 (X11; Ubuntu; Linux x86_64; rv:62.0) Gecko/20100101 Firefox/62.0"
66.33.205.0 - - [28/Jun/2021:12:29:00 +0200] "POST /wp-login.php HTTP/1.1" 200 2850 "-" "Mozilla/5.0 (X11; Ubuntu; Linux x86_64; rv:62.0) Gecko/20100101 Firefox/62.0"
66.33.205.0 - - [28/Jun/2021:12:29:01 +0200] "POST /xmlrpc.php HTTP/1.1" 200 249 "-" "Mozilla/5.0 (X11; Ubuntu; Linux x86_64; rv:62.0) Gecko/20100101 Firefox/62.0"
54.245.145.0 - - [28/Jun/2021:12:29:17 +0200] "GET / HTTP/1.1" 200 2691 "-" "-"
92.118.160.0 - - [28/Jun/2021:12:29:47 +0200] "GET / HTTP/1.1" 200 2691 "-" "NetSystemsResearch studies the availability of various services across the internet. Our website is netsystemsresearch.com"
81.169.178.0 - - [28/Jun/2021:12:30:25 +0200] "POST /wp-cron.php?doing_wp_cron=1624876225.4259979724884033203125 HTTP/1.1" 200 - "https://www.computerdoc24.de/wp-cron.php?doing_wp_cron=1624876225.4259979724884033203125" "WordPress/5.2.11; https://www.computerdoc24.de"
173.254.202.0 - - [28/Jun/2021:12:30:25 +0200] "GET /wp-login.php HTTP/1.1" 200 2238 "-" "Mozilla/5.0 (X11; Ubuntu; Linux x86_64; rv:62.0) Gecko/20100101 Firefox/62.0"
173.254.202.0 - - [28/Jun/2021:12:30:26 +0200] "POST /wp-login.php HTTP/1.1" 200 2598 "-" "Mozilla/5.0 (X11; Ubuntu; Linux x86_64; rv:62.0) Gecko/20100101 Firefox/62.0"
173.254.202.0 - - [28/Jun/2021:12:30:27 +0200] "POST /xmlrpc.php HTTP/1.1" 503 7054 "-" "Mozilla/5.0 (X11; Ubuntu; Linux x86_64; rv:62.0) Gecko/20100101 Firefox/62.0"
114.119.137.0 - - [28/Jun/2021:12:31:33 +0200] "GET /uk/unsere-produkte-und-services HTTP/1.1" 200 - "-" "Mozilla/5.0 (Linux; Android 7.0;) AppleWebKit/537.36 (KHTML, like Gecko) Mobile Safari/537.36 (compatible; PetalBot;+https://webmaster.petalsearch.com/site/petalbot)"
114.119.137.0 - - [28/Jun/2021:12:31:35 +0200] "GET /uk/unsere-produkte-und-services/ HTTP/1.1" 200 10804 "-" "Mozilla/5.0 (Linux; Android 7.0;) AppleWebKit/537.36 (KHTML, like Gecko) Mobile Safari/537.36 (compatible; PetalBot;+https://webmaster.petalsearch.com/site/petalbot)"
114.119.146.0 - - [28/Jun/2021:12:37:12 +0200] "GET /fr/ueber-uns/umweltverantwortung/ HTTP/1.1" 200 10537 "-" "Mozilla/5.0 (Linux; Android 7.0;) AppleWebKit/537.36 (KHTML, like Gecko) Mobile Safari/537.36 (compatible; PetalBot;+https://webmaster.petalsearch.com/site/petalbot)"
104.248.179.0 - - [28/Jun/2021:12:38:41 +0200] "GET /wp-login.php HTTP/1.1" 200 2743 "-" "Mozilla/5.0 (X11; Ubuntu; Linux x86_64; rv:62.0) Gecko/20100101 Firefox/62.0"
104.248.179.0 - - [28/Jun/2021:12:38:42 +0200] "POST /wp-login.php HTTP/1.1" 200 2880 "-" "Mozilla/5.0 (X11; Ubuntu; Linux x86_64; rv:62.0) Gecko/20100101 Firefox/62.0"
104.248.179.0 - - [28/Jun/2021:12:38:44 +0200] "GET /wp-login.php HTTP/1.1" 200 2743 "-" "Mozilla/5.0 (X11; Ubuntu; Linux x86_64; rv:62.0) Gecko/20100101 Firefox/62.0"
104.248.179.0 - - [28/Jun/2021:12:38:45 +0200] "POST /wp-login.php HTTP/1.1" 200 2878 "-" "Mozilla/5.0 (X11; Ubuntu; Linux x86_64; rv:62.0) Gecko/20100101 Firefox/62.0"
104.248.179.0 - - [28/Jun/2021:12:38:46 +0200] "POST /xmlrpc.php HTTP/1.1" 200 249 "-" "Mozilla/5.0 (X11; Ubuntu; Linux x86_64; rv:62.0) Gecko/20100101 Firefox/62.0"
176.53.84.0 - - [28/Jun/2021:12:39:53 +0200] "GET /wp-login.php HTTP/1.1" 200 2748 "-" "Mozilla/5.0 (X11; Ubuntu; Linux x86_64; rv:62.0) Gecko/20100101 Firefox/62.0"
176.53.84.0 - - [28/Jun/2021:12:39:53 +0200] "POST /wp-login.php HTTP/1.1" 200 2886 "-" "Mozilla/5.0 (X11; Ubuntu; Linux x86_64; rv:62.0) Gecko/20100101 Firefox/62.0"
176.53.84.0 - - [28/Jun/2021:12:39:54 +0200] "GET /wp-login.php HTTP/1.1" 200 2748 "-" "Mozilla/5.0 (X11; Ubuntu; Linux x86_64; rv:62.0) Gecko/20100101 Firefox/62.0"
176.53.84.0 - - [28/Jun/2021:12:39:55 +0200] "POST /wp-login.php HTTP/1.1" 200 2884 "-" "Mozilla/5.0 (X11; Ubuntu; Linux x86_64; rv:62.0) Gecko/20100101 Firefox/62.0"
176.53.84.0 - - [28/Jun/2021:12:39:56 +0200] "POST /xmlrpc.php HTTP/1.1" 200 249 "-" "Mozilla/5.0 (X11; Ubuntu; Linux x86_64; rv:62.0) Gecko/20100101 Firefox/62.0"
114.119.130.0 - - [28/Jun/2021:12:39:59 +0200] "GET /fr/ueber-uns/umweltverantwortung HTTP/1.1" 200 - "-" "Mozilla/5.0 (Linux; Android 7.0;) AppleWebKit/537.36 (KHTML, like Gecko) Mobile Safari/537.36 (compatible; PetalBot;+https://webmaster.petalsearch.com/site/petalbot)"
114.119.130.0 - - [28/Jun/2021:12:40:00 +0200] "GET /fr/ueber-uns/umweltverantwortung/ HTTP/1.1" 200 10536 "-" "Mozilla/5.0 (Linux; Android 7.0;) AppleWebKit/537.36 (KHTML, like Gecko) Mobile Safari/537.36 (compatible; PetalBot;+https://webmaster.petalsearch.com/site/petalbot)"
81.169.178.0 - - [28/Jun/2021:12:41:59 +0200] "POST /wp-cron.php?doing_wp_cron=1624876918.9201200008392333984375 HTTP/1.1" 200 - "https://www.computerdoc24.de/wp-cron.php?doing_wp_cron=1624876918.9201200008392333984375" "WordPress/5.2.11; https://www.computerdoc24.de"
62.171.166.0 - - [28/Jun/2021:12:41:58 +0200] "GET /wp-login.php HTTP/1.1" 200 2238 "-" "Mozilla/5.0 (X11; Ubuntu; Linux x86_64; rv:62.0) Gecko/20100101 Firefox/62.0"
62.171.166.0 - - [28/Jun/2021:12:42:02 +0200] "POST /wp-login.php HTTP/1.1" 200 2589 "-" "Mozilla/5.0 (X11; Ubuntu; Linux x86_64; rv:62.0) Gecko/20100101 Firefox/62.0"
62.171.166.0 - - [28/Jun/2021:12:42:05 +0200] "POST /xmlrpc.php HTTP/1.1" 503 7055 "-" "Mozilla/5.0 (X11; Ubuntu; Linux x86_64; rv:62.0) Gecko/20100101 Firefox/62.0"
81.169.178.0 - - [28/Jun/2021:12:42:53 +0200] "POST /wp-cron.php?doing_wp_cron=1624876973.8850491046905517578125 HTTP/1.1" 200 - "https://www.computerdoc24.de/wp-cron.php?doing_wp_cron=1624876973.8850491046905517578125" "WordPress/5.2.11; https://www.computerdoc24.de"
51.195.67.0 - - [28/Jun/2021:12:42:53 +0200] "POST /wp-login.php HTTP/1.1" 200 2637 "-" "Mozilla/5.0 (Windows NT 6.1) AppleWebKit/537.36 (KHTML, like Gecko) Chrome/62.0.3202.94 Safari/537.36"
114.119.144.0 - - [28/Jun/2021:12:43:04 +0200] "GET /pl/ueber-uns HTTP/1.1" 200 - "-" "Mozilla/5.0 (Linux; Android 7.0;) AppleWebKit/537.36 (KHTML, like Gecko) Mobile Safari/537.36 (compatible; PetalBot;+https://webmaster.petalsearch.com/site/petalbot)"
114.119.144.0 - - [28/Jun/2021:12:43:05 +0200] "GET /pl/ueber-uns/ HTTP/1.1" 200 10189 "-" "Mozilla/5.0 (Linux; Android 7.0;) AppleWebKit/537.36 (KHTML, like Gecko) Mobile Safari/537.36 (compatible; PetalBot;+https://webmaster.petalsearch.com/site/petalbot)"
66.249.64.0 - - [28/Jun/2021:12:45:00 +0200] "GET /wp-admin/admin-ajax.php?action=rest-nonce HTTP/1.1" 301 308 "-" "Mozilla/5.0 (Linux; Android 6.0.1; Nexus 5X Build/MMB29P) AppleWebKit/537.36 (KHTML, like Gecko) Chrome/91.0.4472.90 Mobile Safari/537.36 (compatible; Googlebot/2.1; +http://www.google.com/bot.html)"
66.249.64.0 - - [28/Jun/2021:12:45:00 +0200] "GET /robots.txt HTTP/1.1" 301 295 "-" "Mozilla/5.0 (compatible; Googlebot/2.1; +http://www.google.com/bot.html)"
114.119.146.0 - - [28/Jun/2021:12:46:06 +0200] "GET /fr/unsere-maerkte/gueter/ HTTP/1.1" 200 10538 "-" "Mozilla/5.0 (Linux; Android 7.0;) AppleWebKit/537.36 (KHTML, like Gecko) Mobile Safari/537.36 (compatible; PetalBot;+https://webmaster.petalsearch.com/site/petalbot)"
157.55.39.0 - - [28/Jun/2021:12:47:07 +0200] "GET /index.html HTTP/1.1" 200 2590 "-" "Mozilla/5.0 (compatible; bingbot/2.0; +http://www.bing.com/bingbot.htm)"
81.169.178.0 - - [28/Jun/2021:12:49:00 +0200] "POST /wp-cron.php?doing_wp_cron=1624877340.6970250606536865234375 HTTP/1.1" 200 - "https://www.computerdoc24.de/wp-cron.php?doing_wp_cron=1624877340.6970250606536865234375" "WordPress/5.2.11; https://www.computerdoc24.de"
114.119.143.0 - - [28/Jun/2021:12:49:00 +0200] "GET /product/schneller-arbeits-und-internet-pc HTTP/1.1" 200 - "-" "Mozilla/5.0 (Linux; Android 7.0;) AppleWebKit/537.36 (KHTML, like Gecko) Mobile Safari/537.36 (compatible; PetalBot;+https://webmaster.petalsearch.com/site/petalbot)"
114.119.143.0 - - [28/Jun/2021:12:49:02 +0200] "GET /product/schneller-arbeits-und-internet-pc/ HTTP/1.1" 200 13875 "-" "Mozilla/5.0 (Linux; Android 7.0;) AppleWebKit/537.36 (KHTML, like Gecko) Mobile Safari/537.36 (compatible; PetalBot;+https://webmaster.petalsearch.com/site/petalbot)"
114.119.138.0 - - [28/Jun/2021:12:49:09 +0200] "GET /uk/unsere-maerkte/ HTTP/1.1" 200 10698 "-" "Mozilla/5.0 (Linux; Android 7.0;) AppleWebKit/537.36 (KHTML, like Gecko) Mobile Safari/537.36 (compatible; PetalBot;+https://webmaster.petalsearch.com/site/petalbot)"
128.199.212.0 - - [28/Jun/2021:12:51:21 +0200] "GET /wp-login.php HTTP/1.1" 200 2743 "-" "Mozilla/5.0 (X11; Ubuntu; Linux x86_64; rv:62.0) Gecko/20100101 Firefox/62.0"
128.199.212.0 - - [28/Jun/2021:12:51:22 +0200] "POST /wp-login.php HTTP/1.1" 200 2880 "-" "Mozilla/5.0 (X11; Ubuntu; Linux x86_64; rv:62.0) Gecko/20100101 Firefox/62.0"
128.199.212.0 - - [28/Jun/2021:12:51:24 +0200] "GET /wp-login.php HTTP/1.1" 200 2743 "-" "Mozilla/5.0 (X11; Ubuntu; Linux x86_64; rv:62.0) Gecko/20100101 Firefox/62.0"
128.199.212.0 - - [28/Jun/2021:12:51:31 +0200] "POST /wp-login.php HTTP/1.1" 200 2878 "-" "Mozilla/5.0 (X11; Ubuntu; Linux x86_64; rv:62.0) Gecko/20100101 Firefox/62.0"
128.199.212.0 - - [28/Jun/2021:12:51:37 +0200] "POST /xmlrpc.php HTTP/1.1" 200 249 "-" "Mozilla/5.0 (X11; Ubuntu; Linux x86_64; rv:62.0) Gecko/20100101 Firefox/62.0"
173.254.202.0 - - [28/Jun/2021:12:51:43 +0200] "GET /wp-login.php HTTP/1.1" 200 2748 "-" "Mozilla/5.0 (X11; Ubuntu; Linux x86_64; rv:62.0) Gecko/20100101 Firefox/62.0"
81.169.178.0 - - [28/Jun/2021:12:51:44 +0200] "POST /wp-cron.php?doing_wp_cron=1624877504.5122449398040771484375 HTTP/1.1" 200 - "https://www.ipcbusiness.de/wp-cron.php?doing_wp_cron=1624877504.5122449398040771484375" "WordPress/5.6.4; https://www.ipcbusiness.de"
173.254.202.0 - - [28/Jun/2021:12:51:44 +0200] "POST /wp-login.php HTTP/1.1" 200 2886 "-" "Mozilla/5.0 (X11; Ubuntu; Linux x86_64; rv:62.0) Gecko/20100101 Firefox/62.0"
173.254.202.0 - - [28/Jun/2021:12:51:46 +0200] "GET /wp-login.php HTTP/1.1" 200 2748 "-" "Mozilla/5.0 (X11; Ubuntu; Linux x86_64; rv:62.0) Gecko/20100101 Firefox/62.0"
173.254.202.0 - - [28/Jun/2021:12:51:47 +0200] "POST /wp-login.php HTTP/1.1" 200 2884 "-" "Mozilla/5.0 (X11; Ubuntu; Linux x86_64; rv:62.0) Gecko/20100101 Firefox/62.0"
173.254.202.0 - - [28/Jun/2021:12:51:48 +0200] "POST /xmlrpc.php HTTP/1.1" 200 249 "-" "Mozilla/5.0 (X11; Ubuntu; Linux x86_64; rv:62.0) Gecko/20100101 Firefox/62.0"
114.119.154.0 - - [28/Jun/2021:12:51:55 +0200] "GET /en/unsere-produkte-und-services/ HTTP/1.1" 200 10375 "-" "Mozilla/5.0 (Linux; Android 7.0;) AppleWebKit/537.36 (KHTML, like Gecko) Mobile Safari/537.36 (compatible; PetalBot;+https://webmaster.petalsearch.com/site/petalbot)"
81.88.52.0 - - [28/Jun/2021:12:52:07 +0200] "POST /wp-login.php HTTP/1.1" 200 2886 "-" "Mozilla/5.0 (Windows NT 6.1; Win64; x64) AppleWebKit/537.36 (KHTML, like Gecko) Chrome/78.0.3904.97 Safari/537.36"
81.169.178.0 - - [28/Jun/2021:12:52:37 +0200] "POST /wp-cron.php?doing_wp_cron=1624877557.5768380165100097656250 HTTP/1.1" 200 - "https://www.computerdoc24.de/wp-cron.php?doing_wp_cron=1624877557.5768380165100097656250" "WordPress/5.2.11; https://www.computerdoc24.de"
81.88.52.0 - - [28/Jun/2021:12:52:37 +0200] "POST /wp-login.php HTTP/1.1" 503 7055 "-" "Mozilla/5.0 (Windows NT 10.0; WOW64) AppleWebKit/537.36 (KHTML, like Gecko) Chrome/79.0.3945.130 Safari/537.36"
81.169.178.0 - - [28/Jun/2021:12:53:16 +0200] "POST /wp-cron.php?doing_wp_cron=1624877596.6750590801239013671875 HTTP/1.1" 200 - "https://www.computerdoc24.de/wp-cron.php?doing_wp_cron=1624877596.6750590801239013671875" "WordPress/5.2.11; https://www.computerdoc24.de"
157.245.105.0 - - [28/Jun/2021:12:53:16 +0200] "GET /wp-login.php HTTP/1.1" 200 2238 "-" "Mozilla/5.0 (X11; Ubuntu; Linux x86_64; rv:62.0) Gecko/20100101 Firefox/62.0"
157.245.105.0 - - [28/Jun/2021:12:53:18 +0200] "POST /wp-login.php HTTP/1.1" 200 2589 "-" "Mozilla/5.0 (X11; Ubuntu; Linux x86_64; rv:62.0) Gecko/20100101 Firefox/62.0"
157.245.105.0 - - [28/Jun/2021:12:53:18 +0200] "POST /xmlrpc.php HTTP/1.1" 503 7054 "-" "Mozilla/5.0 (X11; Ubuntu; Linux x86_64; rv:62.0) Gecko/20100101 Firefox/62.0"
66.249.64.0 - - [28/Jun/2021:12:53:34 +0200] "GET /html/anfahrtskosten.html HTTP/1.1" 200 2353 "-" "Mozilla/5.0 (compatible; Googlebot/2.1; +http://www.google.com/bot.html)"
81.169.144.0 - - [28/Jun/2021:12:57:01 +0200] "POST /wp-cron.php?doing_wp_cron=1624877821.6762340068817138671875 HTTP/1.1" 200 - "http://www.computerdoc24.de/wp-cron.php?doing_wp_cron=1624877821.6762340068817138671875" "WordPress/5.2.2; https://www.computerdoc24.de"
157.55.39.0 - - [28/Jun/2021:12:59:50 +0200] "GET /product/office-internet-pc-fujitsu-marken-pc/ HTTP/1.1" 301 332 "-" "Mozilla/5.0 (compatible; bingbot/2.0; +http://www.bing.com/bingbot.htm)"
66.249.64.0 - - [28/Jun/2021:12:59:53 +0200] "GET /assets/rollover.js HTTP/1.1" 200 5145 "http://reinigungsprofi-weck.de/html/anfahrtskosten.html" "Mozilla/5.0 AppleWebKit/537.36 (KHTML, like Gecko; compatible; Googlebot/2.1; +http://www.google.com/bot.html) Chrome/91.0.4472.90 Safari/537.36"
66.249.64.0 - - [28/Jun/2021:12:59:54 +0200] "GET /html/fusion.css HTTP/1.1" 200 1161 "http://reinigungsprofi-weck.de/html/anfahrtskosten.html" "Mozilla/5.0 AppleWebKit/537.36 (KHTML, like Gecko; compatible; Googlebot/2.1; +http://www.google.com/bot.html) Chrome/91.0.4472.90 Safari/537.36"
114.119.146.0 - - [28/Jun/2021:13:00:33 +0200] "GET /ru/ueber-uns/umweltverantwortung/ HTTP/1.1" 200 10888 "-" "Mozilla/5.0 (Linux; Android 7.0;) AppleWebKit/537.36 (KHTML, like Gecko) Mobile Safari/537.36 (compatible; PetalBot;+https://webmaster.petalsearch.com/site/petalbot)"
164.68.99.0 - - [28/Jun/2021:13:02:13 +0200] "GET /wp-login.php HTTP/1.1" 200 2743 "-" "Mozilla/5.0 (X11; Ubuntu; Linux x86_64; rv:62.0) Gecko/20100101 Firefox/62.0"
164.68.99.0 - - [28/Jun/2021:13:02:13 +0200] "POST /wp-login.php HTTP/1.1" 200 2880 "-" "Mozilla/5.0 (X11; Ubuntu; Linux x86_64; rv:62.0) Gecko/20100101 Firefox/62.0"
164.68.99.0 - - [28/Jun/2021:13:02:14 +0200] "GET /wp-login.php HTTP/1.1" 200 2743 "-" "Mozilla/5.0 (X11; Ubuntu; Linux x86_64; rv:62.0) Gecko/20100101 Firefox/62.0"
164.68.99.0 - - [28/Jun/2021:13:02:15 +0200] "POST /wp-login.php HTTP/1.1" 200 2878 "-" "Mozilla/5.0 (X11; Ubuntu; Linux x86_64; rv:62.0) Gecko/20100101 Firefox/62.0"
164.68.99.0 - - [28/Jun/2021:13:02:15 +0200] "POST /xmlrpc.php HTTP/1.1" 200 249 "-" "Mozilla/5.0 (X11; Ubuntu; Linux x86_64; rv:62.0) Gecko/20100101 Firefox/62.0"
54.36.149.0 - - [28/Jun/2021:13:02:20 +0200] "GET /es/ HTTP/1.1" 200 14818 "-" "Mozilla/5.0 (compatible; AhrefsBot/7.0; +http://ahrefs.com/robot/)"
114.119.130.0 - - [28/Jun/2021:13:03:42 +0200] "GET /ru/ueber-uns/ HTTP/1.1" 200 10397 "-" "Mozilla/5.0 (Linux; Android 7.0;) AppleWebKit/537.36 (KHTML, like Gecko) Mobile Safari/537.36 (compatible; PetalBot;+https://webmaster.petalsearch.com/site/petalbot)"
207.46.13.0 - - [28/Jun/2021:13:03:44 +0200] "GET /product/schneller-arbeits-und-internet-pc-3/ HTTP/1.1" 301 331 "-" "Mozilla/5.0 (compatible; bingbot/2.0; +http://www.bing.com/bingbot.htm)"
103.6.245.0 - - [28/Jun/2021:13:03:51 +0200] "GET /wp-login.php HTTP/1.1" 200 2748 "-" "Mozilla/5.0 (X11; Ubuntu; Linux x86_64; rv:62.0) Gecko/20100101 Firefox/62.0"
103.6.245.0 - - [28/Jun/2021:13:03:52 +0200] "POST /wp-login.php HTTP/1.1" 200 2886 "-" "Mozilla/5.0 (X11; Ubuntu; Linux x86_64; rv:62.0) Gecko/20100101 Firefox/62.0"
103.6.245.0 - - [28/Jun/2021:13:03:54 +0200] "GET /wp-login.php HTTP/1.1" 200 2748 "-" "Mozilla/5.0 (X11; Ubuntu; Linux x86_64; rv:62.0) Gecko/20100101 Firefox/62.0"
81.169.178.0 - - [28/Jun/2021:13:03:54 +0200] "POST /wp-cron.php?doing_wp_cron=1624878234.8211801052093505859375 HTTP/1.1" 200 - "https://www.computerdoc24.de/wp-cron.php?doing_wp_cron=1624878234.8211801052093505859375" "WordPress/5.2.11; https://www.computerdoc24.de"
141.85.216.0 - - [28/Jun/2021:13:03:54 +0200] "GET /wp-login.php HTTP/1.1" 200 2238 "-" "Mozilla/5.0 (X11; Ubuntu; Linux x86_64; rv:62.0) Gecko/20100101 Firefox/62.0"
141.85.216.0 - - [28/Jun/2021:13:03:55 +0200] "POST /wp-login.php HTTP/1.1" 200 2589 "-" "Mozilla/5.0 (X11; Ubuntu; Linux x86_64; rv:62.0) Gecko/20100101 Firefox/62.0"
103.6.245.0 - - [28/Jun/2021:13:03:55 +0200] "POST /wp-login.php HTTP/1.1" 200 2884 "-" "Mozilla/5.0 (X11; Ubuntu; Linux x86_64; rv:62.0) Gecko/20100101 Firefox/62.0"
141.85.216.0 - - [28/Jun/2021:13:03:55 +0200] "POST /xmlrpc.php HTTP/1.1" 200 228 "-" "Mozilla/5.0 (X11; Ubuntu; Linux x86_64; rv:62.0) Gecko/20100101 Firefox/62.0"
103.6.245.0 - - [28/Jun/2021:13:03:57 +0200] "POST /xmlrpc.php HTTP/1.1" 200 249 "-" "Mozilla/5.0 (X11; Ubuntu; Linux x86_64; rv:62.0) Gecko/20100101 Firefox/62.0"
3.248.250.0 - - [28/Jun/2021:13:07:53 +0200] "GET / HTTP/1.1" 301 231 "-" "Mozilla/5.0 (Macintosh; Intel Mac OS X 10.15; rv:81.0) Gecko/20100101 Firefox/81.0"
3.248.250.0 - - [28/Jun/2021:13:07:53 +0200] "GET / HTTP/1.1" 301 - "http://81.169.178.78" "Mozilla/5.0 (Macintosh; Intel Mac OS X 10.15; rv:81.0) Gecko/20100101 Firefox/81.0"
3.248.250.0 - - [28/Jun/2021:13:07:53 +0200] "GET / HTTP/1.1" 200 18795 "https://81.169.178.78/" "Mozilla/5.0 (Macintosh; Intel Mac OS X 10.15; rv:81.0) Gecko/20100101 Firefox/81.0"
162.62.123.0 - - [28/Jun/2021:13:10:17 +0200] "GET / HTTP/1.1" 403 2409 "-" "-"
157.55.39.0 - - [28/Jun/2021:13:11:31 +0200] "GET /html/vorher_nachher.html HTTP/1.1" 200 2132 "-" "Mozilla/5.0 (compatible; bingbot/2.0; +http://www.bing.com/bingbot.htm)"
81.169.178.0 - - [28/Jun/2021:13:12:10 +0200] "POST /wp-cron.php?doing_wp_cron=1624878730.5742239952087402343750 HTTP/1.1" 200 - "http://www.computerdoc24.de/wp-cron.php?doing_wp_cron=1624878730.5742239952087402343750" "WordPress/5.2.11; https://www.computerdoc24.de"
54.154.58.0 - - [28/Jun/2021:13:12:10 +0200] "GET / HTTP/1.1" 301 - "-" "Mozilla/5.0 (Macintosh; Intel Mac OS X 10.15; rv:81.0) Gecko/20100101 Firefox/81.0"
54.154.58.0 - - [28/Jun/2021:13:12:11 +0200] "GET / HTTP/1.1" 301 - "http://81.169.178.78" "Mozilla/5.0 (Macintosh; Intel Mac OS X 10.15; rv:81.0) Gecko/20100101 Firefox/81.0"
54.154.58.0 - - [28/Jun/2021:13:12:11 +0200] "GET / HTTP/1.1" 200 16467 "https://81.169.178.78/" "Mozilla/5.0 (Macintosh; Intel Mac OS X 10.15; rv:81.0) Gecko/20100101 Firefox/81.0"
104.197.75.0 - - [28/Jun/2021:13:13:27 +0200] "GET /wp-login.php HTTP/1.1" 200 2743 "-" "Mozilla/5.0 (X11; Ubuntu; Linux x86_64; rv:62.0) Gecko/20100101 Firefox/62.0"
104.197.75.0 - - [28/Jun/2021:13:13:28 +0200] "POST /wp-login.php HTTP/1.1" 200 2880 "-" "Mozilla/5.0 (X11; Ubuntu; Linux x86_64; rv:62.0) Gecko/20100101 Firefox/62.0"
104.197.75.0 - - [28/Jun/2021:13:13:29 +0200] "GET /wp-login.php HTTP/1.1" 200 2743 "-" "Mozilla/5.0 (X11; Ubuntu; Linux x86_64; rv:62.0) Gecko/20100101 Firefox/62.0"
104.197.75.0 - - [28/Jun/2021:13:13:30 +0200] "POST /wp-login.php HTTP/1.1" 200 2878 "-" "Mozilla/5.0 (X11; Ubuntu; Linux x86_64; rv:62.0) Gecko/20100101 Firefox/62.0"
104.197.75.0 - - [28/Jun/2021:13:13:31 +0200] "POST /xmlrpc.php HTTP/1.1" 200 249 "-" "Mozilla/5.0 (X11; Ubuntu; Linux x86_64; rv:62.0) Gecko/20100101 Firefox/62.0"
142.93.152.0 - - [28/Jun/2021:13:14:49 +0200] "GET /wp-login.php HTTP/1.1" 200 2748 "-" "Mozilla/5.0 (X11; Ubuntu; Linux x86_64; rv:62.0) Gecko/20100101 Firefox/62.0"
142.93.152.0 - - [28/Jun/2021:13:14:50 +0200] "POST /wp-login.php HTTP/1.1" 200 2886 "-" "Mozilla/5.0 (X11; Ubuntu; Linux x86_64; rv:62.0) Gecko/20100101 Firefox/62.0"
142.93.152.0 - - [28/Jun/2021:13:14:51 +0200] "GET /wp-login.php HTTP/1.1" 200 2748 "-" "Mozilla/5.0 (X11; Ubuntu; Linux x86_64; rv:62.0) Gecko/20100101 Firefox/62.0"
142.93.152.0 - - [28/Jun/2021:13:14:53 +0200] "POST /wp-login.php HTTP/1.1" 200 2884 "-" "Mozilla/5.0 (X11; Ubuntu; Linux x86_64; rv:62.0) Gecko/20100101 Firefox/62.0"
142.93.152.0 - - [28/Jun/2021:13:14:54 +0200] "POST /xmlrpc.php HTTP/1.1" 200 249 "-" "Mozilla/5.0 (X11; Ubuntu; Linux x86_64; rv:62.0) Gecko/20100101 Firefox/62.0"
81.169.178.0 - - [28/Jun/2021:13:15:16 +0200] "POST /wp-cron.php?doing_wp_cron=1624878916.1369030475616455078125 HTTP/1.1" 200 - "http://www.computerdoc24.de/wp-cron.php?doing_wp_cron=1624878916.1369030475616455078125" "WordPress/5.2.11; https://www.computerdoc24.de"
54.36.148.0 - - [28/Jun/2021:13:15:16 +0200] "GET /robots.txt HTTP/1.1" 200 - "-" "Mozilla/5.0 (compatible; AhrefsBot/7.0; +http://ahrefs.com/robot/)"
54.36.148.0 - - [28/Jun/2021:13:15:16 +0200] "GET /robots.txt HTTP/1.1" 200 69 "-" "Mozilla/5.0 (compatible; AhrefsBot/7.0; +http://ahrefs.com/robot/)"
54.36.148.0 - - [28/Jun/2021:13:15:18 +0200] "GET / HTTP/1.1" 301 - "-" "Mozilla/5.0 (compatible; AhrefsBot/7.0; +http://ahrefs.com/robot/)"
81.169.178.0 - - [28/Jun/2021:13:16:09 +0200] "POST /wp-cron.php?doing_wp_cron=1624878969.1887450218200683593750 HTTP/1.1" 200 - "https://www.computerdoc24.de/wp-cron.php?doing_wp_cron=1624878969.1887450218200683593750" "WordPress/5.2.11; https://www.computerdoc24.de"
91.134.248.0 - - [28/Jun/2021:13:16:09 +0200] "GET /wp-login.php HTTP/1.1" 200 2238 "-" "Mozilla/5.0 (X11; Ubuntu; Linux x86_64; rv:62.0) Gecko/20100101 Firefox/62.0"
91.134.248.0 - - [28/Jun/2021:13:16:10 +0200] "POST /wp-login.php HTTP/1.1" 200 2589 "-" "Mozilla/5.0 (X11; Ubuntu; Linux x86_64; rv:62.0) Gecko/20100101 Firefox/62.0"
91.134.248.0 - - [28/Jun/2021:13:16:12 +0200] "POST /xmlrpc.php HTTP/1.1" 200 228 "-" "Mozilla/5.0 (X11; Ubuntu; Linux x86_64; rv:62.0) Gecko/20100101 Firefox/62.0"
40.77.167.0 - - [28/Jun/2021:13:16:39 +0200] "GET /wp-content/uploads/20210412_104349-765x1024-570x321.jpg HTTP/1.1" 301 342 "-" "Mozilla/5.0 (compatible; bingbot/2.0; +http://www.bing.com/bingbot.htm)"
54.36.149.0 - - [28/Jun/2021:13:17:14 +0200] "GET / HTTP/1.1" 200 2590 "-" "Mozilla/5.0 (compatible; AhrefsBot/7.0; SA; +http://ahrefs.com/robot/)"
92.118.160.0 - - [28/Jun/2021:13:17:52 +0200] "GET / HTTP/1.1" 200 2691 "-" "NetSystemsResearch studies the availability of various services across the internet. Our website is netsystemsresearch.com"
81.169.178.0 - - [28/Jun/2021:13:19:12 +0200] "POST /wp-cron.php?doing_wp_cron=1624879152.2748699188232421875000 HTTP/1.1" 200 - "http://www.computerdoc24.de/wp-cron.php?doing_wp_cron=1624879152.2748699188232421875000" "WordPress/5.2.11; https://www.computerdoc24.de"
89.234.157.0 - - [28/Jun/2021:13:19:12 +0200] "POST /xmlrpc.php HTTP/1.0" 200 406 "-" "Mozilla/5.0 (X11; Linux x86_64; rv:60.0) Gecko/20100101 Firefox/60.0"
81.169.144.0 - - [28/Jun/2021:13:23:56 +0200] "POST /wp-cron.php?doing_wp_cron=1624879436.4050409793853759765625 HTTP/1.1" 200 - "http://www.computerdoc24.de/wp-cron.php?doing_wp_cron=1624879436.4050409793853759765625" "WordPress/5.2.2; https://www.computerdoc24.de"
64.90.40.0 - - [28/Jun/2021:13:25:42 +0200] "GET /wp-login.php HTTP/1.1" 200 2743 "-" "Mozilla/5.0 (X11; Ubuntu; Linux x86_64; rv:62.0) Gecko/20100101 Firefox/62.0"
64.90.40.0 - - [28/Jun/2021:13:25:43 +0200] "POST /wp-login.php HTTP/1.1" 200 2880 "-" "Mozilla/5.0 (X11; Ubuntu; Linux x86_64; rv:62.0) Gecko/20100101 Firefox/62.0"
64.90.40.0 - - [28/Jun/2021:13:25:44 +0200] "GET /wp-login.php HTTP/1.1" 200 2743 "-" "Mozilla/5.0 (X11; Ubuntu; Linux x86_64; rv:62.0) Gecko/20100101 Firefox/62.0"
64.90.40.0 - - [28/Jun/2021:13:25:46 +0200] "POST /wp-login.php HTTP/1.1" 200 2844 "-" "Mozilla/5.0 (X11; Ubuntu; Linux x86_64; rv:62.0) Gecko/20100101 Firefox/62.0"
64.90.40.0 - - [28/Jun/2021:13:25:47 +0200] "POST /xmlrpc.php HTTP/1.1" 200 249 "-" "Mozilla/5.0 (X11; Ubuntu; Linux x86_64; rv:62.0) Gecko/20100101 Firefox/62.0"
134.209.144.0 - - [28/Jun/2021:13:26:22 +0200] "GET /wp-login.php HTTP/1.1" 200 2748 "-" "Mozilla/5.0 (X11; Ubuntu; Linux x86_64; rv:62.0) Gecko/20100101 Firefox/62.0"
81.169.178.0 - - [28/Jun/2021:13:26:31 +0200] "POST /wp-cron.php?doing_wp_cron=1624879591.8890790939331054687500 HTTP/1.1" 200 - "https://www.computerdoc24.de/wp-cron.php?doing_wp_cron=1624879591.8890790939331054687500" "WordPress/5.2.11; https://www.computerdoc24.de"
198.204.240.0 - - [28/Jun/2021:13:26:31 +0200] "GET // HTTP/1.1" 301 - "http://www.google.com.hk" "Mozilla/5.0 (Windows NT 6.1; WOW64) AppleWebKit/537.36 (KHTML, like Gecko) Chrome/42.0.2311.90 Safari/537.36"
134.209.144.0 - - [28/Jun/2021:13:26:43 +0200] "GET /wp-login.php HTTP/1.1" 200 2748 "-" "Mozilla/5.0 (X11; Ubuntu; Linux x86_64; rv:62.0) Gecko/20100101 Firefox/62.0"
134.209.144.0 - - [28/Jun/2021:13:26:44 +0200] "POST /wp-login.php HTTP/1.1" 200 2850 "-" "Mozilla/5.0 (X11; Ubuntu; Linux x86_64; rv:62.0) Gecko/20100101 Firefox/62.0"
134.209.144.0 - - [28/Jun/2021:13:26:45 +0200] "POST /xmlrpc.php HTTP/1.1" 200 249 "-" "Mozilla/5.0 (X11; Ubuntu; Linux x86_64; rv:62.0) Gecko/20100101 Firefox/62.0"
198.204.240.0 - - [28/Jun/2021:13:26:59 +0200] "GET / HTTP/1.1" 200 16467 "http://www.google.com.hk" "Mozilla/5.0 (Windows NT 6.1; WOW64) AppleWebKit/537.36 (KHTML, like Gecko) Chrome/42.0.2311.90 Safari/537.36"
114.119.131.0 - - [28/Jun/2021:13:27:09 +0200] "GET /fr/ueber-uns/ipc-business-gmbh-firmeninformation HTTP/1.1" 200 - "-" "Mozilla/5.0 (Linux; Android 7.0;) AppleWebKit/537.36 (KHTML, like Gecko) Mobile Safari/537.36 (compatible; PetalBot;+https://webmaster.petalsearch.com/site/petalbot)"
114.119.131.0 - - [28/Jun/2021:13:27:11 +0200] "GET /fr/ueber-uns/ipc-business-gmbh-firmeninformation/ HTTP/1.1" 200 10684 "-" "Mozilla/5.0 (Linux; Android 7.0;) AppleWebKit/537.36 (KHTML, like Gecko) Mobile Safari/537.36 (compatible; PetalBot;+https://webmaster.petalsearch.com/site/petalbot)"
198.204.240.0 - - [28/Jun/2021:13:27:27 +0200] "GET //wp-content/plugins/fancy-product-designer/assets/css/fancy-product.css HTTP/1.1" 200 - "-" "Mozilla/5.0 (Windows NT 6.1; WOW64) AppleWebKit/537.36 (KHTML, like Gecko) Chrome/36.0.1985.125 Safari/537.36"
81.169.178.0 - - [28/Jun/2021:13:27:51 +0200] "POST /wp-cron.php?doing_wp_cron=1624879671.6736230850219726562500 HTTP/1.1" 200 - "https://www.computerdoc24.de/wp-cron.php?doing_wp_cron=1624879671.6736230850219726562500" "WordPress/5.2.11; https://www.computerdoc24.de"
198.204.240.0 - - [28/Jun/2021:13:27:51 +0200] "GET /wp-content/plugins/fancy-product-designer/assets/css/fancy-product.css HTTP/1.1" 200 8199 "-" "Mozilla/5.0 (Windows NT 6.1; WOW64) AppleWebKit/537.36 (KHTML, like Gecko) Chrome/36.0.1985.125 Safari/537.36"
149.202.133.0 - - [28/Jun/2021:13:27:54 +0200] "GET /wp-login.php HTTP/1.1" 200 2238 "-" "Mozilla/5.0 (X11; Ubuntu; Linux x86_64; rv:62.0) Gecko/20100101 Firefox/62.0"
149.202.133.0 - - [28/Jun/2021:13:27:54 +0200] "POST /wp-login.php HTTP/1.1" 200 2589 "-" "Mozilla/5.0 (X11; Ubuntu; Linux x86_64; rv:62.0) Gecko/20100101 Firefox/62.0"
149.202.133.0 - - [28/Jun/2021:13:27:55 +0200] "POST /xmlrpc.php HTTP/1.1" 200 228 "-" "Mozilla/5.0 (X11; Ubuntu; Linux x86_64; rv:62.0) Gecko/20100101 Firefox/62.0"
45.33.103.0 - - [28/Jun/2021:13:28:57 +0200] "GET /owa/ HTTP/1.1" 404 2543 "-" "Mozilla/5.0 (Windows NT 10.0; Win64; x64) AppleWebKit/537.36 (KHTML, like Gecko) Chrome/60.0.3112.113 Safari/537.36"
5.188.210.0 - - [28/Jun/2021:13:31:45 +0200] "GET /admin/editor/filemanager/browser/default/connectors/php/connector.php?Command=GetFoldersAndFiles&Type=File&CurrentFolder=%2F HTTP/1.0" 200 2691 "-" "Mozilla/5.0 (Windows NT 6.3; Win64; x64) AppleWebKit/537.36 (KHTML, like Gecko) Chrome/75.0.3770.100 Safari/537.36"
114.119.131.0 - - [28/Jun/2021:13:32:04 +0200] "GET /unsere-maerkte/drehkreuze-service-partner/ HTTP/1.1" 200 10990 "-" "Mozilla/5.0 (Linux; Android 7.0;) AppleWebKit/537.36 (KHTML, like Gecko) Mobile Safari/537.36 (compatible; PetalBot;+https://webmaster.petalsearch.com/site/petalbot)"
81.169.178.0 - - [28/Jun/2021:13:32:08 +0200] "POST /wp-cron.php?doing_wp_cron=1624879927.9221599102020263671875 HTTP/1.1" 200 - "https://www.computerdoc24.de/wp-cron.php?doing_wp_cron=1624879927.9221599102020263671875" "WordPress/5.2.11; https://www.computerdoc24.de"
176.31.125.0 - - [28/Jun/2021:13:32:07 +0200] "GET /robots.txt HTTP/1.1" 200 67 "-" "Mozilla/5.0 (compatible; MJ12bot/v1.4.8; http://mj12bot.com/)"
176.31.125.0 - - [28/Jun/2021:13:32:14 +0200] "GET /software/ HTTP/1.1" 200 8685 "-" "Mozilla/5.0 (compatible; MJ12bot/v1.4.8; http://mj12bot.com/)"
54.36.149.0 - - [28/Jun/2021:13:33:49 +0200] "GET /robots.txt HTTP/1.1" 200 2691 "-" "Mozilla/5.0 (compatible; AhrefsBot/7.0; +http://ahrefs.com/robot/)"
54.36.149.0 - - [28/Jun/2021:13:33:50 +0200] "GET / HTTP/1.1" 200 2691 "-" "Mozilla/5.0 (compatible; AhrefsBot/7.0; +http://ahrefs.com/robot/)"
81.169.178.0 - - [28/Jun/2021:13:33:53 +0200] "POST /wp-cron.php?doing_wp_cron=1624880033.7185521125793457031250 HTTP/1.1" 200 - "https://www.computerdoc24.de/wp-cron.php?doing_wp_cron=1624880033.7185521125793457031250" "WordPress/5.2.11; https://www.computerdoc24.de"
87.175.110.0 - - [28/Jun/2021:13:33:53 +0200] "GET / HTTP/1.1" 200 16473 "https://www.google.com/" "Mozilla/5.0 (Linux; Android 11; SM-G985F) AppleWebKit/537.36 (KHTML, like Gecko) Chrome/91.0.4472.120 Mobile Safari/537.36"
87.175.110.0 - - [28/Jun/2021:13:33:54 +0200] "GET /wp-includes/css/dist/block-library/style.min.css HTTP/1.1" 200 4788 "https://www.computerdoc24.de/" "Mozilla/5.0 (Linux; Android 11; SM-G985F) AppleWebKit/537.36 (KHTML, like Gecko) Chrome/91.0.4472.120 Mobile Safari/537.36"
87.175.110.0 - - [28/Jun/2021:13:33:54 +0200] "GET /wp-content/plugins/woocommerce/packages/woocommerce-blocks/build/style.css HTTP/1.1" 200 2310 "https://www.computerdoc24.de/" "Mozilla/5.0 (Linux; Android 11; SM-G985F) AppleWebKit/537.36 (KHTML, like Gecko) Chrome/91.0.4472.120 Mobile Safari/537.36"
87.175.110.0 - - [28/Jun/2021:13:33:54 +0200] "GET /wp-content/plugins/contact-form-7/includes/css/styles.css HTTP/1.1" 200 651 "https://www.computerdoc24.de/" "Mozilla/5.0 (Linux; Android 11; SM-G985F) AppleWebKit/537.36 (KHTML, like Gecko) Chrome/91.0.4472.120 Mobile Safari/537.36"
87.175.110.0 - - [28/Jun/2021:13:33:54 +0200] "GET /wp-content/plugins/shapepress-dsgvo/public/css/simplebar.css HTTP/1.1" 200 714 "https://www.computerdoc24.de/" "Mozilla/5.0 (Linux; Android 11; SM-G985F) AppleWebKit/537.36 (KHTML, like Gecko) Chrome/91.0.4472.120 Mobile Safari/537.36"
87.175.110.0 - - [28/Jun/2021:13:33:54 +0200] "GET /wp-content/plugins/shapepress-dsgvo/public/css/sp-dsgvo-public.css HTTP/1.1" 200 3886 "https://www.computerdoc24.de/" "Mozilla/5.0 (Linux; Android 11; SM-G985F) AppleWebKit/537.36 (KHTML, like Gecko) Chrome/91.0.4472.120 Mobile Safari/537.36"
87.175.110.0 - - [28/Jun/2021:13:33:54 +0200] "GET /wp-content/plugins/revslider/public/assets/css/settings.css HTTP/1.1" 200 9496 "https://www.computerdoc24.de/" "Mozilla/5.0 (Linux; Android 11; SM-G985F) AppleWebKit/537.36 (KHTML, like Gecko) Chrome/91.0.4472.120 Mobile Safari/537.36"
87.175.110.0 - - [28/Jun/2021:13:33:54 +0200] "GET /wp-content/uploads/smile_fonts/Defaults/Defaults.css HTTP/1.1" 200 4755 "https://www.computerdoc24.de/" "Mozilla/5.0 (Linux; Android 11; SM-G985F) AppleWebKit/537.36 (KHTML, like Gecko) Chrome/91.0.4472.120 Mobile Safari/537.36"
87.175.110.0 - - [28/Jun/2021:13:33:54 +0200] "GET /wp-content/plugins/Ultimate_VC_Addons/assets/min-css/ultimate.min.css HTTP/1.1" 200 47736 "https://www.computerdoc24.de/" "Mozilla/5.0 (Linux; Android 11; SM-G985F) AppleWebKit/537.36 (KHTML, like Gecko) Chrome/91.0.4472.120 Mobile Safari/537.36"
87.175.110.0 - - [28/Jun/2021:13:33:54 +0200] "GET /wp-content/themes/dreier/lib/css/bootstrap.css HTTP/1.1" 200 6230 "https://www.computerdoc24.de/" "Mozilla/5.0 (Linux; Android 11; SM-G985F) AppleWebKit/537.36 (KHTML, like Gecko) Chrome/91.0.4472.120 Mobile Safari/537.36"
87.175.110.0 - - [28/Jun/2021:13:33:54 +0200] "GET /wp-content/themes/dreier/lib/css/bootstrap-responsive-1170.css HTTP/1.1" 200 1572 "https://www.computerdoc24.de/" "Mozilla/5.0 (Linux; Android 11; SM-G985F) AppleWebKit/537.36 (KHTML, like Gecko) Chrome/91.0.4472.120 Mobile Safari/537.36"
87.175.110.0 - - [28/Jun/2021:13:33:54 +0200] "GET /wp-content/themes/dreier/lib/css/responsive.css HTTP/1.1" 200 2632 "https://www.computerdoc24.de/" "Mozilla/5.0 (Linux; Android 11; SM-G985F) AppleWebKit/537.36 (KHTML, like Gecko) Chrome/91.0.4472.120 Mobile Safari/537.36"
87.175.110.0 - - [28/Jun/2021:13:33:54 +0200] "GET /wp-content/themes/dreier/lib/css/woocommerce.css HTTP/1.1" 200 9818 "https://www.computerdoc24.de/" "Mozilla/5.0 (Linux; Android 11; SM-G985F) AppleWebKit/537.36 (KHTML, like Gecko) Chrome/91.0.4472.120 Mobile Safari/537.36"
87.175.110.0 - - [28/Jun/2021:13:33:54 +0200] "GET /wp-content/plugins/js_composer/assets/css/js_composer.min.css HTTP/1.1" 200 45591 "https://www.computerdoc24.de/" "Mozilla/5.0 (Linux; Android 11; SM-G985F) AppleWebKit/537.36 (KHTML, like Gecko) Chrome/91.0.4472.120 Mobile Safari/537.36"
87.175.110.0 - - [28/Jun/2021:13:33:54 +0200] "GET /wp-content/themes/dreier/lib/css/bootstrap-responsive.css HTTP/1.1" 200 2659 "https://www.computerdoc24.de/" "Mozilla/5.0 (Linux; Android 11; SM-G985F) AppleWebKit/537.36 (KHTML, like Gecko) Chrome/91.0.4472.120 Mobile Safari/537.36"
87.175.110.0 - - [28/Jun/2021:13:33:54 +0200] "GET /wp-content/themes/dreier/lib/css/style.css HTTP/1.1" 200 5893 "https://www.computerdoc24.de/" "Mozilla/5.0 (Linux; Android 11; SM-G985F) AppleWebKit/537.36 (KHTML, like Gecko) Chrome/91.0.4472.120 Mobile Safari/537.36"
87.175.110.0 - - [28/Jun/2021:13:33:54 +0200] "GET /wp-content/uploads/Dark-Blue-Skin_f11de704061eed4e79d777b4e0c313ab.css HTTP/1.1" 200 4908 "https://www.computerdoc24.de/" "Mozilla/5.0 (Linux; Android 11; SM-G985F) AppleWebKit/537.36 (KHTML, like Gecko) Chrome/91.0.4472.120 Mobile Safari/537.36"
87.175.110.0 - - [28/Jun/2021:13:33:54 +0200] "GET /wp-content/themes/dreier/includes/modules/module.fontawesome/source/css/font-awesome.min.css HTTP/1.1" 200 4680 "https://www.computerdoc24.de/" "Mozilla/5.0 (Linux; Android 11; SM-G985F) AppleWebKit/537.36 (KHTML, like Gecko) Chrome/91.0.4472.120 Mobile Safari/537.36"
87.175.110.0 - - [28/Jun/2021:13:33:54 +0200] "GET /wp-content/plugins/revslider/public/assets/js/jquery.themepunch.tools.min.js HTTP/1.1" 200 38337 "https://www.computerdoc24.de/" "Mozilla/5.0 (Linux; Android 11; SM-G985F) AppleWebKit/537.36 (KHTML, like Gecko) Chrome/91.0.4472.120 Mobile Safari/537.36"
87.175.110.0 - - [28/Jun/2021:13:33:54 +0200] "GET /wp-content/themes/dreier/includes/modules/module.icomoon/source/css/icomoon.css HTTP/1.1" 200 8420 "https://www.computerdoc24.de/" "Mozilla/5.0 (Linux; Android 11; SM-G985F) AppleWebKit/537.36 (KHTML, like Gecko) Chrome/91.0.4472.120 Mobile Safari/537.36"
87.175.110.0 - - [28/Jun/2021:13:33:54 +0200] "GET /wp-includes/js/jquery/jquery-migrate.min.js HTTP/1.1" 200 4014 "https://www.computerdoc24.de/" "Mozilla/5.0 (Linux; Android 11; SM-G985F) AppleWebKit/537.36 (KHTML, like Gecko) Chrome/91.0.4472.120 Mobile Safari/537.36"
87.175.110.0 - - [28/Jun/2021:13:33:54 +0200] "GET /wp-content/themes/dreier/lib/css/extensions.css HTTP/1.1" 200 37422 "https://www.computerdoc24.de/" "Mozilla/5.0 (Linux; Android 11; SM-G985F) AppleWebKit/537.36 (KHTML, like Gecko) Chrome/91.0.4472.120 Mobile Safari/537.36"
87.175.110.0 - - [28/Jun/2021:13:33:54 +0200] "GET /wp-includes/js/jquery/jquery.js HTTP/1.1" 200 33776 "https://www.computerdoc24.de/" "Mozilla/5.0 (Linux; Android 11; SM-G985F) AppleWebKit/537.36 (KHTML, like Gecko) Chrome/91.0.4472.120 Mobile Safari/537.36"
87.175.110.0 - - [28/Jun/2021:13:33:54 +0200] "GET /wp-content/plugins/revslider/public/assets/js/jquery.themepunch.revolution.min.js HTTP/1.1" 200 18090 "https://www.computerdoc24.de/" "Mozilla/5.0 (Linux; Android 11; SM-G985F) AppleWebKit/537.36 (KHTML, like Gecko) Chrome/91.0.4472.120 Mobile Safari/537.36"
87.175.110.0 - - [28/Jun/2021:13:33:54 +0200] "GET /wp-content/cache/autoptimize/js/autoptimize_single_902b7ca09549975e55e136fb0026df9a.js HTTP/1.1" 200 319 "https://www.computerdoc24.de/" "Mozilla/5.0 (Linux; Android 11; SM-G985F) AppleWebKit/537.36 (KHTML, like Gecko) Chrome/91.0.4472.120 Mobile Safari/537.36"
87.175.110.0 - - [28/Jun/2021:13:33:54 +0200] "GET /wp-content/plugins/woocommerce/assets/js/jquery-blockui/jquery.blockUI.min.js HTTP/1.1" 200 3533 "https://www.computerdoc24.de/" "Mozilla/5.0 (Linux; Android 11; SM-G985F) AppleWebKit/537.36 (KHTML, like Gecko) Chrome/91.0.4472.120 Mobile Safari/537.36"
87.175.110.0 - - [28/Jun/2021:13:33:54 +0200] "GET /wp-content/plugins/woocommerce/assets/js/frontend/add-to-cart.min.js HTTP/1.1" 200 1017 "https://www.computerdoc24.de/" "Mozilla/5.0 (Linux; Android 11; SM-G985F) AppleWebKit/537.36 (KHTML, like Gecko) Chrome/91.0.4472.120 Mobile Safari/537.36"
87.175.110.0 - - [28/Jun/2021:13:33:54 +0200] "GET /wp-content/plugins/Ultimate_VC_Addons/assets/min-js/ultimate.min.js HTTP/1.1" 200 54140 "https://www.computerdoc24.de/" "Mozilla/5.0 (Linux; Android 11; SM-G985F) AppleWebKit/537.36 (KHTML, like Gecko) Chrome/91.0.4472.120 Mobile Safari/537.36"
87.175.110.0 - - [28/Jun/2021:13:33:54 +0200] "GET /wp-content/cache/autoptimize/js/autoptimize_single_b381296557a120efdce91b9aa6fbb3c3.js HTTP/1.1" 200 2237 "https://www.computerdoc24.de/" "Mozilla/5.0 (Linux; Android 11; SM-G985F) AppleWebKit/537.36 (KHTML, like Gecko) Chrome/91.0.4472.120 Mobile Safari/537.36"
87.175.110.0 - - [28/Jun/2021:13:33:54 +0200] "GET /wp-content/plugins/revslider/public/assets/fonts/font-awesome/css/font-awesome.css HTTP/1.1" 200 7605 "https://www.computerdoc24.de/" "Mozilla/5.0 (Linux; Android 11; SM-G985F) AppleWebKit/537.36 (KHTML, like Gecko) Chrome/91.0.4472.120 Mobile Safari/537.36"
87.175.110.0 - - [28/Jun/2021:13:33:54 +0200] "GET /wp-content/plugins/js_composer/assets/lib/bower/font-awesome/css/font-awesome.min.css HTTP/1.1" 200 6970 "https://www.computerdoc24.de/" "Mozilla/5.0 (Linux; Android 11; SM-G985F) AppleWebKit/537.36 (KHTML, like Gecko) Chrome/91.0.4472.120 Mobile Safari/537.36"
87.175.110.0 - - [28/Jun/2021:13:33:54 +0200] "GET /wp-content/cache/autoptimize/js/autoptimize_single_4570be87421de7d33dae23561aa4aa74.js HTTP/1.1" 200 587 "https://www.computerdoc24.de/" "Mozilla/5.0 (Linux; Android 11; SM-G985F) AppleWebKit/537.36 (KHTML, like Gecko) Chrome/91.0.4472.120 Mobile Safari/537.36"
87.175.110.0 - - [28/Jun/2021:13:33:54 +0200] "GET /wp-content/cache/autoptimize/js/autoptimize_single_1534f06aa2b1b721a45372f8238e2461.js HTTP/1.1" 200 3352 "https://www.computerdoc24.de/" "Mozilla/5.0 (Linux; Android 11; SM-G985F) AppleWebKit/537.36 (KHTML, like Gecko) Chrome/91.0.4472.120 Mobile Safari/537.36"
87.175.110.0 - - [28/Jun/2021:13:33:54 +0200] "GET /wp-content/plugins/woocommerce/assets/js/js-cookie/js.cookie.min.js HTTP/1.1" 200 981 "https://www.computerdoc24.de/" "Mozilla/5.0 (Linux; Android 11; SM-G985F) AppleWebKit/537.36 (KHTML, like Gecko) Chrome/91.0.4472.120 Mobile Safari/537.36"
87.175.110.0 - - [28/Jun/2021:13:33:54 +0200] "GET /wp-content/plugins/woocommerce/assets/js/frontend/woocommerce.min.js HTTP/1.1" 200 619 "https://www.computerdoc24.de/" "Mozilla/5.0 (Linux; Android 11; SM-G985F) AppleWebKit/537.36 (KHTML, like Gecko) Chrome/91.0.4472.120 Mobile Safari/537.36"
87.175.110.0 - - [28/Jun/2021:13:33:54 +0200] "GET /wp-content/plugins/woocommerce/assets/js/frontend/cart-fragments.min.js HTTP/1.1" 200 1042 "https://www.computerdoc24.de/" "Mozilla/5.0 (Linux; Android 11; SM-G985F) AppleWebKit/537.36 (KHTML, like Gecko) Chrome/91.0.4472.120 Mobile Safari/537.36"
87.175.110.0 - - [28/Jun/2021:13:33:54 +0200] "GET /wp-content/cache/autoptimize/js/autoptimize_single_abc5931090b359c9bb72577fb5af85df.js HTTP/1.1" 200 9652 "https://www.computerdoc24.de/" "Mozilla/5.0 (Linux; Android 11; SM-G985F) AppleWebKit/537.36 (KHTML, like Gecko) Chrome/91.0.4472.120 Mobile Safari/537.36"
87.175.110.0 - - [28/Jun/2021:13:33:55 +0200] "GET /wp-content/cache/autoptimize/js/autoptimize_single_1a37c23486ba9c73fce4026e4acfd8e2.js HTTP/1.1" 200 1334 "https://www.computerdoc24.de/" "Mozilla/5.0 (Linux; Android 11; SM-G985F) AppleWebKit/537.36 (KHTML, like Gecko) Chrome/91.0.4472.120 Mobile Safari/537.36"
87.175.110.0 - - [28/Jun/2021:13:33:55 +0200] "GET /wp-content/themes/dreier/lib/js/modernizr-2.6.2-respond-1.1.0.min.js HTTP/1.1" 200 8039 "https://www.computerdoc24.de/" "Mozilla/5.0 (Linux; Android 11; SM-G985F) AppleWebKit/537.36 (KHTML, like Gecko) Chrome/91.0.4472.120 Mobile Safari/537.36"
87.175.110.0 - - [28/Jun/2021:13:33:55 +0200] "GET /wp-content/cache/autoptimize/js/autoptimize_single_3179f2255b046d5f2e9a71e365287bef.js HTTP/1.1" 200 20 "https://www.computerdoc24.de/" "Mozilla/5.0 (Linux; Android 11; SM-G985F) AppleWebKit/537.36 (KHTML, like Gecko) Chrome/91.0.4472.120 Mobile Safari/537.36"
87.175.110.0 - - [28/Jun/2021:13:33:55 +0200] "GET /wp-content/cache/autoptimize/js/autoptimize_single_6c8c6a70905826d42d4a8ee47b963fd8.js HTTP/1.1" 200 6684 "https://www.computerdoc24.de/" "Mozilla/5.0 (Linux; Android 11; SM-G985F) AppleWebKit/537.36 (KHTML, like Gecko) Chrome/91.0.4472.120 Mobile Safari/537.36"
87.175.110.0 - - [28/Jun/2021:13:33:55 +0200] "GET /wp-content/cache/autoptimize/js/autoptimize_single_6637a0cff91d033df31cf66e1b7ac0dd.js HTTP/1.1" 200 17125 "https://www.computerdoc24.de/" "Mozilla/5.0 (Linux; Android 11; SM-G985F) AppleWebKit/537.36 (KHTML, like Gecko) Chrome/91.0.4472.120 Mobile Safari/537.36"
87.175.110.0 - - [28/Jun/2021:13:33:55 +0200] "GET /wp-content/cache/autoptimize/js/autoptimize_single_9f8cd24d6d38fdf1a1205e7efaa6e972.js HTTP/1.1" 200 1095 "https://www.computerdoc24.de/" "Mozilla/5.0 (Linux; Android 11; SM-G985F) AppleWebKit/537.36 (KHTML, like Gecko) Chrome/91.0.4472.120 Mobile Safari/537.36"
87.175.110.0 - - [28/Jun/2021:13:33:55 +0200] "GET /wp-content/cache/autoptimize/js/autoptimize_single_9b53f8058e5124ec21f95085e6223d86.js HTTP/1.1" 200 1003 "https://www.computerdoc24.de/" "Mozilla/5.0 (Linux; Android 11; SM-G985F) AppleWebKit/537.36 (KHTML, like Gecko) Chrome/91.0.4472.120 Mobile Safari/537.36"
87.175.110.0 - - [28/Jun/2021:13:33:55 +0200] "GET /wp-includes/js/comment-reply.min.js HTTP/1.1" 200 1044 "https://www.computerdoc24.de/" "Mozilla/5.0 (Linux; Android 11; SM-G985F) AppleWebKit/537.36 (KHTML, like Gecko) Chrome/91.0.4472.120 Mobile Safari/537.36"
87.175.110.0 - - [28/Jun/2021:13:33:55 +0200] "GET /wp-includes/js/wp-embed.min.js HTTP/1.1" 200 739 "https://www.computerdoc24.de/" "Mozilla/5.0 (Linux; Android 11; SM-G985F) AppleWebKit/537.36 (KHTML, like Gecko) Chrome/91.0.4472.120 Mobile Safari/537.36"
87.175.110.0 - - [28/Jun/2021:13:33:55 +0200] "GET /wp-content/cache/autoptimize/js/autoptimize_single_89253771328c0245ce9642a184d97035.js HTTP/1.1" 200 2871 "https://www.computerdoc24.de/" "Mozilla/5.0 (Linux; Android 11; SM-G985F) AppleWebKit/537.36 (KHTML, like Gecko) Chrome/91.0.4472.120 Mobile Safari/537.36"
87.175.110.0 - - [28/Jun/2021:13:33:54 +0200] "GET / HTTP/1.1" 200 16486 "https://www.computerdoc24.de/" "Mozilla/5.0 (Linux; Android 11; SM-G985F) AppleWebKit/537.36 (KHTML, like Gecko) Chrome/91.0.4472.120 Mobile Safari/537.36"
87.175.110.0 - - [28/Jun/2021:13:33:55 +0200] "GET /wp-content/plugins/js_composer/assets/js/dist/js_composer_front.min.js HTTP/1.1" 200 5653 "https://www.computerdoc24.de/" "Mozilla/5.0 (Linux; Android 11; SM-G985F) AppleWebKit/537.36 (KHTML, like Gecko) Chrome/91.0.4472.120 Mobile Safari/537.36"
87.175.110.0 - - [28/Jun/2021:13:33:55 +0200] "GET /wp-content/plugins/revslider/admin/assets/images/dummy.png HTTP/1.1" 200 73 "https://www.computerdoc24.de/" "Mozilla/5.0 (Linux; Android 11; SM-G985F) AppleWebKit/537.36 (KHTML, like Gecko) Chrome/91.0.4472.120 Mobile Safari/537.36"
87.175.110.0 - - [28/Jun/2021:13:33:55 +0200] "GET /wp-content/themes/dreier/lib/css/retina.css HTTP/1.1" 200 197 "https://www.computerdoc24.de/" "Mozilla/5.0 (Linux; Android 11; SM-G985F) AppleWebKit/537.36 (KHTML, like Gecko) Chrome/91.0.4472.120 Mobile Safari/537.36"
87.175.110.0 - - [28/Jun/2021:13:33:55 +0200] "GET /wp-content/plugins/revslider/admin/assets/images/dummy.png HTTP/1.1" 200 73 "https://www.computerdoc24.de/" "Mozilla/5.0 (Linux; Android 11; SM-G985F) AppleWebKit/537.36 (KHTML, like Gecko) Chrome/91.0.4472.120 Mobile Safari/537.36"
87.175.110.0 - - [28/Jun/2021:13:33:55 +0200] "GET /wp-content/plugins/revslider/public/assets/fonts/font-awesome/fonts/fontawesome-webfont.woff2?v=4.7.0 HTTP/1.1" 200 77162 "https://www.computerdoc24.de/wp-content/plugins/revslider/public/assets/fonts/font-awesome/css/font-awesome.css" "Mozilla/5.0 (Linux; Android 11; SM-G985F) AppleWebKit/537.36 (KHTML, like Gecko) Chrome/91.0.4472.120 Mobile Safari/537.36"
87.175.110.0 - - [28/Jun/2021:13:33:55 +0200] "GET /wp-content/themes/dreier/lib/patterns/escheresque_ste.png HTTP/1.1" 200 423 "https://www.computerdoc24.de/wp-content/uploads/Dark-Blue-Skin_f11de704061eed4e79d777b4e0c313ab.css" "Mozilla/5.0 (Linux; Android 11; SM-G985F) AppleWebKit/537.36 (KHTML, like Gecko) Chrome/91.0.4472.120 Mobile Safari/537.36"
87.175.110.0 - - [28/Jun/2021:13:33:55 +0200] "GET /wp-content/plugins/autoptimize/classes/external/js/lazysizes.min.js HTTP/1.1" 200 3266 "https://www.computerdoc24.de/" "Mozilla/5.0 (Linux; Android 11; SM-G985F) AppleWebKit/537.36 (KHTML, like Gecko) Chrome/91.0.4472.120 Mobile Safari/537.36"
87.175.110.0 - - [28/Jun/2021:13:33:55 +0200] "GET /wp-content/uploads/smile_fonts/Defaults/Defaults.woff?rfa9z8 HTTP/1.1" 200 66219 "https://www.computerdoc24.de/wp-content/uploads/smile_fonts/Defaults/Defaults.css" "Mozilla/5.0 (Linux; Android 11; SM-G985F) AppleWebKit/537.36 (KHTML, like Gecko) Chrome/91.0.4472.120 Mobile Safari/537.36"
87.175.110.0 - - [28/Jun/2021:13:33:55 +0200] "GET /wp-content/plugins/js_composer/assets/lib/bower/font-awesome/fonts/fontawesome-webfont.woff2?v=4.7.0 HTTP/1.1" 200 77162 "https://www.computerdoc24.de/wp-content/plugins/js_composer/assets/lib/bower/font-awesome/css/font-awesome.min.css" "Mozilla/5.0 (Linux; Android 11; SM-G985F) AppleWebKit/537.36 (KHTML, like Gecko) Chrome/91.0.4472.120 Mobile Safari/537.36"
87.175.110.0 - - [28/Jun/2021:13:33:55 +0200] "GET /wp-content/plugins/revslider/public/assets/js/extensions/revolution.extension.slideanims.min.js?version=5.4.8 HTTP/1.1" 200 6880 "https://www.computerdoc24.de/" "Mozilla/5.0 (Linux; Android 11; SM-G985F) AppleWebKit/537.36 (KHTML, like Gecko) Chrome/91.0.4472.120 Mobile Safari/537.36"
87.175.110.0 - - [28/Jun/2021:13:33:55 +0200] "GET /wp-content/plugins/revslider/public/assets/js/extensions/revolution.extension.actions.min.js?version=5.4.8 HTTP/1.1" 200 2572 "https://www.computerdoc24.de/" "Mozilla/5.0 (Linux; Android 11; SM-G985F) AppleWebKit/537.36 (KHTML, like Gecko) Chrome/91.0.4472.120 Mobile Safari/537.36"
87.175.110.0 - - [28/Jun/2021:13:33:55 +0200] "GET /wp-content/plugins/revslider/public/assets/js/extensions/revolution.extension.navigation.min.js?version=5.4.8 HTTP/1.1" 200 7041 "https://www.computerdoc24.de/" "Mozilla/5.0 (Linux; Android 11; SM-G985F) AppleWebKit/537.36 (KHTML, like Gecko) Chrome/91.0.4472.120 Mobile Safari/537.36"
87.175.110.0 - - [28/Jun/2021:13:33:55 +0200] "GET /wp-content/plugins/revslider/public/assets/js/extensions/revolution.extension.layeranimation.min.js?version=5.4.8 HTTP/1.1" 200 14302 "https://www.computerdoc24.de/" "Mozilla/5.0 (Linux; Android 11; SM-G985F) AppleWebKit/537.36 (KHTML, like Gecko) Chrome/91.0.4472.120 Mobile Safari/537.36"
87.175.110.0 - - [28/Jun/2021:13:33:55 +0200] "GET /wp-content/uploads/logo-2-3.png HTTP/1.1" 200 15255 "https://www.computerdoc24.de/" "Mozilla/5.0 (Linux; Android 11; SM-G985F) AppleWebKit/537.36 (KHTML, like Gecko) Chrome/91.0.4472.120 Mobile Safari/537.36"
87.175.110.0 - - [28/Jun/2021:13:33:55 +0200] "GET /wp-content/themes/dreier/includes/modules/module.shadow/shadows/shadow-6.png HTTP/1.1" 200 4739 "https://www.computerdoc24.de/" "Mozilla/5.0 (Linux; Android 11; SM-G985F) AppleWebKit/537.36 (KHTML, like Gecko) Chrome/91.0.4472.120 Mobile Safari/537.36"
87.175.110.0 - - [28/Jun/2021:13:33:55 +0200] "POST /?wc-ajax=get_refreshed_fragments HTTP/1.1" 200 202 "https://www.computerdoc24.de/" "Mozilla/5.0 (Linux; Android 11; SM-G985F) AppleWebKit/537.36 (KHTML, like Gecko) Chrome/91.0.4472.120 Mobile Safari/537.36"
87.175.110.0 - - [28/Jun/2021:13:33:55 +0200] "GET /wp-content/plugins/revslider/public/assets/assets/loader.gif HTTP/1.1" 200 2545 "https://www.computerdoc24.de/wp-content/plugins/revslider/public/assets/css/settings.css" "Mozilla/5.0 (Linux; Android 11; SM-G985F) AppleWebKit/537.36 (KHTML, like Gecko) Chrome/91.0.4472.120 Mobile Safari/537.36"
87.175.110.0 - - [28/Jun/2021:13:33:55 +0200] "GET /wp-content/uploads/revslider/homepage/bg-1.jpg HTTP/1.1" 200 41555 "https://www.computerdoc24.de/" "Mozilla/5.0 (Linux; Android 11; SM-G985F) AppleWebKit/537.36 (KHTML, like Gecko) Chrome/91.0.4472.120 Mobile Safari/537.36"
87.175.110.0 - - [28/Jun/2021:13:33:55 +0200] "GET /wp-content/uploads/revslider/homepage/bg3.jpg HTTP/1.1" 200 189591 "https://www.computerdoc24.de/" "Mozilla/5.0 (Linux; Android 11; SM-G985F) AppleWebKit/537.36 (KHTML, like Gecko) Chrome/91.0.4472.120 Mobile Safari/537.36"
87.175.110.0 - - [28/Jun/2021:13:33:55 +0200] "GET /wp-content/uploads/Network-1.png HTTP/1.1" 200 55283 "https://www.computerdoc24.de/" "Mozilla/5.0 (Linux; Android 11; SM-G985F) AppleWebKit/537.36 (KHTML, like Gecko) Chrome/91.0.4472.120 Mobile Safari/537.36"
87.175.110.0 - - [28/Jun/2021:13:33:55 +0200] "GET /wp-content/uploads/revslider/homepage/slider.png HTTP/1.1" 200 18173 "https://www.computerdoc24.de/" "Mozilla/5.0 (Linux; Android 11; SM-G985F) AppleWebKit/537.36 (KHTML, like Gecko) Chrome/91.0.4472.120 Mobile Safari/537.36"
87.175.110.0 - - [28/Jun/2021:13:33:55 +0200] "GET /wp-content/uploads/revslider/homepage/computer.png HTTP/1.1" 200 206463 "https://www.computerdoc24.de/" "Mozilla/5.0 (Linux; Android 11; SM-G985F) AppleWebKit/537.36 (KHTML, like Gecko) Chrome/91.0.4472.120 Mobile Safari/537.36"
87.175.110.0 - - [28/Jun/2021:13:33:55 +0200] "GET /wp-content/uploads/revslider/homepage/hppc-1.png HTTP/1.1" 200 117566 "https://www.computerdoc24.de/" "Mozilla/5.0 (Linux; Android 11; SM-G985F) AppleWebKit/537.36 (KHTML, like Gecko) Chrome/91.0.4472.120 Mobile Safari/537.36"
