195.154.123.0 - - [29/Jun/2021:14:42:10 +0200] "GET /wp-content/plugins/contact-form-7/includes/css/styles.css HTTP/1.1" 200 651 "https://www.computerdoc24.de/" "Mozilla/5.0 (compatible; AhrefsBot/7.0; +http://ahrefs.com/robot/)"
195.154.123.0 - - [29/Jun/2021:14:42:10 +0200] "GET /wp-content/plugins/shapepress-dsgvo/public/css/simplebar.css HTTP/1.1" 200 714 "https://www.computerdoc24.de/" "Mozilla/5.0 (compatible; AhrefsBot/7.0; +http://ahrefs.com/robot/)"
195.154.123.0 - - [29/Jun/2021:14:42:10 +0200] "GET /wp-content/plugins/shapepress-dsgvo/public/css/sp-dsgvo-public.css HTTP/1.1" 200 3886 "https://www.computerdoc24.de/" "Mozilla/5.0 (compatible; AhrefsBot/7.0; +http://ahrefs.com/robot/)"
195.154.123.0 - - [29/Jun/2021:14:42:10 +0200] "GET /wp-content/plugins/revslider/public/assets/css/settings.css HTTP/1.1" 200 9496 "https://www.computerdoc24.de/" "Mozilla/5.0 (compatible; AhrefsBot/7.0; +http://ahrefs.com/robot/)"
195.154.123.0 - - [29/Jun/2021:14:42:10 +0200] "GET /wp-content/uploads/smile_fonts/Defaults/Defaults.css HTTP/1.1" 200 4755 "https://www.computerdoc24.de/" "Mozilla/5.0 (compatible; AhrefsBot/7.0; +http://ahrefs.com/robot/)"
195.154.123.0 - - [29/Jun/2021:14:42:10 +0200] "GET /wp-content/themes/dreier/lib/css/style.css HTTP/1.1" 200 5893 "https://www.computerdoc24.de/" "Mozilla/5.0 (compatible; AhrefsBot/7.0; +http://ahrefs.com/robot/)"
195.154.123.0 - - [29/Jun/2021:14:42:10 +0200] "GET /wp-content/themes/dreier/lib/css/bootstrap.css HTTP/1.1" 200 6230 "https://www.computerdoc24.de/" "Mozilla/5.0 (compatible; AhrefsBot/7.0; +http://ahrefs.com/robot/)"
195.154.123.0 - - [29/Jun/2021:14:42:10 +0200] "GET /wp-content/themes/dreier/lib/css/extensions.css HTTP/1.1" 200 37422 "https://www.computerdoc24.de/" "Mozilla/5.0 (compatible; AhrefsBot/7.0; +http://ahrefs.com/robot/)"
195.154.123.0 - - [29/Jun/2021:14:42:10 +0200] "GET /wp-content/plugins/js_composer/assets/css/js_composer.min.css HTTP/1.1" 200 45591 "https://www.computerdoc24.de/" "Mozilla/5.0 (compatible; AhrefsBot/7.0; +http://ahrefs.com/robot/)"
195.154.123.0 - - [29/Jun/2021:14:42:10 +0200] "GET /wp-content/plugins/Ultimate_VC_Addons/assets/min-css/ultimate.min.css HTTP/1.1" 200 47736 "https://www.computerdoc24.de/" "Mozilla/5.0 (compatible; AhrefsBot/7.0; +http://ahrefs.com/robot/)"
195.154.123.0 - - [29/Jun/2021:14:42:10 +0200] "GET /wp-content/themes/dreier/lib/css/bootstrap-responsive.css HTTP/1.1" 200 2659 "https://www.computerdoc24.de/" "Mozilla/5.0 (compatible; AhrefsBot/7.0; +http://ahrefs.com/robot/)"
195.154.123.0 - - [29/Jun/2021:14:42:10 +0200] "GET /wp-content/themes/dreier/lib/css/bootstrap-responsive-1170.css HTTP/1.1" 200 1572 "https://www.computerdoc24.de/" "Mozilla/5.0 (compatible; AhrefsBot/7.0; +http://ahrefs.com/robot/)"
195.154.123.0 - - [29/Jun/2021:14:42:10 +0200] "GET /wp-content/themes/dreier/lib/css/responsive.css HTTP/1.1" 200 2632 "https://www.computerdoc24.de/" "Mozilla/5.0 (compatible; AhrefsBot/7.0; +http://ahrefs.com/robot/)"
195.154.123.0 - - [29/Jun/2021:14:42:10 +0200] "GET /wp-content/themes/dreier/lib/css/woocommerce.css HTTP/1.1" 200 9818 "https://www.computerdoc24.de/" "Mozilla/5.0 (compatible; AhrefsBot/7.0; +http://ahrefs.com/robot/)"
195.154.123.0 - - [29/Jun/2021:14:42:10 +0200] "GET /wp-content/themes/dreier/includes/modules/module.fontawesome/source/css/font-awesome.min.css HTTP/1.1" 200 4680 "https://www.computerdoc24.de/" "Mozilla/5.0 (compatible; AhrefsBot/7.0; +http://ahrefs.com/robot/)"
195.154.123.0 - - [29/Jun/2021:14:42:10 +0200] "GET /wp-content/uploads/Dark-Blue-Skin_f11de704061eed4e79d777b4e0c313ab.css HTTP/1.1" 200 4908 "https://www.computerdoc24.de/" "Mozilla/5.0 (compatible; AhrefsBot/7.0; +http://ahrefs.com/robot/)"
195.154.123.0 - - [29/Jun/2021:14:42:10 +0200] "GET /wp-content/themes/dreier/includes/modules/module.icomoon/source/css/icomoon.css HTTP/1.1" 200 8420 "https://www.computerdoc24.de/" "Mozilla/5.0 (compatible; AhrefsBot/7.0; +http://ahrefs.com/robot/)"
195.154.123.0 - - [29/Jun/2021:14:42:10 +0200] "GET /wp-includes/js/jquery/jquery-migrate.min.js HTTP/1.1" 200 4014 "https://www.computerdoc24.de/" "Mozilla/5.0 (compatible; AhrefsBot/7.0; +http://ahrefs.com/robot/)"
195.154.123.0 - - [29/Jun/2021:14:42:10 +0200] "GET /wp-content/plugins/revslider/public/assets/js/jquery.themepunch.revolution.min.js HTTP/1.1" 200 18090 "https://www.computerdoc24.de/" "Mozilla/5.0 (compatible; AhrefsBot/7.0; +http://ahrefs.com/robot/)"
195.154.123.0 - - [29/Jun/2021:14:42:10 +0200] "GET /wp-content/plugins/woocommerce/assets/js/jquery-blockui/jquery.blockUI.min.js HTTP/1.1" 200 3533 "https://www.computerdoc24.de/" "Mozilla/5.0 (compatible; AhrefsBot/7.0; +http://ahrefs.com/robot/)"
195.154.123.0 - - [29/Jun/2021:14:42:10 +0200] "GET /wp-includes/js/jquery/jquery.js HTTP/1.1" 200 33776 "https://www.computerdoc24.de/" "Mozilla/5.0 (compatible; AhrefsBot/7.0; +http://ahrefs.com/robot/)"
195.154.123.0 - - [29/Jun/2021:14:42:10 +0200] "GET /wp-content/plugins/revslider/public/assets/js/jquery.themepunch.tools.min.js HTTP/1.1" 200 38337 "https://www.computerdoc24.de/" "Mozilla/5.0 (compatible; AhrefsBot/7.0; +http://ahrefs.com/robot/)"
195.154.123.0 - - [29/Jun/2021:14:42:10 +0200] "GET /wp-content/plugins/woocommerce/assets/js/frontend/add-to-cart.min.js HTTP/1.1" 200 1017 "https://www.computerdoc24.de/" "Mozilla/5.0 (compatible; AhrefsBot/7.0; +http://ahrefs.com/robot/)"
195.154.123.0 - - [29/Jun/2021:14:42:10 +0200] "GET /wp-content/cache/autoptimize/js/autoptimize_single_902b7ca09549975e55e136fb0026df9a.js HTTP/1.1" 200 319 "https://www.computerdoc24.de/" "Mozilla/5.0 (compatible; AhrefsBot/7.0; +http://ahrefs.com/robot/)"
195.154.123.0 - - [29/Jun/2021:14:42:10 +0200] "GET /wp-content/cache/autoptimize/js/autoptimize_single_b381296557a120efdce91b9aa6fbb3c3.js HTTP/1.1" 200 2237 "https://www.computerdoc24.de/" "Mozilla/5.0 (compatible; AhrefsBot/7.0; +http://ahrefs.com/robot/)"
195.154.123.0 - - [29/Jun/2021:14:42:10 +0200] "GET /wp-content/plugins/Ultimate_VC_Addons/assets/min-js/ultimate.min.js HTTP/1.1" 200 54140 "https://www.computerdoc24.de/" "Mozilla/5.0 (compatible; AhrefsBot/7.0; +http://ahrefs.com/robot/)"
195.154.123.0 - - [29/Jun/2021:14:42:10 +0200] "GET /wp-content/plugins/revslider/public/assets/fonts/font-awesome/css/font-awesome.css HTTP/1.1" 200 7605 "https://www.computerdoc24.de/" "Mozilla/5.0 (compatible; AhrefsBot/7.0; +http://ahrefs.com/robot/)"
195.154.123.0 - - [29/Jun/2021:14:42:10 +0200] "GET /wp-content/plugins/js_composer/assets/lib/bower/font-awesome/css/font-awesome.min.css HTTP/1.1" 200 6970 "https://www.computerdoc24.de/" "Mozilla/5.0 (compatible; AhrefsBot/7.0; +http://ahrefs.com/robot/)"
195.154.123.0 - - [29/Jun/2021:14:42:10 +0200] "GET /wp-content/cache/autoptimize/js/autoptimize_single_4570be87421de7d33dae23561aa4aa74.js HTTP/1.1" 200 587 "https://www.computerdoc24.de/" "Mozilla/5.0 (compatible; AhrefsBot/7.0; +http://ahrefs.com/robot/)"
195.154.123.0 - - [29/Jun/2021:14:42:10 +0200] "GET /wp-content/plugins/woocommerce/assets/js/js-cookie/js.cookie.min.js HTTP/1.1" 200 981 "https://www.computerdoc24.de/" "Mozilla/5.0 (compatible; AhrefsBot/7.0; +http://ahrefs.com/robot/)"
195.154.123.0 - - [29/Jun/2021:14:42:10 +0200] "GET /wp-content/cache/autoptimize/js/autoptimize_single_1534f06aa2b1b721a45372f8238e2461.js HTTP/1.1" 200 3352 "https://www.computerdoc24.de/" "Mozilla/5.0 (compatible; AhrefsBot/7.0; +http://ahrefs.com/robot/)"
195.154.123.0 - - [29/Jun/2021:14:42:10 +0200] "GET /wp-content/plugins/woocommerce/assets/js/frontend/cart-fragments.min.js HTTP/1.1" 200 1042 "https://www.computerdoc24.de/" "Mozilla/5.0 (compatible; AhrefsBot/7.0; +http://ahrefs.com/robot/)"
195.154.123.0 - - [29/Jun/2021:14:42:10 +0200] "GET /wp-content/plugins/woocommerce/assets/js/frontend/woocommerce.min.js HTTP/1.1" 200 619 "https://www.computerdoc24.de/" "Mozilla/5.0 (compatible; AhrefsBot/7.0; +http://ahrefs.com/robot/)"
195.154.123.0 - - [29/Jun/2021:14:42:10 +0200] "GET /wp-content/cache/autoptimize/js/autoptimize_single_abc5931090b359c9bb72577fb5af85df.js HTTP/1.1" 200 9652 "https://www.computerdoc24.de/" "Mozilla/5.0 (compatible; AhrefsBot/7.0; +http://ahrefs.com/robot/)"
195.154.123.0 - - [29/Jun/2021:14:42:10 +0200] "GET /wp-content/cache/autoptimize/js/autoptimize_single_1a37c23486ba9c73fce4026e4acfd8e2.js HTTP/1.1" 200 1334 "https://www.computerdoc24.de/" "Mozilla/5.0 (compatible; AhrefsBot/7.0; +http://ahrefs.com/robot/)"
195.154.123.0 - - [29/Jun/2021:14:42:10 +0200] "GET /wp-content/themes/dreier/lib/js/modernizr-2.6.2-respond-1.1.0.min.js HTTP/1.1" 200 8039 "https://www.computerdoc24.de/" "Mozilla/5.0 (compatible; AhrefsBot/7.0; +http://ahrefs.com/robot/)"
195.154.123.0 - - [29/Jun/2021:14:42:10 +0200] "GET /wp-content/cache/autoptimize/js/autoptimize_single_3179f2255b046d5f2e9a71e365287bef.js HTTP/1.1" 200 20 "https://www.computerdoc24.de/" "Mozilla/5.0 (compatible; AhrefsBot/7.0; +http://ahrefs.com/robot/)"
195.154.123.0 - - [29/Jun/2021:14:42:10 +0200] "GET /wp-content/cache/autoptimize/js/autoptimize_single_6c8c6a70905826d42d4a8ee47b963fd8.js HTTP/1.1" 200 6684 "https://www.computerdoc24.de/" "Mozilla/5.0 (compatible; AhrefsBot/7.0; +http://ahrefs.com/robot/)"
195.154.123.0 - - [29/Jun/2021:14:42:10 +0200] "GET /wp-content/cache/autoptimize/js/autoptimize_single_9f8cd24d6d38fdf1a1205e7efaa6e972.js HTTP/1.1" 200 1095 "https://www.computerdoc24.de/" "Mozilla/5.0 (compatible; AhrefsBot/7.0; +http://ahrefs.com/robot/)"
195.154.123.0 - - [29/Jun/2021:14:42:10 +0200] "GET /wp-content/cache/autoptimize/js/autoptimize_single_6637a0cff91d033df31cf66e1b7ac0dd.js HTTP/1.1" 200 17125 "https://www.computerdoc24.de/" "Mozilla/5.0 (compatible; AhrefsBot/7.0; +http://ahrefs.com/robot/)"
195.154.123.0 - - [29/Jun/2021:14:42:10 +0200] "GET /wp-includes/js/comment-reply.min.js HTTP/1.1" 200 1044 "https://www.computerdoc24.de/" "Mozilla/5.0 (compatible; AhrefsBot/7.0; +http://ahrefs.com/robot/)"
195.154.123.0 - - [29/Jun/2021:14:42:10 +0200] "GET /wp-includes/js/wp-embed.min.js HTTP/1.1" 200 739 "https://www.computerdoc24.de/" "Mozilla/5.0 (compatible; AhrefsBot/7.0; +http://ahrefs.com/robot/)"
195.154.123.0 - - [29/Jun/2021:14:42:10 +0200] "GET /wp-content/cache/autoptimize/js/autoptimize_single_89253771328c0245ce9642a184d97035.js HTTP/1.1" 200 2871 "https://www.computerdoc24.de/" "Mozilla/5.0 (compatible; AhrefsBot/7.0; +http://ahrefs.com/robot/)"
195.154.123.0 - - [29/Jun/2021:14:42:10 +0200] "GET /wp-content/cache/autoptimize/js/autoptimize_single_9b53f8058e5124ec21f95085e6223d86.js HTTP/1.1" 200 1003 "https://www.computerdoc24.de/" "Mozilla/5.0 (compatible; AhrefsBot/7.0; +http://ahrefs.com/robot/)"
195.154.123.0 - - [29/Jun/2021:14:42:10 +0200] "GET /wp-content/plugins/js_composer/assets/js/dist/js_composer_front.min.js HTTP/1.1" 200 5653 "https://www.computerdoc24.de/" "Mozilla/5.0 (compatible; AhrefsBot/7.0; +http://ahrefs.com/robot/)"
195.154.123.0 - - [29/Jun/2021:14:42:10 +0200] "GET /wp-content/plugins/autoptimize/classes/external/js/lazysizes.min.js HTTP/1.1" 200 3266 "https://www.computerdoc24.de/" "Mozilla/5.0 (compatible; AhrefsBot/7.0; +http://ahrefs.com/robot/)"
195.154.123.0 - - [29/Jun/2021:14:42:10 +0200] "GET /wp-content/uploads/smile_fonts/Defaults/Defaults.woff?rfa9z8 HTTP/1.1" 200 66219 "https://www.computerdoc24.de/wp-content/uploads/smile_fonts/Defaults/Defaults.css" "Mozilla/5.0 (compatible; AhrefsBot/7.0; +http://ahrefs.com/robot/)"
195.154.123.0 - - [29/Jun/2021:14:42:10 +0200] "GET /wp-content/plugins/js_composer/assets/lib/bower/font-awesome/fonts/fontawesome-webfont.woff2?v=4.7.0 HTTP/1.1" 200 77162 "https://www.computerdoc24.de/wp-content/plugins/js_composer/assets/lib/bower/font-awesome/css/font-awesome.min.css" "Mozilla/5.0 (compatible; AhrefsBot/7.0; +http://ahrefs.com/robot/)"
195.154.123.0 - - [29/Jun/2021:14:42:10 +0200] "GET /wp-content/plugins/revslider/public/assets/js/extensions/revolution.extension.actions.min.js?version=5.4.8 HTTP/1.1" 200 2572 "https://www.computerdoc24.de/" "Mozilla/5.0 (compatible; AhrefsBot/7.0; +http://ahrefs.com/robot/)"
195.154.123.0 - - [29/Jun/2021:14:42:10 +0200] "GET /wp-content/plugins/revslider/public/assets/js/extensions/revolution.extension.slideanims.min.js?version=5.4.8 HTTP/1.1" 200 6880 "https://www.computerdoc24.de/" "Mozilla/5.0 (compatible; AhrefsBot/7.0; +http://ahrefs.com/robot/)"
195.154.123.0 - - [29/Jun/2021:14:42:10 +0200] "GET /wp-content/plugins/revslider/public/assets/js/extensions/revolution.extension.navigation.min.js?version=5.4.8 HTTP/1.1" 200 7041 "https://www.computerdoc24.de/" "Mozilla/5.0 (compatible; AhrefsBot/7.0; +http://ahrefs.com/robot/)"
195.154.123.0 - - [29/Jun/2021:14:42:10 +0200] "GET /wp-content/plugins/revslider/public/assets/js/extensions/revolution.extension.layeranimation.min.js?version=5.4.8 HTTP/1.1" 200 14302 "https://www.computerdoc24.de/" "Mozilla/5.0 (compatible; AhrefsBot/7.0; +http://ahrefs.com/robot/)"
195.154.123.0 - - [29/Jun/2021:14:42:10 +0200] "POST /?wc-ajax=get_refreshed_fragments HTTP/1.1" 200 202 "https://www.computerdoc24.de/" "Mozilla/5.0 (compatible; AhrefsBot/7.0; +http://ahrefs.com/robot/)"
195.154.123.0 - - [29/Jun/2021:14:42:11 +0200] "GET /wp-content/plugins/revslider/public/assets/fonts/revicons/revicons.woff?5510888 HTTP/1.1" 200 7491 "https://www.computerdoc24.de/wp-content/plugins/revslider/public/assets/css/settings.css" "Mozilla/5.0 (compatible; AhrefsBot/7.0; +http://ahrefs.com/robot/)"
:: - - [29/Jun/2021:14:42:18 +0200] "OPTIONS * HTTP/1.0" 200 - "-" "Apache/2.4.6 (CentOS) OpenSSL/1.0.2k-fips mod_fcgid/2.3.9 (internal dummy connection)"
81.169.178.0 - - [29/Jun/2021:14:42:41 +0200] "POST /wp-cron.php?doing_wp_cron=1624970561.0246028900146484375000 HTTP/1.1" 200 - "https://www.computerdoc24.de/wp-cron.php?doing_wp_cron=1624970561.0246028900146484375000" "WordPress/5.2.11; https://www.computerdoc24.de"
34.73.138.0 - - [29/Jun/2021:14:42:40 +0200] "GET /software/ HTTP/1.0" 200 8685 "-" "ZoominfoBot (zoominfobot at zoominfo dot com)"
139.162.215.0 - - [29/Jun/2021:14:43:48 +0200] "GET / HTTP/1.1" 403 2411 "-" "Mozilla/5.0 (Windows NT 10.0; Win64; x64) AppleWebKit/537.36 (KHTML, like Gecko) Chrome/60.0.3112.113 Safari/537.36"
81.169.178.0 - - [29/Jun/2021:14:45:30 +0200] "POST /wp-cron.php?doing_wp_cron=1624970730.1321129798889160156250 HTTP/1.1" 200 - "https://www.computerdoc24.de/wp-cron.php?doing_wp_cron=1624970730.1321129798889160156250" "WordPress/5.2.11; https://www.computerdoc24.de"
34.73.138.0 - - [29/Jun/2021:14:45:29 +0200] "GET /xmlrpc.php?rsd HTTP/1.0" 200 310 "-" "ZoominfoBot (zoominfobot at zoominfo dot com)"
103.145.13.0 - - [29/Jun/2021:14:47:09 +0200] "GET / HTTP/1.1" 403 2409 "-" "-"
81.169.178.0 - - [29/Jun/2021:14:49:29 +0200] "POST /wp-cron.php?doing_wp_cron=1624970968.8972220420837402343750 HTTP/1.1" 200 - "https://www.computerdoc24.de/wp-cron.php?doing_wp_cron=1624970968.8972220420837402343750" "WordPress/5.2.11; https://www.computerdoc24.de"
34.73.138.0 - - [29/Jun/2021:14:49:28 +0200] "GET /product/leistungsstarkes-15-zoll-hp-notebook-silber/ HTTP/1.0" 200 13913 "-" "ZoominfoBot (zoominfobot at zoominfo dot com)"
168.119.249.0 - - [29/Jun/2021:14:49:39 +0200] "GET / HTTP/1.1" 200 2691 "-" "page-preview-tool Mozilla/5.0 (Windows NT 10.0; Win64; x64) AppleWebKit/537.36 (KHTML, like Gecko) Chrome/80.0.3987.132 Safari/537.36"
114.119.137.0 - - [29/Jun/2021:14:49:49 +0200] "GET /ru/unsere-maerkte/drehkreuze-service-partner/ HTTP/1.1" 200 11127 "-" "Mozilla/5.0 (Linux; Android 7.0;) AppleWebKit/537.36 (KHTML, like Gecko) Mobile Safari/537.36 (compatible; PetalBot;+https://webmaster.petalsearch.com/site/petalbot)"
81.169.178.0 - - [29/Jun/2021:14:52:23 +0200] "POST /wp-cron.php?doing_wp_cron=1624971142.9248359203338623046875 HTTP/1.1" 200 - "https://www.ipcbusiness.de/wp-cron.php?doing_wp_cron=1624971142.9248359203338623046875" "WordPress/5.6.4; https://www.ipcbusiness.de"
35.229.93.0 - - [29/Jun/2021:14:52:22 +0200] "GET /robots.txt HTTP/1.1" 200 69 "-" "ZoominfoBot (zoominfobot at zoominfo dot com)"
81.169.178.0 - - [29/Jun/2021:14:54:17 +0200] "POST /wp-cron.php?doing_wp_cron=1624971257.2852089405059814453125 HTTP/1.1" 200 - "https://www.computerdoc24.de/wp-cron.php?doing_wp_cron=1624971257.2852089405059814453125" "WordPress/5.2.11; https://www.computerdoc24.de"
34.73.138.0 - - [29/Jun/2021:14:54:16 +0200] "GET /datenschutzerklaerung/ HTTP/1.0" 200 21457 "-" "ZoominfoBot (zoominfobot at zoominfo dot com)"
142.4.208.0 - - [29/Jun/2021:14:54:54 +0200] "POST /wp-login.php HTTP/1.1" 200 2884 "-" "Mozilla/5.0 (Windows NT 6.1) AppleWebKit/537.36 (KHTML, like Gecko) Chrome/65.0.3325.181 Safari/537.36"
81.169.178.0 - - [29/Jun/2021:14:55:33 +0200] "POST /wp-cron.php?doing_wp_cron=1624971333.2898859977722167968750 HTTP/1.1" 200 - "https://www.computerdoc24.de/wp-cron.php?doing_wp_cron=1624971333.2898859977722167968750" "WordPress/5.2.11; https://www.computerdoc24.de"
34.73.138.0 - - [29/Jun/2021:14:55:33 +0200] "GET /kontakt/ HTTP/1.0" 200 10810 "-" "ZoominfoBot (zoominfobot at zoominfo dot com)"
66.249.75.0 - - [29/Jun/2021:14:59:25 +0200] "GET /en/unsere-maerkte/destinationen/ HTTP/1.1" 301 317 "-" "Mozilla/5.0 (Linux; Android 6.0.1; Nexus 5X Build/MMB29P) AppleWebKit/537.36 (KHTML, like Gecko) Chrome/91.0.4472.90 Mobile Safari/537.36 (compatible; Googlebot/2.1; +http://www.google.com/bot.html)"
114.119.131.0 - - [29/Jun/2021:15:01:41 +0200] "GET /fr/unsere-produkte-und-services/digitale-loesungen-ueberwachung-der-ladeeinheiten/ HTTP/1.1" 200 10645 "-" "Mozilla/5.0 (Linux; Android 7.0;) AppleWebKit/537.36 (KHTML, like Gecko) Mobile Safari/537.36 (compatible; PetalBot;+https://webmaster.petalsearch.com/site/petalbot)"
35.229.93.0 - - [29/Jun/2021:15:02:26 +0200] "GET /robots.txt HTTP/1.1" 200 69 "-" "ZoominfoBot (zoominfobot at zoominfo dot com)"
40.77.167.0 - - [29/Jun/2021:15:03:35 +0200] "GET / HTTP/1.1" 301 287 "-" "Mozilla/5.0 (compatible; bingbot/2.0; +http://www.bing.com/bingbot.htm)"
81.169.178.0 - - [29/Jun/2021:15:04:07 +0200] "POST /wp-cron.php?doing_wp_cron=1624971846.9569659233093261718750 HTTP/1.1" 200 - "https://www.computerdoc24.de/wp-cron.php?doing_wp_cron=1624971846.9569659233093261718750" "WordPress/5.2.11; https://www.computerdoc24.de"
142.54.177.0 - - [29/Jun/2021:15:04:06 +0200] "GET /wp-content/plugins/fancy-product-designer/assets/css/fancy-product.css HTTP/1.1" 200 - "http://www.google.com.hk" "Mozilla/5.0 (Windows NT 6.1; WOW64) AppleWebKit/537.36 (KHTML, like Gecko) Chrome/42.0.2311.90 Safari/537.36"
81.169.178.0 - - [29/Jun/2021:15:05:28 +0200] "POST /wp-cron.php?doing_wp_cron=1624971927.8174519538879394531250 HTTP/1.1" 200 - "https://www.computerdoc24.de/wp-cron.php?doing_wp_cron=1624971927.8174519538879394531250" "WordPress/5.2.11; https://www.computerdoc24.de"
142.54.177.0 - - [29/Jun/2021:15:05:27 +0200] "GET /wp-content/plugins/fancy-product-designer/assets/css/fancy-product.css HTTP/1.1" 200 8199 "http://www.google.com.hk" "Mozilla/5.0 (Windows NT 6.1; WOW64) AppleWebKit/537.36 (KHTML, like Gecko) Chrome/42.0.2311.90 Safari/537.36"
5.188.210.0 - - [29/Jun/2021:15:07:37 +0200] "GET /admin/editor/editor/filemanager/browser/default/connectors/php/connector.php?Command=GetFoldersAndFiles&Type=File&CurrentFolder=%2F HTTP/1.0" 200 2691 "-" "Mozilla/5.0 (Windows NT 6.3; Win64; x64) AppleWebKit/537.36 (KHTML, like Gecko) Chrome/75.0.3770.100 Safari/537.36"
114.119.154.0 - - [29/Jun/2021:15:09:00 +0200] "GET /linieninformationen/ HTTP/1.1" 200 12253 "-" "Mozilla/5.0 (Linux; Android 7.0;) AppleWebKit/537.36 (KHTML, like Gecko) Mobile Safari/537.36 (compatible; PetalBot;+https://webmaster.petalsearch.com/site/petalbot)"
66.249.75.0 - - [29/Jun/2021:15:09:52 +0200] "GET /ueber-uns/ HTTP/1.1" 301 295 "-" "Mozilla/5.0 (Linux; Android 6.0.1; Nexus 5X Build/MMB29P) AppleWebKit/537.36 (KHTML, like Gecko) Chrome/91.0.4472.90 Mobile Safari/537.36 (compatible; Googlebot/2.1; +http://www.google.com/bot.html)"
54.36.148.0 - - [29/Jun/2021:15:10:08 +0200] "GET /robots.txt HTTP/1.1" 404 2607 "-" "Mozilla/5.0 (compatible; AhrefsBot/7.0; +http://ahrefs.com/robot/)"
54.36.148.0 - - [29/Jun/2021:15:10:09 +0200] "GET / HTTP/1.1" 200 2590 "-" "Mozilla/5.0 (compatible; AhrefsBot/7.0; +http://ahrefs.com/robot/)"
81.169.178.0 - - [29/Jun/2021:15:10:32 +0200] "POST /wp-cron.php?doing_wp_cron=1624972232.1091980934143066406250 HTTP/1.1" 200 - "https://www.computerdoc24.de/wp-cron.php?doing_wp_cron=1624972232.1091980934143066406250" "WordPress/5.2.11; https://www.computerdoc24.de"
114.119.140.0 - - [29/Jun/2021:15:10:31 +0200] "GET /product/medion-all-in-one-pc-mit-1000gb-hdd HTTP/1.1" 200 8204 "-" "Mozilla/5.0 (Linux; Android 7.0;) AppleWebKit/537.36 (KHTML, like Gecko) Mobile Safari/537.36 (compatible; PetalBot;+https://webmaster.petalsearch.com/site/petalbot)"
34.73.138.0 - - [29/Jun/2021:15:10:52 +0200] "GET /comments/feed/ HTTP/1.0" 200 451 "-" "ZoominfoBot (zoominfobot at zoominfo dot com)"
66.33.196.0 - - [29/Jun/2021:15:13:13 +0200] "POST /wp-login.php HTTP/1.1" 200 2878 "-" "Mozilla/5.0 (Windows NT 6.3; Win64; x64) AppleWebKit/537.36 (KHTML, like Gecko) Chrome/77.0.3865.90 Safari/537.36"
81.169.178.0 - - [29/Jun/2021:15:13:35 +0200] "POST /wp-cron.php?doing_wp_cron=1624972414.9724171161651611328125 HTTP/1.1" 200 - "https://www.computerdoc24.de/wp-cron.php?doing_wp_cron=1624972414.9724171161651611328125" "WordPress/5.2.11; https://www.computerdoc24.de"
34.73.138.0 - - [29/Jun/2021:15:13:34 +0200] "GET /service/ HTTP/1.0" 200 12559 "-" "ZoominfoBot (zoominfobot at zoominfo dot com)"
34.77.162.0 - - [29/Jun/2021:15:15:05 +0200] "GET / HTTP/1.1" 301 235 "-" "Expanse, a Palo Alto Networks company, searches across the global IPv4 space multiple times per day to identify customers&#39; presences on the Internet. If you would like to be excluded from our scans, please send IP addresses/domains to: scaninfo@paloaltonetworks.com"
81.169.178.0 - - [29/Jun/2021:15:15:22 +0200] "POST /wp-cron.php?doing_wp_cron=1624972522.1380219459533691406250 HTTP/1.1" 200 - "https://www.computerdoc24.de/wp-cron.php?doing_wp_cron=1624972522.1380219459533691406250" "WordPress/5.2.11; https://www.computerdoc24.de"
34.73.138.0 - - [29/Jun/2021:15:15:22 +0200] "GET /allgemeine-geschaeftsbedingungen/ HTTP/1.0" 200 11029 "-" "ZoominfoBot (zoominfobot at zoominfo dot com)"
54.36.149.0 - - [29/Jun/2021:15:16:16 +0200] "GET /uk/ HTTP/1.1" 200 15546 "-" "Mozilla/5.0 (compatible; AhrefsBot/7.0; +http://ahrefs.com/robot/)"
81.169.178.0 - - [29/Jun/2021:15:16:35 +0200] "POST /wp-cron.php?doing_wp_cron=1624972595.0865359306335449218750 HTTP/1.1" 200 - "https://www.computerdoc24.de/wp-cron.php?doing_wp_cron=1624972595.0865359306335449218750" "WordPress/5.2.11; https://www.computerdoc24.de"
34.73.138.0 - - [29/Jun/2021:15:16:34 +0200] "GET /feed/ HTTP/1.0" 200 477 "-" "ZoominfoBot (zoominfobot at zoominfo dot com)"
81.169.178.0 - - [29/Jun/2021:15:18:47 +0200] "POST /wp-cron.php?doing_wp_cron=1624972727.0446040630340576171875 HTTP/1.1" 200 - "https://www.computerdoc24.de/wp-cron.php?doing_wp_cron=1624972727.0446040630340576171875" "WordPress/5.2.11; https://www.computerdoc24.de"
34.73.138.0 - - [29/Jun/2021:15:18:46 +0200] "GET /presse/ HTTP/1.0" 200 9602 "-" "ZoominfoBot (zoominfobot at zoominfo dot com)"
81.169.178.0 - - [29/Jun/2021:15:19:22 +0200] "POST /wp-cron.php?doing_wp_cron=1624972762.1565830707550048828125 HTTP/1.1" 200 - "https://www.computerdoc24.de/wp-cron.php?doing_wp_cron=1624972762.1565830707550048828125" "WordPress/5.2.11; https://www.computerdoc24.de"
34.73.138.0 - - [29/Jun/2021:15:19:22 +0200] "GET /aktuelle-angebote/ HTTP/1.0" 200 12103 "-" "ZoominfoBot (zoominfobot at zoominfo dot com)"
81.169.178.0 - - [29/Jun/2021:15:20:36 +0200] "POST /wp-cron.php?doing_wp_cron=1624972836.0416240692138671875000 HTTP/1.1" 200 - "https://www.computerdoc24.de/wp-cron.php?doing_wp_cron=1624972836.0416240692138671875000" "WordPress/5.2.11; https://www.computerdoc24.de"
34.73.138.0 - - [29/Jun/2021:15:20:35 +0200] "GET /startseite/feed/ HTTP/1.0" 200 438 "-" "ZoominfoBot (zoominfobot at zoominfo dot com)"
88.214.26.0 - - [29/Jun/2021:15:20:48 +0200] "GET /owa/auth/x.js HTTP/1.1" 200 2691 "-" "Mozilla/5.0 (compatible; Nmap Scripting Engine; https://nmap.org/book/nse.html)"
81.169.178.0 - - [29/Jun/2021:15:22:11 +0200] "POST /wp-admin/admin-ajax.php?action=wp_1_wc_privacy_cleanup&nonce=d2cfac240b HTTP/1.1" 200 - "https://www.computerdoc24.de/wp-admin/admin-ajax.php?action=wp_1_wc_privacy_cleanup&nonce=d2cfac240b" "WordPress/5.2.11; https://www.computerdoc24.de"
81.169.178.0 - - [29/Jun/2021:15:22:11 +0200] "POST /wp-cron.php?doing_wp_cron=1624972931.1957910060882568359375 HTTP/1.1" 200 - "https://www.computerdoc24.de/wp-cron.php?doing_wp_cron=1624972931.1957910060882568359375" "WordPress/5.2.11; https://www.computerdoc24.de"
34.73.138.0 - - [29/Jun/2021:15:22:11 +0200] "GET /product/schoenes-gebrauchtes-lenovo-nb-ssd-neu/ HTTP/1.0" 200 13889 "-" "ZoominfoBot (zoominfobot at zoominfo dot com)"
81.88.52.0 - - [29/Jun/2021:15:25:58 +0200] "POST /wp-login.php HTTP/1.1" 200 2884 "-" "Mozilla/5.0 (Windows NT 6.1; Win64; x64) AppleWebKit/537.36 (KHTML, like Gecko) Chrome/66.0.3359.117 Safari/537.36"
81.169.178.0 - - [29/Jun/2021:15:26:03 +0200] "POST /wp-cron.php?doing_wp_cron=1624973163.3691089153289794921875 HTTP/1.1" 200 - "https://www.computerdoc24.de/wp-cron.php?doing_wp_cron=1624973163.3691089153289794921875" "WordPress/5.2.11; https://www.computerdoc24.de"
114.119.136.0 - - [29/Jun/2021:15:26:03 +0200] "GET /product/neues-schnelles-arbeits-internet-notebook/ HTTP/1.1" 200 8204 "-" "Mozilla/5.0 (Linux; Android 7.0;) AppleWebKit/537.36 (KHTML, like Gecko) Mobile Safari/537.36 (compatible; PetalBot;+https://webmaster.petalsearch.com/site/petalbot)"
81.169.178.0 - - [29/Jun/2021:15:28:21 +0200] "POST /wp-cron.php?doing_wp_cron=1624973301.3834819793701171875000 HTTP/1.1" 200 - "https://www.computerdoc24.de/wp-cron.php?doing_wp_cron=1624973301.3834819793701171875000" "WordPress/5.2.11; https://www.computerdoc24.de"
34.73.138.0 - - [29/Jun/2021:15:28:21 +0200] "GET /impressum/ HTTP/1.0" 200 10975 "-" "ZoominfoBot (zoominfobot at zoominfo dot com)"
81.169.178.0 - - [29/Jun/2021:15:30:11 +0200] "POST /wp-cron.php?doing_wp_cron=1624973411.3785119056701660156250 HTTP/1.1" 200 - "https://www.computerdoc24.de/wp-cron.php?doing_wp_cron=1624973411.3785119056701660156250" "WordPress/5.2.11; https://www.computerdoc24.de"
93.240.211.0 - - [29/Jun/2021:15:30:11 +0200] "GET / HTTP/1.1" 200 16472 "-" "Mozilla/5.0 (Linux; U; Android 10; de-de; Redmi 9A Build/QP1A.190711.020) AppleWebKit/537.36 (KHTML, like Gecko) Version/4.0 Chrome/79.0.3945.147 Mobile Safari/537.36 XiaoMi/MiuiBrowser/12.10.7-gn"
93.240.211.0 - - [29/Jun/2021:15:30:12 +0200] "GET /wp-includes/css/dist/block-library/style.min.css HTTP/1.1" 200 4788 "https://www.computerdoc24.de/" "Mozilla/5.0 (Linux; U; Android 10; de-de; Redmi 9A Build/QP1A.190711.020) AppleWebKit/537.36 (KHTML, like Gecko) Version/4.0 Chrome/79.0.3945.147 Mobile Safari/537.36 XiaoMi/MiuiBrowser/12.10.7-gn"
93.240.211.0 - - [29/Jun/2021:15:30:12 +0200] "GET /wp-content/plugins/woocommerce/packages/woocommerce-blocks/build/style.css HTTP/1.1" 200 2310 "https://www.computerdoc24.de/" "Mozilla/5.0 (Linux; U; Android 10; de-de; Redmi 9A Build/QP1A.190711.020) AppleWebKit/537.36 (KHTML, like Gecko) Version/4.0 Chrome/79.0.3945.147 Mobile Safari/537.36 XiaoMi/MiuiBrowser/12.10.7-gn"
93.240.211.0 - - [29/Jun/2021:15:30:12 +0200] "GET /wp-content/plugins/contact-form-7/includes/css/styles.css HTTP/1.1" 200 651 "https://www.computerdoc24.de/" "Mozilla/5.0 (Linux; U; Android 10; de-de; Redmi 9A Build/QP1A.190711.020) AppleWebKit/537.36 (KHTML, like Gecko) Version/4.0 Chrome/79.0.3945.147 Mobile Safari/537.36 XiaoMi/MiuiBrowser/12.10.7-gn"
93.240.211.0 - - [29/Jun/2021:15:30:12 +0200] "GET /wp-content/plugins/shapepress-dsgvo/public/css/sp-dsgvo-public.css HTTP/1.1" 200 3886 "https://www.computerdoc24.de/" "Mozilla/5.0 (Linux; U; Android 10; de-de; Redmi 9A Build/QP1A.190711.020) AppleWebKit/537.36 (KHTML, like Gecko) Version/4.0 Chrome/79.0.3945.147 Mobile Safari/537.36 XiaoMi/MiuiBrowser/12.10.7-gn"
93.240.211.0 - - [29/Jun/2021:15:30:12 +0200] "GET /wp-content/plugins/revslider/public/assets/css/settings.css HTTP/1.1" 200 9496 "https://www.computerdoc24.de/" "Mozilla/5.0 (Linux; U; Android 10; de-de; Redmi 9A Build/QP1A.190711.020) AppleWebKit/537.36 (KHTML, like Gecko) Version/4.0 Chrome/79.0.3945.147 Mobile Safari/537.36 XiaoMi/MiuiBrowser/12.10.7-gn"
93.240.211.0 - - [29/Jun/2021:15:30:12 +0200] "GET /wp-content/plugins/shapepress-dsgvo/public/css/simplebar.css HTTP/1.1" 200 714 "https://www.computerdoc24.de/" "Mozilla/5.0 (Linux; U; Android 10; de-de; Redmi 9A Build/QP1A.190711.020) AppleWebKit/537.36 (KHTML, like Gecko) Version/4.0 Chrome/79.0.3945.147 Mobile Safari/537.36 XiaoMi/MiuiBrowser/12.10.7-gn"
93.240.211.0 - - [29/Jun/2021:15:30:12 +0200] "GET /wp-content/plugins/js_composer/assets/css/js_composer.min.css HTTP/1.1" 200 45591 "https://www.computerdoc24.de/" "Mozilla/5.0 (Linux; U; Android 10; de-de; Redmi 9A Build/QP1A.190711.020) AppleWebKit/537.36 (KHTML, like Gecko) Version/4.0 Chrome/79.0.3945.147 Mobile Safari/537.36 XiaoMi/MiuiBrowser/12.10.7-gn"
93.240.211.0 - - [29/Jun/2021:15:30:12 +0200] "GET /wp-content/uploads/smile_fonts/Defaults/Defaults.css HTTP/1.1" 200 4755 "https://www.computerdoc24.de/" "Mozilla/5.0 (Linux; U; Android 10; de-de; Redmi 9A Build/QP1A.190711.020) AppleWebKit/537.36 (KHTML, like Gecko) Version/4.0 Chrome/79.0.3945.147 Mobile Safari/537.36 XiaoMi/MiuiBrowser/12.10.7-gn"
93.240.211.0 - - [29/Jun/2021:15:30:13 +0200] "GET /wp-content/plugins/Ultimate_VC_Addons/assets/min-css/ultimate.min.css HTTP/1.1" 200 47736 "https://www.computerdoc24.de/" "Mozilla/5.0 (Linux; U; Android 10; de-de; Redmi 9A Build/QP1A.190711.020) AppleWebKit/537.36 (KHTML, like Gecko) Version/4.0 Chrome/79.0.3945.147 Mobile Safari/537.36 XiaoMi/MiuiBrowser/12.10.7-gn"
93.240.211.0 - - [29/Jun/2021:15:30:13 +0200] "GET /wp-content/themes/dreier/lib/css/bootstrap.css HTTP/1.1" 200 6230 "https://www.computerdoc24.de/" "Mozilla/5.0 (Linux; U; Android 10; de-de; Redmi 9A Build/QP1A.190711.020) AppleWebKit/537.36 (KHTML, like Gecko) Version/4.0 Chrome/79.0.3945.147 Mobile Safari/537.36 XiaoMi/MiuiBrowser/12.10.7-gn"
93.240.211.0 - - [29/Jun/2021:15:30:13 +0200] "GET /wp-content/themes/dreier/lib/css/style.css HTTP/1.1" 200 5893 "https://www.computerdoc24.de/" "Mozilla/5.0 (Linux; U; Android 10; de-de; Redmi 9A Build/QP1A.190711.020) AppleWebKit/537.36 (KHTML, like Gecko) Version/4.0 Chrome/79.0.3945.147 Mobile Safari/537.36 XiaoMi/MiuiBrowser/12.10.7-gn"
93.240.211.0 - - [29/Jun/2021:15:30:13 +0200] "GET /wp-content/themes/dreier/lib/css/bootstrap-responsive.css HTTP/1.1" 200 2659 "https://www.computerdoc24.de/" "Mozilla/5.0 (Linux; U; Android 10; de-de; Redmi 9A Build/QP1A.190711.020) AppleWebKit/537.36 (KHTML, like Gecko) Version/4.0 Chrome/79.0.3945.147 Mobile Safari/537.36 XiaoMi/MiuiBrowser/12.10.7-gn"
93.240.211.0 - - [29/Jun/2021:15:30:13 +0200] "GET /wp-content/themes/dreier/lib/css/extensions.css HTTP/1.1" 200 37422 "https://www.computerdoc24.de/" "Mozilla/5.0 (Linux; U; Android 10; de-de; Redmi 9A Build/QP1A.190711.020) AppleWebKit/537.36 (KHTML, like Gecko) Version/4.0 Chrome/79.0.3945.147 Mobile Safari/537.36 XiaoMi/MiuiBrowser/12.10.7-gn"
93.240.211.0 - - [29/Jun/2021:15:30:13 +0200] "GET /wp-content/themes/dreier/lib/css/bootstrap-responsive-1170.css HTTP/1.1" 200 1572 "https://www.computerdoc24.de/" "Mozilla/5.0 (Linux; U; Android 10; de-de; Redmi 9A Build/QP1A.190711.020) AppleWebKit/537.36 (KHTML, like Gecko) Version/4.0 Chrome/79.0.3945.147 Mobile Safari/537.36 XiaoMi/MiuiBrowser/12.10.7-gn"
93.240.211.0 - - [29/Jun/2021:15:30:13 +0200] "GET /wp-content/themes/dreier/lib/css/responsive.css HTTP/1.1" 200 2632 "https://www.computerdoc24.de/" "Mozilla/5.0 (Linux; U; Android 10; de-de; Redmi 9A Build/QP1A.190711.020) AppleWebKit/537.36 (KHTML, like Gecko) Version/4.0 Chrome/79.0.3945.147 Mobile Safari/537.36 XiaoMi/MiuiBrowser/12.10.7-gn"
93.240.211.0 - - [29/Jun/2021:15:30:13 +0200] "GET /wp-content/themes/dreier/lib/css/woocommerce.css HTTP/1.1" 200 9818 "https://www.computerdoc24.de/" "Mozilla/5.0 (Linux; U; Android 10; de-de; Redmi 9A Build/QP1A.190711.020) AppleWebKit/537.36 (KHTML, like Gecko) Version/4.0 Chrome/79.0.3945.147 Mobile Safari/537.36 XiaoMi/MiuiBrowser/12.10.7-gn"
93.240.211.0 - - [29/Jun/2021:15:30:13 +0200] "GET /wp-content/themes/dreier/includes/modules/module.fontawesome/source/css/font-awesome.min.css HTTP/1.1" 200 4680 "https://www.computerdoc24.de/" "Mozilla/5.0 (Linux; U; Android 10; de-de; Redmi 9A Build/QP1A.190711.020) AppleWebKit/537.36 (KHTML, like Gecko) Version/4.0 Chrome/79.0.3945.147 Mobile Safari/537.36 XiaoMi/MiuiBrowser/12.10.7-gn"
93.240.211.0 - - [29/Jun/2021:15:30:13 +0200] "GET /wp-content/themes/dreier/includes/modules/module.icomoon/source/css/icomoon.css HTTP/1.1" 200 8420 "https://www.computerdoc24.de/" "Mozilla/5.0 (Linux; U; Android 10; de-de; Redmi 9A Build/QP1A.190711.020) AppleWebKit/537.36 (KHTML, like Gecko) Version/4.0 Chrome/79.0.3945.147 Mobile Safari/537.36 XiaoMi/MiuiBrowser/12.10.7-gn"
93.240.211.0 - - [29/Jun/2021:15:30:13 +0200] "GET /wp-content/uploads/Dark-Blue-Skin_f11de704061eed4e79d777b4e0c313ab.css HTTP/1.1" 200 4908 "https://www.computerdoc24.de/" "Mozilla/5.0 (Linux; U; Android 10; de-de; Redmi 9A Build/QP1A.190711.020) AppleWebKit/537.36 (KHTML, like Gecko) Version/4.0 Chrome/79.0.3945.147 Mobile Safari/537.36 XiaoMi/MiuiBrowser/12.10.7-gn"
93.240.211.0 - - [29/Jun/2021:15:30:13 +0200] "GET /wp-includes/js/jquery/jquery.js HTTP/1.1" 200 33776 "https://www.computerdoc24.de/" "Mozilla/5.0 (Linux; U; Android 10; de-de; Redmi 9A Build/QP1A.190711.020) AppleWebKit/537.36 (KHTML, like Gecko) Version/4.0 Chrome/79.0.3945.147 Mobile Safari/537.36 XiaoMi/MiuiBrowser/12.10.7-gn"
93.240.211.0 - - [29/Jun/2021:15:30:13 +0200] "GET /wp-includes/js/jquery/jquery-migrate.min.js HTTP/1.1" 200 4014 "https://www.computerdoc24.de/" "Mozilla/5.0 (Linux; U; Android 10; de-de; Redmi 9A Build/QP1A.190711.020) AppleWebKit/537.36 (KHTML, like Gecko) Version/4.0 Chrome/79.0.3945.147 Mobile Safari/537.36 XiaoMi/MiuiBrowser/12.10.7-gn"
93.240.211.0 - - [29/Jun/2021:15:30:13 +0200] "GET /wp-content/plugins/revslider/public/assets/js/jquery.themepunch.tools.min.js HTTP/1.1" 200 38337 "https://www.computerdoc24.de/" "Mozilla/5.0 (Linux; U; Android 10; de-de; Redmi 9A Build/QP1A.190711.020) AppleWebKit/537.36 (KHTML, like Gecko) Version/4.0 Chrome/79.0.3945.147 Mobile Safari/537.36 XiaoMi/MiuiBrowser/12.10.7-gn"
93.240.211.0 - - [29/Jun/2021:15:30:13 +0200] "GET /wp-content/plugins/revslider/public/assets/js/jquery.themepunch.revolution.min.js HTTP/1.1" 200 18090 "https://www.computerdoc24.de/" "Mozilla/5.0 (Linux; U; Android 10; de-de; Redmi 9A Build/QP1A.190711.020) AppleWebKit/537.36 (KHTML, like Gecko) Version/4.0 Chrome/79.0.3945.147 Mobile Safari/537.36 XiaoMi/MiuiBrowser/12.10.7-gn"
93.240.211.0 - - [29/Jun/2021:15:30:13 +0200] "GET /wp-content/plugins/woocommerce/assets/js/jquery-blockui/jquery.blockUI.min.js HTTP/1.1" 200 3533 "https://www.computerdoc24.de/" "Mozilla/5.0 (Linux; U; Android 10; de-de; Redmi 9A Build/QP1A.190711.020) AppleWebKit/537.36 (KHTML, like Gecko) Version/4.0 Chrome/79.0.3945.147 Mobile Safari/537.36 XiaoMi/MiuiBrowser/12.10.7-gn"
93.240.211.0 - - [29/Jun/2021:15:30:13 +0200] "GET /wp-content/plugins/woocommerce/assets/js/frontend/add-to-cart.min.js HTTP/1.1" 200 1017 "https://www.computerdoc24.de/" "Mozilla/5.0 (Linux; U; Android 10; de-de; Redmi 9A Build/QP1A.190711.020) AppleWebKit/537.36 (KHTML, like Gecko) Version/4.0 Chrome/79.0.3945.147 Mobile Safari/537.36 XiaoMi/MiuiBrowser/12.10.7-gn"
93.240.211.0 - - [29/Jun/2021:15:30:13 +0200] "GET /wp-content/cache/autoptimize/js/autoptimize_single_902b7ca09549975e55e136fb0026df9a.js HTTP/1.1" 200 319 "https://www.computerdoc24.de/" "Mozilla/5.0 (Linux; U; Android 10; de-de; Redmi 9A Build/QP1A.190711.020) AppleWebKit/537.36 (KHTML, like Gecko) Version/4.0 Chrome/79.0.3945.147 Mobile Safari/537.36 XiaoMi/MiuiBrowser/12.10.7-gn"
93.240.211.0 - - [29/Jun/2021:15:30:13 +0200] "GET /wp-content/cache/autoptimize/js/autoptimize_single_b381296557a120efdce91b9aa6fbb3c3.js HTTP/1.1" 200 2237 "https://www.computerdoc24.de/" "Mozilla/5.0 (Linux; U; Android 10; de-de; Redmi 9A Build/QP1A.190711.020) AppleWebKit/537.36 (KHTML, like Gecko) Version/4.0 Chrome/79.0.3945.147 Mobile Safari/537.36 XiaoMi/MiuiBrowser/12.10.7-gn"
93.240.211.0 - - [29/Jun/2021:15:30:13 +0200] "GET /wp-content/plugins/Ultimate_VC_Addons/assets/min-js/ultimate.min.js HTTP/1.1" 200 54140 "https://www.computerdoc24.de/" "Mozilla/5.0 (Linux; U; Android 10; de-de; Redmi 9A Build/QP1A.190711.020) AppleWebKit/537.36 (KHTML, like Gecko) Version/4.0 Chrome/79.0.3945.147 Mobile Safari/537.36 XiaoMi/MiuiBrowser/12.10.7-gn"
93.240.211.0 - - [29/Jun/2021:15:30:13 +0200] "GET /wp-content/plugins/revslider/admin/assets/images/dummy.png HTTP/1.1" 200 73 "https://www.computerdoc24.de/" "Mozilla/5.0 (Linux; U; Android 10; de-de; Redmi 9A Build/QP1A.190711.020) AppleWebKit/537.36 (KHTML, like Gecko) Version/4.0 Chrome/79.0.3945.147 Mobile Safari/537.36 XiaoMi/MiuiBrowser/12.10.7-gn"
93.240.211.0 - - [29/Jun/2021:15:30:13 +0200] "GET /wp-content/plugins/autoptimize/classes/external/js/lazysizes.min.js HTTP/1.1" 200 3266 "https://www.computerdoc24.de/" "Mozilla/5.0 (Linux; U; Android 10; de-de; Redmi 9A Build/QP1A.190711.020) AppleWebKit/537.36 (KHTML, like Gecko) Version/4.0 Chrome/79.0.3945.147 Mobile Safari/537.36 XiaoMi/MiuiBrowser/12.10.7-gn"
93.240.211.0 - - [29/Jun/2021:15:30:13 +0200] "GET /wp-content/plugins/revslider/public/assets/fonts/font-awesome/css/font-awesome.css HTTP/1.1" 200 7605 "https://www.computerdoc24.de/" "Mozilla/5.0 (Linux; U; Android 10; de-de; Redmi 9A Build/QP1A.190711.020) AppleWebKit/537.36 (KHTML, like Gecko) Version/4.0 Chrome/79.0.3945.147 Mobile Safari/537.36 XiaoMi/MiuiBrowser/12.10.7-gn"
93.240.211.0 - - [29/Jun/2021:15:30:13 +0200] "GET /wp-content/plugins/js_composer/assets/lib/bower/font-awesome/css/font-awesome.min.css HTTP/1.1" 200 6970 "https://www.computerdoc24.de/" "Mozilla/5.0 (Linux; U; Android 10; de-de; Redmi 9A Build/QP1A.190711.020) AppleWebKit/537.36 (KHTML, like Gecko) Version/4.0 Chrome/79.0.3945.147 Mobile Safari/537.36 XiaoMi/MiuiBrowser/12.10.7-gn"
93.240.211.0 - - [29/Jun/2021:15:30:14 +0200] "GET /wp-content/cache/autoptimize/js/autoptimize_single_4570be87421de7d33dae23561aa4aa74.js HTTP/1.1" 200 587 "https://www.computerdoc24.de/" "Mozilla/5.0 (Linux; U; Android 10; de-de; Redmi 9A Build/QP1A.190711.020) AppleWebKit/537.36 (KHTML, like Gecko) Version/4.0 Chrome/79.0.3945.147 Mobile Safari/537.36 XiaoMi/MiuiBrowser/12.10.7-gn"
93.240.211.0 - - [29/Jun/2021:15:30:15 +0200] "GET /wp-content/plugins/woocommerce/assets/js/js-cookie/js.cookie.min.js HTTP/1.1" 200 981 "https://www.computerdoc24.de/" "Mozilla/5.0 (Linux; U; Android 10; de-de; Redmi 9A Build/QP1A.190711.020) AppleWebKit/537.36 (KHTML, like Gecko) Version/4.0 Chrome/79.0.3945.147 Mobile Safari/537.36 XiaoMi/MiuiBrowser/12.10.7-gn"
93.240.211.0 - - [29/Jun/2021:15:30:15 +0200] "GET /wp-content/cache/autoptimize/js/autoptimize_single_1534f06aa2b1b721a45372f8238e2461.js HTTP/1.1" 200 3352 "https://www.computerdoc24.de/" "Mozilla/5.0 (Linux; U; Android 10; de-de; Redmi 9A Build/QP1A.190711.020) AppleWebKit/537.36 (KHTML, like Gecko) Version/4.0 Chrome/79.0.3945.147 Mobile Safari/537.36 XiaoMi/MiuiBrowser/12.10.7-gn"
93.240.211.0 - - [29/Jun/2021:15:30:17 +0200] "GET / HTTP/1.1" 200 16484 "https://www.computerdoc24.de/" "Mozilla/5.0 (Linux; U; Android 10; de-de; Redmi 9A Build/QP1A.190711.020) AppleWebKit/537.36 (KHTML, like Gecko) Version/4.0 Chrome/79.0.3945.147 Mobile Safari/537.36 XiaoMi/MiuiBrowser/12.10.7-gn"
93.240.211.0 - - [29/Jun/2021:15:30:18 +0200] "GET /wp-content/cache/autoptimize/js/autoptimize_single_3179f2255b046d5f2e9a71e365287bef.js HTTP/1.1" 200 20 "https://www.computerdoc24.de/" "Mozilla/5.0 (Linux; U; Android 10; de-de; Redmi 9A Build/QP1A.190711.020) AppleWebKit/537.36 (KHTML, like Gecko) Version/4.0 Chrome/79.0.3945.147 Mobile Safari/537.36 XiaoMi/MiuiBrowser/12.10.7-gn"
93.240.211.0 - - [29/Jun/2021:15:30:18 +0200] "GET /wp-content/themes/dreier/lib/css/retina.css HTTP/1.1" 200 197 "https://www.computerdoc24.de/" "Mozilla/5.0 (Linux; U; Android 10; de-de; Redmi 9A Build/QP1A.190711.020) AppleWebKit/537.36 (KHTML, like Gecko) Version/4.0 Chrome/79.0.3945.147 Mobile Safari/537.36 XiaoMi/MiuiBrowser/12.10.7-gn"
93.240.211.0 - - [29/Jun/2021:15:30:19 +0200] "GET /wp-content/plugins/woocommerce/assets/js/frontend/woocommerce.min.js HTTP/1.1" 200 619 "https://www.computerdoc24.de/" "Mozilla/5.0 (Linux; U; Android 10; de-de; Redmi 9A Build/QP1A.190711.020) AppleWebKit/537.36 (KHTML, like Gecko) Version/4.0 Chrome/79.0.3945.147 Mobile Safari/537.36 XiaoMi/MiuiBrowser/12.10.7-gn"
93.240.211.0 - - [29/Jun/2021:15:30:19 +0200] "GET /wp-content/plugins/woocommerce/assets/js/frontend/cart-fragments.min.js HTTP/1.1" 200 1042 "https://www.computerdoc24.de/" "Mozilla/5.0 (Linux; U; Android 10; de-de; Redmi 9A Build/QP1A.190711.020) AppleWebKit/537.36 (KHTML, like Gecko) Version/4.0 Chrome/79.0.3945.147 Mobile Safari/537.36 XiaoMi/MiuiBrowser/12.10.7-gn"
93.240.211.0 - - [29/Jun/2021:15:30:19 +0200] "GET /wp-content/themes/dreier/includes/modules/module.fontawesome/source/font/fontawesome-webfont.woff?v=3.2.1 HTTP/1.1" 200 43568 "https://www.computerdoc24.de/wp-content/themes/dreier/includes/modules/module.fontawesome/source/css/font-awesome.min.css" "Mozilla/5.0 (Linux; U; Android 10; de-de; Redmi 9A Build/QP1A.190711.020) AppleWebKit/537.36 (KHTML, like Gecko) Version/4.0 Chrome/79.0.3945.147 Mobile Safari/537.36 XiaoMi/MiuiBrowser/12.10.7-gn"
93.240.211.0 - - [29/Jun/2021:15:30:19 +0200] "GET /wp-content/cache/autoptimize/js/autoptimize_single_abc5931090b359c9bb72577fb5af85df.js HTTP/1.1" 200 9652 "https://www.computerdoc24.de/" "Mozilla/5.0 (Linux; U; Android 10; de-de; Redmi 9A Build/QP1A.190711.020) AppleWebKit/537.36 (KHTML, like Gecko) Version/4.0 Chrome/79.0.3945.147 Mobile Safari/537.36 XiaoMi/MiuiBrowser/12.10.7-gn"
93.240.211.0 - - [29/Jun/2021:15:30:19 +0200] "GET /wp-content/cache/autoptimize/js/autoptimize_single_1a37c23486ba9c73fce4026e4acfd8e2.js HTTP/1.1" 200 1334 "https://www.computerdoc24.de/" "Mozilla/5.0 (Linux; U; Android 10; de-de; Redmi 9A Build/QP1A.190711.020) AppleWebKit/537.36 (KHTML, like Gecko) Version/4.0 Chrome/79.0.3945.147 Mobile Safari/537.36 XiaoMi/MiuiBrowser/12.10.7-gn"
93.240.211.0 - - [29/Jun/2021:15:30:19 +0200] "GET /wp-content/themes/dreier/lib/js/modernizr-2.6.2-respond-1.1.0.min.js HTTP/1.1" 200 8039 "https://www.computerdoc24.de/" "Mozilla/5.0 (Linux; U; Android 10; de-de; Redmi 9A Build/QP1A.190711.020) AppleWebKit/537.36 (KHTML, like Gecko) Version/4.0 Chrome/79.0.3945.147 Mobile Safari/537.36 XiaoMi/MiuiBrowser/12.10.7-gn"
93.240.211.0 - - [29/Jun/2021:15:30:19 +0200] "GET /wp-content/cache/autoptimize/js/autoptimize_single_3179f2255b046d5f2e9a71e365287bef.js HTTP/1.1" 200 20 "https://www.computerdoc24.de/" "Mozilla/5.0 (Linux; U; Android 10; de-de; Redmi 9A Build/QP1A.190711.020) AppleWebKit/537.36 (KHTML, like Gecko) Version/4.0 Chrome/79.0.3945.147 Mobile Safari/537.36 XiaoMi/MiuiBrowser/12.10.7-gn"
93.240.211.0 - - [29/Jun/2021:15:30:19 +0200] "GET /wp-content/cache/autoptimize/js/autoptimize_single_6c8c6a70905826d42d4a8ee47b963fd8.js HTTP/1.1" 200 6684 "https://www.computerdoc24.de/" "Mozilla/5.0 (Linux; U; Android 10; de-de; Redmi 9A Build/QP1A.190711.020) AppleWebKit/537.36 (KHTML, like Gecko) Version/4.0 Chrome/79.0.3945.147 Mobile Safari/537.36 XiaoMi/MiuiBrowser/12.10.7-gn"
93.240.211.0 - - [29/Jun/2021:15:30:19 +0200] "GET /wp-content/cache/autoptimize/js/autoptimize_single_6637a0cff91d033df31cf66e1b7ac0dd.js HTTP/1.1" 200 17125 "https://www.computerdoc24.de/" "Mozilla/5.0 (Linux; U; Android 10; de-de; Redmi 9A Build/QP1A.190711.020) AppleWebKit/537.36 (KHTML, like Gecko) Version/4.0 Chrome/79.0.3945.147 Mobile Safari/537.36 XiaoMi/MiuiBrowser/12.10.7-gn"
93.240.211.0 - - [29/Jun/2021:15:30:19 +0200] "GET /wp-content/cache/autoptimize/js/autoptimize_single_9f8cd24d6d38fdf1a1205e7efaa6e972.js HTTP/1.1" 200 1095 "https://www.computerdoc24.de/" "Mozilla/5.0 (Linux; U; Android 10; de-de; Redmi 9A Build/QP1A.190711.020) AppleWebKit/537.36 (KHTML, like Gecko) Version/4.0 Chrome/79.0.3945.147 Mobile Safari/537.36 XiaoMi/MiuiBrowser/12.10.7-gn"
93.240.211.0 - - [29/Jun/2021:15:30:19 +0200] "GET /wp-includes/js/comment-reply.min.js HTTP/1.1" 200 1044 "https://www.computerdoc24.de/" "Mozilla/5.0 (Linux; U; Android 10; de-de; Redmi 9A Build/QP1A.190711.020) AppleWebKit/537.36 (KHTML, like Gecko) Version/4.0 Chrome/79.0.3945.147 Mobile Safari/537.36 XiaoMi/MiuiBrowser/12.10.7-gn"
93.240.211.0 - - [29/Jun/2021:15:30:19 +0200] "GET /wp-content/cache/autoptimize/js/autoptimize_single_9b53f8058e5124ec21f95085e6223d86.js HTTP/1.1" 200 1003 "https://www.computerdoc24.de/" "Mozilla/5.0 (Linux; U; Android 10; de-de; Redmi 9A Build/QP1A.190711.020) AppleWebKit/537.36 (KHTML, like Gecko) Version/4.0 Chrome/79.0.3945.147 Mobile Safari/537.36 XiaoMi/MiuiBrowser/12.10.7-gn"
93.240.211.0 - - [29/Jun/2021:15:30:19 +0200] "GET /wp-includes/js/wp-embed.min.js HTTP/1.1" 200 739 "https://www.computerdoc24.de/" "Mozilla/5.0 (Linux; U; Android 10; de-de; Redmi 9A Build/QP1A.190711.020) AppleWebKit/537.36 (KHTML, like Gecko) Version/4.0 Chrome/79.0.3945.147 Mobile Safari/537.36 XiaoMi/MiuiBrowser/12.10.7-gn"
93.240.211.0 - - [29/Jun/2021:15:30:19 +0200] "GET /wp-content/cache/autoptimize/js/autoptimize_single_89253771328c0245ce9642a184d97035.js HTTP/1.1" 200 2871 "https://www.computerdoc24.de/" "Mozilla/5.0 (Linux; U; Android 10; de-de; Redmi 9A Build/QP1A.190711.020) AppleWebKit/537.36 (KHTML, like Gecko) Version/4.0 Chrome/79.0.3945.147 Mobile Safari/537.36 XiaoMi/MiuiBrowser/12.10.7-gn"
93.240.211.0 - - [29/Jun/2021:15:30:19 +0200] "GET /wp-content/plugins/js_composer/assets/js/dist/js_composer_front.min.js HTTP/1.1" 200 5653 "https://www.computerdoc24.de/" "Mozilla/5.0 (Linux; U; Android 10; de-de; Redmi 9A Build/QP1A.190711.020) AppleWebKit/537.36 (KHTML, like Gecko) Version/4.0 Chrome/79.0.3945.147 Mobile Safari/537.36 XiaoMi/MiuiBrowser/12.10.7-gn"
93.240.211.0 - - [29/Jun/2021:15:30:20 +0200] "GET /wp-content/themes/dreier/lib/patterns/escheresque_ste.png HTTP/1.1" 200 423 "https://www.computerdoc24.de/wp-content/uploads/Dark-Blue-Skin_f11de704061eed4e79d777b4e0c313ab.css" "Mozilla/5.0 (Linux; U; Android 10; de-de; Redmi 9A Build/QP1A.190711.020) AppleWebKit/537.36 (KHTML, like Gecko) Version/4.0 Chrome/79.0.3945.147 Mobile Safari/537.36 XiaoMi/MiuiBrowser/12.10.7-gn"
93.240.211.0 - - [29/Jun/2021:15:30:20 +0200] "GET /wp-content/uploads/smile_fonts/Defaults/Defaults.woff?rfa9z8 HTTP/1.1" 200 66219 "https://www.computerdoc24.de/wp-content/uploads/smile_fonts/Defaults/Defaults.css" "Mozilla/5.0 (Linux; U; Android 10; de-de; Redmi 9A Build/QP1A.190711.020) AppleWebKit/537.36 (KHTML, like Gecko) Version/4.0 Chrome/79.0.3945.147 Mobile Safari/537.36 XiaoMi/MiuiBrowser/12.10.7-gn"
93.240.211.0 - - [29/Jun/2021:15:30:20 +0200] "GET /wp-content/plugins/js_composer/assets/lib/bower/font-awesome/fonts/fontawesome-webfont.woff2?v=4.7.0 HTTP/1.1" 200 77162 "https://www.computerdoc24.de/wp-content/plugins/js_composer/assets/lib/bower/font-awesome/css/font-awesome.min.css" "Mozilla/5.0 (Linux; U; Android 10; de-de; Redmi 9A Build/QP1A.190711.020) AppleWebKit/537.36 (KHTML, like Gecko) Version/4.0 Chrome/79.0.3945.147 Mobile Safari/537.36 XiaoMi/MiuiBrowser/12.10.7-gn"
93.240.211.0 - - [29/Jun/2021:15:30:23 +0200] "GET /wp-content/themes/dreier/includes/modules/module.shadow/shadows/shadow-6.png HTTP/1.1" 200 4739 "https://www.computerdoc24.de/" "Mozilla/5.0 (Linux; U; Android 10; de-de; Redmi 9A Build/QP1A.190711.020) AppleWebKit/537.36 (KHTML, like Gecko) Version/4.0 Chrome/79.0.3945.147 Mobile Safari/537.36 XiaoMi/MiuiBrowser/12.10.7-gn"
93.240.211.0 - - [29/Jun/2021:15:30:23 +0200] "POST /?wc-ajax=get_refreshed_fragments HTTP/1.1" 200 202 "https://www.computerdoc24.de/" "Mozilla/5.0 (Linux; U; Android 10; de-de; Redmi 9A Build/QP1A.190711.020) AppleWebKit/537.36 (KHTML, like Gecko) Version/4.0 Chrome/79.0.3945.147 Mobile Safari/537.36 XiaoMi/MiuiBrowser/12.10.7-gn"
93.240.211.0 - - [29/Jun/2021:15:30:23 +0200] "GET /wp-content/plugins/revslider/public/assets/js/extensions/revolution.extension.slideanims.min.js?version=5.4.8 HTTP/1.1" 200 6880 "https://www.computerdoc24.de/" "Mozilla/5.0 (Linux; U; Android 10; de-de; Redmi 9A Build/QP1A.190711.020) AppleWebKit/537.36 (KHTML, like Gecko) Version/4.0 Chrome/79.0.3945.147 Mobile Safari/537.36 XiaoMi/MiuiBrowser/12.10.7-gn"
93.240.211.0 - - [29/Jun/2021:15:30:23 +0200] "GET /wp-content/plugins/revslider/public/assets/js/extensions/revolution.extension.actions.min.js?version=5.4.8 HTTP/1.1" 200 2572 "https://www.computerdoc24.de/" "Mozilla/5.0 (Linux; U; Android 10; de-de; Redmi 9A Build/QP1A.190711.020) AppleWebKit/537.36 (KHTML, like Gecko) Version/4.0 Chrome/79.0.3945.147 Mobile Safari/537.36 XiaoMi/MiuiBrowser/12.10.7-gn"
93.240.211.0 - - [29/Jun/2021:15:30:23 +0200] "GET /wp-content/plugins/revslider/public/assets/js/extensions/revolution.extension.layeranimation.min.js?version=5.4.8 HTTP/1.1" 200 14302 "https://www.computerdoc24.de/" "Mozilla/5.0 (Linux; U; Android 10; de-de; Redmi 9A Build/QP1A.190711.020) AppleWebKit/537.36 (KHTML, like Gecko) Version/4.0 Chrome/79.0.3945.147 Mobile Safari/537.36 XiaoMi/MiuiBrowser/12.10.7-gn"
