81.169.178.0 - - [28/Jun/2021:00:56:48 +0200] "GET /wp-admin/admin-ajax.php?action=wordfence_doScan&isFork=1&scanMode=standard&cronKey=b2beef37c685ae57c01644f4d4e5ff95&signature=402e7bc0c4a766af446890ee3c900111a5a57cdf54dcdc3ef7e32ca509c76407 HTTP/1.1" 200 - "-" "WordPress/5.2.11; https://www.computerdoc24.de"
128.14.141.0 - - [28/Jun/2021:00:57:46 +0200] "GET / HTTP/1.1" 403 2411 "-" "Mozilla/5.0 (Windows NT 10.0; Win64; x64) AppleWebKit/537.36 (KHTML, like Gecko) Chrome/60.0.3112.113 Safari/537.36"
114.119.139.0 - - [28/Jun/2021:00:58:01 +0200] "GET /product/arbeits-und-internet-pc-neue-festplatte-ssd-kopie/ HTTP/1.1" 200 8204 "-" "Mozilla/5.0 (Linux; Android 7.0;) AppleWebKit/537.36 (KHTML, like Gecko) Mobile Safari/537.36 (compatible; PetalBot;+https://webmaster.petalsearch.com/site/petalbot)"
81.169.178.0 - - [28/Jun/2021:00:58:20 +0200] "POST /wp-admin/admin-ajax.php?action=wordfence_testAjax HTTP/1.1" 200 32 "https://www.computerdoc24.de/wp-admin/admin-ajax.php?action=wordfence_testAjax" "WordPress/5.2.11; https://www.computerdoc24.de"
81.169.178.0 - - [28/Jun/2021:00:57:34 +0200] "GET /wp-admin/admin-ajax.php?action=wordfence_doScan&isFork=1&scanMode=standard&cronKey=a156f9751b88020dc9c0d4f7638ece5e&signature=5cca135b79205138b97c7cd7d0d41b9c119ede6516bd9a74f36953056d52b70c HTTP/1.1" 200 - "-" "WordPress/5.2.11; https://www.computerdoc24.de"
66.249.89.0 - - [28/Jun/2021:00:59:06 +0200] "GET /html/site.css HTTP/1.1" 200 88 "https://www.reinigungsprofi-weck.de/" "AdsBot-Google (+http://www.google.com/adsbot.html)"
66.249.89.0 - - [28/Jun/2021:00:59:06 +0200] "GET /html/fusion.css HTTP/1.1" 200 1161 "https://www.reinigungsprofi-weck.de/" "AdsBot-Google (+http://www.google.com/adsbot.html)"
81.169.178.0 - - [28/Jun/2021:00:59:07 +0200] "POST /wp-cron.php?doing_wp_cron=1624834747.1863999366760253906250 HTTP/1.1" 200 - "https://www.computerdoc24.de/wp-cron.php?doing_wp_cron=1624834747.1863999366760253906250" "WordPress/5.2.11; https://www.computerdoc24.de"
81.169.178.0 - - [28/Jun/2021:00:59:07 +0200] "POST /wp-admin/admin-ajax.php?action=wordfence_testAjax HTTP/1.1" 200 32 "https://www.computerdoc24.de/wp-admin/admin-ajax.php?action=wordfence_testAjax" "WordPress/5.2.11; https://www.computerdoc24.de"
66.249.89.0 - - [28/Jun/2021:00:59:07 +0200] "GET /html/style.css HTTP/1.1" 200 458 "https://www.reinigungsprofi-weck.de/" "AdsBot-Google (+http://www.google.com/adsbot.html)"
81.169.178.0 - - [28/Jun/2021:00:58:20 +0200] "GET /wp-admin/admin-ajax.php?action=wordfence_doScan&isFork=1&scanMode=standard&cronKey=d630d0adf9db85783e5dd58bce43a5e7&signature=0eb17cef1e4fd97b5096b638d6b634c39356ad5bc35690d315f311618c6a5471 HTTP/1.1" 200 - "-" "WordPress/5.2.11; https://www.computerdoc24.de"
81.169.178.0 - - [28/Jun/2021:00:59:07 +0200] "GET /wp-admin/admin-ajax.php?action=wordfence_doScan&isFork=1&scanMode=standard&cronKey=e62f09956f52800f4e162f9d76764821&signature=2992edc0ab172b6b2b1d9bd5411174c7467d515d2488cfeb68afb22680f7e4e4 HTTP/1.1" 200 - "-" "WordPress/5.2.11; https://www.computerdoc24.de"
:: - - [28/Jun/2021:00:59:14 +0200] "OPTIONS * HTTP/1.0" 200 - "-" "Apache/2.4.6 (CentOS) OpenSSL/1.0.2k-fips mod_fcgid/2.3.9 (internal dummy connection)"
66.249.89.0 - - [28/Jun/2021:00:59:34 +0200] "GET /assets/rollover.js HTTP/1.1" 200 5145 "https://www.reinigungsprofi-weck.de/" "AdsBot-Google (+http://www.google.com/adsbot.html)"
81.169.178.0 - - [28/Jun/2021:01:01:44 +0200] "POST /wp-cron.php?doing_wp_cron=1624834904.0158710479736328125000 HTTP/1.1" 200 - "https://www.ipcbusiness.de/wp-cron.php?doing_wp_cron=1624834904.0158710479736328125000" "WordPress/5.6.4; https://www.ipcbusiness.de"
63.141.251.0 - - [28/Jun/2021:01:01:43 +0200] "GET /wp-login.php HTTP/1.1" 200 8977 "-" "Mozilla/5.0 (Macintosh; Intel Mac OS X 10_10) AppleWebKit/600.1.3 (KHTML, like Gecko) Version/8.0 Safari/600.1.3"
63.141.251.0 - - [28/Jun/2021:01:01:45 +0200] "POST /wp-login.php HTTP/1.1" 200 9438 "-" "Mozilla/5.0 (Macintosh; Intel Mac OS X 10_10) AppleWebKit/600.1.3 (KHTML, like Gecko) Version/8.0 Safari/600.1.3"
81.169.178.0 - - [28/Jun/2021:01:01:48 +0200] "POST /wp-cron.php?doing_wp_cron=1624834908.7991330623626708984375 HTTP/1.1" 200 - "https://www.computerdoc24.de/wp-cron.php?doing_wp_cron=1624834908.7991330623626708984375" "WordPress/5.2.11; https://www.computerdoc24.de"
114.119.140.0 - - [28/Jun/2021:01:01:48 +0200] "GET /product/arbeits-und-internet-pc-neue-festplatte-ssd-kopie HTTP/1.1" 200 8204 "-" "Mozilla/5.0 (Linux; Android 7.0;) AppleWebKit/537.36 (KHTML, like Gecko) Mobile Safari/537.36 (compatible; PetalBot;+https://webmaster.petalsearch.com/site/petalbot)"
199.19.224.0 - - [28/Jun/2021:01:04:52 +0200] "POST /boaform/admin/formLogin HTTP/1.1" 404 2786 "http://81.169.178.78:80/admin/login.asp" "Mozilla/5.0 (X11; Ubuntu; Linux x86_64; rv:71.0) Gecko/20100101 Firefox/71.0"
66.249.64.0 - - [28/Jun/2021:01:05:53 +0200] "GET /robots.txt HTTP/1.1" 301 297 "-" "Mozilla/5.0 (compatible; Googlebot/2.1; +http://www.google.com/bot.html)"
66.249.64.0 - - [28/Jun/2021:01:05:54 +0200] "GET / HTTP/1.1" 301 287 "-" "Mozilla/5.0 (compatible; Googlebot/2.1; +http://www.google.com/bot.html)"
54.36.148.0 - - [28/Jun/2021:01:08:06 +0200] "GET /robots.txt HTTP/1.1" 200 2691 "-" "Mozilla/5.0 (compatible; AhrefsBot/7.0; +http://ahrefs.com/robot/)"
54.36.148.0 - - [28/Jun/2021:01:08:07 +0200] "GET / HTTP/1.1" 200 2691 "-" "Mozilla/5.0 (compatible; AhrefsBot/7.0; +http://ahrefs.com/robot/)"
45.146.165.0 - - [28/Jun/2021:01:08:40 +0200] "POST /vendor/phpunit/phpunit/src/Util/PHP/eval-stdin.php HTTP/1.1" 404 2635 "-" "Mozilla/5.0 (Windows NT 10.0; Win64; x64) AppleWebKit/537.36 (KHTML, like Gecko) Chrome/78.0.3904.108 Safari/537.36"
45.146.165.0 - - [28/Jun/2021:01:08:40 +0200] "POST /api/jsonws/invoke HTTP/1.1" 404 2569 "-" "Mozilla/5.0 (Windows NT 10.0; Win64; x64) AppleWebKit/537.36 (KHTML, like Gecko) Chrome/78.0.3904.108 Safari/537.36"
45.146.165.0 - - [28/Jun/2021:01:08:40 +0200] "GET /vendor/phpunit/phpunit/src/Util/PHP/eval-stdin.php HTTP/1.1" 404 2635 "-" "Mozilla/5.0 (Windows NT 10.0; Win64; x64) AppleWebKit/537.36 (KHTML, like Gecko) Chrome/78.0.3904.108 Safari/537.36"
45.146.165.0 - - [28/Jun/2021:01:08:43 +0200] "GET /index.php?s=/Index/\\think\\app/invokefunction&function=call_user_func_array&vars[0]=md5&vars[1][]=HelloThinkPHP21 HTTP/1.1" 404 2783 "-" "Mozilla/5.0 (Windows NT 10.0; Win64; x64) AppleWebKit/537.36 (KHTML, like Gecko) Chrome/78.0.3904.108 Safari/537.36"
45.146.165.0 - - [28/Jun/2021:01:08:44 +0200] "GET /wp-content/plugins/wp-file-manager/readme.txt HTTP/1.1" 404 2625 "-" "Mozilla/5.0 (Windows NT 10.0; Win64; x64) AppleWebKit/537.36 (KHTML, like Gecko) Chrome/78.0.3904.108 Safari/537.36"
45.146.165.0 - - [28/Jun/2021:01:08:45 +0200] "POST /mifs/.;/services/LogService HTTP/1.1" 404 2770 "https://81.169.178.78:443" "Mozilla/5.0 (Windows NT 10.0; Win64; x64) AppleWebKit/537.36 (KHTML, like Gecko) Chrome/78.0.3904.108 Safari/537.36"
45.146.165.0 - - [28/Jun/2021:01:08:45 +0200] "GET /console/ HTTP/1.1" 404 2551 "-" "Mozilla/5.0 (Windows NT 10.0; Win64; x64) AppleWebKit/537.36 (KHTML, like Gecko) Chrome/78.0.3904.108 Safari/537.36"
45.146.165.0 - - [28/Jun/2021:01:08:48 +0200] "POST /Autodiscover/Autodiscover.xml HTTP/1.1" 404 2593 "-" "Mozilla/5.0 (Windows NT 10.0; Win64; x64) AppleWebKit/537.36 (KHTML, like Gecko) Chrome/78.0.3904.108 Safari/537.36"
45.146.165.0 - - [28/Jun/2021:01:08:49 +0200] "GET /_ignition/execute-solution HTTP/1.1" 404 2587 "-" "Mozilla/5.0 (Windows NT 10.0; Win64; x64) AppleWebKit/537.36 (KHTML, like Gecko) Chrome/78.0.3904.108 Safari/537.36"
45.146.165.0 - - [28/Jun/2021:01:08:51 +0200] "GET /?XDEBUG_SESSION_START=phpstorm HTTP/1.1" 403 2411 "-" "Mozilla/5.0 (Windows NT 10.0; Win64; x64) AppleWebKit/537.36 (KHTML, like Gecko) Chrome/78.0.3904.108 Safari/537.36"
45.146.165.0 - - [28/Jun/2021:01:08:51 +0200] "GET / HTTP/1.1" 403 2411 "-" "Mozilla/5.0 (Windows NT 10.0; Win64; x64) AppleWebKit/537.36 (KHTML, like Gecko) Chrome/78.0.3904.108 Safari/537.36"
81.88.52.0 - - [28/Jun/2021:01:08:59 +0200] "POST /wp-login.php HTTP/1.1" 200 2884 "-" "Mozilla/5.0 (Windows NT 6.1; WOW64) AppleWebKit/537.36 (KHTML, like Gecko) Chrome/51.0.2704.106 Safari/537.36"
128.1.248.0 - - [28/Jun/2021:01:09:04 +0200] "GET / HTTP/1.1" 403 2411 "-" "Mozilla/5.0 (Windows NT 10.0; Win64; x64) AppleWebKit/537.36 (KHTML, like Gecko) Chrome/60.0.3112.113 Safari/537.36"
81.169.178.0 - - [28/Jun/2021:01:10:22 +0200] "POST /wp-cron.php?doing_wp_cron=1624835422.4827089309692382812500 HTTP/1.1" 200 - "https://www.computerdoc24.de/wp-cron.php?doing_wp_cron=1624835422.4827089309692382812500" "WordPress/5.2.11; https://www.computerdoc24.de"
82.202.172.0 - - [28/Jun/2021:01:10:22 +0200] "POST /wp-login.php HTTP/1.1" 503 7057 "-" "Mozilla/5.0 (Windows NT 6.3; WOW64) AppleWebKit/537.36 (KHTML, like Gecko) Chrome/46.0.2490.80 Safari/537.36"
157.245.64.0 - - [28/Jun/2021:01:12:44 +0200] "GET /wp-login.php HTTP/1.1" 200 2743 "-" "Mozilla/5.0 (X11; Ubuntu; Linux x86_64; rv:62.0) Gecko/20100101 Firefox/62.0"
157.245.64.0 - - [28/Jun/2021:01:12:44 +0200] "POST /wp-login.php HTTP/1.1" 200 2880 "-" "Mozilla/5.0 (X11; Ubuntu; Linux x86_64; rv:62.0) Gecko/20100101 Firefox/62.0"
157.245.64.0 - - [28/Jun/2021:01:12:45 +0200] "GET /wp-login.php HTTP/1.1" 200 2743 "-" "Mozilla/5.0 (X11; Ubuntu; Linux x86_64; rv:62.0) Gecko/20100101 Firefox/62.0"
157.245.64.0 - - [28/Jun/2021:01:12:46 +0200] "POST /wp-login.php HTTP/1.1" 200 2844 "-" "Mozilla/5.0 (X11; Ubuntu; Linux x86_64; rv:62.0) Gecko/20100101 Firefox/62.0"
157.245.64.0 - - [28/Jun/2021:01:12:46 +0200] "POST /xmlrpc.php HTTP/1.1" 200 249 "-" "Mozilla/5.0 (X11; Ubuntu; Linux x86_64; rv:62.0) Gecko/20100101 Firefox/62.0"
207.46.13.0 - - [28/Jun/2021:01:13:29 +0200] "GET /wp-content/uploads/20201007_132210_HDR-577x1024-570x321.jpg HTTP/1.1" 301 346 "-" "Mozilla/5.0 (compatible; bingbot/2.0; +http://www.bing.com/bingbot.htm)"
124.150.129.0 - - [28/Jun/2021:01:13:52 +0200] "GET /wp-login.php HTTP/1.1" 200 2748 "-" "Mozilla/5.0 (X11; Ubuntu; Linux x86_64; rv:62.0) Gecko/20100101 Firefox/62.0"
124.150.129.0 - - [28/Jun/2021:01:13:54 +0200] "POST /wp-login.php HTTP/1.1" 200 2886 "-" "Mozilla/5.0 (X11; Ubuntu; Linux x86_64; rv:62.0) Gecko/20100101 Firefox/62.0"
124.150.129.0 - - [28/Jun/2021:01:13:56 +0200] "GET /wp-login.php HTTP/1.1" 200 2748 "-" "Mozilla/5.0 (X11; Ubuntu; Linux x86_64; rv:62.0) Gecko/20100101 Firefox/62.0"
124.150.129.0 - - [28/Jun/2021:01:13:58 +0200] "POST /wp-login.php HTTP/1.1" 200 2850 "-" "Mozilla/5.0 (X11; Ubuntu; Linux x86_64; rv:62.0) Gecko/20100101 Firefox/62.0"
124.150.129.0 - - [28/Jun/2021:01:14:00 +0200] "POST /xmlrpc.php HTTP/1.1" 200 249 "-" "Mozilla/5.0 (X11; Ubuntu; Linux x86_64; rv:62.0) Gecko/20100101 Firefox/62.0"
114.119.146.0 - - [28/Jun/2021:01:16:06 +0200] "GET /en/auftraggeber HTTP/1.1" 200 - "-" "Mozilla/5.0 (Linux; Android 7.0;) AppleWebKit/537.36 (KHTML, like Gecko) Mobile Safari/537.36 (compatible; PetalBot;+https://webmaster.petalsearch.com/site/petalbot)"
114.119.146.0 - - [28/Jun/2021:01:16:08 +0200] "GET /en/auftraggeber/ HTTP/1.1" 200 10415 "-" "Mozilla/5.0 (Linux; Android 7.0;) AppleWebKit/537.36 (KHTML, like Gecko) Mobile Safari/537.36 (compatible; PetalBot;+https://webmaster.petalsearch.com/site/petalbot)"
45.33.103.0 - - [28/Jun/2021:01:16:14 +0200] "GET /owa/ HTTP/1.1" 404 2543 "-" "Mozilla/5.0 (Windows NT 10.0; Win64; x64) AppleWebKit/537.36 (KHTML, like Gecko) Chrome/60.0.3112.113 Safari/537.36"
35.227.106.0 - - [28/Jun/2021:01:16:26 +0200] "GET /html/impressum.html HTTP/1.0" 200 3769 "-" "ZoominfoBot (zoominfobot at zoominfo dot com)"
81.169.178.0 - - [28/Jun/2021:01:17:35 +0200] "POST /wp-cron.php?doing_wp_cron=1624835855.7005898952484130859375 HTTP/1.1" 200 - "https://www.computerdoc24.de/wp-cron.php?doing_wp_cron=1624835855.7005898952484130859375" "WordPress/5.2.11; https://www.computerdoc24.de"
188.166.247.0 - - [28/Jun/2021:01:17:35 +0200] "GET /wp-login.php HTTP/1.1" 200 2238 "-" "Mozilla/5.0 (X11; Ubuntu; Linux x86_64; rv:62.0) Gecko/20100101 Firefox/62.0"
188.166.247.0 - - [28/Jun/2021:01:17:37 +0200] "POST /wp-login.php HTTP/1.1" 200 2589 "-" "Mozilla/5.0 (X11; Ubuntu; Linux x86_64; rv:62.0) Gecko/20100101 Firefox/62.0"
188.166.247.0 - - [28/Jun/2021:01:17:38 +0200] "POST /xmlrpc.php HTTP/1.1" 200 228 "-" "Mozilla/5.0 (X11; Ubuntu; Linux x86_64; rv:62.0) Gecko/20100101 Firefox/62.0"
54.36.148.0 - - [28/Jun/2021:01:22:37 +0200] "GET /unsere-produkte-und-services/kranbare-auflieger/ HTTP/1.1" 200 10832 "-" "Mozilla/5.0 (compatible; AhrefsBot/7.0; +http://ahrefs.com/robot/)"
35.227.106.0 - - [28/Jun/2021:01:23:18 +0200] "GET /index.html HTTP/1.0" 200 2590 "-" "ZoominfoBot (zoominfobot at zoominfo dot com)"
35.227.106.0 - - [28/Jun/2021:01:24:16 +0200] "GET /html/anfahrtskosten.html HTTP/1.0" 200 2353 "-" "ZoominfoBot (zoominfobot at zoominfo dot com)"
35.227.106.0 - - [28/Jun/2021:01:25:33 +0200] "GET /html/impressum.html HTTP/1.0" 200 3769 "-" "ZoominfoBot (zoominfobot at zoominfo dot com)"
81.88.52.0 - - [28/Jun/2021:01:26:03 +0200] "POST /wp-login.php HTTP/1.1" 200 2886 "-" "Mozilla/5.0 (Windows NT 6.1; Win64; x64) AppleWebKit/537.36 (KHTML, like Gecko) Chrome/60.0.3112.113 Safari/537.36"
81.169.178.0 - - [28/Jun/2021:01:26:32 +0200] "POST /wp-cron.php?doing_wp_cron=1624836392.7668080329895019531250 HTTP/1.1" 200 - "https://www.computerdoc24.de/wp-cron.php?doing_wp_cron=1624836392.7668080329895019531250" "WordPress/5.2.11; https://www.computerdoc24.de"
188.166.94.0 - - [28/Jun/2021:01:26:32 +0200] "POST /wp-login.php HTTP/1.1" 503 7057 "-" "Mozilla/5.0 (Windows NT 6.1; Win64; x64) AppleWebKit/537.36 (KHTML, like Gecko) Chrome/79.0.3945.117 Safari/537.36"
207.46.13.0 - - [28/Jun/2021:01:29:52 +0200] "GET /html/header_defaultmasterborder.html HTTP/1.1" 301 323 "-" "Mozilla/5.0 (compatible; bingbot/2.0; +http://www.bing.com/bingbot.htm)"
35.227.106.0 - - [28/Jun/2021:01:32:01 +0200] "GET /index.html HTTP/1.0" 200 2590 "-" "ZoominfoBot (zoominfobot at zoominfo dot com)"
35.227.106.0 - - [28/Jun/2021:01:32:24 +0200] "GET /html/kontakt.html HTTP/1.0" 200 2033 "-" "ZoominfoBot (zoominfobot at zoominfo dot com)"
81.169.144.0 - - [28/Jun/2021:01:35:16 +0200] "POST /wp-cron.php?doing_wp_cron=1624836916.2953751087188720703125 HTTP/1.1" 200 - "http://www.computerdoc24.de/wp-cron.php?doing_wp_cron=1624836916.2953751087188720703125" "WordPress/5.2.2; https://www.computerdoc24.de"
83.103.131.0 - - [28/Jun/2021:01:35:32 +0200] "GET /wp-login.php HTTP/1.1" 200 2743 "-" "Mozilla/5.0 (X11; Ubuntu; Linux x86_64; rv:62.0) Gecko/20100101 Firefox/62.0"
83.103.131.0 - - [28/Jun/2021:01:35:33 +0200] "POST /wp-login.php HTTP/1.1" 200 2880 "-" "Mozilla/5.0 (X11; Ubuntu; Linux x86_64; rv:62.0) Gecko/20100101 Firefox/62.0"
81.169.178.0 - - [28/Jun/2021:01:35:35 +0200] "POST /wp-cron.php?doing_wp_cron=1624836935.6020679473876953125000 HTTP/1.1" 200 - "https://www.computerdoc24.de/wp-cron.php?doing_wp_cron=1624836935.6020679473876953125000" "WordPress/5.2.11; https://www.computerdoc24.de"
184.154.139.0 - - [28/Jun/2021:01:35:35 +0200] "GET //wp-content/plugins/revslider/release_log.txt HTTP/1.1" 200 - "-" "SiteLockSpider [en] (WinNT; I ;Nav)"
184.154.139.0 - - [28/Jun/2021:01:35:36 +0200] "GET //wp-content/plugins/autoptimize/readme.txt HTTP/1.1" 200 38523 "-" "SiteLockSpider [en] (WinNT; I ;Nav)"
184.154.139.0 - - [28/Jun/2021:01:35:37 +0200] "GET //wp-content/plugins/shapepress-dsgvo/README.txt HTTP/1.1" 200 9730 "-" "SiteLockSpider [en] (WinNT; I ;Nav)"
184.154.139.0 - - [28/Jun/2021:01:35:37 +0200] "GET //wp-content/plugins/js_composer/changes.txt HTTP/1.1" 200 52167 "-" "SiteLockSpider [en] (WinNT; I ;Nav)"
184.154.139.0 - - [28/Jun/2021:01:35:38 +0200] "GET //wp-content/plugins/woocommerce/readme.txt HTTP/1.1" 200 31032 "-" "SiteLockSpider [en] (WinNT; I ;Nav)"
83.103.131.0 - - [28/Jun/2021:01:35:40 +0200] "GET /wp-login.php HTTP/1.1" 200 2743 "-" "Mozilla/5.0 (X11; Ubuntu; Linux x86_64; rv:62.0) Gecko/20100101 Firefox/62.0"
83.103.131.0 - - [28/Jun/2021:01:35:48 +0200] "POST /wp-login.php HTTP/1.1" 200 2844 "-" "Mozilla/5.0 (X11; Ubuntu; Linux x86_64; rv:62.0) Gecko/20100101 Firefox/62.0"
66.249.64.0 - - [28/Jun/2021:01:35:49 +0200] "GET /robots.txt HTTP/1.1" 301 295 "-" "Mozilla/5.0 (compatible; Googlebot/2.1; +http://www.google.com/bot.html)"
83.103.131.0 - - [28/Jun/2021:01:35:50 +0200] "POST /xmlrpc.php HTTP/1.1" 200 249 "-" "Mozilla/5.0 (X11; Ubuntu; Linux x86_64; rv:62.0) Gecko/20100101 Firefox/62.0"
52.41.225.0 - - [28/Jun/2021:01:36:00 +0200] "GET / HTTP/1.1" 200 2691 "-" "Mozilla/5.0 (X11; Linux x86_64) AppleWebKit/537.36 (KHTML, like Gecko) Chrome/83.0.4103.97 Safari/537.36"
185.5.126.0 - - [28/Jun/2021:01:36:36 +0200] "GET / HTTP/1.1" 403 2409 "-" "Mozilla/5.0 (Windows NT 10.0; Win64; x64) AppleWebKit/537.36 (KHTML, like Gecko) Chrome/78.0.3904.108 Safari/537.36"
185.5.126.0 - - [28/Jun/2021:01:36:41 +0200] "GET / HTTP/1.1" 403 2409 "-" "Mozilla/5.0 (Windows NT 10.0; Win64; x64) AppleWebKit/537.36 (KHTML, like Gecko) Chrome/78.0.3904.108 Safari/537.36"
185.5.126.0 - - [28/Jun/2021:01:36:46 +0200] "GET /wp-includes/wlwmanifest.xml HTTP/1.1" 404 2585 "-" "Mozilla/5.0 (Windows NT 10.0; Win64; x64) AppleWebKit/537.36 (KHTML, like Gecko) Chrome/78.0.3904.108 Safari/537.36"
185.5.126.0 - - [28/Jun/2021:01:36:51 +0200] "GET /xmlrpc.php?rsd HTTP/1.1" 404 2559 "-" "Mozilla/5.0 (Windows NT 10.0; Win64; x64) AppleWebKit/537.36 (KHTML, like Gecko) Chrome/78.0.3904.108 Safari/537.36"
157.230.2.0 - - [28/Jun/2021:01:37:00 +0200] "GET /wp-login.php HTTP/1.1" 200 2748 "-" "Mozilla/5.0 (X11; Ubuntu; Linux x86_64; rv:62.0) Gecko/20100101 Firefox/62.0"
157.230.2.0 - - [28/Jun/2021:01:37:01 +0200] "POST /wp-login.php HTTP/1.1" 200 2886 "-" "Mozilla/5.0 (X11; Ubuntu; Linux x86_64; rv:62.0) Gecko/20100101 Firefox/62.0"
185.5.126.0 - - [28/Jun/2021:01:36:56 +0200] "GET /blog/wp-includes/wlwmanifest.xml HTTP/1.1" 404 2595 "-" "Mozilla/5.0 (Windows NT 10.0; Win64; x64) AppleWebKit/537.36 (KHTML, like Gecko) Chrome/78.0.3904.108 Safari/537.36"
157.230.2.0 - - [28/Jun/2021:01:37:01 +0200] "GET /wp-login.php HTTP/1.1" 200 2748 "-" "Mozilla/5.0 (X11; Ubuntu; Linux x86_64; rv:62.0) Gecko/20100101 Firefox/62.0"
157.230.2.0 - - [28/Jun/2021:01:37:02 +0200] "POST /wp-login.php HTTP/1.1" 200 2850 "-" "Mozilla/5.0 (X11; Ubuntu; Linux x86_64; rv:62.0) Gecko/20100101 Firefox/62.0"
157.230.2.0 - - [28/Jun/2021:01:37:03 +0200] "POST /xmlrpc.php HTTP/1.1" 200 249 "-" "Mozilla/5.0 (X11; Ubuntu; Linux x86_64; rv:62.0) Gecko/20100101 Firefox/62.0"
185.5.126.0 - - [28/Jun/2021:01:37:01 +0200] "GET /web/wp-includes/wlwmanifest.xml HTTP/1.1" 404 2593 "-" "Mozilla/5.0 (Windows NT 10.0; Win64; x64) AppleWebKit/537.36 (KHTML, like Gecko) Chrome/78.0.3904.108 Safari/537.36"
185.5.126.0 - - [28/Jun/2021:01:37:07 +0200] "GET /wordpress/wp-includes/wlwmanifest.xml HTTP/1.1" 404 2605 "-" "Mozilla/5.0 (Windows NT 10.0; Win64; x64) AppleWebKit/537.36 (KHTML, like Gecko) Chrome/78.0.3904.108 Safari/537.36"
185.5.126.0 - - [28/Jun/2021:01:37:12 +0200] "GET /website/wp-includes/wlwmanifest.xml HTTP/1.1" 404 2601 "-" "Mozilla/5.0 (Windows NT 10.0; Win64; x64) AppleWebKit/537.36 (KHTML, like Gecko) Chrome/78.0.3904.108 Safari/537.36"
185.5.126.0 - - [28/Jun/2021:01:37:17 +0200] "GET /news/wp-includes/wlwmanifest.xml HTTP/1.1" 404 2595 "-" "Mozilla/5.0 (Windows NT 10.0; Win64; x64) AppleWebKit/537.36 (KHTML, like Gecko) Chrome/78.0.3904.108 Safari/537.36"
185.5.126.0 - - [28/Jun/2021:01:37:22 +0200] "GET /2019/wp-includes/wlwmanifest.xml HTTP/1.1" 404 2595 "-" "Mozilla/5.0 (Windows NT 10.0; Win64; x64) AppleWebKit/537.36 (KHTML, like Gecko) Chrome/78.0.3904.108 Safari/537.36"
185.5.126.0 - - [28/Jun/2021:01:37:27 +0200] "GET /wp1/wp-includes/wlwmanifest.xml HTTP/1.1" 404 2593 "-" "Mozilla/5.0 (Windows NT 10.0; Win64; x64) AppleWebKit/537.36 (KHTML, like Gecko) Chrome/78.0.3904.108 Safari/537.36"
185.5.126.0 - - [28/Jun/2021:01:37:32 +0200] "GET /test/wp-includes/wlwmanifest.xml HTTP/1.1" 404 2595 "-" "Mozilla/5.0 (Windows NT 10.0; Win64; x64) AppleWebKit/537.36 (KHTML, like Gecko) Chrome/78.0.3904.108 Safari/537.36"
185.5.126.0 - - [28/Jun/2021:01:37:37 +0200] "GET /media/wp-includes/wlwmanifest.xml HTTP/1.1" 404 2597 "-" "Mozilla/5.0 (Windows NT 10.0; Win64; x64) AppleWebKit/537.36 (KHTML, like Gecko) Chrome/78.0.3904.108 Safari/537.36"
185.5.126.0 - - [28/Jun/2021:01:37:42 +0200] "GET /wp2/wp-includes/wlwmanifest.xml HTTP/1.1" 404 2593 "-" "Mozilla/5.0 (Windows NT 10.0; Win64; x64) AppleWebKit/537.36 (KHTML, like Gecko) Chrome/78.0.3904.108 Safari/537.36"
185.5.126.0 - - [28/Jun/2021:01:37:47 +0200] "GET /cms/wp-includes/wlwmanifest.xml HTTP/1.1" 404 2593 "-" "Mozilla/5.0 (Windows NT 10.0; Win64; x64) AppleWebKit/537.36 (KHTML, like Gecko) Chrome/78.0.3904.108 Safari/537.36"
35.227.106.0 - - [28/Jun/2021:01:38:31 +0200] "GET /html/anfahrtskosten.html HTTP/1.0" 200 2353 "-" "ZoominfoBot (zoominfobot at zoominfo dot com)"
81.169.178.0 - - [28/Jun/2021:01:39:46 +0200] "POST /wp-cron.php?doing_wp_cron=1624837186.0798900127410888671875 HTTP/1.1" 200 - "https://www.computerdoc24.de/wp-cron.php?doing_wp_cron=1624837186.0798900127410888671875" "WordPress/5.2.11; https://www.computerdoc24.de"
132.148.150.0 - - [28/Jun/2021:01:39:45 +0200] "GET /wp-login.php HTTP/1.1" 200 2238 "-" "Mozilla/5.0 (X11; Ubuntu; Linux x86_64; rv:62.0) Gecko/20100101 Firefox/62.0"
132.148.150.0 - - [28/Jun/2021:01:39:47 +0200] "POST /wp-login.php HTTP/1.1" 200 2589 "-" "Mozilla/5.0 (X11; Ubuntu; Linux x86_64; rv:62.0) Gecko/20100101 Firefox/62.0"
132.148.150.0 - - [28/Jun/2021:01:39:48 +0200] "POST /xmlrpc.php HTTP/1.1" 200 228 "-" "Mozilla/5.0 (X11; Ubuntu; Linux x86_64; rv:62.0) Gecko/20100101 Firefox/62.0"
179.43.187.0 - - [28/Jun/2021:01:39:52 +0200] "POST /boaform/admin/formLogin HTTP/1.1" 404 2786 "http://81.169.178.78:80/admin/login.asp" "Mozilla/5.0 (X11; Ubuntu; Linux x86_64; rv:71.0) Gecko/20100101 Firefox/71.0"
81.169.144.0 - - [28/Jun/2021:01:40:41 +0200] "POST /wp-cron.php?doing_wp_cron=1624837241.2959001064300537109375 HTTP/1.1" 200 - "http://www.computerdoc24.de/wp-cron.php?doing_wp_cron=1624837241.2959001064300537109375" "WordPress/5.2.2; https://www.computerdoc24.de"
114.119.130.0 - - [28/Jun/2021:01:41:01 +0200] "GET /fr/ueber-uns HTTP/1.1" 200 - "-" "Mozilla/5.0 (Linux; Android 7.0;) AppleWebKit/537.36 (KHTML, like Gecko) Mobile Safari/537.36 (compatible; PetalBot;+https://webmaster.petalsearch.com/site/petalbot)"
114.119.130.0 - - [28/Jun/2021:01:41:03 +0200] "GET /fr/ueber-uns/ HTTP/1.1" 200 10158 "-" "Mozilla/5.0 (Linux; Android 7.0;) AppleWebKit/537.36 (KHTML, like Gecko) Mobile Safari/537.36 (compatible; PetalBot;+https://webmaster.petalsearch.com/site/petalbot)"
35.227.106.0 - - [28/Jun/2021:01:42:39 +0200] "GET /html/kontakt.html HTTP/1.0" 200 2033 "-" "ZoominfoBot (zoominfobot at zoominfo dot com)"
54.202.140.0 - - [28/Jun/2021:01:43:11 +0200] "GET /favicon.ico HTTP/1.1" 200 2691 "-" "Mozilla/5.0 (X11; Linux x86_64) AppleWebKit/537.36 (KHTML, like Gecko) Chrome/83.0.4103.97 Safari/537.36"
114.119.138.0 - - [28/Jun/2021:01:43:41 +0200] "GET /uk/ueber-uns/umweltverantwortung HTTP/1.1" 200 - "-" "Mozilla/5.0 (Linux; Android 7.0;) AppleWebKit/537.36 (KHTML, like Gecko) Mobile Safari/537.36 (compatible; PetalBot;+https://webmaster.petalsearch.com/site/petalbot)"
114.119.138.0 - - [28/Jun/2021:01:43:43 +0200] "GET /uk/ueber-uns/umweltverantwortung/ HTTP/1.1" 200 10888 "-" "Mozilla/5.0 (Linux; Android 7.0;) AppleWebKit/537.36 (KHTML, like Gecko) Mobile Safari/537.36 (compatible; PetalBot;+https://webmaster.petalsearch.com/site/petalbot)"
196.196.41.0 - - [28/Jun/2021:01:48:36 +0200] "GET / HTTP/1.1" 403 2409 "-" "-"
178.128.16.0 - - [28/Jun/2021:01:48:47 +0200] "GET / HTTP/1.0" 200 2691 "-" "-"
35.227.106.0 - - [28/Jun/2021:01:49:14 +0200] "GET /html/referenzen.html HTTP/1.0" 200 2727 "-" "ZoominfoBot (zoominfobot at zoominfo dot com)"
35.227.106.0 - - [28/Jun/2021:01:55:11 +0200] "GET /html/vorher_nachher.html HTTP/1.0" 200 2132 "-" "ZoominfoBot (zoominfobot at zoominfo dot com)"
81.169.178.0 - - [28/Jun/2021:01:58:26 +0200] "POST /wp-cron.php?doing_wp_cron=1624838305.9754090309143066406250 HTTP/1.1" 200 - "https://www.ipcbusiness.de/wp-cron.php?doing_wp_cron=1624838305.9754090309143066406250" "WordPress/5.6.4; https://www.ipcbusiness.de"
164.132.48.0 - - [28/Jun/2021:01:58:25 +0200] "GET /wp-login.php HTTP/1.1" 200 2743 "-" "Mozilla/5.0 (X11; Ubuntu; Linux x86_64; rv:62.0) Gecko/20100101 Firefox/62.0"
164.132.48.0 - - [28/Jun/2021:01:58:27 +0200] "POST /wp-login.php HTTP/1.1" 200 2880 "-" "Mozilla/5.0 (X11; Ubuntu; Linux x86_64; rv:62.0) Gecko/20100101 Firefox/62.0"
164.132.48.0 - - [28/Jun/2021:01:58:28 +0200] "GET /wp-login.php HTTP/1.1" 200 2743 "-" "Mozilla/5.0 (X11; Ubuntu; Linux x86_64; rv:62.0) Gecko/20100101 Firefox/62.0"
164.132.48.0 - - [28/Jun/2021:01:58:29 +0200] "POST /wp-login.php HTTP/1.1" 200 2844 "-" "Mozilla/5.0 (X11; Ubuntu; Linux x86_64; rv:62.0) Gecko/20100101 Firefox/62.0"
164.132.48.0 - - [28/Jun/2021:01:58:30 +0200] "POST /xmlrpc.php HTTP/1.1" 200 249 "-" "Mozilla/5.0 (X11; Ubuntu; Linux x86_64; rv:62.0) Gecko/20100101 Firefox/62.0"
192.241.218.0 - - [28/Jun/2021:01:58:43 +0200] "GET / HTTP/1.0" 400 362 "-" "-"
186.33.111.0 - - [28/Jun/2021:02:02:34 +0200] "GET / HTTP/1.1" 403 2409 "-" "Mozilla/5.0 (Macintosh; Intel Mac OS X 10_11_6) AppleWebKit/601.7.7 (KHTML, like Gecko) Version/9.1.2 Safari/601.7.7"
81.169.178.0 - - [28/Jun/2021:02:03:30 +0200] "POST /wp-cron.php?doing_wp_cron=1624838610.4101150035858154296875 HTTP/1.1" 200 - "https://www.computerdoc24.de/wp-cron.php?doing_wp_cron=1624838610.4101150035858154296875" "WordPress/5.2.11; https://www.computerdoc24.de"
91.134.248.0 - - [28/Jun/2021:02:03:29 +0200] "GET /wp-login.php HTTP/1.1" 200 2238 "-" "Mozilla/5.0 (X11; Ubuntu; Linux x86_64; rv:62.0) Gecko/20100101 Firefox/62.0"
91.134.248.0 - - [28/Jun/2021:02:03:31 +0200] "POST /wp-login.php HTTP/1.1" 200 2589 "-" "Mozilla/5.0 (X11; Ubuntu; Linux x86_64; rv:62.0) Gecko/20100101 Firefox/62.0"
91.134.248.0 - - [28/Jun/2021:02:03:32 +0200] "POST /xmlrpc.php HTTP/1.1" 200 228 "-" "Mozilla/5.0 (X11; Ubuntu; Linux x86_64; rv:62.0) Gecko/20100101 Firefox/62.0"
114.119.139.0 - - [28/Jun/2021:02:07:14 +0200] "GET /uk/linieninformationen/ HTTP/1.1" 200 12244 "-" "Mozilla/5.0 (Linux; Android 7.0;) AppleWebKit/537.36 (KHTML, like Gecko) Mobile Safari/537.36 (compatible; PetalBot;+https://webmaster.petalsearch.com/site/petalbot)"
81.169.178.0 - - [28/Jun/2021:02:07:39 +0200] "POST /wp-cron.php?doing_wp_cron=1624838859.6770238876342773437500 HTTP/1.1" 200 - "https://www.computerdoc24.de/wp-cron.php?doing_wp_cron=1624838859.6770238876342773437500" "WordPress/5.2.11; https://www.computerdoc24.de"
114.119.136.0 - - [28/Jun/2021:02:07:39 +0200] "GET /product/arbeits-und-internet-pc-3 HTTP/1.1" 200 8204 "-" "Mozilla/5.0 (Linux; Android 7.0;) AppleWebKit/537.36 (KHTML, like Gecko) Mobile Safari/537.36 (compatible; PetalBot;+https://webmaster.petalsearch.com/site/petalbot)"
81.69.252.0 - - [28/Jun/2021:02:08:50 +0200] "POST /wp-login.php HTTP/1.1" 200 2884 "-" "Mozilla/5.0 (Windows NT 6.0) AppleWebKit/537.36 (KHTML, like Gecko) Chrome/49.0.2623.112 Safari/537.36"
81.169.178.0 - - [28/Jun/2021:02:12:24 +0200] "POST /wp-cron.php?doing_wp_cron=1624839144.0990190505981445312500 HTTP/1.1" 200 - "http://www.computerdoc24.de/wp-cron.php?doing_wp_cron=1624839144.0990190505981445312500" "WordPress/5.2.11; https://www.computerdoc24.de"
194.173.174.0 - - [28/Jun/2021:02:12:23 +0200] "HEAD / HTTP/1.1" 301 - "-" "Mozilla/5.0 (Windows NT 6.3; WOW64) AppleWebKit/537.36 (KHTML, like Gecko) Chrome/43.0.2357.134 Safari/537.36"
194.173.174.0 - - [28/Jun/2021:02:12:24 +0200] "HEAD / HTTP/1.1" 200 - "-" "Mozilla/5.0 (Windows NT 6.3; WOW64) AppleWebKit/537.36 (KHTML, like Gecko) Chrome/43.0.2357.134 Safari/537.36"
194.173.174.0 - - [28/Jun/2021:02:12:30 +0200] "HEAD / HTTP/1.1" 200 - "-" "Mozilla/5.0 (Windows NT 6.3; WOW64) AppleWebKit/537.36 (KHTML, like Gecko) Chrome/43.0.2357.134 Safari/537.36"
107.150.48.0 - - [28/Jun/2021:02:12:47 +0200] "GET /wp-login.php HTTP/1.1" 200 8977 "-" "Mozilla/5.0 (Windows NT 6.1; WOW64; rv:24.0) Gecko/20100101 Firefox/24.0"
107.150.48.0 - - [28/Jun/2021:02:12:47 +0200] "POST /wp-login.php HTTP/1.1" 200 9438 "-" "Mozilla/5.0 (Windows NT 6.1; WOW64; rv:24.0) Gecko/20100101 Firefox/24.0"
81.169.178.0 - - [28/Jun/2021:02:13:00 +0200] "POST /wp-cron.php?doing_wp_cron=1624839180.0092749595642089843750 HTTP/1.1" 200 - "https://www.computerdoc24.de/wp-cron.php?doing_wp_cron=1624839180.0092749595642089843750" "WordPress/5.2.11; https://www.computerdoc24.de"
78.47.92.0 - - [28/Jun/2021:02:12:59 +0200] "HEAD / HTTP/1.1" 200 - "-" "auskunftbot/1.0 (+https://www.auskunft.de)"
78.47.92.0 - - [28/Jun/2021:02:13:00 +0200] "GET /robots.txt HTTP/1.1" 200 69 "-" "auskunftbot/1.0 (+https://www.auskunft.de)"
78.47.92.0 - - [28/Jun/2021:02:13:00 +0200] "GET / HTTP/1.1" 200 16466 "-" "auskunftbot/1.0 (+https://www.auskunft.de)"
78.47.92.0 - - [28/Jun/2021:02:13:00 +0200] "GET /fernwartung/ HTTP/1.1" 200 9273 "-" "auskunftbot/1.0 (+https://www.auskunft.de)"
78.47.92.0 - - [28/Jun/2021:02:13:01 +0200] "GET /service/ HTTP/1.1" 200 12565 "-" "auskunftbot/1.0 (+https://www.auskunft.de)"
78.47.92.0 - - [28/Jun/2021:02:13:01 +0200] "GET /aktuelle-angebote/ HTTP/1.1" 200 12103 "-" "auskunftbot/1.0 (+https://www.auskunft.de)"
78.47.92.0 - - [28/Jun/2021:02:13:02 +0200] "GET /pc-ankauf/ HTTP/1.1" 200 9934 "-" "auskunftbot/1.0 (+https://www.auskunft.de)"
78.47.92.0 - - [28/Jun/2021:02:13:02 +0200] "GET /software/ HTTP/1.1" 200 8685 "-" "auskunftbot/1.0 (+https://www.auskunft.de)"
78.47.92.0 - - [28/Jun/2021:02:13:02 +0200] "GET /presse/ HTTP/1.1" 200 9601 "-" "auskunftbot/1.0 (+https://www.auskunft.de)"
78.47.92.0 - - [28/Jun/2021:02:13:02 +0200] "GET /kontakt/ HTTP/1.1" 200 10810 "-" "auskunftbot/1.0 (+https://www.auskunft.de)"
78.47.92.0 - - [28/Jun/2021:02:13:02 +0200] "GET /datenschutzerklaerung/ HTTP/1.1" 200 21456 "-" "auskunftbot/1.0 (+https://www.auskunft.de)"
78.47.92.0 - - [28/Jun/2021:02:13:03 +0200] "GET /impressum/ HTTP/1.1" 200 10975 "-" "auskunftbot/1.0 (+https://www.auskunft.de)"
78.47.92.0 - - [28/Jun/2021:02:13:03 +0200] "GET /allgemeine-geschaeftsbedingungen/ HTTP/1.1" 200 11029 "-" "auskunftbot/1.0 (+https://www.auskunft.de)"
78.47.92.0 - - [28/Jun/2021:02:13:03 +0200] "GET /wp-content/uploads/pc-ankauf.pdf HTTP/1.1" 200 287915 "-" "auskunftbot/1.0 (+https://www.auskunft.de)"
78.47.92.0 - - [28/Jun/2021:02:13:03 +0200] "GET /product/aoc-e2270swhn-546cm-215/ HTTP/1.1" 200 13713 "-" "auskunftbot/1.0 (+https://www.auskunft.de)"
78.47.92.0 - - [28/Jun/2021:02:13:04 +0200] "GET /product-category/aktuelle-angebote/ HTTP/1.1" 200 12122 "-" "auskunftbot/1.0 (+https://www.auskunft.de)"
78.47.92.0 - - [28/Jun/2021:02:13:04 +0200] "GET /product/arbeits-und-internet-pc-2/ HTTP/1.1" 200 13702 "-" "auskunftbot/1.0 (+https://www.auskunft.de)"
78.47.92.0 - - [28/Jun/2021:02:13:04 +0200] "GET /product-category/aktuelle-angebote/pcs-und-notebooks/ HTTP/1.1" 200 11264 "-" "auskunftbot/1.0 (+https://www.auskunft.de)"
78.47.92.0 - - [28/Jun/2021:02:13:05 +0200] "GET /product/arbeits-und-internet-pc-i3-240gb-ssd-neu/ HTTP/1.1" 200 13869 "-" "auskunftbot/1.0 (+https://www.auskunft.de)"
78.47.92.0 - - [28/Jun/2021:02:13:05 +0200] "GET /product/schneller-arbeits-und-internet-pc-5/ HTTP/1.1" 200 14014 "-" "auskunftbot/1.0 (+https://www.auskunft.de)"
78.47.92.0 - - [28/Jun/2021:02:13:05 +0200] "GET /product/schneller-arbeits-und-internet-pc-4/ HTTP/1.1" 200 13792 "-" "auskunftbot/1.0 (+https://www.auskunft.de)"
78.47.92.0 - - [28/Jun/2021:02:13:06 +0200] "GET /product/schneller-office-pc-mit-16gb-ram/ HTTP/1.1" 200 14177 "-" "auskunftbot/1.0 (+https://www.auskunft.de)"
78.47.92.0 - - [28/Jun/2021:02:13:06 +0200] "GET /product/schneller-arbeits-und-internet-pc/ HTTP/1.1" 200 13882 "-" "auskunftbot/1.0 (+https://www.auskunft.de)"
78.47.92.0 - - [28/Jun/2021:02:13:06 +0200] "GET /product/office-und-internet-pc/ HTTP/1.1" 200 14171 "-" "auskunftbot/1.0 (+https://www.auskunft.de)"
78.47.92.0 - - [28/Jun/2021:02:13:07 +0200] "GET /product/office-internet-pc-2/ HTTP/1.1" 200 13812 "-" "auskunftbot/1.0 (+https://www.auskunft.de)"
78.47.92.0 - - [28/Jun/2021:02:13:07 +0200] "GET /product/logitech-oem-optical-mouse-b100-black/ HTTP/1.1" 200 13736 "-" "auskunftbot/1.0 (+https://www.auskunft.de)"
78.47.92.0 - - [28/Jun/2021:02:13:08 +0200] "GET /product/preiswerter-guter-arbeits-pc/ HTTP/1.1" 200 13755 "-" "auskunftbot/1.0 (+https://www.auskunft.de)"
78.47.92.0 - - [28/Jun/2021:02:13:08 +0200] "GET /product/leistungsstarkes-17-zoll-hp-notebook/ HTTP/1.1" 200 13758 "-" "auskunftbot/1.0 (+https://www.auskunft.de)"
78.47.92.0 - - [28/Jun/2021:02:13:08 +0200] "GET /product/sandisk-usb-sticks-mit-schieber-16gb-10e-32gb-15e-64gb-20e-128gb-30e/ HTTP/1.1" 200 13733 "-" "auskunftbot/1.0 (+https://www.auskunft.de)"
78.47.92.0 - - [28/Jun/2021:02:13:09 +0200] "GET /product/office-internet-pc-fujitsu-marken-pc/ HTTP/1.1" 200 14054 "-" "auskunftbot/1.0 (+https://www.auskunft.de)"
78.47.92.0 - - [28/Jun/2021:02:13:09 +0200] "GET /product/office-internet-pc-fujitsu-marken-pc-4gb-240gb-ssd-neu/ HTTP/1.1" 200 14148 "-" "auskunftbot/1.0 (+https://www.auskunft.de)"
78.47.92.0 - - [28/Jun/2021:02:13:09 +0200] "GET /product/leistungsstarkes-15-zoll-hp-notebook-silber/ HTTP/1.1" 200 13922 "-" "auskunftbot/1.0 (+https://www.auskunft.de)"
78.47.92.0 - - [28/Jun/2021:02:13:10 +0200] "GET /product/schneller-arbeits-und-internet-pc-3/ HTTP/1.1" 200 13834 "-" "auskunftbot/1.0 (+https://www.auskunft.de)"
78.47.92.0 - - [28/Jun/2021:02:13:10 +0200] "GET /product/arbeits-und-internet-pc-8gb-ram-1000gb-festplatte-1-jahr-garantie/ HTTP/1.1" 200 13770 "-" "auskunftbot/1.0 (+https://www.auskunft.de)"
78.47.92.0 - - [28/Jun/2021:02:13:11 +0200] "GET /product/logitech-mk270-wireless-desktop-combo/ HTTP/1.1" 200 15113 "-" "auskunftbot/1.0 (+https://www.auskunft.de)"
78.47.92.0 - - [28/Jun/2021:02:13:11 +0200] "GET /product-category/aktuelle-angebote/tastatur-und-maus/ HTTP/1.1" 200 9517 "-" "auskunftbot/1.0 (+https://www.auskunft.de)"
78.47.92.0 - - [28/Jun/2021:02:13:11 +0200] "GET /product/logitech-keyboard-k120-black-de/ HTTP/1.1" 200 15751 "-" "auskunftbot/1.0 (+https://www.auskunft.de)"
78.47.92.0 - - [28/Jun/2021:02:13:12 +0200] "GET /product/schoenes-gebrauchtes-lenovo-nb-ssd-neu/ HTTP/1.1" 200 13886 "-" "auskunftbot/1.0 (+https://www.auskunft.de)"
78.47.92.0 - - [28/Jun/2021:02:13:12 +0200] "GET /product/schneller-arbeits-und-internet-pc-2/ HTTP/1.1" 200 14063 "-" "auskunftbot/1.0 (+https://www.auskunft.de)"
78.47.92.0 - - [28/Jun/2021:02:13:12 +0200] "GET /product/netzteil-lc-power-550w-lc6550-12cm-80bronze-ver-2-3-retail/ HTTP/1.1" 200 14988 "-" "auskunftbot/1.0 (+https://www.auskunft.de)"
78.47.92.0 - - [28/Jun/2021:02:13:13 +0200] "GET /product-category/aktuelle-angebote/netzteile/ HTTP/1.1" 200 9155 "-" "auskunftbot/1.0 (+https://www.auskunft.de)"
78.47.92.0 - - [28/Jun/2021:02:13:13 +0200] "GET /product/schneller-arbeits-und-internet-pc-6/ HTTP/1.1" 200 13803 "-" "auskunftbot/1.0 (+https://www.auskunft.de)"
78.47.92.0 - - [28/Jun/2021:02:13:13 +0200] "GET /product/logitech-speaker-s-120-2-0-23w-rms/ HTTP/1.1" 200 14208 "-" "auskunftbot/1.0 (+https://www.auskunft.de)"
78.47.92.0 - - [28/Jun/2021:02:13:14 +0200] "GET /product/office-internet-pc-fujitsu-marken-pc-kopie/ HTTP/1.1" 200 13856 "-" "auskunftbot/1.0 (+https://www.auskunft.de)"
78.47.92.0 - - [28/Jun/2021:02:13:14 +0200] "GET /product/iiyama-monitor-g-master-g2530hsu-b1-622cm-245/ HTTP/1.1" 200 13719 "-" "auskunftbot/1.0 (+https://www.auskunft.de)"
78.47.92.0 - - [28/Jun/2021:02:13:15 +0200] "GET /product-category/aktuelle-angebote/page/2/ HTTP/1.1" 200 9831 "-" "auskunftbot/1.0 (+https://www.auskunft.de)"
78.47.92.0 - - [28/Jun/2021:02:13:15 +0200] "GET /aktuelle-angebote/page/2/ HTTP/1.1" 200 9818 "-" "auskunftbot/1.0 (+https://www.auskunft.de)"
208.100.26.0 - - [28/Jun/2021:02:14:12 +0200] "GET / HTTP/1.1" 301 231 "-" "Mozilla/5.0 (Linux; Android 10; Pixel 2 XL Build/QQ3A.200705.002; wv) AppleWebKit/537.36 (KHTML, like Gecko) Version/4.0 Chrome/81.0.4044.138 Mobile Safari/537.36"
114.119.131.0 - - [28/Jun/2021:02:14:12 +0200] "GET /pl/impressum/ HTTP/1.1" 200 13394 "-" "Mozilla/5.0 (Linux; Android 7.0;) AppleWebKit/537.36 (KHTML, like Gecko) Mobile Safari/537.36 (compatible; PetalBot;+https://webmaster.petalsearch.com/site/petalbot)"
208.100.26.0 - - [28/Jun/2021:02:14:12 +0200] "GET / HTTP/1.1" 301 - "http://ipcbusiness.de/" "Mozilla/5.0 (Linux; Android 10; Pixel 2 XL Build/QQ3A.200705.002; wv) AppleWebKit/537.36 (KHTML, like Gecko) Version/4.0 Chrome/81.0.4044.138 Mobile Safari/537.36"
208.100.26.0 - - [28/Jun/2021:02:14:13 +0200] "GET / HTTP/1.1" 301 - "-" "Mozilla/5.0 (Linux; Android 10; SM-A102U1) AppleWebKit/537.36 (KHTML, like Gecko) Chrome/80.0.3987.132 Mobile Safari/537.36"
208.100.26.0 - - [28/Jun/2021:02:14:13 +0200] "GET / HTTP/1.1" 200 18794 "https://ipcbusiness.de/" "Mozilla/5.0 (Linux; Android 10; Pixel 2 XL Build/QQ3A.200705.002; wv) AppleWebKit/537.36 (KHTML, like Gecko) Version/4.0 Chrome/81.0.4044.138 Mobile Safari/537.36"
208.100.26.0 - - [28/Jun/2021:02:14:13 +0200] "GET / HTTP/1.1" 200 18795 "https://ipcbusiness.de/" "Mozilla/5.0 (Linux; Android 10; SM-A102U1) AppleWebKit/537.36 (KHTML, like Gecko) Chrome/80.0.3987.132 Mobile Safari/537.36"
184.105.247.0 - - [28/Jun/2021:02:15:10 +0200] "GET / HTTP/1.1" 403 2411 "-" "-"
66.249.64.0 - - [28/Jun/2021:02:15:42 +0200] "GET /robots.txt HTTP/1.1" 301 297 "-" "Mozilla/5.0 (compatible; Googlebot/2.1; +http://www.google.com/bot.html)"
157.55.39.0 - - [28/Jun/2021:02:16:11 +0200] "GET /pl/unsere-produkte-und-services/kombiverkehr-gruener-transport/ HTTP/1.1" 301 348 "-" "Mozilla/5.0 (compatible; bingbot/2.0; +http://www.bing.com/bingbot.htm)"
77.88.5.0 - - [28/Jun/2021:02:16:29 +0200] "GET /robots.txt HTTP/1.1" 301 293 "-" "Mozilla/5.0 (compatible; YandexBot/3.0; +http://yandex.com/bots)"
77.88.5.0 - - [28/Jun/2021:02:16:33 +0200] "GET / HTTP/1.1" 301 283 "-" "Mozilla/5.0 (compatible; YandexBot/3.0; +http://yandex.com/bots)"
77.88.5.0 - - [28/Jun/2021:02:17:23 +0200] "GET /robots.txt HTTP/1.1" 301 297 "-" "Mozilla/5.0 (compatible; YandexBot/3.0; +http://yandex.com/bots)"
93.158.161.0 - - [28/Jun/2021:02:17:28 +0200] "GET / HTTP/1.1" 301 287 "-" "Mozilla/5.0 (compatible; YandexBot/3.0; +http://yandex.com/bots)"
81.169.178.0 - - [28/Jun/2021:02:18:00 +0200] "POST /wp-cron.php?doing_wp_cron=1624839480.2816948890686035156250 HTTP/1.1" 200 - "https://www.computerdoc24.de/wp-cron.php?doing_wp_cron=1624839480.2816948890686035156250" "WordPress/5.2.11; https://www.computerdoc24.de"
159.69.88.0 - - [28/Jun/2021:02:18:00 +0200] "GET / HTTP/1.1" 200 16469 "-" "Mozilla/5.0"
159.69.88.0 - - [28/Jun/2021:02:18:00 +0200] "GET /wp-includes/css/dist/block-library/style.min.css HTTP/1.1" 200 4788 "https://www.computerdoc24.de/" "Mozilla/5.0"
159.69.88.0 - - [28/Jun/2021:02:18:00 +0200] "GET /wp-content/plugins/contact-form-7/includes/css/styles.css HTTP/1.1" 200 651 "https://www.computerdoc24.de/" "Mozilla/5.0"
159.69.88.0 - - [28/Jun/2021:02:18:00 +0200] "GET /wp-content/plugins/revslider/public/assets/css/settings.css HTTP/1.1" 200 9496 "https://www.computerdoc24.de/" "Mozilla/5.0"
159.69.88.0 - - [28/Jun/2021:02:18:00 +0200] "GET /wp-content/plugins/woocommerce/packages/woocommerce-blocks/build/style.css HTTP/1.1" 200 2310 "https://www.computerdoc24.de/" "Mozilla/5.0"
159.69.88.0 - - [28/Jun/2021:02:18:00 +0200] "GET /wp-content/uploads/smile_fonts/Defaults/Defaults.css HTTP/1.1" 200 4755 "https://www.computerdoc24.de/" "Mozilla/5.0"
159.69.88.0 - - [28/Jun/2021:02:18:00 +0200] "GET /wp-content/plugins/shapepress-dsgvo/public/css/simplebar.css HTTP/1.1" 200 714 "https://www.computerdoc24.de/" "Mozilla/5.0"
159.69.88.0 - - [28/Jun/2021:02:18:00 +0200] "GET /wp-content/plugins/shapepress-dsgvo/public/css/sp-dsgvo-public.css HTTP/1.1" 200 3886 "https://www.computerdoc24.de/" "Mozilla/5.0"
159.69.88.0 - - [28/Jun/2021:02:18:00 +0200] "GET /wp-content/themes/dreier/lib/css/bootstrap.css HTTP/1.1" 200 6230 "https://www.computerdoc24.de/" "Mozilla/5.0"
159.69.88.0 - - [28/Jun/2021:02:18:00 +0200] "GET /wp-content/plugins/js_composer/assets/css/js_composer.min.css HTTP/1.1" 200 45591 "https://www.computerdoc24.de/" "Mozilla/5.0"
159.69.88.0 - - [28/Jun/2021:02:18:00 +0200] "GET /wp-content/themes/dreier/lib/css/style.css HTTP/1.1" 200 5893 "https://www.computerdoc24.de/" "Mozilla/5.0"
159.69.88.0 - - [28/Jun/2021:02:18:01 +0200] "GET /wp-content/themes/dreier/lib/css/bootstrap-responsive.css HTTP/1.1" 200 2659 "https://www.computerdoc24.de/" "Mozilla/5.0"
159.69.88.0 - - [28/Jun/2021:02:18:01 +0200] "GET /wp-content/themes/dreier/lib/css/extensions.css HTTP/1.1" 200 37422 "https://www.computerdoc24.de/" "Mozilla/5.0"
159.69.88.0 - - [28/Jun/2021:02:18:01 +0200] "GET /wp-content/themes/dreier/lib/css/responsive.css HTTP/1.1" 200 2632 "https://www.computerdoc24.de/" "Mozilla/5.0"
159.69.88.0 - - [28/Jun/2021:02:18:01 +0200] "GET /wp-content/themes/dreier/lib/css/woocommerce.css HTTP/1.1" 200 9818 "https://www.computerdoc24.de/" "Mozilla/5.0"
159.69.88.0 - - [28/Jun/2021:02:18:00 +0200] "GET /wp-content/plugins/Ultimate_VC_Addons/assets/min-css/ultimate.min.css HTTP/1.1" 200 47736 "https://www.computerdoc24.de/" "Mozilla/5.0"
159.69.88.0 - - [28/Jun/2021:02:18:01 +0200] "GET /wp-content/themes/dreier/lib/css/bootstrap-responsive-1170.css HTTP/1.1" 200 1572 "https://www.computerdoc24.de/" "Mozilla/5.0"
159.69.88.0 - - [28/Jun/2021:02:18:01 +0200] "GET /wp-content/themes/dreier/includes/modules/module.icomoon/source/css/icomoon.css HTTP/1.1" 200 8420 "https://www.computerdoc24.de/" "Mozilla/5.0"
159.69.88.0 - - [28/Jun/2021:02:18:01 +0200] "GET /wp-content/uploads/Dark-Blue-Skin_f11de704061eed4e79d777b4e0c313ab.css HTTP/1.1" 200 4908 "https://www.computerdoc24.de/" "Mozilla/5.0"
159.69.88.0 - - [28/Jun/2021:02:18:01 +0200] "GET /wp-content/themes/dreier/includes/modules/module.fontawesome/source/css/font-awesome.min.css HTTP/1.1" 200 4680 "https://www.computerdoc24.de/" "Mozilla/5.0"
159.69.88.0 - - [28/Jun/2021:02:18:01 +0200] "GET /wp-content/plugins/revslider/public/assets/js/jquery.themepunch.tools.min.js HTTP/1.1" 200 38337 "https://www.computerdoc24.de/" "Mozilla/5.0"
159.69.88.0 - - [28/Jun/2021:02:18:01 +0200] "GET /wp-includes/js/jquery/jquery-migrate.min.js HTTP/1.1" 200 4014 "https://www.computerdoc24.de/" "Mozilla/5.0"
159.69.88.0 - - [28/Jun/2021:02:18:01 +0200] "GET /wp-includes/js/jquery/jquery.js HTTP/1.1" 200 33776 "https://www.computerdoc24.de/" "Mozilla/5.0"
159.69.88.0 - - [28/Jun/2021:02:18:01 +0200] "GET /wp-content/plugins/revslider/public/assets/js/jquery.themepunch.revolution.min.js HTTP/1.1" 200 18090 "https://www.computerdoc24.de/" "Mozilla/5.0"
159.69.88.0 - - [28/Jun/2021:02:18:01 +0200] "GET /wp-content/plugins/woocommerce/assets/js/jquery-blockui/jquery.blockUI.min.js HTTP/1.1" 200 3533 "https://www.computerdoc24.de/" "Mozilla/5.0"
159.69.88.0 - - [28/Jun/2021:02:18:01 +0200] "GET /wp-content/plugins/woocommerce/assets/js/frontend/add-to-cart.min.js HTTP/1.1" 200 1017 "https://www.computerdoc24.de/" "Mozilla/5.0"
159.69.88.0 - - [28/Jun/2021:02:18:01 +0200] "GET /wp-content/cache/autoptimize/js/autoptimize_single_902b7ca09549975e55e136fb0026df9a.js HTTP/1.1" 200 319 "https://www.computerdoc24.de/" "Mozilla/5.0"
159.69.88.0 - - [28/Jun/2021:02:18:01 +0200] "GET /wp-content/cache/autoptimize/js/autoptimize_single_b381296557a120efdce91b9aa6fbb3c3.js HTTP/1.1" 200 2237 "https://www.computerdoc24.de/" "Mozilla/5.0"
159.69.88.0 - - [28/Jun/2021:02:18:01 +0200] "GET /wp-content/plugins/Ultimate_VC_Addons/assets/min-js/ultimate.min.js HTTP/1.1" 200 54140 "https://www.computerdoc24.de/" "Mozilla/5.0"
159.69.88.0 - - [28/Jun/2021:02:18:00 +0200] "GET /impressum HTTP/1.1" 200 - "-" "Mozilla/5.0"
159.69.88.0 - - [28/Jun/2021:02:18:01 +0200] "GET /wp-content/plugins/js_composer/assets/lib/bower/font-awesome/css/font-awesome.min.css HTTP/1.1" 200 6970 "https://www.computerdoc24.de/" "Mozilla/5.0"
159.69.88.0 - - [28/Jun/2021:02:18:01 +0200] "GET /wp-content/plugins/revslider/public/assets/fonts/font-awesome/css/font-awesome.css HTTP/1.1" 200 7605 "https://www.computerdoc24.de/" "Mozilla/5.0"
159.69.88.0 - - [28/Jun/2021:02:18:01 +0200] "GET /wp-content/plugins/woocommerce/assets/js/frontend/woocommerce.min.js HTTP/1.1" 200 619 "https://www.computerdoc24.de/" "Mozilla/5.0"
159.69.88.0 - - [28/Jun/2021:02:18:01 +0200] "GET /wp-content/cache/autoptimize/js/autoptimize_single_4570be87421de7d33dae23561aa4aa74.js HTTP/1.1" 200 587 "https://www.computerdoc24.de/" "Mozilla/5.0"
159.69.88.0 - - [28/Jun/2021:02:18:01 +0200] "GET /wp-content/plugins/woocommerce/assets/js/frontend/cart-fragments.min.js HTTP/1.1" 200 1042 "https://www.computerdoc24.de/" "Mozilla/5.0"
159.69.88.0 - - [28/Jun/2021:02:18:01 +0200] "GET /wp-content/cache/autoptimize/js/autoptimize_single_abc5931090b359c9bb72577fb5af85df.js HTTP/1.1" 200 9652 "https://www.computerdoc24.de/" "Mozilla/5.0"
159.69.88.0 - - [28/Jun/2021:02:18:01 +0200] "GET /wp-content/plugins/woocommerce/assets/js/js-cookie/js.cookie.min.js HTTP/1.1" 200 981 "https://www.computerdoc24.de/" "Mozilla/5.0"
159.69.88.0 - - [28/Jun/2021:02:18:01 +0200] "GET /wp-content/themes/dreier/lib/js/modernizr-2.6.2-respond-1.1.0.min.js HTTP/1.1" 200 8039 "https://www.computerdoc24.de/" "Mozilla/5.0"
159.69.88.0 - - [28/Jun/2021:02:18:01 +0200] "GET /wp-content/cache/autoptimize/js/autoptimize_single_6c8c6a70905826d42d4a8ee47b963fd8.js HTTP/1.1" 200 6684 "https://www.computerdoc24.de/" "Mozilla/5.0"
159.69.88.0 - - [28/Jun/2021:02:18:01 +0200] "GET /wp-content/cache/autoptimize/js/autoptimize_single_3179f2255b046d5f2e9a71e365287bef.js HTTP/1.1" 200 20 "https://www.computerdoc24.de/" "Mozilla/5.0"
159.69.88.0 - - [28/Jun/2021:02:18:01 +0200] "GET /wp-content/cache/autoptimize/js/autoptimize_single_1a37c23486ba9c73fce4026e4acfd8e2.js HTTP/1.1" 200 1334 "https://www.computerdoc24.de/" "Mozilla/5.0"
159.69.88.0 - - [28/Jun/2021:02:18:01 +0200] "GET /wp-content/cache/autoptimize/js/autoptimize_single_1534f06aa2b1b721a45372f8238e2461.js HTTP/1.1" 200 3352 "https://www.computerdoc24.de/" "Mozilla/5.0"
159.69.88.0 - - [28/Jun/2021:02:18:01 +0200] "GET /wp-content/cache/autoptimize/js/autoptimize_single_6637a0cff91d033df31cf66e1b7ac0dd.js HTTP/1.1" 200 17125 "https://www.computerdoc24.de/" "Mozilla/5.0"
159.69.88.0 - - [28/Jun/2021:02:18:01 +0200] "GET /wp-content/cache/autoptimize/js/autoptimize_single_9f8cd24d6d38fdf1a1205e7efaa6e972.js HTTP/1.1" 200 1095 "https://www.computerdoc24.de/" "Mozilla/5.0"
159.69.88.0 - - [28/Jun/2021:02:18:01 +0200] "GET /wp-includes/js/comment-reply.min.js HTTP/1.1" 200 1044 "https://www.computerdoc24.de/" "Mozilla/5.0"
159.69.88.0 - - [28/Jun/2021:02:18:01 +0200] "GET /wp-content/cache/autoptimize/js/autoptimize_single_9b53f8058e5124ec21f95085e6223d86.js HTTP/1.1" 200 1003 "https://www.computerdoc24.de/" "Mozilla/5.0"
159.69.88.0 - - [28/Jun/2021:02:18:01 +0200] "GET /wp-content/cache/autoptimize/js/autoptimize_single_89253771328c0245ce9642a184d97035.js HTTP/1.1" 200 2871 "https://www.computerdoc24.de/" "Mozilla/5.0"
159.69.88.0 - - [28/Jun/2021:02:18:01 +0200] "GET /wp-includes/js/wp-embed.min.js HTTP/1.1" 200 739 "https://www.computerdoc24.de/" "Mozilla/5.0"
159.69.88.0 - - [28/Jun/2021:02:18:01 +0200] "GET /wp-content/plugins/js_composer/assets/js/dist/js_composer_front.min.js HTTP/1.1" 200 5653 "https://www.computerdoc24.de/" "Mozilla/5.0"
159.69.88.0 - - [28/Jun/2021:02:18:01 +0200] "GET /wp-content/plugins/revslider/admin/assets/images/dummy.png HTTP/1.1" 200 73 "https://www.computerdoc24.de/" "Mozilla/5.0"
159.69.88.0 - - [28/Jun/2021:02:18:01 +0200] "GET /wp-content/plugins/autoptimize/classes/external/js/lazysizes.min.js HTTP/1.1" 200 3266 "https://www.computerdoc24.de/" "Mozilla/5.0"
159.69.88.0 - - [28/Jun/2021:02:18:01 +0200] "GET /wp-content/themes/dreier/lib/images/sidebar-shadow-right.png HTTP/1.1" 200 534 "https://www.computerdoc24.de/wp-content/themes/dreier/lib/css/style.css" "Mozilla/5.0"
159.69.88.0 - - [28/Jun/2021:02:18:01 +0200] "GET /wp-content/themes/dreier/lib/patterns/escheresque_ste.png HTTP/1.1" 200 423 "https://www.computerdoc24.de/wp-content/uploads/Dark-Blue-Skin_f11de704061eed4e79d777b4e0c313ab.css" "Mozilla/5.0"
159.69.88.0 - - [28/Jun/2021:02:18:01 +0200] "GET /wp-content/uploads/smile_fonts/Defaults/Defaults.woff?rfa9z8 HTTP/1.1" 200 66219 "https://www.computerdoc24.de/wp-content/uploads/smile_fonts/Defaults/Defaults.css" "Mozilla/5.0"
159.69.88.0 - - [28/Jun/2021:02:18:01 +0200] "GET /impressum/ HTTP/1.1" 200 10975 "-" "Mozilla/5.0"
159.69.88.0 - - [28/Jun/2021:02:18:01 +0200] "GET /wp-includes/css/dist/block-library/style.min.css HTTP/1.1" 200 4788 "https://www.computerdoc24.de/impressum/" "Mozilla/5.0"
159.69.88.0 - - [28/Jun/2021:02:18:01 +0200] "GET /wp-content/plugins/woocommerce/packages/woocommerce-blocks/build/style.css HTTP/1.1" 200 2310 "https://www.computerdoc24.de/impressum/" "Mozilla/5.0"
159.69.88.0 - - [28/Jun/2021:02:18:01 +0200] "GET /wp-content/plugins/js_composer/assets/lib/bower/font-awesome/fonts/fontawesome-webfont.woff2?v=4.7.0 HTTP/1.1" 200 77162 "https://www.computerdoc24.de/wp-content/plugins/js_composer/assets/lib/bower/font-awesome/css/font-awesome.min.css" "Mozilla/5.0"
159.69.88.0 - - [28/Jun/2021:02:18:01 +0200] "GET /wp-content/plugins/contact-form-7/includes/css/styles.css HTTP/1.1" 200 651 "https://www.computerdoc24.de/impressum/" "Mozilla/5.0"
159.69.88.0 - - [28/Jun/2021:02:18:01 +0200] "GET /wp-content/plugins/shapepress-dsgvo/public/css/sp-dsgvo-public.css HTTP/1.1" 200 3886 "https://www.computerdoc24.de/impressum/" "Mozilla/5.0"
159.69.88.0 - - [28/Jun/2021:02:18:01 +0200] "GET /wp-content/plugins/shapepress-dsgvo/public/css/simplebar.css HTTP/1.1" 200 714 "https://www.computerdoc24.de/impressum/" "Mozilla/5.0"
