81.169.178.0 - - [28/Jun/2021:22:44:12 +0200] "POST /wp-cron.php?doing_wp_cron=1624913052.4890389442443847656250 HTTP/1.1" 200 - "https://www.computerdoc24.de/wp-cron.php?doing_wp_cron=1624913052.4890389442443847656250" "WordPress/5.2.11; https://www.computerdoc24.de"
102.165.16.0 - - [28/Jun/2021:22:44:12 +0200] "GET /presse/feed/ HTTP/1.1" 200 762 "-" "Mozilla/5.0 (Windows NT 6.1; WOW64) AppleWebKit/537.36 (KHTML, like Gecko) Chrome/40.0.2214.115 Safari/537.36"
5.188.210.0 - - [28/Jun/2021:22:44:43 +0200] "GET /admin/editor/filemanager/connectors/php/connector.php?Command=GetFoldersAndFiles&Type=File&CurrentFolder=%2F HTTP/1.0" 200 2691 "-" "Mozilla/5.0 (Windows NT 6.3; Win64; x64) AppleWebKit/537.36 (KHTML, like Gecko) Chrome/75.0.3770.100 Safari/537.36"
81.169.178.0 - - [28/Jun/2021:22:52:37 +0200] "POST /wp-cron.php?doing_wp_cron=1624913557.0040609836578369140625 HTTP/1.1" 200 - "https://www.ipcbusiness.de/wp-cron.php?doing_wp_cron=1624913557.0040609836578369140625" "WordPress/5.6.4; https://www.ipcbusiness.de"
93.113.111.0 - - [28/Jun/2021:22:52:36 +0200] "POST /wp-login.php HTTP/1.1" 200 2880 "-" "Mozilla/5.0 (Windows NT 10.0; WOW64) AppleWebKit/537.36 (KHTML, like Gecko) Chrome/46.0.2490.80 Safari/537.36"
81.169.178.0 - - [28/Jun/2021:22:52:47 +0200] "POST /wp-cron.php?doing_wp_cron=1624913567.4909749031066894531250 HTTP/1.1" 200 - "https://www.computerdoc24.de/wp-cron.php?doing_wp_cron=1624913567.4909749031066894531250" "WordPress/5.2.11; https://www.computerdoc24.de"
35.227.58.0 - - [28/Jun/2021:22:52:47 +0200] "GET /comments/feed/ HTTP/1.0" 200 451 "-" "ZoominfoBot (zoominfobot at zoominfo dot com)"
81.169.178.0 - - [28/Jun/2021:22:55:10 +0200] "POST /wp-cron.php?doing_wp_cron=1624913710.6041550636291503906250 HTTP/1.1" 200 - "https://www.computerdoc24.de/wp-cron.php?doing_wp_cron=1624913710.6041550636291503906250" "WordPress/5.2.11; https://www.computerdoc24.de"
35.227.58.0 - - [28/Jun/2021:22:55:10 +0200] "GET /service/ HTTP/1.0" 200 12563 "-" "ZoominfoBot (zoominfobot at zoominfo dot com)"
81.169.178.0 - - [28/Jun/2021:22:55:38 +0200] "POST /wp-cron.php?doing_wp_cron=1624913738.2545568943023681640625 HTTP/1.1" 200 - "https://www.computerdoc24.de/wp-cron.php?doing_wp_cron=1624913738.2545568943023681640625" "WordPress/5.2.11; https://www.computerdoc24.de"
66.175.213.0 - - [28/Jun/2021:22:55:38 +0200] "POST /wp-login.php HTTP/1.1" 503 7056 "-" "Mozilla/5.0 (Windows NT 6.3; Win64; x64) AppleWebKit/537.36 (KHTML, like Gecko) Chrome/68.0.3440.106 Safari/537.36"
23.95.217.0 - - [28/Jun/2021:22:55:50 +0200] "POST /wp-login.php HTTP/1.1" 200 2884 "-" "Mozilla/5.0 (Windows NT 6.1; Win64; x64) AppleWebKit/537.36 (KHTML, like Gecko) Chrome/70.0.3538.67 Safari/537.36"
81.169.178.0 - - [28/Jun/2021:22:56:58 +0200] "POST /wp-cron.php?doing_wp_cron=1624913818.4959890842437744140625 HTTP/1.1" 200 - "https://www.computerdoc24.de/wp-cron.php?doing_wp_cron=1624913818.4959890842437744140625" "WordPress/5.2.11; https://www.computerdoc24.de"
35.227.58.0 - - [28/Jun/2021:22:56:58 +0200] "GET /allgemeine-geschaeftsbedingungen/ HTTP/1.0" 200 11029 "-" "ZoominfoBot (zoominfobot at zoominfo dot com)"
165.22.72.0 - - [28/Jun/2021:22:57:32 +0200] "POST /wp-login.php HTTP/1.1" 200 2886 "-" "Mozilla/5.0 (Windows NT 6.3; WOW64) AppleWebKit/537.36 (KHTML, like Gecko) Chrome/46.0.2490.80 Safari/537.36"
81.169.178.0 - - [28/Jun/2021:22:58:03 +0200] "POST /wp-cron.php?doing_wp_cron=1624913883.6059050559997558593750 HTTP/1.1" 200 - "https://www.computerdoc24.de/wp-cron.php?doing_wp_cron=1624913883.6059050559997558593750" "WordPress/5.2.11; https://www.computerdoc24.de"
35.227.58.0 - - [28/Jun/2021:22:58:03 +0200] "GET /feed/ HTTP/1.0" 200 477 "-" "ZoominfoBot (zoominfobot at zoominfo dot com)"
54.36.149.0 - - [28/Jun/2021:23:00:19 +0200] "GET /robots.txt HTTP/1.1" 404 2595 "-" "Mozilla/5.0 (compatible; AhrefsBot/7.0; +http://ahrefs.com/robot/)"
54.36.148.0 - - [28/Jun/2021:23:00:20 +0200] "GET / HTTP/1.1" 200 2590 "-" "Mozilla/5.0 (compatible; AhrefsBot/7.0; +http://ahrefs.com/robot/)"
81.169.178.0 - - [28/Jun/2021:23:00:23 +0200] "POST /wp-cron.php?doing_wp_cron=1624914022.9942669868469238281250 HTTP/1.1" 200 - "https://www.computerdoc24.de/wp-cron.php?doing_wp_cron=1624914022.9942669868469238281250" "WordPress/5.2.11; https://www.computerdoc24.de"
35.227.58.0 - - [28/Jun/2021:23:00:22 +0200] "GET /presse/ HTTP/1.0" 200 9600 "-" "ZoominfoBot (zoominfobot at zoominfo dot com)"
81.169.178.0 - - [28/Jun/2021:23:01:01 +0200] "POST /wp-cron.php?doing_wp_cron=1624914060.9166760444641113281250 HTTP/1.1" 200 - "https://www.computerdoc24.de/wp-cron.php?doing_wp_cron=1624914060.9166760444641113281250" "WordPress/5.2.11; https://www.computerdoc24.de"
35.227.58.0 - - [28/Jun/2021:23:01:00 +0200] "GET /aktuelle-angebote/ HTTP/1.0" 200 12103 "-" "ZoominfoBot (zoominfobot at zoominfo dot com)"
117.50.90.0 - - [28/Jun/2021:23:01:29 +0200] "-" 408 - "-" "-"
81.169.178.0 - - [28/Jun/2021:23:02:13 +0200] "POST /wp-cron.php?doing_wp_cron=1624914132.9682180881500244140625 HTTP/1.1" 200 - "https://www.computerdoc24.de/wp-cron.php?doing_wp_cron=1624914132.9682180881500244140625" "WordPress/5.2.11; https://www.computerdoc24.de"
35.227.58.0 - - [28/Jun/2021:23:02:12 +0200] "GET /startseite/feed/ HTTP/1.0" 200 438 "-" "ZoominfoBot (zoominfobot at zoominfo dot com)"
81.169.178.0 - - [28/Jun/2021:23:03:49 +0200] "POST /wp-cron.php?doing_wp_cron=1624914228.9204869270324707031250 HTTP/1.1" 200 - "https://www.computerdoc24.de/wp-cron.php?doing_wp_cron=1624914228.9204869270324707031250" "WordPress/5.2.11; https://www.computerdoc24.de"
35.227.58.0 - - [28/Jun/2021:23:03:48 +0200] "GET /product/schoenes-gebrauchtes-lenovo-nb-ssd-neu/ HTTP/1.0" 200 13899 "-" "ZoominfoBot (zoominfobot at zoominfo dot com)"
93.115.79.0 - - [28/Jun/2021:23:07:07 +0200] "POST /wp-login.php HTTP/1.1" 200 2878 "-" "Mozilla/5.0 (Windows NT 10.0; Win64; x64) AppleWebKit/537.36 (KHTML, like Gecko) Chrome/60.0.3112.101 Safari/537.36"
81.169.178.0 - - [28/Jun/2021:23:09:05 +0200] "POST /wp-cron.php?doing_wp_cron=1624914545.0690040588378906250000 HTTP/1.1" 200 - "https://www.computerdoc24.de/wp-cron.php?doing_wp_cron=1624914545.0690040588378906250000" "WordPress/5.2.11; https://www.computerdoc24.de"
35.227.58.0 - - [28/Jun/2021:23:09:04 +0200] "GET /impressum/ HTTP/1.0" 200 10975 "-" "ZoominfoBot (zoominfobot at zoominfo dot com)"
66.249.64.0 - - [28/Jun/2021:23:09:35 +0200] "GET /robots.txt HTTP/1.1" 301 295 "-" "Mozilla/5.0 (compatible; Googlebot/2.1; +http://www.google.com/bot.html)"
66.249.64.0 - - [28/Jun/2021:23:09:36 +0200] "GET /pl/unsere-maerkte/ HTTP/1.1" 301 303 "-" "Mozilla/5.0 (compatible; Googlebot/2.1; +http://www.google.com/bot.html)"
192.241.214.0 - - [28/Jun/2021:23:10:14 +0200] "GET / HTTP/1.1" 403 2411 "-" "Mozilla/5.0 zgrab/0.x"
81.169.178.0 - - [28/Jun/2021:23:10:17 +0200] "POST /wp-cron.php?doing_wp_cron=1624914617.0709199905395507812500 HTTP/1.1" 200 - "https://www.computerdoc24.de/wp-cron.php?doing_wp_cron=1624914617.0709199905395507812500" "WordPress/5.2.11; https://www.computerdoc24.de"
185.191.171.0 - - [28/Jun/2021:23:10:16 +0200] "GET /robots.txt HTTP/1.1" 200 69 "-" "Mozilla/5.0 (compatible; SemrushBot/7~bl; +http://www.semrush.com/bot.html)"
185.191.171.0 - - [28/Jun/2021:23:10:17 +0200] "GET /product/office-internet-pc-2/ HTTP/1.1" 200 13809 "-" "Mozilla/5.0 (compatible; SemrushBot/7~bl; +http://www.semrush.com/bot.html)"
81.169.178.0 - - [28/Jun/2021:23:17:46 +0200] "POST /wp-cron.php?doing_wp_cron=1624915066.0896630287170410156250 HTTP/1.1" 200 - "https://www.computerdoc24.de/wp-cron.php?doing_wp_cron=1624915066.0896630287170410156250" "WordPress/5.2.11; https://www.computerdoc24.de"
35.227.58.0 - - [28/Jun/2021:23:17:45 +0200] "GET /fernwartung/ HTTP/1.0" 200 9273 "-" "ZoominfoBot (zoominfobot at zoominfo dot com)"
81.169.178.0 - - [28/Jun/2021:23:18:33 +0200] "POST /wp-cron.php?doing_wp_cron=1624915113.6085190773010253906250 HTTP/1.1" 200 - "https://www.computerdoc24.de/wp-cron.php?doing_wp_cron=1624915113.6085190773010253906250" "WordPress/5.2.11; https://www.computerdoc24.de"
114.119.137.0 - - [28/Jun/2021:23:18:33 +0200] "GET /robots.txt HTTP/1.1" 200 69 "-" "Mozilla/5.0 (compatible;PetalBot;+https://webmaster.petalsearch.com/site/petalbot)"
117.50.90.0 - - [28/Jun/2021:23:18:35 +0200] "-" 408 - "-" "-"
142.93.105.0 - - [28/Jun/2021:23:18:43 +0200] "POST /wp-login.php HTTP/1.1" 200 2637 "-" "Mozilla/5.0 (Windows NT 6.1; WOW64) AppleWebKit/537.36 (KHTML, like Gecko) Chrome/52.0.2743.116 Safari/537.36"
128.14.209.0 - - [28/Jun/2021:23:22:22 +0200] "GET / HTTP/1.1" 200 2691 "-" "Mozilla/5.0 (Windows NT 10.0; WOW64) AppleWebKit/537.36 (KHTML, like Gecko) Chrome/66.0.3359.117 Safari/537.36"
45.63.2.0 - - [28/Jun/2021:23:24:46 +0200] "POST /wp-login.php HTTP/1.1" 200 2880 "-" "Mozilla/5.0 (Windows NT 6.1; WOW64) AppleWebKit/537.36 (KHTML, like Gecko) Chrome/47.0.2526.111 Safari/537.36 MVisionPlayer/1.0.0.0"
23.102.115.0 - - [28/Jun/2021:23:26:26 +0200] "GET /wp-admin/includes/wp-class.php HTTP/1.1" 301 261 "www.google.com" "Mozlila/5.0 (Linux; Android 7.0; SM-G892A Bulid/NRD90M; wv) AppleWebKit/537.36 (KHTML, like Gecko) Version/4.0 Chrome/60.0.3112.107 Moblie Safari/537.36"
23.102.115.0 - - [28/Jun/2021:23:26:35 +0200] "GET /wp-admin/includes/wp-class.php HTTP/1.1" 200 - "www.google.com" "Mozlila/5.0 (Linux; Android 7.0; SM-G892A Bulid/NRD90M; wv) AppleWebKit/537.36 (KHTML, like Gecko) Version/4.0 Chrome/60.0.3112.107 Moblie Safari/537.36"
23.102.115.0 - - [28/Jun/2021:23:26:45 +0200] "GET /wp-admin/includes/wp-class.php HTTP/1.1" 200 12190 "www.google.com" "Mozlila/5.0 (Linux; Android 7.0; SM-G892A Bulid/NRD90M; wv) AppleWebKit/537.36 (KHTML, like Gecko) Version/4.0 Chrome/60.0.3112.107 Moblie Safari/537.36"
23.102.115.0 - - [28/Jun/2021:23:27:35 +0200] "GET /wp-admin/includes/wp-class.php HTTP/1.1" 200 - "www.google.com" "Mozlila/5.0 (Linux; Android 7.0; SM-G892A Bulid/NRD90M; wv) AppleWebKit/537.36 (KHTML, like Gecko) Version/4.0 Chrome/60.0.3112.107 Moblie Safari/537.36"
23.102.115.0 - - [28/Jun/2021:23:27:44 +0200] "GET /wp-admin/includes/wp-class.php HTTP/1.1" 200 12190 "www.google.com" "Mozlila/5.0 (Linux; Android 7.0; SM-G892A Bulid/NRD90M; wv) AppleWebKit/537.36 (KHTML, like Gecko) Version/4.0 Chrome/60.0.3112.107 Moblie Safari/537.36"
81.169.178.0 - - [28/Jun/2021:23:27:45 +0200] "POST /wp-cron.php?doing_wp_cron=1624915665.2723119258880615234375 HTTP/1.1" 200 - "https://www.computerdoc24.de/wp-cron.php?doing_wp_cron=1624915665.2723119258880615234375" "WordPress/5.2.11; https://www.computerdoc24.de"
45.40.166.0 - - [28/Jun/2021:23:27:45 +0200] "POST /wp-login.php HTTP/1.1" 503 7056 "-" "Mozilla/5.0 (Windows NT 10.0; Win64; x64) AppleWebKit/537.36 (KHTML, like Gecko) Chrome/87.0.4280.88 Safari/537.36"
192.163.197.0 - - [28/Jun/2021:23:27:49 +0200] "POST /wp-login.php HTTP/1.1" 200 2884 "-" "Mozilla/5.0 (Windows NT 6.1; Win64; x64) AppleWebKit/537.36 (KHTML, like Gecko) Chrome/78.0.3904.97 Safari/537.36"
35.224.90.0 - - [28/Jun/2021:23:29:06 +0200] "POST /wp-login.php HTTP/1.1" 200 2886 "-" "Mozilla/5.0 (Windows NT 6.3; WOW64) AppleWebKit/537.36 (KHTML, like Gecko) Chrome/46.0.2490.80 Safari/537.36"
93.158.161.0 - - [28/Jun/2021:23:29:58 +0200] "GET /robots.txt HTTP/1.1" 301 293 "-" "Mozilla/5.0 (compatible; YandexBot/3.0; +http://yandex.com/bots)"
93.158.161.0 - - [28/Jun/2021:23:30:02 +0200] "GET / HTTP/1.1" 301 283 "-" "Mozilla/5.0 (compatible; YandexBot/3.0; +http://yandex.com/bots)"
52.33.77.0 - - [28/Jun/2021:23:30:37 +0200] "GET / HTTP/1.1" 200 2691 "-" "Mozilla/5.0 (X11; Linux x86_64) AppleWebKit/537.36 (KHTML, like Gecko) Chrome/83.0.4103.97 Safari/537.36"
52.26.64.0 - - [28/Jun/2021:23:30:51 +0200] "GET /favicon.ico HTTP/1.1" 200 2691 "-" "Mozilla/5.0 (X11; Linux x86_64) AppleWebKit/537.36 (KHTML, like Gecko) Chrome/83.0.4103.97 Safari/537.36"
77.88.5.0 - - [28/Jun/2021:23:31:10 +0200] "GET /robots.txt HTTP/1.1" 301 297 "-" "Mozilla/5.0 (compatible; YandexBot/3.0; +http://yandex.com/bots)"
93.158.161.0 - - [28/Jun/2021:23:31:14 +0200] "GET / HTTP/1.1" 301 287 "-" "Mozilla/5.0 (compatible; YandexBot/3.0; +http://yandex.com/bots)"
77.88.5.0 - - [28/Jun/2021:23:31:28 +0200] "GET /robots.txt HTTP/1.1" 301 297 "-" "Mozilla/5.0 (compatible; YandexBot/3.0; +http://yandex.com/bots)"
77.88.5.0 - - [28/Jun/2021:23:31:32 +0200] "GET / HTTP/1.1" 301 287 "-" "Mozilla/5.0 (compatible; YandexBot/3.0; +http://yandex.com/bots)"
66.249.64.0 - - [28/Jun/2021:23:32:56 +0200] "GET /robots.txt HTTP/1.1" 301 297 "-" "Mozilla/5.0 (compatible; Googlebot/2.1; +http://www.google.com/bot.html)"
66.249.64.0 - - [28/Jun/2021:23:32:57 +0200] "GET /wp-content/uploads/20201007_112938_HDR-577x1024-570x321.jpg HTTP/1.1" 301 346 "-" "Googlebot-Image/1.0"
64.227.82.0 - - [28/Jun/2021:23:34:34 +0200] "POST /wp-login.php HTTP/1.1" 200 2878 "-" "Mozilla/5.0 (Windows NT 10.0; WOW64) AppleWebKit/537.36 (KHTML, like Gecko) Chrome/55.0.2883.87 Safari/537.36"
34.214.134.0 - - [28/Jun/2021:23:34:55 +0200] "GET / HTTP/1.1" 200 2691 "-" "Mozilla/5.0 (X11; Linux x86_64) AppleWebKit/537.36 (KHTML, like Gecko) Chrome/83.0.4103.97 Safari/537.36"
52.38.183.0 - - [28/Jun/2021:23:35:07 +0200] "GET /favicon.ico HTTP/1.1" 200 2691 "-" "Mozilla/5.0 (X11; Linux x86_64) AppleWebKit/537.36 (KHTML, like Gecko) Chrome/83.0.4103.97 Safari/537.36"
34.86.35.0 - - [28/Jun/2021:23:38:48 +0200] "GET / HTTP/1.1" 200 2691 "-" "Expanse, a Palo Alto Networks company, searches across the global IPv4 space multiple times per day to identify customers&#39; presences on the Internet. If you would like to be excluded from our scans, please send IP addresses/domains to: scaninfo@paloaltonetworks.com"
66.249.89.0 - - [28/Jun/2021:23:41:54 +0200] "GET / HTTP/1.1" 200 2590 "-" "AdsBot-Google (+http://www.google.com/adsbot.html)"
66.249.89.0 - - [28/Jun/2021:23:42:15 +0200] "GET /assets/rollover.js HTTP/1.1" 200 5145 "https://www.reinigungsprofi-weck.de/" "AdsBot-Google (+http://www.google.com/adsbot.html)"
66.249.89.0 - - [28/Jun/2021:23:42:19 +0200] "GET /html/site.css HTTP/1.1" 200 88 "https://www.reinigungsprofi-weck.de/" "AdsBot-Google (+http://www.google.com/adsbot.html)"
66.249.89.0 - - [28/Jun/2021:23:42:21 +0200] "GET /html/style.css HTTP/1.1" 200 458 "https://www.reinigungsprofi-weck.de/" "AdsBot-Google (+http://www.google.com/adsbot.html)"
66.249.89.0 - - [28/Jun/2021:23:42:33 +0200] "GET /header_l.gif HTTP/1.1" 200 7358 "https://www.reinigungsprofi-weck.de/" "AdsBot-Google (+http://www.google.com/adsbot.html)"
66.249.89.0 - - [28/Jun/2021:23:42:34 +0200] "GET /html/fusion.css HTTP/1.1" 200 1161 "https://www.reinigungsprofi-weck.de/" "AdsBot-Google (+http://www.google.com/adsbot.html)"
66.249.89.0 - - [28/Jun/2021:23:42:36 +0200] "GET /subheader_l.gif HTTP/1.1" 200 2832 "https://www.reinigungsprofi-weck.de/" "AdsBot-Google (+http://www.google.com/adsbot.html)"
66.249.89.0 - - [28/Jun/2021:23:42:48 +0200] "GET /subheader_br.gif HTTP/1.1" 200 1693 "https://www.reinigungsprofi-weck.de/" "AdsBot-Google (+http://www.google.com/adsbot.html)"
66.249.89.0 - - [28/Jun/2021:23:43:04 +0200] "GET /subheader_r.gif HTTP/1.1" 200 1036 "https://www.reinigungsprofi-weck.de/" "AdsBot-Google (+http://www.google.com/adsbot.html)"
66.249.89.0 - - [28/Jun/2021:23:43:04 +0200] "GET /subheader_bl.gif HTTP/1.1" 200 1883 "https://www.reinigungsprofi-weck.de/" "AdsBot-Google (+http://www.google.com/adsbot.html)"
66.249.89.0 - - [28/Jun/2021:23:43:14 +0200] "GET /assets/images/autogen/Spezialreinigung-_Hhighlighted_1_1.gif HTTP/1.1" 200 1750 "https://www.reinigungsprofi-weck.de/" "AdsBot-Google (+http://www.google.com/adsbot.html)"
66.249.89.0 - - [28/Jun/2021:23:43:16 +0200] "GET /subheader_r.gif HTTP/1.1" 304 - "https://www.reinigungsprofi-weck.de/" "AdsBot-Google (+http://www.google.com/adsbot.html)"
66.249.89.0 - - [28/Jun/2021:23:43:20 +0200] "GET /assets/images/autogen/Spezialreinigung-_Hhighlighted_1_1.gif HTTP/1.1" 304 - "https://www.reinigungsprofi-weck.de/" "AdsBot-Google (+http://www.google.com/adsbot.html)"
66.249.89.0 - - [28/Jun/2021:23:43:25 +0200] "GET /assets/images/autogen/Kontakt_Nregular_1_1.gif HTTP/1.1" 200 1596 "https://www.reinigungsprofi-weck.de/" "AdsBot-Google (+http://www.google.com/adsbot.html)"
66.249.89.0 - - [28/Jun/2021:23:43:28 +0200] "GET /assets/images/autogen/Kontakt_Nregular_1_1.gif HTTP/1.1" 304 - "https://www.reinigungsprofi-weck.de/" "AdsBot-Google (+http://www.google.com/adsbot.html)"
66.249.89.0 - - [28/Jun/2021:23:43:34 +0200] "GET /assets/images/autogen/Referenzen_Nregular_1_1.gif HTTP/1.1" 200 1249 "https://www.reinigungsprofi-weck.de/" "AdsBot-Google (+http://www.google.com/adsbot.html)"
66.249.89.0 - - [28/Jun/2021:23:43:37 +0200] "GET /assets/images/autogen/Anfahrtskosten_Nregular_1_1.gif HTTP/1.1" 200 1732 "https://www.reinigungsprofi-weck.de/" "AdsBot-Google (+http://www.google.com/adsbot.html)"
66.249.89.0 - - [28/Jun/2021:23:43:49 +0200] "GET /assets/images/autogen/Impressum_Nregular_1_1.gif HTTP/1.1" 200 1218 "https://www.reinigungsprofi-weck.de/" "AdsBot-Google (+http://www.google.com/adsbot.html)"
66.249.89.0 - - [28/Jun/2021:23:43:57 +0200] "GET /assets/images/body_bak1.gif HTTP/1.1" 200 49 "https://www.reinigungsprofi-weck.de/" "AdsBot-Google (+http://www.google.com/adsbot.html)"
34.96.130.0 - - [28/Jun/2021:23:46:25 +0200] "GET / HTTP/1.1" 200 2691 "-" "Expanse, a Palo Alto Networks company, searches across the global IPv4 space multiple times per day to identify customers&#39; presences on the Internet. If you would like to be excluded from our scans, please send IP addresses/domains to: scaninfo@paloaltonetworks.com"
81.169.178.0 - - [28/Jun/2021:23:49:47 +0200] "POST /wp-cron.php?doing_wp_cron=1624916987.0680470466613769531250 HTTP/1.1" 200 - "https://www.computerdoc24.de/wp-cron.php?doing_wp_cron=1624916987.0680470466613769531250" "WordPress/5.2.11; https://www.computerdoc24.de"
35.171.184.0 - - [28/Jun/2021:23:49:46 +0200] "POST /wp-login.php HTTP/1.1" 503 7055 "-" "Mozilla/5.0 (Windows; U; Windows NT 5.1; en-US) AppleWebKit/533.4 (KHTML, like Gecko) Chrome/5.0.375.99 Safari/533.4"
34.246.120.0 - - [28/Jun/2021:23:49:51 +0200] "POST /wp-login.php HTTP/1.1" 200 2884 "-" "Mozilla/5.0 (Windows NT 10.0; Win64; x64) AppleWebKit/537.36 (KHTML, like Gecko) Chrome/64.0.3282.167 Safari/537.36"
162.214.194.0 - - [28/Jun/2021:23:51:17 +0200] "POST /wp-login.php HTTP/1.1" 200 2886 "-" "Mozilla/5.0 (Windows NT 6.1) AppleWebKit/537.36 (KHTML, like Gecko) Chrome/70.0.3538.77 Safari/537.36"
81.169.178.0 - - [28/Jun/2021:23:51:50 +0200] "POST /wp-cron.php?doing_wp_cron=1624917110.7978069782257080078125 HTTP/1.1" 200 - "https://www.computerdoc24.de/wp-cron.php?doing_wp_cron=1624917110.7978069782257080078125" "WordPress/5.2.11; https://www.computerdoc24.de"
185.191.171.0 - - [28/Jun/2021:23:51:50 +0200] "GET /product/office-internet-pc-fujitsu-marken-pc-4gb-240gb-ssd-neu/ HTTP/1.1" 200 14142 "-" "Mozilla/5.0 (compatible; SemrushBot/7~bl; +http://www.semrush.com/bot.html)"
95.217.215.0 - - [28/Jun/2021:23:51:58 +0200] "GET /wp-admin/setup-config.php?step=1 HTTP/1.1" 409 1165 "-" "Apache/2.4.34 (Ubuntu) OpenSSL/1.1.1 (internal dummy connection)"
81.169.178.0 - - [28/Jun/2021:23:52:37 +0200] "POST /wp-cron.php?doing_wp_cron=1624917157.7894380092620849609375 HTTP/1.1" 200 - "https://www.computerdoc24.de/wp-cron.php?doing_wp_cron=1624917157.7894380092620849609375" "WordPress/5.2.11; https://www.computerdoc24.de"
92.118.160.0 - - [28/Jun/2021:23:52:37 +0200] "GET / HTTP/1.1" 301 - "-" "NetSystemsResearch studies the availability of various services across the internet. Our website is netsystemsresearch.com"
92.118.160.0 - - [28/Jun/2021:23:52:39 +0200] "GET / HTTP/1.1" 400 226 "-" "Go http package"
140.250.90.0 - - [28/Jun/2021:23:56:28 +0200] "GET /phpMyAdmin/index.php HTTP/1.1" 404 2571 "-" "Mozilla/5.0 (Windows NT 10.0; Win64; x64) AppleWebKit/537.36 (KHTML, like Gecko) Chrome/91.0.4472.106 Safari/537.36"
81.169.178.0 - - [28/Jun/2021:23:58:26 +0200] "POST /wp-cron.php?doing_wp_cron=1624917506.5986061096191406250000 HTTP/1.1" 200 - "https://www.ipcbusiness.de/wp-cron.php?doing_wp_cron=1624917506.5986061096191406250000" "WordPress/5.6.4; https://www.ipcbusiness.de"
200.111.88.0 - - [28/Jun/2021:23:58:26 +0200] "POST /wp-login.php HTTP/1.1" 200 2878 "-" "Mozilla/5.0 (Windows NT 10.0; WOW64) AppleWebKit/537.36 (KHTML, like Gecko) Chrome/47.0.2526.106 Safari/537.36"
107.150.63.0 - - [28/Jun/2021:23:58:59 +0200] "GET // HTTP/1.1" 200 2691 "http://www.google.com.hk" "Mozilla/5.0 (Windows NT 6.1; WOW64) AppleWebKit/537.36 (KHTML, like Gecko) Chrome/42.0.2311.90 Safari/537.36"
185.68.110.0 - - [29/Jun/2021:00:01:41 +0200] "POST /wp-login.php HTTP/1.1" 200 2884 "-" "Mozilla/5.0 (Windows NT 6.1; Win64; x64) AppleWebKit/537.36 (KHTML, like Gecko) Chrome/66.0.3359.117 Safari/537.36"
54.36.149.0 - - [29/Jun/2021:00:02:53 +0200] "GET /robots.txt HTTP/1.1" 200 69 "-" "Mozilla/5.0 (compatible; AhrefsBot/7.0; +http://ahrefs.com/robot/)"
54.36.149.0 - - [29/Jun/2021:00:02:55 +0200] "GET /fr/auftraggeber/ HTTP/1.1" 200 10505 "-" "Mozilla/5.0 (compatible; AhrefsBot/7.0; +http://ahrefs.com/robot/)"
217.160.195.0 - - [29/Jun/2021:00:04:33 +0200] "GET /wp-content/plugins/fancy-product-designer/inc/custom-image-handler.php HTTP/1.1" 404 2890 "www.google.com" "Mozlila/5.0 (Linux; Android 7.0; SM-G892A Bulid/NRD90M; wv) AppleWebKit/537.36 (KHTML, like Gecko) Version/4.0 Chrome/60.0.3112.107 Moblie Safari/537.36"
217.160.195.0 - - [29/Jun/2021:00:04:52 +0200] "GET /wp-content/plugins/fancy-product-designer/inc/custom-image-handler.php HTTP/1.1" 404 2886 "www.google.com" "Mozlila/5.0 (Linux; Android 7.0; SM-G892A Bulid/NRD90M; wv) AppleWebKit/537.36 (KHTML, like Gecko) Version/4.0 Chrome/60.0.3112.107 Moblie Safari/537.36"
217.160.195.0 - - [29/Jun/2021:00:05:04 +0200] "GET /wp-content/plugins/fancy-product-designer/inc/custom-image-handler.php HTTP/1.1" 200 12226 "www.google.com" "Mozlila/5.0 (Linux; Android 7.0; SM-G892A Bulid/NRD90M; wv) AppleWebKit/537.36 (KHTML, like Gecko) Version/4.0 Chrome/60.0.3112.107 Moblie Safari/537.36"
217.160.195.0 - - [29/Jun/2021:00:05:17 +0200] "GET /wp-content/plugins/fancy-product-designer/inc/custom-image-handler.php HTTP/1.1" 301 305 "www.google.com" "Mozlila/5.0 (Linux; Android 7.0; SM-G892A Bulid/NRD90M; wv) AppleWebKit/537.36 (KHTML, like Gecko) Version/4.0 Chrome/60.0.3112.107 Moblie Safari/537.36"
217.160.195.0 - - [29/Jun/2021:00:05:47 +0200] "GET /wp-content/plugins/fancy-product-designer/inc/custom-image-handler.php HTTP/1.1" 200 12226 "www.google.com" "Mozlila/5.0 (Linux; Android 7.0; SM-G892A Bulid/NRD90M; wv) AppleWebKit/537.36 (KHTML, like Gecko) Version/4.0 Chrome/60.0.3112.107 Moblie Safari/537.36"
217.160.195.0 - - [29/Jun/2021:00:05:55 +0200] "GET /wp-content/plugins/fancy-product-designer/inc/custom-image-handler.php HTTP/1.1" 200 6628 "www.google.com" "Mozlila/5.0 (Linux; Android 7.0; SM-G892A Bulid/NRD90M; wv) AppleWebKit/537.36 (KHTML, like Gecko) Version/4.0 Chrome/60.0.3112.107 Moblie Safari/537.36"
217.160.195.0 - - [29/Jun/2021:00:06:10 +0200] "GET /wp-content/plugins/fancy-product-designer/inc/custom-image-handler.php HTTP/1.1" 200 6628 "www.google.com" "Mozlila/5.0 (Linux; Android 7.0; SM-G892A Bulid/NRD90M; wv) AppleWebKit/537.36 (KHTML, like Gecko) Version/4.0 Chrome/60.0.3112.107 Moblie Safari/537.36"
81.169.178.0 - - [29/Jun/2021:00:07:15 +0200] "POST /wp-cron.php?doing_wp_cron=1624918035.6973240375518798828125 HTTP/1.1" 200 - "https://www.computerdoc24.de/wp-cron.php?doing_wp_cron=1624918035.6973240375518798828125" "WordPress/5.2.11; https://www.computerdoc24.de"
81.169.178.0 - - [29/Jun/2021:00:07:15 +0200] "POST /?wordfence_syncAttackData=1624918035.5082 HTTP/1.1" 200 - "https://www.computerdoc24.de/?wordfence_syncAttackData=1624918035.5082" "WordPress/5.2.11; https://www.computerdoc24.de"
81.169.178.0 - - [29/Jun/2021:00:07:16 +0200] "POST /wp-cron.php?doing_wp_cron=1624918036.1657679080963134765625 HTTP/1.1" 200 - "http://www.computerdoc24.de/wp-cron.php?doing_wp_cron=1624918036.1657679080963134765625" "WordPress/5.2.11; https://www.computerdoc24.de"
114.119.142.0 - - [29/Jun/2021:00:07:15 +0200] "GET /robots.txt HTTP/1.1" 200 - "-" "Mozilla/5.0 (compatible;PetalBot;+https://webmaster.petalsearch.com/site/petalbot)"
114.119.142.0 - - [29/Jun/2021:00:07:17 +0200] "GET /robots.txt HTTP/1.1" 200 69 "-" "Mozilla/5.0 (compatible;PetalBot;+https://webmaster.petalsearch.com/site/petalbot)"
40.77.167.0 - - [29/Jun/2021:00:08:26 +0200] "GET /wp-content/uploads/slider5.jpg HTTP/1.1" 301 315 "-" "Mozilla/5.0 (compatible; bingbot/2.0; +http://www.bing.com/bingbot.htm)"
192.71.3.0 - - [29/Jun/2021:00:12:45 +0200] "GET /robots.txt HTTP/1.1" 200 69 "http://ipc-business.de/robots.txt" "Mozilla/5.0 (iPhone9,4; U; CPU iPhone OS 10_0_1 like Mac OS X) AppleWebKit/602.1.50 (KHTML, like Gecko) Version/10.0 Mobile/14A403 Safari/602.1"
107.180.102.0 - - [29/Jun/2021:00:14:05 +0200] "POST /wp-login.php HTTP/1.1" 200 2880 "-" "Mozilla/5.0 (Windows NT 6.3; Win64; x64) AppleWebKit/537.36 (KHTML, like Gecko) Chrome/79.0.3945.130 Safari/537.36"
54.184.76.0 - - [29/Jun/2021:00:16:29 +0200] "POST /wp-login.php HTTP/1.1" 200 2884 "-" "Mozilla/5.0 (Windows NT 10.0; Win64; x64) AppleWebKit/537.36 (KHTML, like Gecko) Chrome/64.0.3282.167 Safari/537.36"
46.160.121.0 - - [29/Jun/2021:00:16:30 +0200] "POST /wp-login.php HTTP/1.1" 503 7056 "-" "Mozilla/5.0 (Windows NT 6.1; WOW64) AppleWebKit/537.36 (KHTML, like Gecko) Chrome/46.0.2490.86 Safari/537.36"
81.169.178.0 - - [29/Jun/2021:00:16:30 +0200] "POST /wp-cron.php?doing_wp_cron=1624918590.3299140930175781250000 HTTP/1.1" 200 - "https://www.computerdoc24.de/wp-cron.php?doing_wp_cron=1624918590.3299140930175781250000" "WordPress/5.2.11; https://www.computerdoc24.de"
178.62.79.0 - - [29/Jun/2021:00:18:26 +0200] "POST /wp-login.php HTTP/1.1" 200 2886 "-" "Mozilla/5.0 (Windows NT 6.3; Win64; x64) AppleWebKit/537.36 (KHTML, like Gecko) Chrome/79.0.3945.130 Safari/537.36"
81.169.178.0 - - [29/Jun/2021:00:18:54 +0200] "POST /wp-cron.php?doing_wp_cron=1624918734.7535378932952880859375 HTTP/1.1" 200 - "https://www.computerdoc24.de/wp-cron.php?doing_wp_cron=1624918734.7535378932952880859375" "WordPress/5.2.11; https://www.computerdoc24.de"
94.73.142.0 - - [29/Jun/2021:00:18:54 +0200] "POST /wp-login.php HTTP/1.1" 200 2637 "-" "Mozilla/5.0 (Windows NT 6.3; WOW64) AppleWebKit/537.36 (KHTML, like Gecko) Chrome/46.0.2490.80 Safari/537.36"
185.102.48.0 - - [29/Jun/2021:00:20:16 +0200] "GET / HTTP/1.1" 200 2590 "https://www.google.de/" "Mozilla/5.0 (Linux; Android 8.1.0; Redmi 6) AppleWebKit/537.36 (KHTML, like Gecko) Chrome/84.0.4147.89 Mobile Safari/537.36"
185.102.48.0 - - [29/Jun/2021:00:20:16 +0200] "GET /assets/rollover.js HTTP/1.1" 200 5145 "https://www.reinigungsprofi-weck.de/" "Mozilla/5.0 (Linux; Android 8.1.0; Redmi 6) AppleWebKit/537.36 (KHTML, like Gecko) Chrome/84.0.4147.89 Mobile Safari/537.36"
185.102.48.0 - - [29/Jun/2021:00:20:16 +0200] "GET /html/fusion.css HTTP/1.1" 200 1161 "https://www.reinigungsprofi-weck.de/" "Mozilla/5.0 (Linux; Android 8.1.0; Redmi 6) AppleWebKit/537.36 (KHTML, like Gecko) Chrome/84.0.4147.89 Mobile Safari/537.36"
185.102.48.0 - - [29/Jun/2021:00:20:16 +0200] "GET /html/style.css HTTP/1.1" 200 458 "https://www.reinigungsprofi-weck.de/" "Mozilla/5.0 (Linux; Android 8.1.0; Redmi 6) AppleWebKit/537.36 (KHTML, like Gecko) Chrome/84.0.4147.89 Mobile Safari/537.36"
185.102.48.0 - - [29/Jun/2021:00:20:16 +0200] "GET /html/site.css HTTP/1.1" 200 88 "https://www.reinigungsprofi-weck.de/" "Mozilla/5.0 (Linux; Android 8.1.0; Redmi 6) AppleWebKit/537.36 (KHTML, like Gecko) Chrome/84.0.4147.89 Mobile Safari/537.36"
185.102.48.0 - - [29/Jun/2021:00:20:16 +0200] "GET /assets/images/autogen/Referenzen_Nregular_1_1.gif HTTP/1.1" 200 1249 "https://www.reinigungsprofi-weck.de/" "Mozilla/5.0 (Linux; Android 8.1.0; Redmi 6) AppleWebKit/537.36 (KHTML, like Gecko) Chrome/84.0.4147.89 Mobile Safari/537.36"
185.102.48.0 - - [29/Jun/2021:00:20:16 +0200] "GET /assets/images/body_bak1.gif HTTP/1.1" 200 49 "https://www.reinigungsprofi-weck.de/" "Mozilla/5.0 (Linux; Android 8.1.0; Redmi 6) AppleWebKit/537.36 (KHTML, like Gecko) Chrome/84.0.4147.89 Mobile Safari/537.36"
185.102.48.0 - - [29/Jun/2021:00:20:16 +0200] "GET /kv_none_poetic_cream_none_1.gif HTTP/1.1" 200 248 "https://www.reinigungsprofi-weck.de/" "Mozilla/5.0 (Linux; Android 8.1.0; Redmi 6) AppleWebKit/537.36 (KHTML, like Gecko) Chrome/84.0.4147.89 Mobile Safari/537.36"
185.102.48.0 - - [29/Jun/2021:00:20:16 +0200] "GET /assets/images/autogen/Spezialreinigung-_Hhighlighted_1_1.gif HTTP/1.1" 200 1750 "https://www.reinigungsprofi-weck.de/" "Mozilla/5.0 (Linux; Android 8.1.0; Redmi 6) AppleWebKit/537.36 (KHTML, like Gecko) Chrome/84.0.4147.89 Mobile Safari/537.36"
185.102.48.0 - - [29/Jun/2021:00:20:17 +0200] "GET /assets/images/autogen/Anfahrtskosten_Nregular_1_1.gif HTTP/1.1" 200 1732 "https://www.reinigungsprofi-weck.de/" "Mozilla/5.0 (Linux; Android 8.1.0; Redmi 6) AppleWebKit/537.36 (KHTML, like Gecko) Chrome/84.0.4147.89 Mobile Safari/537.36"
185.102.48.0 - - [29/Jun/2021:00:20:17 +0200] "GET /assets/images/autogen/Kontakt_Nregular_1_1.gif HTTP/1.1" 200 1596 "https://www.reinigungsprofi-weck.de/" "Mozilla/5.0 (Linux; Android 8.1.0; Redmi 6) AppleWebKit/537.36 (KHTML, like Gecko) Chrome/84.0.4147.89 Mobile Safari/537.36"
185.102.48.0 - - [29/Jun/2021:00:20:17 +0200] "GET /assets/images/autogen/Vorher-Nachher_Nregular_1_1.gif HTTP/1.1" 200 1718 "https://www.reinigungsprofi-weck.de/" "Mozilla/5.0 (Linux; Android 8.1.0; Redmi 6) AppleWebKit/537.36 (KHTML, like Gecko) Chrome/84.0.4147.89 Mobile Safari/537.36"
185.102.48.0 - - [29/Jun/2021:00:20:17 +0200] "GET /assets/images/autogen/Impressum_Nregular_1_1.gif HTTP/1.1" 200 1218 "https://www.reinigungsprofi-weck.de/" "Mozilla/5.0 (Linux; Android 8.1.0; Redmi 6) AppleWebKit/537.36 (KHTML, like Gecko) Chrome/84.0.4147.89 Mobile Safari/537.36"
185.102.48.0 - - [29/Jun/2021:00:20:17 +0200] "GET /assets/images/autogen/clearpixel.gif HTTP/1.1" 200 43 "https://www.reinigungsprofi-weck.de/" "Mozilla/5.0 (Linux; Android 8.1.0; Redmi 6) AppleWebKit/537.36 (KHTML, like Gecko) Chrome/84.0.4147.89 Mobile Safari/537.36"
185.102.48.0 - - [29/Jun/2021:00:20:17 +0200] "GET /assets/images/body_bak.gif HTTP/1.1" 200 49 "https://www.reinigungsprofi-weck.de/html/style.css" "Mozilla/5.0 (Linux; Android 8.1.0; Redmi 6) AppleWebKit/537.36 (KHTML, like Gecko) Chrome/84.0.4147.89 Mobile Safari/537.36"
185.102.48.0 - - [29/Jun/2021:00:20:17 +0200] "GET /subheader_l.gif HTTP/1.1" 200 2832 "https://www.reinigungsprofi-weck.de/" "Mozilla/5.0 (Linux; Android 8.1.0; Redmi 6) AppleWebKit/537.36 (KHTML, like Gecko) Chrome/84.0.4147.89 Mobile Safari/537.36"
185.102.48.0 - - [29/Jun/2021:00:20:17 +0200] "GET /header_l.gif HTTP/1.1" 200 7358 "https://www.reinigungsprofi-weck.de/" "Mozilla/5.0 (Linux; Android 8.1.0; Redmi 6) AppleWebKit/537.36 (KHTML, like Gecko) Chrome/84.0.4147.89 Mobile Safari/537.36"
185.102.48.0 - - [29/Jun/2021:00:20:17 +0200] "GET /subheader_bl.gif HTTP/1.1" 200 1883 "https://www.reinigungsprofi-weck.de/" "Mozilla/5.0 (Linux; Android 8.1.0; Redmi 6) AppleWebKit/537.36 (KHTML, like Gecko) Chrome/84.0.4147.89 Mobile Safari/537.36"
185.102.48.0 - - [29/Jun/2021:00:20:17 +0200] "GET /subheader_br.gif HTTP/1.1" 200 1693 "https://www.reinigungsprofi-weck.de/" "Mozilla/5.0 (Linux; Android 8.1.0; Redmi 6) AppleWebKit/537.36 (KHTML, like Gecko) Chrome/84.0.4147.89 Mobile Safari/537.36"
185.102.48.0 - - [29/Jun/2021:00:20:17 +0200] "GET /subheader_r.gif HTTP/1.1" 200 1036 "https://www.reinigungsprofi-weck.de/" "Mozilla/5.0 (Linux; Android 8.1.0; Redmi 6) AppleWebKit/537.36 (KHTML, like Gecko) Chrome/84.0.4147.89 Mobile Safari/537.36"
185.102.48.0 - - [29/Jun/2021:00:20:17 +0200] "GET /assets/images/subheader_bak.gif HTTP/1.1" 200 44 "https://www.reinigungsprofi-weck.de/" "Mozilla/5.0 (Linux; Android 8.1.0; Redmi 6) AppleWebKit/537.36 (KHTML, like Gecko) Chrome/84.0.4147.89 Mobile Safari/537.36"
185.102.48.0 - - [29/Jun/2021:00:20:17 +0200] "GET /favicon.ico HTTP/1.1" 404 2816 "https://www.reinigungsprofi-weck.de/" "Mozilla/5.0 (Linux; Android 8.1.0; Redmi 6) AppleWebKit/537.36 (KHTML, like Gecko) Chrome/84.0.4147.89 Mobile Safari/537.36"
:: - - [29/Jun/2021:00:20:22 +0200] "OPTIONS * HTTP/1.0" 200 - "-" "Apache/2.4.6 (CentOS) OpenSSL/1.0.2k-fips mod_fcgid/2.3.9 (internal dummy connection)"
71.6.232.0 - - [29/Jun/2021:00:21:06 +0200] "GET / HTTP/1.1" 403 2411 "-" "Mozilla/5.0 (Windows NT 10.0; Win64; x64) AppleWebKit/537.36 (KHTML, like Gecko) Chrome/74.0.3729.131 Safari/537.36"
85.214.195.0 - - [29/Jun/2021:00:23:13 +0200] "POST /wp-login.php HTTP/1.1" 200 2878 "-" "Mozilla/5.0 (Windows NT 10.0; Win64; x64) AppleWebKit/537.36 (KHTML, like Gecko) Chrome/62.0.3202.89 Safari/537.36"
45.146.165.0 - - [29/Jun/2021:00:30:11 +0200] "GET /solr/admin/info/system?wt=json HTTP/1.1" 404 2591 "-" "Mozilla/5.0 (Windows NT 10.0; Win64; x64) AppleWebKit/537.36 (KHTML, like Gecko) Chrome/78.0.3904.108 Safari/537.36"
45.146.165.0 - - [29/Jun/2021:00:30:11 +0200] "POST /api/jsonws/invoke HTTP/1.1" 404 2565 "-" "Mozilla/5.0 (Windows NT 10.0; Win64; x64) AppleWebKit/537.36 (KHTML, like Gecko) Chrome/78.0.3904.108 Safari/537.36"
45.146.165.0 - - [29/Jun/2021:00:30:11 +0200] "GET /vendor/phpunit/phpunit/src/Util/PHP/eval-stdin.php HTTP/1.1" 404 2631 "-" "Mozilla/5.0 (Windows NT 10.0; Win64; x64) AppleWebKit/537.36 (KHTML, like Gecko) Chrome/78.0.3904.108 Safari/537.36"
45.146.165.0 - - [29/Jun/2021:00:30:11 +0200] "GET /index.php?s=/Index/\\think\\app/invokefunction&function=call_user_func_array&vars[0]=md5&vars[1][]=HelloThinkPHP21 HTTP/1.1" 404 2779 "-" "Mozilla/5.0 (Windows NT 10.0; Win64; x64) AppleWebKit/537.36 (KHTML, like Gecko) Chrome/78.0.3904.108 Safari/537.36"
45.146.165.0 - - [29/Jun/2021:00:30:12 +0200] "POST /vendor/phpunit/phpunit/src/Util/PHP/eval-stdin.php HTTP/1.1" 404 2631 "-" "Mozilla/5.0 (Windows NT 10.0; Win64; x64) AppleWebKit/537.36 (KHTML, like Gecko) Chrome/78.0.3904.108 Safari/537.36"
45.146.165.0 - - [29/Jun/2021:00:30:12 +0200] "GET /?a=fetch&content=<php>die(@md5(HelloThinkCMF))</php> HTTP/1.1" 403 2409 "-" "Mozilla/5.0 (Windows NT 10.0; Win64; x64) AppleWebKit/537.36 (KHTML, like Gecko) Chrome/78.0.3904.108 Safari/537.36"
45.146.165.0 - - [29/Jun/2021:00:30:12 +0200] "GET /?XDEBUG_SESSION_START=phpstorm HTTP/1.1" 403 2409 "-" "Mozilla/5.0 (Windows NT 10.0; Win64; x64) AppleWebKit/537.36 (KHTML, like Gecko) Chrome/78.0.3904.108 Safari/537.36"
45.146.165.0 - - [29/Jun/2021:00:30:12 +0200] "GET /wp-content/plugins/wp-file-manager/readme.txt HTTP/1.1" 404 2621 "-" "Mozilla/5.0 (Windows NT 10.0; Win64; x64) AppleWebKit/537.36 (KHTML, like Gecko) Chrome/78.0.3904.108 Safari/537.36"
45.146.165.0 - - [29/Jun/2021:00:30:12 +0200] "POST /Autodiscover/Autodiscover.xml HTTP/1.1" 404 2589 "-" "Mozilla/5.0 (Windows NT 10.0; Win64; x64) AppleWebKit/537.36 (KHTML, like Gecko) Chrome/78.0.3904.108 Safari/537.36"
45.146.165.0 - - [29/Jun/2021:00:30:12 +0200] "GET /_ignition/execute-solution HTTP/1.1" 404 2583 "-" "Mozilla/5.0 (Windows NT 10.0; Win64; x64) AppleWebKit/537.36 (KHTML, like Gecko) Chrome/78.0.3904.108 Safari/537.36"
45.146.165.0 - - [29/Jun/2021:00:30:12 +0200] "GET /console/ HTTP/1.1" 404 2547 "-" "Mozilla/5.0 (Windows NT 10.0; Win64; x64) AppleWebKit/537.36 (KHTML, like Gecko) Chrome/78.0.3904.108 Safari/537.36"
192.241.221.0 - - [29/Jun/2021:00:32:34 +0200] "GET /ecp/Current/exporttool/microsoft.exchange.ediscovery.exporttool.application HTTP/1.1" 404 2685 "-" "Mozilla/5.0 zgrab/0.x"
95.213.175.0 - - [29/Jun/2021:00:34:22 +0200] "POST /wp-login.php HTTP/1.1" 200 2880 "-" "Mozilla/5.0 (Windows NT 6.3; Win64; x64) AppleWebKit/537.36 (KHTML, like Gecko) Chrome/62.0.3202.94 Safari/537.36"
81.169.178.0 - - [29/Jun/2021:00:36:28 +0200] "POST /wp-cron.php?doing_wp_cron=1624919788.0489270687103271484375 HTTP/1.1" 200 - "https://www.computerdoc24.de/wp-cron.php?doing_wp_cron=1624919788.0489270687103271484375" "WordPress/5.2.11; https://www.computerdoc24.de"
96.125.171.0 - - [29/Jun/2021:00:36:27 +0200] "POST /wp-login.php HTTP/1.1" 200 2637 "-" "Mozilla/5.0 (Windows NT 10.0; Win64; x64) AppleWebKit/537.36 (KHTML, like Gecko) Chrome/87.0.4280.88 Safari/537.36"
52.198.215.0 - - [29/Jun/2021:00:36:32 +0200] "POST /wp-login.php HTTP/1.1" 200 2884 "-" "Mozilla/5.0 (Windows NT 10.0; WOW64) AppleWebKit/537.36 (KHTML, like Gecko) Chrome/46.0.2490.86 Safari/537.36"
54.201.224.0 - - [29/Jun/2021:00:37:04 +0200] "GET / HTTP/1.1" 200 16151 "-" "-"
103.145.13.0 - - [29/Jun/2021:00:37:39 +0200] "GET / HTTP/1.1" 403 2409 "-" "-"
82.202.172.0 - - [29/Jun/2021:00:42:51 +0200] "POST /wp-login.php HTTP/1.1" 200 2878 "-" "Mozilla/5.0 (Windows NT 6.1; Win64; x64) AppleWebKit/537.36 (KHTML, like Gecko) Chrome/55.0.2883.87 Safari/537.36"
157.245.176.0 - - [29/Jun/2021:00:44:12 +0200] "SSTP_DUPLEX_POST /sra_{BA195980-CD49-458b-9E23-C84EE0ADCD75}/ HTTP/1.1" 400 226 "-" "-"
121.199.11.0 - - [29/Jun/2021:00:44:41 +0200] "GET /shell.php HTTP/1.1" 200 - "http://simplesite.com" "Mozilla/5.0 (Windows; U; Windows NT 5.1; en-US) AppleWebKit/533.4 (KHTML, like Gecko) Chrome/5.0.375.99 Safari/533.4"
81.169.178.0 - - [29/Jun/2021:00:44:41 +0200] "POST /wp-cron.php?doing_wp_cron=1624920281.5070099830627441406250 HTTP/1.1" 200 - "http://www.computerdoc24.de/wp-cron.php?doing_wp_cron=1624920281.5070099830627441406250" "WordPress/5.2.11; https://www.computerdoc24.de"
81.169.178.0 - - [29/Jun/2021:00:53:26 +0200] "POST /wp-cron.php?doing_wp_cron=1624920805.9905259609222412109375 HTTP/1.1" 200 - "https://www.ipcbusiness.de/wp-cron.php?doing_wp_cron=1624920805.9905259609222412109375" "WordPress/5.6.4; https://www.ipcbusiness.de"
159.69.34.0 - - [29/Jun/2021:00:53:25 +0200] "POST /wp-login.php HTTP/1.1" 200 2880 "-" "Mozilla/5.0 (Windows NT 10.0; Win64; x64) AppleWebKit/537.36 (KHTML, like Gecko) Chrome/66.0.3359.117 Safari/537.36"
81.169.178.0 - - [29/Jun/2021:00:55:29 +0200] "POST /wp-cron.php?doing_wp_cron=1624920929.1147758960723876953125 HTTP/1.1" 200 - "https://www.computerdoc24.de/wp-cron.php?doing_wp_cron=1624920929.1147758960723876953125" "WordPress/5.2.11; https://www.computerdoc24.de"
188.166.94.0 - - [29/Jun/2021:00:55:28 +0200] "POST /wp-login.php HTTP/1.1" 503 7056 "-" "Mozilla/5.0 (Windows NT 10.0; Win64; x64) AppleWebKit/537.36 (KHTML, like Gecko) Chrome/86.0.4240.193 Safari/537.36"
54.150.241.0 - - [29/Jun/2021:00:55:31 +0200] "POST /wp-login.php HTTP/1.1" 200 2884 "-" "Mozilla/5.0 (Windows NT 6.3; WOW64) AppleWebKit/537.36 (KHTML, like Gecko) Chrome/47.0.2526.106 Safari/537.36"
34.77.162.0 - - [29/Jun/2021:00:55:37 +0200] "GET / HTTP/1.1" 200 2691 "-" "Expanse, a Palo Alto Networks company, searches across the global IPv4 space multiple times per day to identify customers&#39; presences on the Internet. If you would like to be excluded from our scans, please send IP addresses/domains to: scaninfo@paloaltonetworks.com"
159.89.224.0 - - [29/Jun/2021:00:56:40 +0200] "POST /wp-login.php HTTP/1.1" 200 2886 "-" "Mozilla/5.0 (Windows NT 6.1) AppleWebKit/537.36 (KHTML, like Gecko) Chrome/58.0.3029.110 Safari/537.36"
81.169.178.0 - - [29/Jun/2021:00:59:33 +0200] "POST /wp-cron.php?doing_wp_cron=1624921173.2697250843048095703125 HTTP/1.1" 200 - "https://www.computerdoc24.de/wp-cron.php?doing_wp_cron=1624921173.2697250843048095703125" "WordPress/5.2.11; https://www.computerdoc24.de"
54.36.148.0 - - [29/Jun/2021:00:59:33 +0200] "GET / HTTP/1.1" 200 16468 "-" "Mozilla/5.0 (compatible; AhrefsBot/7.0; +http://ahrefs.com/robot/)"
195.154.122.0 - - [29/Jun/2021:00:59:34 +0200] "GET /wp-includes/css/dist/block-library/style.min.css HTTP/1.1" 200 4788 "https://www.computerdoc24.de/" "Mozilla/5.0 (compatible; AhrefsBot/7.0; +http://ahrefs.com/robot/)"
195.154.122.0 - - [29/Jun/2021:00:59:34 +0200] "GET /wp-content/plugins/woocommerce/packages/woocommerce-blocks/build/style.css HTTP/1.1" 200 2310 "https://www.computerdoc24.de/" "Mozilla/5.0 (compatible; AhrefsBot/7.0; +http://ahrefs.com/robot/)"
195.154.122.0 - - [29/Jun/2021:00:59:34 +0200] "GET /wp-content/plugins/contact-form-7/includes/css/styles.css HTTP/1.1" 200 651 "https://www.computerdoc24.de/" "Mozilla/5.0 (compatible; AhrefsBot/7.0; +http://ahrefs.com/robot/)"
195.154.122.0 - - [29/Jun/2021:00:59:34 +0200] "GET /wp-content/plugins/shapepress-dsgvo/public/css/simplebar.css HTTP/1.1" 200 714 "https://www.computerdoc24.de/" "Mozilla/5.0 (compatible; AhrefsBot/7.0; +http://ahrefs.com/robot/)"
195.154.122.0 - - [29/Jun/2021:00:59:34 +0200] "GET /wp-content/plugins/shapepress-dsgvo/public/css/sp-dsgvo-public.css HTTP/1.1" 200 3886 "https://www.computerdoc24.de/" "Mozilla/5.0 (compatible; AhrefsBot/7.0; +http://ahrefs.com/robot/)"
195.154.122.0 - - [29/Jun/2021:00:59:34 +0200] "GET /wp-content/plugins/revslider/public/assets/css/settings.css HTTP/1.1" 200 9496 "https://www.computerdoc24.de/" "Mozilla/5.0 (compatible; AhrefsBot/7.0; +http://ahrefs.com/robot/)"
195.154.122.0 - - [29/Jun/2021:00:59:34 +0200] "GET /wp-content/uploads/smile_fonts/Defaults/Defaults.css HTTP/1.1" 200 4755 "https://www.computerdoc24.de/" "Mozilla/5.0 (compatible; AhrefsBot/7.0; +http://ahrefs.com/robot/)"
195.154.122.0 - - [29/Jun/2021:00:59:34 +0200] "GET /wp-content/themes/dreier/lib/css/bootstrap.css HTTP/1.1" 200 6230 "https://www.computerdoc24.de/" "Mozilla/5.0 (compatible; AhrefsBot/7.0; +http://ahrefs.com/robot/)"
195.154.122.0 - - [29/Jun/2021:00:59:34 +0200] "GET /wp-content/themes/dreier/lib/css/style.css HTTP/1.1" 200 5893 "https://www.computerdoc24.de/" "Mozilla/5.0 (compatible; AhrefsBot/7.0; +http://ahrefs.com/robot/)"
195.154.122.0 - - [29/Jun/2021:00:59:34 +0200] "GET /wp-content/themes/dreier/lib/css/extensions.css HTTP/1.1" 200 37422 "https://www.computerdoc24.de/" "Mozilla/5.0 (compatible; AhrefsBot/7.0; +http://ahrefs.com/robot/)"
195.154.122.0 - - [29/Jun/2021:00:59:34 +0200] "GET /wp-content/plugins/js_composer/assets/css/js_composer.min.css HTTP/1.1" 200 45591 "https://www.computerdoc24.de/" "Mozilla/5.0 (compatible; AhrefsBot/7.0; +http://ahrefs.com/robot/)"
195.154.122.0 - - [29/Jun/2021:00:59:34 +0200] "GET /wp-content/plugins/Ultimate_VC_Addons/assets/min-css/ultimate.min.css HTTP/1.1" 200 47736 "https://www.computerdoc24.de/" "Mozilla/5.0 (compatible; AhrefsBot/7.0; +http://ahrefs.com/robot/)"
195.154.122.0 - - [29/Jun/2021:00:59:34 +0200] "GET /wp-content/themes/dreier/lib/css/bootstrap-responsive.css HTTP/1.1" 200 2659 "https://www.computerdoc24.de/" "Mozilla/5.0 (compatible; AhrefsBot/7.0; +http://ahrefs.com/robot/)"
195.154.122.0 - - [29/Jun/2021:00:59:34 +0200] "GET /wp-content/themes/dreier/lib/css/bootstrap-responsive-1170.css HTTP/1.1" 200 1572 "https://www.computerdoc24.de/" "Mozilla/5.0 (compatible; AhrefsBot/7.0; +http://ahrefs.com/robot/)"
195.154.122.0 - - [29/Jun/2021:00:59:34 +0200] "GET /wp-content/themes/dreier/lib/css/responsive.css HTTP/1.1" 200 2632 "https://www.computerdoc24.de/" "Mozilla/5.0 (compatible; AhrefsBot/7.0; +http://ahrefs.com/robot/)"
195.154.122.0 - - [29/Jun/2021:00:59:34 +0200] "GET /wp-content/themes/dreier/lib/css/woocommerce.css HTTP/1.1" 200 9818 "https://www.computerdoc24.de/" "Mozilla/5.0 (compatible; AhrefsBot/7.0; +http://ahrefs.com/robot/)"
195.154.122.0 - - [29/Jun/2021:00:59:34 +0200] "GET /wp-content/themes/dreier/includes/modules/module.fontawesome/source/css/font-awesome.min.css HTTP/1.1" 200 4680 "https://www.computerdoc24.de/" "Mozilla/5.0 (compatible; AhrefsBot/7.0; +http://ahrefs.com/robot/)"
195.154.122.0 - - [29/Jun/2021:00:59:34 +0200] "GET /wp-content/uploads/Dark-Blue-Skin_f11de704061eed4e79d777b4e0c313ab.css HTTP/1.1" 200 4908 "https://www.computerdoc24.de/" "Mozilla/5.0 (compatible; AhrefsBot/7.0; +http://ahrefs.com/robot/)"
195.154.122.0 - - [29/Jun/2021:00:59:34 +0200] "GET /wp-content/themes/dreier/includes/modules/module.icomoon/source/css/icomoon.css HTTP/1.1" 200 8420 "https://www.computerdoc24.de/" "Mozilla/5.0 (compatible; AhrefsBot/7.0; +http://ahrefs.com/robot/)"
195.154.122.0 - - [29/Jun/2021:00:59:34 +0200] "GET /wp-includes/js/jquery/jquery-migrate.min.js HTTP/1.1" 200 4014 "https://www.computerdoc24.de/" "Mozilla/5.0 (compatible; AhrefsBot/7.0; +http://ahrefs.com/robot/)"
195.154.122.0 - - [29/Jun/2021:00:59:34 +0200] "GET /wp-includes/js/jquery/jquery.js HTTP/1.1" 200 33776 "https://www.computerdoc24.de/" "Mozilla/5.0 (compatible; AhrefsBot/7.0; +http://ahrefs.com/robot/)"
195.154.122.0 - - [29/Jun/2021:00:59:34 +0200] "GET /wp-content/plugins/revslider/public/assets/js/jquery.themepunch.tools.min.js HTTP/1.1" 200 38337 "https://www.computerdoc24.de/" "Mozilla/5.0 (compatible; AhrefsBot/7.0; +http://ahrefs.com/robot/)"
195.154.122.0 - - [29/Jun/2021:00:59:34 +0200] "GET /wp-content/plugins/woocommerce/assets/js/jquery-blockui/jquery.blockUI.min.js HTTP/1.1" 200 3533 "https://www.computerdoc24.de/" "Mozilla/5.0 (compatible; AhrefsBot/7.0; +http://ahrefs.com/robot/)"
195.154.122.0 - - [29/Jun/2021:00:59:34 +0200] "GET /wp-content/plugins/woocommerce/assets/js/frontend/add-to-cart.min.js HTTP/1.1" 200 1017 "https://www.computerdoc24.de/" "Mozilla/5.0 (compatible; AhrefsBot/7.0; +http://ahrefs.com/robot/)"
195.154.122.0 - - [29/Jun/2021:00:59:34 +0200] "GET /wp-content/cache/autoptimize/js/autoptimize_single_902b7ca09549975e55e136fb0026df9a.js HTTP/1.1" 200 319 "https://www.computerdoc24.de/" "Mozilla/5.0 (compatible; AhrefsBot/7.0; +http://ahrefs.com/robot/)"
195.154.122.0 - - [29/Jun/2021:00:59:34 +0200] "GET /wp-content/plugins/revslider/public/assets/js/jquery.themepunch.revolution.min.js HTTP/1.1" 200 18090 "https://www.computerdoc24.de/" "Mozilla/5.0 (compatible; AhrefsBot/7.0; +http://ahrefs.com/robot/)"
195.154.122.0 - - [29/Jun/2021:00:59:34 +0200] "GET /wp-content/cache/autoptimize/js/autoptimize_single_b381296557a120efdce91b9aa6fbb3c3.js HTTP/1.1" 200 2237 "https://www.computerdoc24.de/" "Mozilla/5.0 (compatible; AhrefsBot/7.0; +http://ahrefs.com/robot/)"
195.154.122.0 - - [29/Jun/2021:00:59:34 +0200] "GET /wp-content/plugins/Ultimate_VC_Addons/assets/min-js/ultimate.min.js HTTP/1.1" 200 54140 "https://www.computerdoc24.de/" "Mozilla/5.0 (compatible; AhrefsBot/7.0; +http://ahrefs.com/robot/)"
195.154.122.0 - - [29/Jun/2021:00:59:34 +0200] "GET /wp-content/plugins/revslider/public/assets/fonts/font-awesome/css/font-awesome.css HTTP/1.1" 200 7605 "https://www.computerdoc24.de/" "Mozilla/5.0 (compatible; AhrefsBot/7.0; +http://ahrefs.com/robot/)"
195.154.122.0 - - [29/Jun/2021:00:59:34 +0200] "GET /wp-content/plugins/js_composer/assets/lib/bower/font-awesome/css/font-awesome.min.css HTTP/1.1" 200 6970 "https://www.computerdoc24.de/" "Mozilla/5.0 (compatible; AhrefsBot/7.0; +http://ahrefs.com/robot/)"
195.154.122.0 - - [29/Jun/2021:00:59:35 +0200] "GET /wp-content/cache/autoptimize/js/autoptimize_single_4570be87421de7d33dae23561aa4aa74.js HTTP/1.1" 200 587 "https://www.computerdoc24.de/" "Mozilla/5.0 (compatible; AhrefsBot/7.0; +http://ahrefs.com/robot/)"
195.154.122.0 - - [29/Jun/2021:00:59:35 +0200] "GET /wp-content/plugins/woocommerce/assets/js/js-cookie/js.cookie.min.js HTTP/1.1" 200 981 "https://www.computerdoc24.de/" "Mozilla/5.0 (compatible; AhrefsBot/7.0; +http://ahrefs.com/robot/)"
195.154.122.0 - - [29/Jun/2021:00:59:35 +0200] "GET /wp-content/plugins/woocommerce/assets/js/frontend/woocommerce.min.js HTTP/1.1" 200 619 "https://www.computerdoc24.de/" "Mozilla/5.0 (compatible; AhrefsBot/7.0; +http://ahrefs.com/robot/)"
195.154.122.0 - - [29/Jun/2021:00:59:35 +0200] "GET /wp-content/cache/autoptimize/js/autoptimize_single_1534f06aa2b1b721a45372f8238e2461.js HTTP/1.1" 200 3352 "https://www.computerdoc24.de/" "Mozilla/5.0 (compatible; AhrefsBot/7.0; +http://ahrefs.com/robot/)"
195.154.122.0 - - [29/Jun/2021:00:59:35 +0200] "GET /wp-content/plugins/woocommerce/assets/js/frontend/cart-fragments.min.js HTTP/1.1" 200 1042 "https://www.computerdoc24.de/" "Mozilla/5.0 (compatible; AhrefsBot/7.0; +http://ahrefs.com/robot/)"
195.154.122.0 - - [29/Jun/2021:00:59:35 +0200] "GET /wp-content/cache/autoptimize/js/autoptimize_single_abc5931090b359c9bb72577fb5af85df.js HTTP/1.1" 200 9652 "https://www.computerdoc24.de/" "Mozilla/5.0 (compatible; AhrefsBot/7.0; +http://ahrefs.com/robot/)"
195.154.122.0 - - [29/Jun/2021:00:59:35 +0200] "GET /wp-content/cache/autoptimize/js/autoptimize_single_1a37c23486ba9c73fce4026e4acfd8e2.js HTTP/1.1" 200 1334 "https://www.computerdoc24.de/" "Mozilla/5.0 (compatible; AhrefsBot/7.0; +http://ahrefs.com/robot/)"
195.154.122.0 - - [29/Jun/2021:00:59:35 +0200] "GET /wp-content/cache/autoptimize/js/autoptimize_single_3179f2255b046d5f2e9a71e365287bef.js HTTP/1.1" 200 20 "https://www.computerdoc24.de/" "Mozilla/5.0 (compatible; AhrefsBot/7.0; +http://ahrefs.com/robot/)"
195.154.122.0 - - [29/Jun/2021:00:59:35 +0200] "GET /wp-content/themes/dreier/lib/js/modernizr-2.6.2-respond-1.1.0.min.js HTTP/1.1" 200 8039 "https://www.computerdoc24.de/" "Mozilla/5.0 (compatible; AhrefsBot/7.0; +http://ahrefs.com/robot/)"
195.154.122.0 - - [29/Jun/2021:00:59:35 +0200] "GET /wp-content/cache/autoptimize/js/autoptimize_single_9f8cd24d6d38fdf1a1205e7efaa6e972.js HTTP/1.1" 200 1095 "https://www.computerdoc24.de/" "Mozilla/5.0 (compatible; AhrefsBot/7.0; +http://ahrefs.com/robot/)"
195.154.122.0 - - [29/Jun/2021:00:59:35 +0200] "GET /wp-content/cache/autoptimize/js/autoptimize_single_6c8c6a70905826d42d4a8ee47b963fd8.js HTTP/1.1" 200 6684 "https://www.computerdoc24.de/" "Mozilla/5.0 (compatible; AhrefsBot/7.0; +http://ahrefs.com/robot/)"
195.154.122.0 - - [29/Jun/2021:00:59:35 +0200] "GET /wp-content/cache/autoptimize/js/autoptimize_single_6637a0cff91d033df31cf66e1b7ac0dd.js HTTP/1.1" 200 17125 "https://www.computerdoc24.de/" "Mozilla/5.0 (compatible; AhrefsBot/7.0; +http://ahrefs.com/robot/)"
195.154.122.0 - - [29/Jun/2021:00:59:35 +0200] "GET /wp-includes/js/comment-reply.min.js HTTP/1.1" 200 1044 "https://www.computerdoc24.de/" "Mozilla/5.0 (compatible; AhrefsBot/7.0; +http://ahrefs.com/robot/)"
