20.185.234.0 - - [30/Jun/2021:04:45:50 +0200] "GET /config.bak.php HTTP/1.1" 200 - "anonymousfox.co" "Mozilla/5.0 (Windows NT 10.0; Win64; x64) AppleWebKit/537.36 (KHTML, like Gecko) Chrome/90.0.4430.85 Safari/537.36"
20.185.234.0 - - [30/Jun/2021:04:45:51 +0200] "GET /config.bak.php HTTP/1.1" 200 8199 "anonymousfox.co" "Mozilla/5.0 (Windows NT 10.0; Win64; x64) AppleWebKit/537.36 (KHTML, like Gecko) Chrome/90.0.4430.85 Safari/537.36"
20.185.234.0 - - [30/Jun/2021:04:46:11 +0200] "GET /wp-admin/config.bak.php HTTP/1.1" 200 - "anonymousfox.co" "Mozilla/5.0 (Windows NT 10.0; Win64; x64) AppleWebKit/537.36 (KHTML, like Gecko) Chrome/90.0.4430.85 Safari/537.36"
20.185.234.0 - - [30/Jun/2021:04:46:11 +0200] "GET /wp-admin/config.bak.php HTTP/1.1" 200 - "anonymousfox.co" "Mozilla/5.0 (Windows NT 10.0; Win64; x64) AppleWebKit/537.36 (KHTML, like Gecko) Chrome/90.0.4430.85 Safari/537.36"
20.185.234.0 - - [30/Jun/2021:04:46:12 +0200] "GET /wp-admin/config.bak.php HTTP/1.1" 200 8199 "anonymousfox.co" "Mozilla/5.0 (Windows NT 10.0; Win64; x64) AppleWebKit/537.36 (KHTML, like Gecko) Chrome/90.0.4430.85 Safari/537.36"
81.169.178.0 - - [30/Jun/2021:04:46:35 +0200] "POST /wp-cron.php?doing_wp_cron=1625021195.8127250671386718750000 HTTP/1.1" 200 - "http://www.computerdoc24.de/wp-cron.php?doing_wp_cron=1625021195.8127250671386718750000" "WordPress/5.2.11; https://www.computerdoc24.de"
20.185.234.0 - - [30/Jun/2021:04:46:35 +0200] "GET /wp-content/config.bak.php HTTP/1.1" 200 - "anonymousfox.co" "Mozilla/5.0 (Windows NT 10.0; Win64; x64) AppleWebKit/537.36 (KHTML, like Gecko) Chrome/90.0.4430.85 Safari/537.36"
20.185.234.0 - - [30/Jun/2021:04:46:36 +0200] "GET /wp-content/config.bak.php HTTP/1.1" 200 - "anonymousfox.co" "Mozilla/5.0 (Windows NT 10.0; Win64; x64) AppleWebKit/537.36 (KHTML, like Gecko) Chrome/90.0.4430.85 Safari/537.36"
20.185.234.0 - - [30/Jun/2021:04:46:37 +0200] "GET /wp-content/config.bak.php HTTP/1.1" 200 8199 "anonymousfox.co" "Mozilla/5.0 (Windows NT 10.0; Win64; x64) AppleWebKit/537.36 (KHTML, like Gecko) Chrome/90.0.4430.85 Safari/537.36"
20.185.234.0 - - [30/Jun/2021:04:46:43 +0200] "GET /wp-includes/config.bak.php HTTP/1.1" 200 - "anonymousfox.co" "Mozilla/5.0 (Windows NT 10.0; Win64; x64) AppleWebKit/537.36 (KHTML, like Gecko) Chrome/90.0.4430.85 Safari/537.36"
20.185.234.0 - - [30/Jun/2021:04:46:44 +0200] "GET /wp-includes/config.bak.php HTTP/1.1" 200 - "anonymousfox.co" "Mozilla/5.0 (Windows NT 10.0; Win64; x64) AppleWebKit/537.36 (KHTML, like Gecko) Chrome/90.0.4430.85 Safari/537.36"
20.185.234.0 - - [30/Jun/2021:04:46:45 +0200] "GET /wp-includes/config.bak.php HTTP/1.1" 200 8199 "anonymousfox.co" "Mozilla/5.0 (Windows NT 10.0; Win64; x64) AppleWebKit/537.36 (KHTML, like Gecko) Chrome/90.0.4430.85 Safari/537.36"
20.185.234.0 - - [30/Jun/2021:04:46:51 +0200] "GET /wp-content/themes/config.bak.php HTTP/1.1" 200 - "anonymousfox.co" "Mozilla/5.0 (Windows NT 10.0; Win64; x64) AppleWebKit/537.36 (KHTML, like Gecko) Chrome/90.0.4430.85 Safari/537.36"
20.185.234.0 - - [30/Jun/2021:04:46:52 +0200] "GET /wp-content/themes/config.bak.php HTTP/1.1" 200 - "anonymousfox.co" "Mozilla/5.0 (Windows NT 10.0; Win64; x64) AppleWebKit/537.36 (KHTML, like Gecko) Chrome/90.0.4430.85 Safari/537.36"
20.185.234.0 - - [30/Jun/2021:04:46:53 +0200] "GET /wp-content/themes/config.bak.php HTTP/1.1" 200 8199 "anonymousfox.co" "Mozilla/5.0 (Windows NT 10.0; Win64; x64) AppleWebKit/537.36 (KHTML, like Gecko) Chrome/90.0.4430.85 Safari/537.36"
20.185.234.0 - - [30/Jun/2021:04:47:04 +0200] "GET /wp-content/plugins/config.bak.php HTTP/1.1" 200 - "anonymousfox.co" "Mozilla/5.0 (Windows NT 10.0; Win64; x64) AppleWebKit/537.36 (KHTML, like Gecko) Chrome/90.0.4430.85 Safari/537.36"
20.185.234.0 - - [30/Jun/2021:04:47:05 +0200] "GET /wp-content/plugins/config.bak.php HTTP/1.1" 200 - "anonymousfox.co" "Mozilla/5.0 (Windows NT 10.0; Win64; x64) AppleWebKit/537.36 (KHTML, like Gecko) Chrome/90.0.4430.85 Safari/537.36"
20.185.234.0 - - [30/Jun/2021:04:47:06 +0200] "GET /wp-content/plugins/config.bak.php HTTP/1.1" 200 8199 "anonymousfox.co" "Mozilla/5.0 (Windows NT 10.0; Win64; x64) AppleWebKit/537.36 (KHTML, like Gecko) Chrome/90.0.4430.85 Safari/537.36"
20.185.234.0 - - [30/Jun/2021:04:47:09 +0200] "POST /wp-includes/css/wp-config.php HTTP/1.1" 200 8202 "anonymousfox.co" "Mozilla/5.0 (Windows NT 10.0; Win64; x64) AppleWebKit/537.36 (KHTML, like Gecko) Chrome/90.0.4430.85 Safari/537.36"
34.96.130.0 - - [30/Jun/2021:04:47:26 +0200] "GET / HTTP/1.1" 200 2691 "-" "Expanse, a Palo Alto Networks company, searches across the global IPv4 space multiple times per day to identify customers&#39; presences on the Internet. If you would like to be excluded from our scans, please send IP addresses/domains to: scaninfo@paloaltonetworks.com"
20.185.234.0 - - [30/Jun/2021:04:47:27 +0200] "GET /wp-content/plugins/ubh/up.php HTTP/1.1" 200 - "anonymousfox.co" "Mozilla/5.0 (Windows NT 10.0; Win64; x64) AppleWebKit/537.36 (KHTML, like Gecko) Chrome/90.0.4430.85 Safari/537.36"
20.185.234.0 - - [30/Jun/2021:04:47:27 +0200] "GET /wp-content/plugins/ubh/up.php HTTP/1.1" 200 - "anonymousfox.co" "Mozilla/5.0 (Windows NT 10.0; Win64; x64) AppleWebKit/537.36 (KHTML, like Gecko) Chrome/90.0.4430.85 Safari/537.36"
20.185.234.0 - - [30/Jun/2021:04:47:28 +0200] "GET /wp-content/plugins/ubh/up.php HTTP/1.1" 200 8199 "anonymousfox.co" "Mozilla/5.0 (Windows NT 10.0; Win64; x64) AppleWebKit/537.36 (KHTML, like Gecko) Chrome/90.0.4430.85 Safari/537.36"
81.169.178.0 - - [30/Jun/2021:04:47:34 +0200] "POST /wp-cron.php?doing_wp_cron=1625021254.7171640396118164062500 HTTP/1.1" 200 - "http://www.computerdoc24.de/wp-cron.php?doing_wp_cron=1625021254.7171640396118164062500" "WordPress/5.2.11; https://www.computerdoc24.de"
20.185.234.0 - - [30/Jun/2021:04:47:34 +0200] "GET /wp-includes/wpconfig.bak.php?act=sf HTTP/1.1" 200 - "anonymousfox.co" "Mozilla/5.0 (Windows NT 10.0; Win64; x64) AppleWebKit/537.36 (KHTML, like Gecko) Chrome/90.0.4430.85 Safari/537.36"
20.185.234.0 - - [30/Jun/2021:04:47:35 +0200] "GET /wp-includes/wpconfig.bak.php?act=sf HTTP/1.1" 200 - "anonymousfox.co" "Mozilla/5.0 (Windows NT 10.0; Win64; x64) AppleWebKit/537.36 (KHTML, like Gecko) Chrome/90.0.4430.85 Safari/537.36"
20.185.234.0 - - [30/Jun/2021:04:47:36 +0200] "GET /wp-includes/wpconfig.bak.php?act=sf HTTP/1.1" 200 8199 "anonymousfox.co" "Mozilla/5.0 (Windows NT 10.0; Win64; x64) AppleWebKit/537.36 (KHTML, like Gecko) Chrome/90.0.4430.85 Safari/537.36"
20.185.234.0 - - [30/Jun/2021:04:47:37 +0200] "GET /wp-content/plugins/wpconfig.bak.php?act=sf HTTP/1.1" 200 - "anonymousfox.co" "Mozilla/5.0 (Windows NT 10.0; Win64; x64) AppleWebKit/537.36 (KHTML, like Gecko) Chrome/90.0.4430.85 Safari/537.36"
20.185.234.0 - - [30/Jun/2021:04:47:39 +0200] "GET /wp-content/plugins/wpconfig.bak.php?act=sf HTTP/1.1" 200 - "anonymousfox.co" "Mozilla/5.0 (Windows NT 10.0; Win64; x64) AppleWebKit/537.36 (KHTML, like Gecko) Chrome/90.0.4430.85 Safari/537.36"
20.185.234.0 - - [30/Jun/2021:04:47:39 +0200] "GET /wp-content/plugins/wpconfig.bak.php?act=sf HTTP/1.1" 200 8199 "anonymousfox.co" "Mozilla/5.0 (Windows NT 10.0; Win64; x64) AppleWebKit/537.36 (KHTML, like Gecko) Chrome/90.0.4430.85 Safari/537.36"
27.0.14.0 - - [30/Jun/2021:04:47:47 +0200] "GET /wp-login.php HTTP/1.1" 200 2238 "-" "Mozilla/5.0 (X11; Ubuntu; Linux x86_64; rv:62.0) Gecko/20100101 Firefox/62.0"
27.0.14.0 - - [30/Jun/2021:04:47:48 +0200] "POST /wp-login.php HTTP/1.1" 200 2589 "-" "Mozilla/5.0 (X11; Ubuntu; Linux x86_64; rv:62.0) Gecko/20100101 Firefox/62.0"
27.0.14.0 - - [30/Jun/2021:04:47:50 +0200] "POST /xmlrpc.php HTTP/1.1" 200 228 "-" "Mozilla/5.0 (X11; Ubuntu; Linux x86_64; rv:62.0) Gecko/20100101 Firefox/62.0"
20.185.234.0 - - [30/Jun/2021:04:47:51 +0200] "GET /haders.php HTTP/1.1" 200 - "anonymousfox.co" "Mozilla/5.0 (Windows NT 10.0; Win64; x64) AppleWebKit/537.36 (KHTML, like Gecko) Chrome/90.0.4430.85 Safari/537.36"
20.185.234.0 - - [30/Jun/2021:04:47:51 +0200] "GET /haders.php HTTP/1.1" 200 - "anonymousfox.co" "Mozilla/5.0 (Windows NT 10.0; Win64; x64) AppleWebKit/537.36 (KHTML, like Gecko) Chrome/90.0.4430.85 Safari/537.36"
20.185.234.0 - - [30/Jun/2021:04:47:52 +0200] "GET /haders.php HTTP/1.1" 200 8199 "anonymousfox.co" "Mozilla/5.0 (Windows NT 10.0; Win64; x64) AppleWebKit/537.36 (KHTML, like Gecko) Chrome/90.0.4430.85 Safari/537.36"
20.185.234.0 - - [30/Jun/2021:04:48:00 +0200] "GET /wp-content/wp-old-index.php?action=login&pass=-1&submit= HTTP/1.1" 200 - "anonymousfox.co" "Mozilla/5.0 (Windows NT 10.0; Win64; x64) AppleWebKit/537.36 (KHTML, like Gecko) Chrome/90.0.4430.85 Safari/537.36"
20.185.234.0 - - [30/Jun/2021:04:48:00 +0200] "GET /wp-content/wp-old-index.php?action=login&pass=-1&submit= HTTP/1.1" 200 - "anonymousfox.co" "Mozilla/5.0 (Windows NT 10.0; Win64; x64) AppleWebKit/537.36 (KHTML, like Gecko) Chrome/90.0.4430.85 Safari/537.36"
20.185.234.0 - - [30/Jun/2021:04:48:01 +0200] "GET /wp-content/wp-old-index.php?action=login&pass=-1&submit= HTTP/1.1" 200 8199 "anonymousfox.co" "Mozilla/5.0 (Windows NT 10.0; Win64; x64) AppleWebKit/537.36 (KHTML, like Gecko) Chrome/90.0.4430.85 Safari/537.36"
20.185.234.0 - - [30/Jun/2021:04:48:17 +0200] "GET /legion.php HTTP/1.1" 200 - "anonymousfox.co" "Mozilla/5.0 (Windows NT 10.0; Win64; x64) AppleWebKit/537.36 (KHTML, like Gecko) Chrome/90.0.4430.85 Safari/537.36"
20.185.234.0 - - [30/Jun/2021:04:48:19 +0200] "GET /legion.php HTTP/1.1" 200 - "anonymousfox.co" "Mozilla/5.0 (Windows NT 10.0; Win64; x64) AppleWebKit/537.36 (KHTML, like Gecko) Chrome/90.0.4430.85 Safari/537.36"
20.185.234.0 - - [30/Jun/2021:04:48:19 +0200] "GET /legion.php HTTP/1.1" 200 8199 "anonymousfox.co" "Mozilla/5.0 (Windows NT 10.0; Win64; x64) AppleWebKit/537.36 (KHTML, like Gecko) Chrome/90.0.4430.85 Safari/537.36"
103.3.245.0 - - [30/Jun/2021:04:48:26 +0200] "POST /wp-login.php HTTP/1.1" 200 2884 "-" "Mozilla/5.0 (Windows NT 6.1; WOW64) AppleWebKit/537.36 (KHTML, like Gecko) Chrome/63.0.3239.132 Safari/537.36"
81.169.178.0 - - [30/Jun/2021:04:48:38 +0200] "POST /wp-cron.php?doing_wp_cron=1625021318.6156449317932128906250 HTTP/1.1" 200 - "http://www.computerdoc24.de/wp-cron.php?doing_wp_cron=1625021318.6156449317932128906250" "WordPress/5.2.11; https://www.computerdoc24.de"
20.185.234.0 - - [30/Jun/2021:04:48:38 +0200] "GET /wp-content/mu-plugins/db-safe-mode.php HTTP/1.1" 200 - "anonymousfox.co" "Mozilla/5.0 (Windows NT 10.0; Win64; x64) AppleWebKit/537.36 (KHTML, like Gecko) Chrome/90.0.4430.85 Safari/537.36"
20.185.234.0 - - [30/Jun/2021:04:48:39 +0200] "GET /wp-content/mu-plugins/db-safe-mode.php HTTP/1.1" 200 - "anonymousfox.co" "Mozilla/5.0 (Windows NT 10.0; Win64; x64) AppleWebKit/537.36 (KHTML, like Gecko) Chrome/90.0.4430.85 Safari/537.36"
20.185.234.0 - - [30/Jun/2021:04:48:40 +0200] "GET /wp-content/mu-plugins/db-safe-mode.php HTTP/1.1" 200 8199 "anonymousfox.co" "Mozilla/5.0 (Windows NT 10.0; Win64; x64) AppleWebKit/537.36 (KHTML, like Gecko) Chrome/90.0.4430.85 Safari/537.36"
20.185.234.0 - - [30/Jun/2021:04:49:14 +0200] "GET /wp-includes/lfx.php HTTP/1.1" 200 - "anonymousfox.co" "Mozilla/5.0 (Windows NT 10.0; Win64; x64) AppleWebKit/537.36 (KHTML, like Gecko) Chrome/90.0.4430.85 Safari/537.36"
20.185.234.0 - - [30/Jun/2021:04:49:15 +0200] "GET /wp-includes/lfx.php HTTP/1.1" 200 - "anonymousfox.co" "Mozilla/5.0 (Windows NT 10.0; Win64; x64) AppleWebKit/537.36 (KHTML, like Gecko) Chrome/90.0.4430.85 Safari/537.36"
20.185.234.0 - - [30/Jun/2021:04:49:15 +0200] "GET /wp-includes/lfx.php HTTP/1.1" 200 8199 "anonymousfox.co" "Mozilla/5.0 (Windows NT 10.0; Win64; x64) AppleWebKit/537.36 (KHTML, like Gecko) Chrome/90.0.4430.85 Safari/537.36"
20.185.234.0 - - [30/Jun/2021:04:49:19 +0200] "GET /wp-includes/small.php HTTP/1.1" 200 - "anonymousfox.co" "Mozilla/5.0 (Windows NT 10.0; Win64; x64) AppleWebKit/537.36 (KHTML, like Gecko) Chrome/90.0.4430.85 Safari/537.36"
20.185.234.0 - - [30/Jun/2021:04:49:20 +0200] "GET /wp-includes/small.php HTTP/1.1" 200 - "anonymousfox.co" "Mozilla/5.0 (Windows NT 10.0; Win64; x64) AppleWebKit/537.36 (KHTML, like Gecko) Chrome/90.0.4430.85 Safari/537.36"
20.185.234.0 - - [30/Jun/2021:04:49:21 +0200] "GET /wp-includes/small.php HTTP/1.1" 200 8199 "anonymousfox.co" "Mozilla/5.0 (Windows NT 10.0; Win64; x64) AppleWebKit/537.36 (KHTML, like Gecko) Chrome/90.0.4430.85 Safari/537.36"
20.185.234.0 - - [30/Jun/2021:04:49:26 +0200] "GET /up.php HTTP/1.1" 200 - "anonymousfox.co" "Mozilla/5.0 (Windows NT 10.0; Win64; x64) AppleWebKit/537.36 (KHTML, like Gecko) Chrome/90.0.4430.85 Safari/537.36"
20.185.234.0 - - [30/Jun/2021:04:49:27 +0200] "GET /up.php HTTP/1.1" 200 - "anonymousfox.co" "Mozilla/5.0 (Windows NT 10.0; Win64; x64) AppleWebKit/537.36 (KHTML, like Gecko) Chrome/90.0.4430.85 Safari/537.36"
20.185.234.0 - - [30/Jun/2021:04:49:27 +0200] "GET /up.php HTTP/1.1" 200 8199 "anonymousfox.co" "Mozilla/5.0 (Windows NT 10.0; Win64; x64) AppleWebKit/537.36 (KHTML, like Gecko) Chrome/90.0.4430.85 Safari/537.36"
81.169.178.0 - - [30/Jun/2021:04:49:35 +0200] "POST /wp-cron.php?doing_wp_cron=1625021375.4563550949096679687500 HTTP/1.1" 200 - "http://www.computerdoc24.de/wp-cron.php?doing_wp_cron=1625021375.4563550949096679687500" "WordPress/5.2.11; https://www.computerdoc24.de"
20.185.234.0 - - [30/Jun/2021:04:49:35 +0200] "GET /upload.php HTTP/1.1" 200 - "anonymousfox.co" "Mozilla/5.0 (Windows NT 10.0; Win64; x64) AppleWebKit/537.36 (KHTML, like Gecko) Chrome/90.0.4430.85 Safari/537.36"
20.185.234.0 - - [30/Jun/2021:04:49:36 +0200] "GET /upload.php HTTP/1.1" 200 - "anonymousfox.co" "Mozilla/5.0 (Windows NT 10.0; Win64; x64) AppleWebKit/537.36 (KHTML, like Gecko) Chrome/90.0.4430.85 Safari/537.36"
20.185.234.0 - - [30/Jun/2021:04:49:36 +0200] "GET /upload.php HTTP/1.1" 200 8199 "anonymousfox.co" "Mozilla/5.0 (Windows NT 10.0; Win64; x64) AppleWebKit/537.36 (KHTML, like Gecko) Chrome/90.0.4430.85 Safari/537.36"
20.185.234.0 - - [30/Jun/2021:04:49:47 +0200] "GET /config.php HTTP/1.1" 200 - "anonymousfox.co" "Mozilla/5.0 (Windows NT 10.0; Win64; x64) AppleWebKit/537.36 (KHTML, like Gecko) Chrome/90.0.4430.85 Safari/537.36"
20.185.234.0 - - [30/Jun/2021:04:49:47 +0200] "GET /config.php HTTP/1.1" 200 - "anonymousfox.co" "Mozilla/5.0 (Windows NT 10.0; Win64; x64) AppleWebKit/537.36 (KHTML, like Gecko) Chrome/90.0.4430.85 Safari/537.36"
20.185.234.0 - - [30/Jun/2021:04:49:48 +0200] "GET /config.php HTTP/1.1" 200 8199 "anonymousfox.co" "Mozilla/5.0 (Windows NT 10.0; Win64; x64) AppleWebKit/537.36 (KHTML, like Gecko) Chrome/90.0.4430.85 Safari/537.36"
185.114.245.0 - - [30/Jun/2021:04:49:54 +0200] "GET /wp-login.php HTTP/1.1" 200 2743 "-" "Mozilla/5.0 (X11; Ubuntu; Linux x86_64; rv:62.0) Gecko/20100101 Firefox/62.0"
185.114.245.0 - - [30/Jun/2021:04:49:55 +0200] "POST /wp-login.php HTTP/1.1" 200 2880 "-" "Mozilla/5.0 (X11; Ubuntu; Linux x86_64; rv:62.0) Gecko/20100101 Firefox/62.0"
185.114.245.0 - - [30/Jun/2021:04:49:55 +0200] "GET /wp-login.php HTTP/1.1" 200 2743 "-" "Mozilla/5.0 (X11; Ubuntu; Linux x86_64; rv:62.0) Gecko/20100101 Firefox/62.0"
185.114.245.0 - - [30/Jun/2021:04:49:56 +0200] "POST /wp-login.php HTTP/1.1" 200 2844 "-" "Mozilla/5.0 (X11; Ubuntu; Linux x86_64; rv:62.0) Gecko/20100101 Firefox/62.0"
185.114.245.0 - - [30/Jun/2021:04:49:57 +0200] "POST /xmlrpc.php HTTP/1.1" 200 249 "-" "Mozilla/5.0 (X11; Ubuntu; Linux x86_64; rv:62.0) Gecko/20100101 Firefox/62.0"
20.185.234.0 - - [30/Jun/2021:04:50:23 +0200] "GET /test.php?Ghost=send HTTP/1.1" 200 - "anonymousfox.co" "Mozilla/5.0 (Windows NT 10.0; Win64; x64) AppleWebKit/537.36 (KHTML, like Gecko) Chrome/90.0.4430.85 Safari/537.36"
20.185.234.0 - - [30/Jun/2021:04:50:23 +0200] "GET /test.php?Ghost=send HTTP/1.1" 200 - "anonymousfox.co" "Mozilla/5.0 (Windows NT 10.0; Win64; x64) AppleWebKit/537.36 (KHTML, like Gecko) Chrome/90.0.4430.85 Safari/537.36"
20.185.234.0 - - [30/Jun/2021:04:50:24 +0200] "GET /test.php?Ghost=send HTTP/1.1" 200 8199 "anonymousfox.co" "Mozilla/5.0 (Windows NT 10.0; Win64; x64) AppleWebKit/537.36 (KHTML, like Gecko) Chrome/90.0.4430.85 Safari/537.36"
81.169.178.0 - - [30/Jun/2021:04:50:34 +0200] "POST /wp-cron.php?doing_wp_cron=1625021434.8289899826049804687500 HTTP/1.1" 200 - "http://www.computerdoc24.de/wp-cron.php?doing_wp_cron=1625021434.8289899826049804687500" "WordPress/5.2.11; https://www.computerdoc24.de"
20.185.234.0 - - [30/Jun/2021:04:50:34 +0200] "GET /wp-content/langar.php HTTP/1.1" 200 - "anonymousfox.co" "Mozilla/5.0 (Windows NT 10.0; Win64; x64) AppleWebKit/537.36 (KHTML, like Gecko) Chrome/90.0.4430.85 Safari/537.36"
20.185.234.0 - - [30/Jun/2021:04:50:35 +0200] "GET /wp-content/langar.php HTTP/1.1" 200 - "anonymousfox.co" "Mozilla/5.0 (Windows NT 10.0; Win64; x64) AppleWebKit/537.36 (KHTML, like Gecko) Chrome/90.0.4430.85 Safari/537.36"
20.185.234.0 - - [30/Jun/2021:04:50:36 +0200] "GET /wp-content/langar.php HTTP/1.1" 200 8199 "anonymousfox.co" "Mozilla/5.0 (Windows NT 10.0; Win64; x64) AppleWebKit/537.36 (KHTML, like Gecko) Chrome/90.0.4430.85 Safari/537.36"
20.185.234.0 - - [30/Jun/2021:04:50:58 +0200] "GET /vendor/phpunit/phpunit/src/Util/PHP/eval-stdin.php HTTP/1.1" 200 - "anonymousfox.co" "Mozilla/5.0 (Windows NT 10.0; Win64; x64) AppleWebKit/537.36 (KHTML, like Gecko) Chrome/90.0.4430.85 Safari/537.36"
20.185.234.0 - - [30/Jun/2021:04:50:59 +0200] "GET /vendor/phpunit/phpunit/src/Util/PHP/eval-stdin.php HTTP/1.1" 200 - "anonymousfox.co" "Mozilla/5.0 (Windows NT 10.0; Win64; x64) AppleWebKit/537.36 (KHTML, like Gecko) Chrome/90.0.4430.85 Safari/537.36"
20.185.234.0 - - [30/Jun/2021:04:51:00 +0200] "GET /vendor/phpunit/phpunit/src/Util/PHP/eval-stdin.php HTTP/1.1" 200 8199 "anonymousfox.co" "Mozilla/5.0 (Windows NT 10.0; Win64; x64) AppleWebKit/537.36 (KHTML, like Gecko) Chrome/90.0.4430.85 Safari/537.36"
20.185.234.0 - - [30/Jun/2021:04:51:09 +0200] "GET /wp-content/plugins/fancy-product-designer/inc/custom-image-handler.php HTTP/1.1" 200 - "anonymousfox.co" "Mozilla/5.0 (Windows NT 10.0; Win64; x64) AppleWebKit/537.36 (KHTML, like Gecko) Chrome/90.0.4430.85 Safari/537.36"
20.185.234.0 - - [30/Jun/2021:04:51:09 +0200] "GET /wp-content/plugins/fancy-product-designer/inc/custom-image-handler.php HTTP/1.1" 200 - "anonymousfox.co" "Mozilla/5.0 (Windows NT 10.0; Win64; x64) AppleWebKit/537.36 (KHTML, like Gecko) Chrome/90.0.4430.85 Safari/537.36"
20.185.234.0 - - [30/Jun/2021:04:51:10 +0200] "GET /wp-content/plugins/fancy-product-designer/inc/custom-image-handler.php HTTP/1.1" 200 8199 "anonymousfox.co" "Mozilla/5.0 (Windows NT 10.0; Win64; x64) AppleWebKit/537.36 (KHTML, like Gecko) Chrome/90.0.4430.85 Safari/537.36"
20.185.234.0 - - [30/Jun/2021:04:51:15 +0200] "GET /wp-content/plugins/wpdiscuz/themes/default/style-rtl.css HTTP/1.1" 200 - "anonymousfox.co" "Mozilla/5.0 (Windows NT 10.0; Win64; x64) AppleWebKit/537.36 (KHTML, like Gecko) Chrome/90.0.4430.85 Safari/537.36"
20.185.234.0 - - [30/Jun/2021:04:51:15 +0200] "GET /wp-content/plugins/wpdiscuz/themes/default/style-rtl.css HTTP/1.1" 200 - "anonymousfox.co" "Mozilla/5.0 (Windows NT 10.0; Win64; x64) AppleWebKit/537.36 (KHTML, like Gecko) Chrome/90.0.4430.85 Safari/537.36"
20.185.234.0 - - [30/Jun/2021:04:51:16 +0200] "GET /wp-content/plugins/wpdiscuz/themes/default/style-rtl.css HTTP/1.1" 200 8199 "anonymousfox.co" "Mozilla/5.0 (Windows NT 10.0; Win64; x64) AppleWebKit/537.36 (KHTML, like Gecko) Chrome/90.0.4430.85 Safari/537.36"
65.21.180.0 - - [30/Jun/2021:04:53:03 +0200] "GET /robots.txt HTTP/1.1" 404 2607 "-" "Mozilla/5.0 (compatible; Seekport Crawler; http://seekport.com/)"
65.21.180.0 - - [30/Jun/2021:04:53:05 +0200] "GET / HTTP/1.1" 200 16151 "-" "Mozilla/5.0 (compatible; Seekport Crawler; http://seekport.com/)"
65.21.180.0 - - [30/Jun/2021:04:53:07 +0200] "GET /index.html HTTP/1.1" 200 16151 "http://www.reinigungsprofi-weck.de/" "Mozilla/5.0 (compatible; Seekport Crawler; http://seekport.com/)"
65.21.180.0 - - [30/Jun/2021:04:53:08 +0200] "GET /html/kontakt.html HTTP/1.1" 200 11221 "http://www.reinigungsprofi-weck.de/" "Mozilla/5.0 (compatible; Seekport Crawler; http://seekport.com/)"
65.21.180.0 - - [30/Jun/2021:04:53:11 +0200] "GET /html/referenzen.html HTTP/1.1" 200 20294 "http://www.reinigungsprofi-weck.de/" "Mozilla/5.0 (compatible; Seekport Crawler; http://seekport.com/)"
65.21.180.0 - - [30/Jun/2021:04:53:12 +0200] "GET /html/impressum.html HTTP/1.1" 200 15582 "http://www.reinigungsprofi-weck.de/" "Mozilla/5.0 (compatible; Seekport Crawler; http://seekport.com/)"
65.21.180.0 - - [30/Jun/2021:04:53:13 +0200] "GET /html/anfahrtskosten.html HTTP/1.1" 200 14805 "http://www.reinigungsprofi-weck.de/" "Mozilla/5.0 (compatible; Seekport Crawler; http://seekport.com/)"
65.21.180.0 - - [30/Jun/2021:04:53:15 +0200] "GET /html/vorher_nachher.html HTTP/1.1" 200 13774 "http://www.reinigungsprofi-weck.de/" "Mozilla/5.0 (compatible; Seekport Crawler; http://seekport.com/)"
185.220.100.0 - - [30/Jun/2021:04:54:32 +0200] "POST /xmlrpc.php HTTP/1.0" 301 245 "-" "Mozilla/5.0 (Windows NT 10.0; Win64; x64) AppleWebKit/537.36 (KHTML, like Gecko) Chrome/88.0.4324.192 Safari/537.36"
185.220.100.0 - - [30/Jun/2021:04:54:33 +0200] "POST /xmlrpc.php HTTP/1.0" 200 429 "-" "Mozilla/5.0 (Windows NT 10.0; Win64; x64) AppleWebKit/537.36 (KHTML, like Gecko) Chrome/88.0.4324.192 Safari/537.36"
81.169.178.0 - - [30/Jun/2021:04:54:34 +0200] "POST /wp-cron.php?doing_wp_cron=1625021673.9073019027709960937500 HTTP/1.1" 200 - "https://www.ipcbusiness.de/wp-cron.php?doing_wp_cron=1625021673.9073019027709960937500" "WordPress/5.6.4; https://www.ipcbusiness.de"
81.169.178.0 - - [30/Jun/2021:04:55:51 +0200] "POST /wp-cron.php?doing_wp_cron=1625021750.9507570266723632812500 HTTP/1.1" 200 - "https://www.computerdoc24.de/wp-cron.php?doing_wp_cron=1625021750.9507570266723632812500" "WordPress/5.2.11; https://www.computerdoc24.de"
114.119.136.0 - - [30/Jun/2021:04:55:50 +0200] "GET / HTTP/1.1" 301 - "-" "Mozilla/5.0 (Linux; Android 7.0;) AppleWebKit/537.36 (KHTML, like Gecko) Mobile Safari/537.36 (compatible; PetalBot;+https://webmaster.petalsearch.com/site/petalbot)"
66.249.75.0 - - [30/Jun/2021:04:55:51 +0200] "GET /it/ueber-uns/ipc-business-gmbh-firmeninformation/ HTTP/1.1" 301 334 "-" "Mozilla/5.0 (compatible; Googlebot/2.1; +http://www.google.com/bot.html)"
114.119.136.0 - - [30/Jun/2021:04:55:57 +0200] "GET / HTTP/1.1" 200 16475 "-" "Mozilla/5.0 (Linux; Android 7.0;) AppleWebKit/537.36 (KHTML, like Gecko) Mobile Safari/537.36 (compatible; PetalBot;+https://webmaster.petalsearch.com/site/petalbot)"
81.169.178.0 - - [30/Jun/2021:04:56:34 +0200] "POST /wp-cron.php?doing_wp_cron=1625021794.6555769443511962890625 HTTP/1.1" 200 - "https://www.computerdoc24.de/wp-cron.php?doing_wp_cron=1625021794.6555769443511962890625" "WordPress/5.2.11; https://www.computerdoc24.de"
83.103.131.0 - - [30/Jun/2021:04:56:34 +0200] "GET /wp-login.php HTTP/1.1" 200 2238 "-" "Mozilla/5.0 (X11; Ubuntu; Linux x86_64; rv:62.0) Gecko/20100101 Firefox/62.0"
83.103.131.0 - - [30/Jun/2021:04:56:35 +0200] "POST /wp-login.php HTTP/1.1" 200 2589 "-" "Mozilla/5.0 (X11; Ubuntu; Linux x86_64; rv:62.0) Gecko/20100101 Firefox/62.0"
83.103.131.0 - - [30/Jun/2021:04:56:36 +0200] "POST /xmlrpc.php HTTP/1.1" 200 228 "-" "Mozilla/5.0 (X11; Ubuntu; Linux x86_64; rv:62.0) Gecko/20100101 Firefox/62.0"
81.169.178.0 - - [30/Jun/2021:05:00:44 +0200] "POST /wp-cron.php?doing_wp_cron=1625022044.0376958847045898437500 HTTP/1.1" 200 - "https://www.computerdoc24.de/wp-cron.php?doing_wp_cron=1625022044.0376958847045898437500" "WordPress/5.2.11; https://www.computerdoc24.de"
185.191.171.0 - - [30/Jun/2021:05:00:43 +0200] "GET /robots.txt HTTP/1.1" 200 69 "-" "Mozilla/5.0 (compatible; SemrushBot/7~bl; +http://www.semrush.com/bot.html)"
185.191.171.0 - - [30/Jun/2021:05:00:45 +0200] "GET /product/logitech-keyboard-k120-black-de/ HTTP/1.1" 200 15698 "-" "Mozilla/5.0 (compatible; SemrushBot/7~bl; +http://www.semrush.com/bot.html)"
144.91.97.0 - - [30/Jun/2021:05:00:49 +0200] "GET /wp-login.php HTTP/1.1" 200 2748 "-" "Mozilla/5.0 (X11; Ubuntu; Linux x86_64; rv:62.0) Gecko/20100101 Firefox/62.0"
144.91.97.0 - - [30/Jun/2021:05:00:50 +0200] "POST /wp-login.php HTTP/1.1" 200 2886 "-" "Mozilla/5.0 (X11; Ubuntu; Linux x86_64; rv:62.0) Gecko/20100101 Firefox/62.0"
144.91.97.0 - - [30/Jun/2021:05:00:50 +0200] "POST /xmlrpc.php HTTP/1.1" 200 249 "-" "Mozilla/5.0 (X11; Ubuntu; Linux x86_64; rv:62.0) Gecko/20100101 Firefox/62.0"
135.181.7.0 - - [30/Jun/2021:05:02:48 +0200] "GET /wp-login.php HTTP/1.1" 200 2748 "-" "Mozilla/5.0 (X11; Ubuntu; Linux x86_64; rv:62.0) Gecko/20100101 Firefox/62.0"
135.181.7.0 - - [30/Jun/2021:05:02:54 +0200] "POST /wp-login.php HTTP/1.1" 200 2884 "-" "Mozilla/5.0 (X11; Ubuntu; Linux x86_64; rv:62.0) Gecko/20100101 Firefox/62.0"
135.181.7.0 - - [30/Jun/2021:05:02:54 +0200] "POST /xmlrpc.php HTTP/1.1" 200 249 "-" "Mozilla/5.0 (X11; Ubuntu; Linux x86_64; rv:62.0) Gecko/20100101 Firefox/62.0"
54.216.183.0 - - [30/Jun/2021:05:06:22 +0200] "GET / HTTP/1.1" 301 231 "-" "Mozilla/5.0 (Macintosh; Intel Mac OS X 10.15; rv:81.0) Gecko/20100101 Firefox/81.0"
54.216.183.0 - - [30/Jun/2021:05:06:22 +0200] "GET / HTTP/1.1" 301 - "http://81.169.178.78" "Mozilla/5.0 (Macintosh; Intel Mac OS X 10.15; rv:81.0) Gecko/20100101 Firefox/81.0"
54.216.183.0 - - [30/Jun/2021:05:06:22 +0200] "GET / HTTP/1.1" 200 18794 "https://81.169.178.78/" "Mozilla/5.0 (Macintosh; Intel Mac OS X 10.15; rv:81.0) Gecko/20100101 Firefox/81.0"
207.46.13.0 - - [30/Jun/2021:05:06:26 +0200] "GET / HTTP/1.1" 200 2590 "-" "Mozilla/5.0 (compatible; bingbot/2.0; +http://www.bing.com/bingbot.htm)"
81.169.178.0 - - [30/Jun/2021:05:09:56 +0200] "POST /wp-cron.php?doing_wp_cron=1625022596.1593339443206787109375 HTTP/1.1" 200 - "http://www.computerdoc24.de/wp-cron.php?doing_wp_cron=1625022596.1593339443206787109375" "WordPress/5.2.11; https://www.computerdoc24.de"
3.249.34.0 - - [30/Jun/2021:05:09:56 +0200] "GET / HTTP/1.1" 301 - "-" "Mozilla/5.0 (Macintosh; Intel Mac OS X 10.15; rv:81.0) Gecko/20100101 Firefox/81.0"
3.249.34.0 - - [30/Jun/2021:05:09:56 +0200] "GET / HTTP/1.1" 301 - "http://81.169.178.78" "Mozilla/5.0 (Macintosh; Intel Mac OS X 10.15; rv:81.0) Gecko/20100101 Firefox/81.0"
3.249.34.0 - - [30/Jun/2021:05:09:56 +0200] "GET / HTTP/1.1" 200 16470 "https://81.169.178.78/" "Mozilla/5.0 (Macintosh; Intel Mac OS X 10.15; rv:81.0) Gecko/20100101 Firefox/81.0"
34.96.130.0 - - [30/Jun/2021:05:10:31 +0200] "GET / HTTP/1.1" 200 2691 "-" "Expanse, a Palo Alto Networks company, searches across the global IPv4 space multiple times per day to identify customers&#39; presences on the Internet. If you would like to be excluded from our scans, please send IP addresses/domains to: scaninfo@paloaltonetworks.com"
81.169.178.0 - - [30/Jun/2021:05:10:35 +0200] "POST /wp-cron.php?doing_wp_cron=1625022635.0415070056915283203125 HTTP/1.1" 200 - "https://www.computerdoc24.de/wp-cron.php?doing_wp_cron=1625022635.0415070056915283203125" "WordPress/5.2.11; https://www.computerdoc24.de"
54.36.148.0 - - [30/Jun/2021:05:10:34 +0200] "GET /robots.txt HTTP/1.1" 200 69 "-" "Mozilla/5.0 (compatible; AhrefsBot/7.0; +http://ahrefs.com/robot/)"
54.36.149.0 - - [30/Jun/2021:05:10:36 +0200] "GET /product/leistungsstarkes-17-zoll-hp-notebook/ HTTP/1.1" 200 13733 "-" "Mozilla/5.0 (compatible; AhrefsBot/7.0; +http://ahrefs.com/robot/)"
157.245.218.0 - - [30/Jun/2021:05:10:39 +0200] "POST /wp-login.php HTTP/1.1" 200 2886 "-" "Mozilla/5.0 (Windows NT 6.0) AppleWebKit/537.36 (KHTML, like Gecko) Chrome/49.0.2623.112 Safari/537.36"
51.132.4.0 - - [30/Jun/2021:05:11:14 +0200] "POST /wp-login.php HTTP/1.1" 503 7057 "-" "Mozilla/5.0 (Windows NT 6.1; WOW64) AppleWebKit/537.36 (KHTML, like Gecko) Chrome/46.0.2490.86 Safari/537.36"
167.71.89.0 - - [30/Jun/2021:05:12:13 +0200] "POST /wp-login.php HTTP/1.1" 200 2915 "-" "Mozilla/5.0 (X11; Ubuntu; Linux x86_64; rv:62.0) Gecko/20100101 Firefox/62.0"
167.71.89.0 - - [30/Jun/2021:05:12:24 +0200] "POST /xmlrpc.php HTTP/1.1" 200 249 "-" "Mozilla/5.0 (X11; Ubuntu; Linux x86_64; rv:62.0) Gecko/20100101 Firefox/62.0"
66.249.75.0 - - [30/Jun/2021:05:15:40 +0200] "GET /ru/ HTTP/1.1" 301 288 "-" "Mozilla/5.0 (compatible; Googlebot/2.1; +http://www.google.com/bot.html)"
66.249.75.0 - - [30/Jun/2021:05:15:40 +0200] "GET /robots.txt HTTP/1.1" 301 295 "-" "Mozilla/5.0 (compatible; Googlebot/2.1; +http://www.google.com/bot.html)"
66.249.69.0 - - [30/Jun/2021:05:15:41 +0200] "GET /robots.txt HTTP/1.1" 301 297 "-" "Mozilla/5.0 (compatible; Googlebot/2.1; +http://www.google.com/bot.html)"
81.169.178.0 - - [30/Jun/2021:05:20:32 +0200] "POST /wp-cron.php?doing_wp_cron=1625023232.6251339912414550781250 HTTP/1.1" 200 - "https://www.computerdoc24.de/wp-cron.php?doing_wp_cron=1625023232.6251339912414550781250" "WordPress/5.2.11; https://www.computerdoc24.de"
3.6.52.0 - - [30/Jun/2021:05:20:32 +0200] "GET /wp-login.php HTTP/1.1" 200 2238 "-" "Mozilla/5.0 (X11; Ubuntu; Linux x86_64; rv:62.0) Gecko/20100101 Firefox/62.0"
3.6.52.0 - - [30/Jun/2021:05:20:36 +0200] "POST /wp-login.php HTTP/1.1" 200 2589 "-" "Mozilla/5.0 (X11; Ubuntu; Linux x86_64; rv:62.0) Gecko/20100101 Firefox/62.0"
3.6.52.0 - - [30/Jun/2021:05:20:40 +0200] "POST /xmlrpc.php HTTP/1.1" 200 228 "-" "Mozilla/5.0 (X11; Ubuntu; Linux x86_64; rv:62.0) Gecko/20100101 Firefox/62.0"
2.247.247.0 - - [30/Jun/2021:05:20:50 +0200] "GET / HTTP/1.1" 200 2590 "https://www.vitaminews.com/" "Mozilla/5.0 (Linux; Android 8.0.0; BAH2-L09) AppleWebKit/537.36 (KHTML, like Gecko) Chrome/70.0.3538.110 Safari/537.36"
2.247.247.0 - - [30/Jun/2021:05:20:50 +0200] "GET /assets/rollover.js HTTP/1.1" 200 5145 "https://www.reinigungsprofi-weck.de/" "Mozilla/5.0 (Linux; Android 8.0.0; BAH2-L09) AppleWebKit/537.36 (KHTML, like Gecko) Chrome/70.0.3538.110 Safari/537.36"
2.247.247.0 - - [30/Jun/2021:05:20:50 +0200] "GET /html/fusion.css HTTP/1.1" 200 1161 "https://www.reinigungsprofi-weck.de/" "Mozilla/5.0 (Linux; Android 8.0.0; BAH2-L09) AppleWebKit/537.36 (KHTML, like Gecko) Chrome/70.0.3538.110 Safari/537.36"
2.247.247.0 - - [30/Jun/2021:05:20:50 +0200] "GET /html/style.css HTTP/1.1" 200 458 "https://www.reinigungsprofi-weck.de/" "Mozilla/5.0 (Linux; Android 8.0.0; BAH2-L09) AppleWebKit/537.36 (KHTML, like Gecko) Chrome/70.0.3538.110 Safari/537.36"
2.247.247.0 - - [30/Jun/2021:05:20:51 +0200] "GET /html/site.css HTTP/1.1" 200 88 "https://www.reinigungsprofi-weck.de/" "Mozilla/5.0 (Linux; Android 8.0.0; BAH2-L09) AppleWebKit/537.36 (KHTML, like Gecko) Chrome/70.0.3538.110 Safari/537.36"
2.247.247.0 - - [30/Jun/2021:05:20:51 +0200] "GET /subheader_br.gif HTTP/1.1" 200 1693 "https://www.reinigungsprofi-weck.de/" "Mozilla/5.0 (Linux; Android 8.0.0; BAH2-L09) AppleWebKit/537.36 (KHTML, like Gecko) Chrome/70.0.3538.110 Safari/537.36"
2.247.247.0 - - [30/Jun/2021:05:20:51 +0200] "GET /subheader_l.gif HTTP/1.1" 200 2832 "https://www.reinigungsprofi-weck.de/" "Mozilla/5.0 (Linux; Android 8.0.0; BAH2-L09) AppleWebKit/537.36 (KHTML, like Gecko) Chrome/70.0.3538.110 Safari/537.36"
2.247.247.0 - - [30/Jun/2021:05:20:51 +0200] "GET /subheader_bl.gif HTTP/1.1" 200 1883 "https://www.reinigungsprofi-weck.de/" "Mozilla/5.0 (Linux; Android 8.0.0; BAH2-L09) AppleWebKit/537.36 (KHTML, like Gecko) Chrome/70.0.3538.110 Safari/537.36"
2.247.247.0 - - [30/Jun/2021:05:20:51 +0200] "GET /header_l.gif HTTP/1.1" 200 7358 "https://www.reinigungsprofi-weck.de/" "Mozilla/5.0 (Linux; Android 8.0.0; BAH2-L09) AppleWebKit/537.36 (KHTML, like Gecko) Chrome/70.0.3538.110 Safari/537.36"
2.247.247.0 - - [30/Jun/2021:05:20:51 +0200] "GET /subheader_r.gif HTTP/1.1" 200 1036 "https://www.reinigungsprofi-weck.de/" "Mozilla/5.0 (Linux; Android 8.0.0; BAH2-L09) AppleWebKit/537.36 (KHTML, like Gecko) Chrome/70.0.3538.110 Safari/537.36"
2.247.247.0 - - [30/Jun/2021:05:20:51 +0200] "GET /assets/images/autogen/Spezialreinigung-_Hhighlighted_1_1.gif HTTP/1.1" 200 1750 "https://www.reinigungsprofi-weck.de/" "Mozilla/5.0 (Linux; Android 8.0.0; BAH2-L09) AppleWebKit/537.36 (KHTML, like Gecko) Chrome/70.0.3538.110 Safari/537.36"
2.247.247.0 - - [30/Jun/2021:05:20:51 +0200] "GET /assets/images/autogen/Impressum_Nregular_1_1.gif HTTP/1.1" 200 1218 "https://www.reinigungsprofi-weck.de/" "Mozilla/5.0 (Linux; Android 8.0.0; BAH2-L09) AppleWebKit/537.36 (KHTML, like Gecko) Chrome/70.0.3538.110 Safari/537.36"
2.247.247.0 - - [30/Jun/2021:05:20:51 +0200] "GET /assets/images/autogen/Anfahrtskosten_Nregular_1_1.gif HTTP/1.1" 200 1732 "https://www.reinigungsprofi-weck.de/" "Mozilla/5.0 (Linux; Android 8.0.0; BAH2-L09) AppleWebKit/537.36 (KHTML, like Gecko) Chrome/70.0.3538.110 Safari/537.36"
2.247.247.0 - - [30/Jun/2021:05:20:51 +0200] "GET /assets/images/autogen/Kontakt_Nregular_1_1.gif HTTP/1.1" 200 1596 "https://www.reinigungsprofi-weck.de/" "Mozilla/5.0 (Linux; Android 8.0.0; BAH2-L09) AppleWebKit/537.36 (KHTML, like Gecko) Chrome/70.0.3538.110 Safari/537.36"
2.247.247.0 - - [30/Jun/2021:05:20:51 +0200] "GET /assets/images/autogen/Vorher-Nachher_Nregular_1_1.gif HTTP/1.1" 200 1718 "https://www.reinigungsprofi-weck.de/" "Mozilla/5.0 (Linux; Android 8.0.0; BAH2-L09) AppleWebKit/537.36 (KHTML, like Gecko) Chrome/70.0.3538.110 Safari/537.36"
2.247.247.0 - - [30/Jun/2021:05:20:51 +0200] "GET /assets/images/autogen/Referenzen_Nregular_1_1.gif HTTP/1.1" 200 1249 "https://www.reinigungsprofi-weck.de/" "Mozilla/5.0 (Linux; Android 8.0.0; BAH2-L09) AppleWebKit/537.36 (KHTML, like Gecko) Chrome/70.0.3538.110 Safari/537.36"
2.247.247.0 - - [30/Jun/2021:05:20:51 +0200] "GET /assets/images/body_bak.gif HTTP/1.1" 200 49 "https://www.reinigungsprofi-weck.de/html/style.css" "Mozilla/5.0 (Linux; Android 8.0.0; BAH2-L09) AppleWebKit/537.36 (KHTML, like Gecko) Chrome/70.0.3538.110 Safari/537.36"
2.247.247.0 - - [30/Jun/2021:05:20:51 +0200] "GET /kv_none_poetic_cream_none_1.gif HTTP/1.1" 200 248 "https://www.reinigungsprofi-weck.de/" "Mozilla/5.0 (Linux; Android 8.0.0; BAH2-L09) AppleWebKit/537.36 (KHTML, like Gecko) Chrome/70.0.3538.110 Safari/537.36"
2.247.247.0 - - [30/Jun/2021:05:20:51 +0200] "GET /assets/images/subheader_bak.gif HTTP/1.1" 200 44 "https://www.reinigungsprofi-weck.de/" "Mozilla/5.0 (Linux; Android 8.0.0; BAH2-L09) AppleWebKit/537.36 (KHTML, like Gecko) Chrome/70.0.3538.110 Safari/537.36"
2.247.247.0 - - [30/Jun/2021:05:20:51 +0200] "GET /assets/images/body_bak1.gif HTTP/1.1" 200 49 "https://www.reinigungsprofi-weck.de/" "Mozilla/5.0 (Linux; Android 8.0.0; BAH2-L09) AppleWebKit/537.36 (KHTML, like Gecko) Chrome/70.0.3538.110 Safari/537.36"
2.247.247.0 - - [30/Jun/2021:05:20:51 +0200] "GET /assets/images/autogen/clearpixel.gif HTTP/1.1" 200 43 "https://www.reinigungsprofi-weck.de/" "Mozilla/5.0 (Linux; Android 8.0.0; BAH2-L09) AppleWebKit/537.36 (KHTML, like Gecko) Chrome/70.0.3538.110 Safari/537.36"
2.247.247.0 - - [30/Jun/2021:05:20:51 +0200] "GET /favicon.ico HTTP/1.1" 404 2816 "https://www.reinigungsprofi-weck.de/" "Mozilla/5.0 (Linux; Android 8.0.0; BAH2-L09) AppleWebKit/537.36 (KHTML, like Gecko) Chrome/70.0.3538.110 Safari/537.36"
:: - - [30/Jun/2021:05:20:59 +0200] "OPTIONS * HTTP/1.0" 200 - "-" "Apache/2.4.6 (CentOS) OpenSSL/1.0.2k-fips mod_fcgid/2.3.9 (internal dummy connection)"
81.169.178.0 - - [30/Jun/2021:05:22:48 +0200] "POST /wp-cron.php?doing_wp_cron=1625023368.5043590068817138671875 HTTP/1.1" 200 - "https://www.computerdoc24.de/wp-cron.php?doing_wp_cron=1625023368.5043590068817138671875" "WordPress/5.2.11; https://www.computerdoc24.de"
192.232.252.0 - - [30/Jun/2021:05:22:48 +0200] "GET /wp-login.php HTTP/1.1" 200 2238 "-" "Mozilla/5.0 (X11; Ubuntu; Linux x86_64; rv:62.0) Gecko/20100101 Firefox/62.0"
192.232.252.0 - - [30/Jun/2021:05:22:49 +0200] "POST /wp-login.php HTTP/1.1" 200 2589 "-" "Mozilla/5.0 (X11; Ubuntu; Linux x86_64; rv:62.0) Gecko/20100101 Firefox/62.0"
192.232.252.0 - - [30/Jun/2021:05:22:50 +0200] "POST /xmlrpc.php HTTP/1.1" 200 228 "-" "Mozilla/5.0 (X11; Ubuntu; Linux x86_64; rv:62.0) Gecko/20100101 Firefox/62.0"
54.36.149.0 - - [30/Jun/2021:05:26:25 +0200] "GET /robots.txt HTTP/1.1" 200 69 "-" "Mozilla/5.0 (compatible; AhrefsBot/7.0; +http://ahrefs.com/robot/)"
139.99.148.0 - - [30/Jun/2021:05:26:33 +0200] "GET /wp-login.php HTTP/1.1" 200 2748 "-" "Mozilla/5.0 (X11; Ubuntu; Linux x86_64; rv:62.0) Gecko/20100101 Firefox/62.0"
139.99.148.0 - - [30/Jun/2021:05:26:35 +0200] "POST /wp-login.php HTTP/1.1" 200 2886 "-" "Mozilla/5.0 (X11; Ubuntu; Linux x86_64; rv:62.0) Gecko/20100101 Firefox/62.0"
139.99.148.0 - - [30/Jun/2021:05:26:37 +0200] "POST /xmlrpc.php HTTP/1.1" 200 249 "-" "Mozilla/5.0 (X11; Ubuntu; Linux x86_64; rv:62.0) Gecko/20100101 Firefox/62.0"
66.249.72.0 - - [30/Jun/2021:05:34:42 +0200] "GET /robots.txt HTTP/1.1" 301 291 "-" "Mozilla/5.0 (compatible; Googlebot/2.1; +http://www.google.com/bot.html)"
66.249.72.0 - - [30/Jun/2021:05:34:44 +0200] "GET / HTTP/1.1" 301 281 "-" "Mozilla/5.0 (Linux; Android 6.0.1; Nexus 5X Build/MMB29P) AppleWebKit/537.36 (KHTML, like Gecko) Chrome/91.0.4472.90 Mobile Safari/537.36 (compatible; Googlebot/2.1; +http://www.google.com/bot.html)"
45.159.196.0 - - [30/Jun/2021:05:36:56 +0200] "GET /wp-login.php HTTP/1.1" 200 2748 "-" "Mozilla/5.0 (X11; Ubuntu; Linux x86_64; rv:62.0) Gecko/20100101 Firefox/62.0"
45.159.196.0 - - [30/Jun/2021:05:36:57 +0200] "POST /wp-login.php HTTP/1.1" 200 2884 "-" "Mozilla/5.0 (X11; Ubuntu; Linux x86_64; rv:62.0) Gecko/20100101 Firefox/62.0"
45.159.196.0 - - [30/Jun/2021:05:36:58 +0200] "POST /xmlrpc.php HTTP/1.1" 200 249 "-" "Mozilla/5.0 (X11; Ubuntu; Linux x86_64; rv:62.0) Gecko/20100101 Firefox/62.0"
185.38.175.0 - - [30/Jun/2021:05:39:21 +0200] "POST /xmlrpc.php HTTP/1.0" 301 241 "-" "Mozilla/5.0 (Macintosh; Intel Mac OS X 10_13_3) AppleWebKit/537.36 (KHTML, like Gecko) Chrome/68.0.3440.106 Safari/537.36"
185.38.175.0 - - [30/Jun/2021:05:39:22 +0200] "POST /xmlrpc.php HTTP/1.0" 200 429 "-" "Mozilla/5.0 (Macintosh; Intel Mac OS X 10_13_3) AppleWebKit/537.36 (KHTML, like Gecko) Chrome/68.0.3440.106 Safari/537.36"
124.153.136.0 - - [30/Jun/2021:05:39:46 +0200] "GET /boaform/admin/formLogin?username=user&psd=user HTTP/1.0" 200 2691 "-" "-"
188.166.233.0 - - [30/Jun/2021:05:40:14 +0200] "GET /wp-login.php HTTP/1.1" 200 2743 "-" "Mozilla/5.0 (X11; Ubuntu; Linux x86_64; rv:62.0) Gecko/20100101 Firefox/62.0"
188.166.233.0 - - [30/Jun/2021:05:40:16 +0200] "POST /wp-login.php HTTP/1.1" 200 2880 "-" "Mozilla/5.0 (X11; Ubuntu; Linux x86_64; rv:62.0) Gecko/20100101 Firefox/62.0"
188.166.233.0 - - [30/Jun/2021:05:40:17 +0200] "GET /wp-login.php HTTP/1.1" 200 2743 "-" "Mozilla/5.0 (X11; Ubuntu; Linux x86_64; rv:62.0) Gecko/20100101 Firefox/62.0"
196.196.41.0 - - [30/Jun/2021:05:40:18 +0200] "GET / HTTP/1.1" 403 2409 "-" "-"
188.166.233.0 - - [30/Jun/2021:05:40:19 +0200] "POST /wp-login.php HTTP/1.1" 200 2844 "-" "Mozilla/5.0 (X11; Ubuntu; Linux x86_64; rv:62.0) Gecko/20100101 Firefox/62.0"
188.166.233.0 - - [30/Jun/2021:05:40:20 +0200] "POST /xmlrpc.php HTTP/1.1" 200 249 "-" "Mozilla/5.0 (X11; Ubuntu; Linux x86_64; rv:62.0) Gecko/20100101 Firefox/62.0"
40.77.167.0 - - [30/Jun/2021:05:41:27 +0200] "GET /fr/kontakt/ HTTP/1.1" 301 296 "-" "Mozilla/5.0 (compatible; bingbot/2.0; +http://www.bing.com/bingbot.htm)"
81.169.178.0 - - [30/Jun/2021:05:43:11 +0200] "POST /wp-cron.php?doing_wp_cron=1625024590.9817869663238525390625 HTTP/1.1" 200 - "https://www.computerdoc24.de/wp-cron.php?doing_wp_cron=1625024590.9817869663238525390625" "WordPress/5.2.11; https://www.computerdoc24.de"
114.119.147.0 - - [30/Jun/2021:05:43:10 +0200] "GET /product/sandisk-usb-sticks-mit-schieber-16gb-10e-32gb-15e-64gb-20e-128gb-30e/ HTTP/1.1" 200 13818 "-" "Mozilla/5.0 (Linux; Android 7.0;) AppleWebKit/537.36 (KHTML, like Gecko) Mobile Safari/537.36 (compatible; PetalBot;+https://webmaster.petalsearch.com/site/petalbot)"
66.249.72.0 - - [30/Jun/2021:05:44:54 +0200] "GET /robots.txt HTTP/1.1" 200 2691 "-" "Mozilla/5.0 (compatible; Googlebot/2.1; +http://www.google.com/bot.html)"
66.249.72.0 - - [30/Jun/2021:05:44:54 +0200] "GET / HTTP/1.1" 200 2691 "-" "Mozilla/5.0 (Linux; Android 6.0.1; Nexus 5X Build/MMB29P) AppleWebKit/537.36 (KHTML, like Gecko) Chrome/91.0.4472.90 Mobile Safari/537.36 (compatible; Googlebot/2.1; +http://www.google.com/bot.html)"
23.129.64.0 - - [30/Jun/2021:05:47:14 +0200] "GET / HTTP/1.1" 403 2409 "-" "Mozilla/5.0 (compatible; Baiduspider/2.0; +http://www.baidu.com/search/spider.html)"
81.169.178.0 - - [30/Jun/2021:05:47:32 +0200] "POST /wp-cron.php?doing_wp_cron=1625024852.6473391056060791015625 HTTP/1.1" 200 - "https://www.computerdoc24.de/wp-cron.php?doing_wp_cron=1625024852.6473391056060791015625" "WordPress/5.2.11; https://www.computerdoc24.de"
134.209.144.0 - - [30/Jun/2021:05:47:32 +0200] "POST /wp-login.php HTTP/1.1" 200 2411 "-" "Mozilla/5.0 (X11; Ubuntu; Linux x86_64; rv:62.0) Gecko/20100101 Firefox/62.0"
134.209.144.0 - - [30/Jun/2021:05:47:37 +0200] "POST /xmlrpc.php HTTP/1.1" 200 228 "-" "Mozilla/5.0 (X11; Ubuntu; Linux x86_64; rv:62.0) Gecko/20100101 Firefox/62.0"
81.169.178.0 - - [30/Jun/2021:05:53:36 +0200] "POST /wp-cron.php?doing_wp_cron=1625025216.6348359584808349609375 HTTP/1.1" 200 - "https://www.ipcbusiness.de/wp-cron.php?doing_wp_cron=1625025216.6348359584808349609375" "WordPress/5.6.4; https://www.ipcbusiness.de"
209.145.63.0 - - [30/Jun/2021:05:53:36 +0200] "GET /wp-login.php HTTP/1.1" 200 2748 "-" "Mozilla/5.0 (X11; Ubuntu; Linux x86_64; rv:62.0) Gecko/20100101 Firefox/62.0"
209.145.63.0 - - [30/Jun/2021:05:53:38 +0200] "POST /wp-login.php HTTP/1.1" 200 2886 "-" "Mozilla/5.0 (X11; Ubuntu; Linux x86_64; rv:62.0) Gecko/20100101 Firefox/62.0"
209.145.63.0 - - [30/Jun/2021:05:53:39 +0200] "POST /xmlrpc.php HTTP/1.1" 200 249 "-" "Mozilla/5.0 (X11; Ubuntu; Linux x86_64; rv:62.0) Gecko/20100101 Firefox/62.0"
209.126.7.0 - - [30/Jun/2021:05:53:53 +0200] "GET /wp-login.php HTTP/1.1" 200 2238 "-" "Mozilla/5.0 (X11; Ubuntu; Linux x86_64; rv:62.0) Gecko/20100101 Firefox/62.0"
209.126.7.0 - - [30/Jun/2021:05:53:55 +0200] "POST /wp-login.php HTTP/1.1" 200 2589 "-" "Mozilla/5.0 (X11; Ubuntu; Linux x86_64; rv:62.0) Gecko/20100101 Firefox/62.0"
209.126.7.0 - - [30/Jun/2021:05:53:56 +0200] "POST /xmlrpc.php HTTP/1.1" 200 228 "-" "Mozilla/5.0 (X11; Ubuntu; Linux x86_64; rv:62.0) Gecko/20100101 Firefox/62.0"
81.169.178.0 - - [30/Jun/2021:05:53:54 +0200] "POST /wp-cron.php?doing_wp_cron=1625025234.0157608985900878906250 HTTP/1.1" 200 - "https://www.computerdoc24.de/wp-cron.php?doing_wp_cron=1625025234.0157608985900878906250" "WordPress/5.2.11; https://www.computerdoc24.de"
54.36.148.0 - - [30/Jun/2021:05:55:03 +0200] "GET /robots.txt HTTP/1.1" 200 2691 "-" "Mozilla/5.0 (compatible; AhrefsBot/7.0; +http://ahrefs.com/robot/)"
54.36.148.0 - - [30/Jun/2021:05:55:04 +0200] "GET / HTTP/1.1" 200 2691 "-" "Mozilla/5.0 (compatible; AhrefsBot/7.0; +http://ahrefs.com/robot/)"
81.169.178.0 - - [30/Jun/2021:05:58:40 +0200] "POST /wp-cron.php?doing_wp_cron=1625025520.5020079612731933593750 HTTP/1.1" 200 - "https://www.computerdoc24.de/wp-cron.php?doing_wp_cron=1625025520.5020079612731933593750" "WordPress/5.2.11; https://www.computerdoc24.de"
114.119.128.0 - - [30/Jun/2021:05:58:40 +0200] "GET /product/leistungsstarkes-17-zoll-hp-notebook-mit-riesen-festplatte-neu-2-jahre-garantie HTTP/1.1" 200 8204 "-" "Mozilla/5.0 (Linux; Android 7.0;) AppleWebKit/537.36 (KHTML, like Gecko) Mobile Safari/537.36 (compatible; PetalBot;+https://webmaster.petalsearch.com/site/petalbot)"
81.169.178.0 - - [30/Jun/2021:06:01:07 +0200] "POST /wp-cron.php?doing_wp_cron=1625025667.2845859527587890625000 HTTP/1.1" 200 - "https://www.computerdoc24.de/wp-cron.php?doing_wp_cron=1625025667.2845859527587890625000" "WordPress/5.2.11; https://www.computerdoc24.de"
185.191.171.0 - - [30/Jun/2021:06:01:07 +0200] "GET /robots.txt HTTP/1.1" 200 69 "-" "Mozilla/5.0 (compatible; SemrushBot/7~bl; +http://www.semrush.com/bot.html)"
185.191.171.0 - - [30/Jun/2021:06:01:08 +0200] "GET /product-category/aktuelle-angebote/page/2/ HTTP/1.1" 200 9831 "-" "Mozilla/5.0 (compatible; SemrushBot/7~bl; +http://www.semrush.com/bot.html)"
66.249.72.0 - - [30/Jun/2021:06:05:06 +0200] "GET / HTTP/1.1" 200 2691 "-" "Mozilla/5.0 (compatible; Googlebot/2.1; +http://www.google.com/bot.html)"
198.199.84.0 - - [30/Jun/2021:06:05:51 +0200] "GET /wp-login.php HTTP/1.1" 200 2743 "-" "Mozilla/5.0 (X11; Ubuntu; Linux x86_64; rv:62.0) Gecko/20100101 Firefox/62.0"
198.199.84.0 - - [30/Jun/2021:06:05:57 +0200] "POST /wp-login.php HTTP/1.1" 200 2880 "-" "Mozilla/5.0 (X11; Ubuntu; Linux x86_64; rv:62.0) Gecko/20100101 Firefox/62.0"
198.199.84.0 - - [30/Jun/2021:06:05:58 +0200] "GET /wp-login.php HTTP/1.1" 200 2743 "-" "Mozilla/5.0 (X11; Ubuntu; Linux x86_64; rv:62.0) Gecko/20100101 Firefox/62.0"
198.199.84.0 - - [30/Jun/2021:06:06:08 +0200] "POST /wp-login.php HTTP/1.1" 200 2844 "-" "Mozilla/5.0 (X11; Ubuntu; Linux x86_64; rv:62.0) Gecko/20100101 Firefox/62.0"
128.199.106.0 - - [30/Jun/2021:06:07:54 +0200] "GET /wp-login.php HTTP/1.1" 200 2748 "-" "Mozilla/5.0 (X11; Ubuntu; Linux x86_64; rv:62.0) Gecko/20100101 Firefox/62.0"
128.199.106.0 - - [30/Jun/2021:06:07:56 +0200] "POST /wp-login.php HTTP/1.1" 200 2884 "-" "Mozilla/5.0 (X11; Ubuntu; Linux x86_64; rv:62.0) Gecko/20100101 Firefox/62.0"
128.199.106.0 - - [30/Jun/2021:06:08:02 +0200] "POST /xmlrpc.php HTTP/1.1" 200 249 "-" "Mozilla/5.0 (X11; Ubuntu; Linux x86_64; rv:62.0) Gecko/20100101 Firefox/62.0"
128.199.21.0 - - [30/Jun/2021:06:08:26 +0200] "POST /wp-login.php HTTP/1.1" 200 2884 "-" "Mozilla/5.0 (Windows NT 6.1; WOW64) AppleWebKit/537.36 (KHTML, like Gecko) Chrome/48.0.2564.109 Safari/537.36"
91.250.85.0 - - [30/Jun/2021:06:15:08 +0200] "GET /.env HTTP/1.1" 404 2539 "-" "Mozilla/5.0 (X11; Linux x86_64) AppleWebKit/537.36 (KHTML, like Gecko) Chrome/81.0.4044.129 Safari/537.36"
91.250.85.0 - - [30/Jun/2021:06:15:14 +0200] "POST / HTTP/1.1" 404 2531 "-" "Mozilla/5.0 (X11; Linux x86_64) AppleWebKit/537.36 (KHTML, like Gecko) Chrome/81.0.4044.129 Safari/537.36"
91.250.85.0 - - [30/Jun/2021:06:15:15 +0200] "GET /.env HTTP/1.1" 404 2543 "-" "Mozilla/5.0 (X11; Linux x86_64) AppleWebKit/537.36 (KHTML, like Gecko) Chrome/81.0.4044.129 Safari/537.36"
91.250.85.0 - - [30/Jun/2021:06:15:21 +0200] "POST / HTTP/1.1" 404 2535 "-" "Mozilla/5.0 (X11; Linux x86_64) AppleWebKit/537.36 (KHTML, like Gecko) Chrome/81.0.4044.129 Safari/537.36"
198.46.81.0 - - [30/Jun/2021:06:15:28 +0200] "GET /2.php HTTP/1.1" 301 236 "http://simplesite.com" "Mozilla/5.0 (Windows; U; Windows NT 5.1; en-US) AppleWebKit/533.4 (KHTML, like Gecko) Chrome/5.0.375.99 Safari/533.4"
198.46.81.0 - - [30/Jun/2021:06:15:30 +0200] "GET /2.php HTTP/1.1" 200 - "http://ipcbusiness.de/2.php" "Mozilla/5.0 (Windows; U; Windows NT 5.1; en-US) AppleWebKit/533.4 (KHTML, like Gecko) Chrome/5.0.375.99 Safari/533.4"
198.46.81.0 - - [30/Jun/2021:06:15:31 +0200] "GET /2.php HTTP/1.1" 200 62024 "https://ipcbusiness.de/2.php" "Mozilla/5.0 (Windows; U; Windows NT 5.1; en-US) AppleWebKit/533.4 (KHTML, like Gecko) Chrome/5.0.375.99 Safari/533.4"
81.169.178.0 - - [30/Jun/2021:06:15:39 +0200] "POST /wp-cron.php?doing_wp_cron=1625026539.7011249065399169921875 HTTP/1.1" 200 - "https://www.computerdoc24.de/wp-cron.php?doing_wp_cron=1625026539.7011249065399169921875" "WordPress/5.2.11; https://www.computerdoc24.de"
188.246.224.0 - - [30/Jun/2021:06:15:39 +0200] "GET /wp-login.php HTTP/1.1" 200 2238 "-" "Mozilla/5.0 (X11; Ubuntu; Linux x86_64; rv:62.0) Gecko/20100101 Firefox/62.0"
188.246.224.0 - - [30/Jun/2021:06:15:40 +0200] "POST /wp-login.php HTTP/1.1" 200 2589 "-" "Mozilla/5.0 (X11; Ubuntu; Linux x86_64; rv:62.0) Gecko/20100101 Firefox/62.0"
188.246.224.0 - - [30/Jun/2021:06:15:40 +0200] "POST /xmlrpc.php HTTP/1.1" 200 228 "-" "Mozilla/5.0 (X11; Ubuntu; Linux x86_64; rv:62.0) Gecko/20100101 Firefox/62.0"
91.250.85.0 - - [30/Jun/2021:06:16:19 +0200] "GET /.env HTTP/1.1" 404 2539 "-" "Mozilla/5.0 (X11; Linux x86_64) AppleWebKit/537.36 (KHTML, like Gecko) Chrome/81.0.4044.129 Safari/537.36"
91.250.85.0 - - [30/Jun/2021:06:16:28 +0200] "POST / HTTP/1.1" 404 2531 "-" "Mozilla/5.0 (X11; Linux x86_64) AppleWebKit/537.36 (KHTML, like Gecko) Chrome/81.0.4044.129 Safari/537.36"
91.250.85.0 - - [30/Jun/2021:06:16:37 +0200] "GET /.env HTTP/1.1" 404 2543 "-" "Mozilla/5.0 (X11; Linux x86_64) AppleWebKit/537.36 (KHTML, like Gecko) Chrome/81.0.4044.129 Safari/537.36"
91.250.85.0 - - [30/Jun/2021:06:16:44 +0200] "POST / HTTP/1.1" 404 2535 "-" "Mozilla/5.0 (X11; Linux x86_64) AppleWebKit/537.36 (KHTML, like Gecko) Chrome/81.0.4044.129 Safari/537.36"
115.76.51.0 - - [30/Jun/2021:06:16:51 +0200] "GET / HTTP/1.1" 403 2409 "-" "Mozilla/5.0 (Windows NT 6.1; WOW64) AppleWebKit/537.36 (KHTML, like Gecko) Chrome/52.0.2743.116 Safari/537.36"
81.169.178.0 - - [30/Jun/2021:06:16:58 +0200] "POST /wp-cron.php?doing_wp_cron=1625026618.2825629711151123046875 HTTP/1.1" 200 - "https://www.computerdoc24.de/wp-cron.php?doing_wp_cron=1625026618.2825629711151123046875" "WordPress/5.2.11; https://www.computerdoc24.de"
34.75.200.0 - - [30/Jun/2021:06:16:58 +0200] "GET /robots.txt HTTP/1.0" 200 69 "-" "ZoominfoBot (zoominfobot at zoominfo dot com)"
34.75.200.0 - - [30/Jun/2021:06:16:58 +0200] "GET /pc-ankauf/ HTTP/1.0" 200 9934 "-" "ZoominfoBot (zoominfobot at zoominfo dot com)"
34.75.200.0 - - [30/Jun/2021:06:17:00 +0200] "GET /product/office-internet-pc-fujitsu-marken-pc/ HTTP/1.0" 200 14055 "-" "ZoominfoBot (zoominfobot at zoominfo dot com)"
34.75.200.0 - - [30/Jun/2021:06:17:02 +0200] "GET /product/office-internet-pc-fujitsu-marken-pc-4gb-240gb-ssd-neu/ HTTP/1.0" 200 14109 "-" "ZoominfoBot (zoominfobot at zoominfo dot com)"
185.183.122.0 - - [30/Jun/2021:06:19:51 +0200] "GET /wp-login.php HTTP/1.1" 200 2748 "-" "Mozilla/5.0 (X11; Ubuntu; Linux x86_64; rv:62.0) Gecko/20100101 Firefox/62.0"
185.183.122.0 - - [30/Jun/2021:06:19:52 +0200] "POST /wp-login.php HTTP/1.1" 200 2886 "-" "Mozilla/5.0 (X11; Ubuntu; Linux x86_64; rv:62.0) Gecko/20100101 Firefox/62.0"
185.183.122.0 - - [30/Jun/2021:06:19:52 +0200] "POST /xmlrpc.php HTTP/1.1" 200 249 "-" "Mozilla/5.0 (X11; Ubuntu; Linux x86_64; rv:62.0) Gecko/20100101 Firefox/62.0"
