46.101.123.0 - - [29/Jun/2021:10:23:29 +0200] "GET //wp-content/plugins/wp-user-avatar/assets/css/frontend.css HTTP/1.1" 200 - "-" "Mozilla/5.0 (Windows NT 10.0; WOW64) AppleWebKit/537.36 (KHTML, like Gecko) Chrome/84.0.4147.125 Safari/537.36"
46.101.123.0 - - [29/Jun/2021:10:23:29 +0200] "GET /wp-content/plugins/wp-user-avatar/assets/css/frontend.css HTTP/1.1" 200 8199 "https://www.computerdoc24.de//wp-content/plugins/wp-user-avatar/assets/css/frontend.css" "Mozilla/5.0 (Windows NT 10.0; WOW64) AppleWebKit/537.36 (KHTML, like Gecko) Chrome/84.0.4147.125 Safari/537.36"
81.169.178.0 - - [29/Jun/2021:10:23:30 +0200] "POST /wp-cron.php?doing_wp_cron=1624955010.1120839118957519531250 HTTP/1.1" 200 - "https://www.computerdoc24.de/wp-cron.php?doing_wp_cron=1624955010.1120839118957519531250" "WordPress/5.2.11; https://www.computerdoc24.de"
46.101.123.0 - - [29/Jun/2021:10:23:29 +0200] "GET //wp-content/plugins/wp-user-avatar/assets/css/frontend.css HTTP/1.1" 200 - "-" "Mozilla/5.0 (Windows NT 10.0; WOW64) AppleWebKit/537.36 (KHTML, like Gecko) Chrome/84.0.4147.125 Safari/537.36"
46.101.123.0 - - [29/Jun/2021:10:23:30 +0200] "GET /wp-content/plugins/wp-user-avatar/assets/css/frontend.css HTTP/1.1" 200 8199 "https://www.computerdoc24.de//wp-content/plugins/wp-user-avatar/assets/css/frontend.css" "Mozilla/5.0 (Windows NT 10.0; WOW64) AppleWebKit/537.36 (KHTML, like Gecko) Chrome/84.0.4147.125 Safari/537.36"
77.64.146.0 - - [29/Jun/2021:10:24:02 +0200] "GET / HTTP/1.1" 200 2590 "https://googleads.g.doubleclick.net/" "Mozilla/5.0 (Linux; Android 8.1.0; SAMSUNG SM-T580) AppleWebKit/537.36 (KHTML, like Gecko) SamsungBrowser/14.0 Chrome/87.0.4280.141 Safari/537.36"
77.64.146.0 - - [29/Jun/2021:10:24:18 +0200] "-" 408 - "-" "-"
202.172.28.0 - - [29/Jun/2021:10:24:28 +0200] "POST /wp-login.php HTTP/1.1" 200 2886 "-" "Mozilla/5.0 (Windows NT 6.1; WOW64) AppleWebKit/537.36 (KHTML, like Gecko) Chrome/52.0.2743.116 Safari/537.36"
81.169.178.0 - - [29/Jun/2021:10:24:58 +0200] "POST /wp-cron.php?doing_wp_cron=1624955098.5593209266662597656250 HTTP/1.1" 200 - "https://www.computerdoc24.de/wp-cron.php?doing_wp_cron=1624955098.5593209266662597656250" "WordPress/5.2.11; https://www.computerdoc24.de"
81.88.52.0 - - [29/Jun/2021:10:24:58 +0200] "POST /wp-login.php HTTP/1.1" 200 2637 "-" "Mozilla/5.0 (Windows NT 6.1; WOW64) AppleWebKit/537.36 (KHTML, like Gecko) Chrome/47.0.2526.111 Safari/537.36 MVisionPlayer/1.0.0.0"
81.169.144.0 - - [29/Jun/2021:10:25:50 +0200] "POST /wp-cron.php?doing_wp_cron=1624955150.3845770359039306640625 HTTP/1.1" 200 - "http://www.computerdoc24.de/wp-cron.php?doing_wp_cron=1624955150.3845770359039306640625" "WordPress/5.2.2; https://www.computerdoc24.de"
81.169.178.0 - - [29/Jun/2021:10:25:53 +0200] "POST /wp-cron.php?doing_wp_cron=1624955153.8625020980834960937500 HTTP/1.1" 200 - "https://www.computerdoc24.de/wp-cron.php?doing_wp_cron=1624955153.8625020980834960937500" "WordPress/5.2.11; https://www.computerdoc24.de"
54.68.146.0 - - [29/Jun/2021:10:25:53 +0200] "GET / HTTP/1.1" 200 16468 "-" "Mozilla/5.0 (Windows NT 10.0; Win64; x64)AppleWebKit/537.36 (KHTML, like Gecko) Chrome/66.0.3359.181 Safari/537.36"
193.17.5.0 - - [29/Jun/2021:10:26:08 +0200] "GET /.env HTTP/1.1" 200 2691 "-" "Mozilla/5.0 (X11; Linux x86_64) AppleWebKit/537.36 (KHTML, like Gecko) Chrome/81.0.4044.129 Safari/537.36"
193.17.5.0 - - [29/Jun/2021:10:26:08 +0200] "POST /.env HTTP/1.1" 200 2691 "-" "Mozilla/5.0 (X11; Linux x86_64) AppleWebKit/537.36 (KHTML, like Gecko) Chrome/81.0.4044.129 Safari/537.36"
45.146.165.0 - - [29/Jun/2021:10:26:31 +0200] "POST /vendor/phpunit/phpunit/src/Util/PHP/eval-stdin.php HTTP/1.1" 404 2635 "-" "Mozilla/5.0 (Windows NT 10.0; Win64; x64) AppleWebKit/537.36 (KHTML, like Gecko) Chrome/78.0.3904.108 Safari/537.36"
45.146.165.0 - - [29/Jun/2021:10:26:31 +0200] "GET /index.php?s=/Index/\\think\\app/invokefunction&function=call_user_func_array&vars[0]=md5&vars[1][]=HelloThinkPHP21 HTTP/1.1" 404 2783 "-" "Mozilla/5.0 (Windows NT 10.0; Win64; x64) AppleWebKit/537.36 (KHTML, like Gecko) Chrome/78.0.3904.108 Safari/537.36"
45.146.165.0 - - [29/Jun/2021:10:26:33 +0200] "GET /vendor/phpunit/phpunit/src/Util/PHP/eval-stdin.php HTTP/1.1" 404 2635 "-" "Mozilla/5.0 (Windows NT 10.0; Win64; x64) AppleWebKit/537.36 (KHTML, like Gecko) Chrome/78.0.3904.108 Safari/537.36"
45.146.165.0 - - [29/Jun/2021:10:26:33 +0200] "GET /?XDEBUG_SESSION_START=phpstorm HTTP/1.1" 403 2411 "-" "Mozilla/5.0 (Windows NT 10.0; Win64; x64) AppleWebKit/537.36 (KHTML, like Gecko) Chrome/78.0.3904.108 Safari/537.36"
45.146.165.0 - - [29/Jun/2021:10:26:34 +0200] "GET /wp-content/plugins/wp-file-manager/readme.txt HTTP/1.1" 404 2625 "-" "Mozilla/5.0 (Windows NT 10.0; Win64; x64) AppleWebKit/537.36 (KHTML, like Gecko) Chrome/78.0.3904.108 Safari/537.36"
45.146.165.0 - - [29/Jun/2021:10:26:35 +0200] "POST /mifs/.;/services/LogService HTTP/1.1" 404 2770 "https://81.169.178.78:443" "Mozilla/5.0 (Windows NT 10.0; Win64; x64) AppleWebKit/537.36 (KHTML, like Gecko) Chrome/78.0.3904.108 Safari/537.36"
45.146.165.0 - - [29/Jun/2021:10:26:38 +0200] "GET /console/ HTTP/1.1" 404 2551 "-" "Mozilla/5.0 (Windows NT 10.0; Win64; x64) AppleWebKit/537.36 (KHTML, like Gecko) Chrome/78.0.3904.108 Safari/537.36"
45.146.165.0 - - [29/Jun/2021:10:26:38 +0200] "GET /_ignition/execute-solution HTTP/1.1" 404 2587 "-" "Mozilla/5.0 (Windows NT 10.0; Win64; x64) AppleWebKit/537.36 (KHTML, like Gecko) Chrome/78.0.3904.108 Safari/537.36"
45.146.165.0 - - [29/Jun/2021:10:26:39 +0200] "POST /Autodiscover/Autodiscover.xml HTTP/1.1" 404 2593 "-" "Mozilla/5.0 (Windows NT 10.0; Win64; x64) AppleWebKit/537.36 (KHTML, like Gecko) Chrome/78.0.3904.108 Safari/537.36"
45.146.165.0 - - [29/Jun/2021:10:26:40 +0200] "GET / HTTP/1.1" 403 2411 "-" "Mozilla/5.0 (Windows NT 10.0; Win64; x64) AppleWebKit/537.36 (KHTML, like Gecko) Chrome/78.0.3904.108 Safari/537.36"
45.146.165.0 - - [29/Jun/2021:10:26:41 +0200] "POST /api/jsonws/invoke HTTP/1.1" 404 2569 "-" "Mozilla/5.0 (Windows NT 10.0; Win64; x64) AppleWebKit/537.36 (KHTML, like Gecko) Chrome/78.0.3904.108 Safari/537.36"
66.249.64.0 - - [29/Jun/2021:10:27:19 +0200] "GET /pl/ueber-uns/ipc-business-gmbh-firmeninformation/ HTTP/1.1" 301 334 "-" "Mozilla/5.0 (compatible; Googlebot/2.1; +http://www.google.com/bot.html)"
66.249.64.0 - - [29/Jun/2021:10:27:19 +0200] "GET /robots.txt HTTP/1.1" 301 295 "-" "Mozilla/5.0 (compatible; Googlebot/2.1; +http://www.google.com/bot.html)"
66.249.64.0 - - [29/Jun/2021:10:27:20 +0200] "GET /uk/auftraggeber/ HTTP/1.1" 301 301 "-" "Mozilla/5.0 (compatible; Googlebot/2.1; +http://www.google.com/bot.html)"
54.201.117.0 - - [29/Jun/2021:10:27:52 +0200] "GET / HTTP/1.1" 200 2691 "-" "Mozilla/5.0 (X11; Linux x86_64) AppleWebKit/537.36 (KHTML, like Gecko) Chrome/83.0.4103.97 Safari/537.36"
34.220.152.0 - - [29/Jun/2021:10:28:16 +0200] "GET / HTTP/1.1" 200 2691 "-" "Mozilla/5.0 (X11; Linux x86_64) AppleWebKit/537.36 (KHTML, like Gecko) Chrome/83.0.4103.97 Safari/537.36"
54.244.203.0 - - [29/Jun/2021:10:28:32 +0200] "GET /favicon.ico HTTP/1.1" 200 2691 "-" "Mozilla/5.0 (X11; Linux x86_64) AppleWebKit/537.36 (KHTML, like Gecko) Chrome/83.0.4103.97 Safari/537.36"
54.244.203.0 - - [29/Jun/2021:10:28:36 +0200] "GET / HTTP/1.1" 200 2691 "-" "Mozilla/5.0 (X11; Linux x86_64) AppleWebKit/537.36 (KHTML, like Gecko) Chrome/83.0.4103.97 Safari/537.36"
194.146.41.0 - - [29/Jun/2021:10:28:39 +0200] "GET /wp-login.php HTTP/1.1" 301 243 "-" "Mozilla/5.0 (X11; Ubuntu; Linux x86_64; rv:62.0) Gecko/20100101 Firefox/62.0"
194.146.41.0 - - [29/Jun/2021:10:28:39 +0200] "GET /wp-login.php HTTP/1.1" 200 2748 "http://ipcbusiness.de/wp-login.php" "Mozilla/5.0 (X11; Ubuntu; Linux x86_64; rv:62.0) Gecko/20100101 Firefox/62.0"
194.146.41.0 - - [29/Jun/2021:10:28:40 +0200] "GET ///?author=1 HTTP/1.1" 301 240 "-" "Mozilla/5.0 (X11; Ubuntu; Linux x86_64; rv:62.0) Gecko/20100101 Firefox/62.0"
194.146.41.0 - - [29/Jun/2021:10:28:40 +0200] "GET /?author=1 HTTP/1.1" 301 - "http://ipcbusiness.de///?author=1" "Mozilla/5.0 (X11; Ubuntu; Linux x86_64; rv:62.0) Gecko/20100101 Firefox/62.0"
194.146.41.0 - - [29/Jun/2021:10:28:42 +0200] "GET /author/lhstadmin/ HTTP/1.1" 200 12415 "https://ipcbusiness.de/?author=1" "Mozilla/5.0 (X11; Ubuntu; Linux x86_64; rv:62.0) Gecko/20100101 Firefox/62.0"
194.146.41.0 - - [29/Jun/2021:10:28:43 +0200] "GET ///wp-json/wp/v2/users/ HTTP/1.1" 301 251 "-" "Mozilla/5.0 (X11; Ubuntu; Linux x86_64; rv:62.0) Gecko/20100101 Firefox/62.0"
114.119.137.0 - - [29/Jun/2021:10:28:43 +0200] "GET /ru/anfrage HTTP/1.1" 200 - "-" "Mozilla/5.0 (Linux; Android 7.0;) AppleWebKit/537.36 (KHTML, like Gecko) Mobile Safari/537.36 (compatible; PetalBot;+https://webmaster.petalsearch.com/site/petalbot)"
194.146.41.0 - - [29/Jun/2021:10:28:43 +0200] "GET /wp-json/wp/v2/users/ HTTP/1.1" 200 1206 "http://ipcbusiness.de///wp-json/wp/v2/users/" "Mozilla/5.0 (X11; Ubuntu; Linux x86_64; rv:62.0) Gecko/20100101 Firefox/62.0"
194.146.41.0 - - [29/Jun/2021:10:28:44 +0200] "GET ///?author=2 HTTP/1.1" 301 240 "-" "Mozilla/5.0 (X11; Ubuntu; Linux x86_64; rv:62.0) Gecko/20100101 Firefox/62.0"
114.119.137.0 - - [29/Jun/2021:10:28:44 +0200] "GET /ru/anfrage/ HTTP/1.1" 200 12406 "-" "Mozilla/5.0 (Linux; Android 7.0;) AppleWebKit/537.36 (KHTML, like Gecko) Mobile Safari/537.36 (compatible; PetalBot;+https://webmaster.petalsearch.com/site/petalbot)"
194.146.41.0 - - [29/Jun/2021:10:28:44 +0200] "GET /?author=2 HTTP/1.1" 301 - "http://ipcbusiness.de///?author=2" "Mozilla/5.0 (X11; Ubuntu; Linux x86_64; rv:62.0) Gecko/20100101 Firefox/62.0"
194.146.41.0 - - [29/Jun/2021:10:28:45 +0200] "GET /?author=2 HTTP/1.1" 200 12418 "https://ipcbusiness.de/?author=2" "Mozilla/5.0 (X11; Ubuntu; Linux x86_64; rv:62.0) Gecko/20100101 Firefox/62.0"
194.146.41.0 - - [29/Jun/2021:10:28:46 +0200] "GET ///?author=3 HTTP/1.1" 301 240 "-" "Mozilla/5.0 (X11; Ubuntu; Linux x86_64; rv:62.0) Gecko/20100101 Firefox/62.0"
194.146.41.0 - - [29/Jun/2021:10:28:46 +0200] "GET /?author=3 HTTP/1.1" 301 - "http://ipcbusiness.de///?author=3" "Mozilla/5.0 (X11; Ubuntu; Linux x86_64; rv:62.0) Gecko/20100101 Firefox/62.0"
194.146.41.0 - - [29/Jun/2021:10:28:47 +0200] "GET /?author=3 HTTP/1.1" 404 12176 "https://ipcbusiness.de/?author=3" "Mozilla/5.0 (X11; Ubuntu; Linux x86_64; rv:62.0) Gecko/20100101 Firefox/62.0"
81.169.178.0 - - [29/Jun/2021:10:30:19 +0200] "POST /wp-cron.php?doing_wp_cron=1624955419.8485529422760009765625 HTTP/1.1" 200 - "https://www.computerdoc24.de/wp-cron.php?doing_wp_cron=1624955419.8485529422760009765625" "WordPress/5.2.11; https://www.computerdoc24.de"
54.245.214.0 - - [29/Jun/2021:10:30:19 +0200] "GET / HTTP/1.1" 301 - "-" "Mozilla/5.0 (X11; Linux x86_64) AppleWebKit/537.36 (KHTML, like Gecko) Chrome/83.0.4103.97 Safari/537.36"
54.245.214.0 - - [29/Jun/2021:10:30:26 +0200] "GET / HTTP/1.1" 200 16467 "-" "Mozilla/5.0 (X11; Linux x86_64) AppleWebKit/537.36 (KHTML, like Gecko) Chrome/83.0.4103.97 Safari/537.36"
81.169.178.0 - - [29/Jun/2021:10:30:48 +0200] "POST /wp-cron.php?doing_wp_cron=1624955447.9890789985656738281250 HTTP/1.1" 200 - "https://www.computerdoc24.de/wp-cron.php?doing_wp_cron=1624955447.9890789985656738281250" "WordPress/5.2.11; https://www.computerdoc24.de"
18.237.207.0 - - [29/Jun/2021:10:30:47 +0200] "GET / HTTP/1.1" 301 - "-" "Mozilla/5.0 (X11; Linux x86_64) AppleWebKit/537.36 (KHTML, like Gecko) Chrome/83.0.4103.97 Safari/537.36"
45.200.120.0 - - [29/Jun/2021:10:31:58 +0200] "POST /wp-login.php HTTP/1.1" 200 2880 "-" "Mozilla/5.0 (Windows NT 10.0; Win64; x64) AppleWebKit/537.36 (KHTML, like Gecko) Chrome/54.0.2840.99 Safari/537.36"
81.169.178.0 - - [29/Jun/2021:10:32:44 +0200] "POST /wp-cron.php?doing_wp_cron=1624955564.7031528949737548828125 HTTP/1.1" 200 - "https://www.computerdoc24.de/wp-cron.php?doing_wp_cron=1624955564.7031528949737548828125" "WordPress/5.2.11; https://www.computerdoc24.de"
114.119.157.0 - - [29/Jun/2021:10:32:44 +0200] "GET /robots.txt HTTP/1.1" 200 69 "-" "Mozilla/5.0 (compatible;PetalBot;+https://webmaster.petalsearch.com/site/petalbot)"
216.244.66.0 - - [29/Jun/2021:10:33:20 +0200] "GET /robots.txt HTTP/1.1" 200 - "-" "Mozilla/5.0 (compatible; DotBot/1.2; +https://opensiteexplorer.org/dotbot; help@moz.com)"
216.244.66.0 - - [29/Jun/2021:10:33:21 +0200] "GET /robots.txt HTTP/1.1" 200 67 "-" "Mozilla/5.0 (compatible; DotBot/1.2; +https://opensiteexplorer.org/dotbot; help@moz.com)"
81.169.178.0 - - [29/Jun/2021:10:34:28 +0200] "POST /wp-cron.php?doing_wp_cron=1624955668.0270669460296630859375 HTTP/1.1" 200 - "http://www.computerdoc24.de/wp-cron.php?doing_wp_cron=1624955668.0270669460296630859375" "WordPress/5.2.11; https://www.computerdoc24.de"
54.200.228.0 - - [29/Jun/2021:10:34:27 +0200] "GET / HTTP/1.1" 301 - "-" "Mozilla/5.0 (X11; Linux x86_64) AppleWebKit/537.36 (KHTML, like Gecko) Chrome/83.0.4103.97 Safari/537.36"
51.89.155.0 - - [29/Jun/2021:10:34:29 +0200] "POST /wp-login.php HTTP/1.1" 503 7056 "-" "Mozilla/5.0 (Windows NT 6.1; Win64; x64) AppleWebKit/537.36 (KHTML, like Gecko) Chrome/67.0.3396.87 Safari/537.36"
138.68.80.0 - - [29/Jun/2021:10:34:34 +0200] "POST /wp-login.php HTTP/1.1" 200 2884 "-" "Mozilla/5.0 (Windows NT 10.0; WOW64) AppleWebKit/537.36 (KHTML, like Gecko) Chrome/46.0.2490.80 Safari/537.36"
81.169.178.0 - - [29/Jun/2021:10:34:36 +0200] "POST /wp-cron.php?doing_wp_cron=1624955676.7460980415344238281250 HTTP/1.1" 200 - "https://www.computerdoc24.de/wp-cron.php?doing_wp_cron=1624955676.7460980415344238281250" "WordPress/5.2.11; https://www.computerdoc24.de"
54.200.228.0 - - [29/Jun/2021:10:34:36 +0200] "GET / HTTP/1.1" 301 - "-" "Mozilla/5.0 (X11; Linux x86_64) AppleWebKit/537.36 (KHTML, like Gecko) Chrome/83.0.4103.97 Safari/537.36"
1.116.75.0 - - [29/Jun/2021:10:35:57 +0200] "-" 408 - "-" "-"
81.169.178.0 - - [29/Jun/2021:10:37:07 +0200] "POST /wp-cron.php?doing_wp_cron=1624955827.3337159156799316406250 HTTP/1.1" 200 - "https://www.computerdoc24.de/wp-cron.php?doing_wp_cron=1624955827.3337159156799316406250" "WordPress/5.2.11; https://www.computerdoc24.de"
114.119.139.0 - - [29/Jun/2021:10:37:07 +0200] "GET /product/arbeits-und-internet-pc-2 HTTP/1.1" 200 - "-" "Mozilla/5.0 (Linux; Android 7.0;) AppleWebKit/537.36 (KHTML, like Gecko) Mobile Safari/537.36 (compatible; PetalBot;+https://webmaster.petalsearch.com/site/petalbot)"
114.119.139.0 - - [29/Jun/2021:10:37:08 +0200] "GET /product/arbeits-und-internet-pc-2/ HTTP/1.1" 200 13720 "-" "Mozilla/5.0 (Linux; Android 7.0;) AppleWebKit/537.36 (KHTML, like Gecko) Mobile Safari/537.36 (compatible; PetalBot;+https://webmaster.petalsearch.com/site/petalbot)"
66.249.64.0 - - [29/Jun/2021:10:37:39 +0200] "GET /robots.txt HTTP/1.1" 404 2611 "-" "Mozilla/5.0 (compatible; Googlebot/2.1; +http://www.google.com/bot.html)"
66.249.64.0 - - [29/Jun/2021:10:37:39 +0200] "GET / HTTP/1.1" 200 2590 "-" "Mozilla/5.0 (Linux; Android 6.0.1; Nexus 5X Build/MMB29P) AppleWebKit/537.36 (KHTML, like Gecko) Chrome/91.0.4472.90 Mobile Safari/537.36 (compatible; Googlebot/2.1; +http://www.google.com/bot.html)"
81.169.178.0 - - [29/Jun/2021:10:37:57 +0200] "POST /wp-cron.php?doing_wp_cron=1624955877.4381599426269531250000 HTTP/1.1" 200 - "https://www.computerdoc24.de/wp-cron.php?doing_wp_cron=1624955877.4381599426269531250000" "WordPress/5.2.11; https://www.computerdoc24.de"
216.244.66.0 - - [29/Jun/2021:10:37:57 +0200] "GET /product/schneller-arbeits-und-internet-pc/ HTTP/1.1" 200 117540 "-" "Mozilla/5.0 (compatible; DotBot/1.2; +https://opensiteexplorer.org/dotbot; help@moz.com)"
106.75.64.0 - - [29/Jun/2021:10:38:38 +0200] "GET / HTTP/1.0" 403 2409 "-" "-"
106.75.26.0 - - [29/Jun/2021:10:38:39 +0200] "GET / HTTP/1.1" 403 2409 "-" "Mozilla/5.0 (Windows NT 6.1) AppleWebKit/537.36 (KHTML, like Gecko) Chrome/49.0.2623.112 Safari/537.36"
120.52.152.0 - - [29/Jun/2021:10:38:55 +0200] "GET / HTTP/1.1" 403 2409 "-" "Mozilla/5.0 (Windows NT 6.1) AppleWebKit/537.36 (KHTML, like Gecko) Chrome/49.0.2623.112 Safari/537.36"
51.195.57.0 - - [29/Jun/2021:10:40:34 +0200] "GET / HTTP/1.0" 400 362 "-" "-"
114.119.131.0 - - [29/Jun/2021:10:40:35 +0200] "GET /ru/unsere-produkte-und-services/kombiverkehr-gruener-transport/ HTTP/1.1" 200 11165 "-" "Mozilla/5.0 (Linux; Android 7.0;) AppleWebKit/537.36 (KHTML, like Gecko) Mobile Safari/537.36 (compatible; PetalBot;+https://webmaster.petalsearch.com/site/petalbot)"
81.169.178.0 - - [29/Jun/2021:10:41:27 +0200] "POST /wp-cron.php?doing_wp_cron=1624956087.6299870014190673828125 HTTP/1.1" 200 - "https://www.computerdoc24.de/wp-cron.php?doing_wp_cron=1624956087.6299870014190673828125" "WordPress/5.2.11; https://www.computerdoc24.de"
114.119.147.0 - - [29/Jun/2021:10:41:27 +0200] "GET /product/schneller-arbeits-und-internet-pc-mit-240gb-ssd-neu HTTP/1.1" 200 8204 "-" "Mozilla/5.0 (Linux; Android 7.0;) AppleWebKit/537.36 (KHTML, like Gecko) Mobile Safari/537.36 (compatible; PetalBot;+https://webmaster.petalsearch.com/site/petalbot)"
34.209.117.0 - - [29/Jun/2021:10:41:32 +0200] "GET / HTTP/1.1" 200 2691 "-" "Mozilla/5.0 (X11; Linux x86_64) AppleWebKit/537.36 (KHTML, like Gecko) Chrome/83.0.4103.97 Safari/537.36"
81.169.178.0 - - [29/Jun/2021:10:43:55 +0200] "POST /wp-cron.php?doing_wp_cron=1624956235.5465719699859619140625 HTTP/1.1" 200 - "http://www.computerdoc24.de/wp-cron.php?doing_wp_cron=1624956235.5465719699859619140625" "WordPress/5.2.11; https://www.computerdoc24.de"
114.119.142.0 - - [29/Jun/2021:10:43:55 +0200] "GET /robots.txt HTTP/1.1" 200 - "-" "Mozilla/5.0 (compatible;PetalBot;+https://webmaster.petalsearch.com/site/petalbot)"
114.119.142.0 - - [29/Jun/2021:10:43:56 +0200] "GET /robots.txt HTTP/1.1" 200 69 "-" "Mozilla/5.0 (compatible;PetalBot;+https://webmaster.petalsearch.com/site/petalbot)"
34.216.192.0 - - [29/Jun/2021:10:44:52 +0200] "GET / HTTP/1.1" 200 2691 "-" "-"
81.169.178.0 - - [29/Jun/2021:10:45:02 +0200] "POST /wp-cron.php?doing_wp_cron=1624956302.3556740283966064453125 HTTP/1.1" 200 - "http://www.computerdoc24.de/wp-cron.php?doing_wp_cron=1624956302.3556740283966064453125" "WordPress/5.2.11; https://www.computerdoc24.de"
123.30.136.0 - - [29/Jun/2021:10:45:02 +0200] "GET /wp-login.php HTTP/1.1" 302 - "-" "Mozilla/5.0 (X11; Ubuntu; Linux x86_64; rv:62.0) Gecko/20100101 Firefox/62.0"
114.119.154.0 - - [29/Jun/2021:10:45:35 +0200] "GET /en/datenschutzerklaerung HTTP/1.1" 200 - "-" "Mozilla/5.0 (Linux; Android 7.0;) AppleWebKit/537.36 (KHTML, like Gecko) Mobile Safari/537.36 (compatible; PetalBot;+https://webmaster.petalsearch.com/site/petalbot)"
114.119.154.0 - - [29/Jun/2021:10:45:37 +0200] "GET /en/datenschutzerklaerung/ HTTP/1.1" 200 17991 "-" "Mozilla/5.0 (Linux; Android 7.0;) AppleWebKit/537.36 (KHTML, like Gecko) Mobile Safari/537.36 (compatible; PetalBot;+https://webmaster.petalsearch.com/site/petalbot)"
81.169.178.0 - - [29/Jun/2021:10:48:16 +0200] "POST /wp-cron.php?doing_wp_cron=1624956496.4339890480041503906250 HTTP/1.1" 200 - "https://www.computerdoc24.de/wp-cron.php?doing_wp_cron=1624956496.4339890480041503906250" "WordPress/5.2.11; https://www.computerdoc24.de"
114.119.138.0 - - [29/Jun/2021:10:48:16 +0200] "GET /product/anfaenger-notebook HTTP/1.1" 200 8204 "-" "Mozilla/5.0 (Linux; Android 7.0;) AppleWebKit/537.36 (KHTML, like Gecko) Mobile Safari/537.36 (compatible; PetalBot;+https://webmaster.petalsearch.com/site/petalbot)"
114.119.144.0 - - [29/Jun/2021:10:50:15 +0200] "GET /ru/ueber-uns HTTP/1.1" 200 - "-" "Mozilla/5.0 (Linux; Android 7.0;) AppleWebKit/537.36 (KHTML, like Gecko) Mobile Safari/537.36 (compatible; PetalBot;+https://webmaster.petalsearch.com/site/petalbot)"
114.119.144.0 - - [29/Jun/2021:10:50:16 +0200] "GET /ru/ueber-uns/ HTTP/1.1" 200 10398 "-" "Mozilla/5.0 (Linux; Android 7.0;) AppleWebKit/537.36 (KHTML, like Gecko) Mobile Safari/537.36 (compatible; PetalBot;+https://webmaster.petalsearch.com/site/petalbot)"
81.169.178.0 - - [29/Jun/2021:10:52:30 +0200] "POST /wp-cron.php?doing_wp_cron=1624956750.3121309280395507812500 HTTP/1.1" 200 - "https://www.computerdoc24.de/wp-cron.php?doing_wp_cron=1624956750.3121309280395507812500" "WordPress/5.2.11; https://www.computerdoc24.de"
114.119.140.0 - - [29/Jun/2021:10:52:30 +0200] "GET /product/hippes-schnelles-156-zoll-notebook/ HTTP/1.1" 200 8204 "-" "Mozilla/5.0 (Linux; Android 7.0;) AppleWebKit/537.36 (KHTML, like Gecko) Mobile Safari/537.36 (compatible; PetalBot;+https://webmaster.petalsearch.com/site/petalbot)"
81.169.178.0 - - [29/Jun/2021:10:54:48 +0200] "POST /wp-cron.php?doing_wp_cron=1624956888.8463480472564697265625 HTTP/1.1" 200 - "https://www.ipcbusiness.de/wp-cron.php?doing_wp_cron=1624956888.8463480472564697265625" "WordPress/5.6.4; https://www.ipcbusiness.de/it"
114.119.146.0 - - [29/Jun/2021:10:54:48 +0200] "GET /it HTTP/1.1" 200 - "-" "Mozilla/5.0 (Linux; Android 7.0;) AppleWebKit/537.36 (KHTML, like Gecko) Mobile Safari/537.36 (compatible; PetalBot;+https://webmaster.petalsearch.com/site/petalbot)"
114.119.146.0 - - [29/Jun/2021:10:54:50 +0200] "GET /it/ HTTP/1.1" 200 14739 "-" "Mozilla/5.0 (Linux; Android 7.0;) AppleWebKit/537.36 (KHTML, like Gecko) Mobile Safari/537.36 (compatible; PetalBot;+https://webmaster.petalsearch.com/site/petalbot)"
81.169.178.0 - - [29/Jun/2021:10:54:58 +0200] "POST /wp-cron.php?doing_wp_cron=1624956898.3514630794525146484375 HTTP/1.1" 200 - "http://www.computerdoc24.de/wp-cron.php?doing_wp_cron=1624956898.3514630794525146484375" "WordPress/5.2.11; https://www.computerdoc24.de"
93.158.90.0 - - [29/Jun/2021:10:54:58 +0200] "GET /html/body_aktuelle_angebote.html HTTP/1.1" 200 - "-" "Mozilla/5.0 (Macintosh; Intel Mac OS X 11.1; rv:84.0) Gecko/20100101 Firefox/84.0"
93.158.90.0 - - [29/Jun/2021:10:54:58 +0200] "GET /html/body_aktuelle_angebote.html HTTP/1.1" 200 - "-" "Mozilla/5.0 (Macintosh; Intel Mac OS X 11.1; rv:84.0) Gecko/20100101 Firefox/84.0"
93.158.90.0 - - [29/Jun/2021:10:54:59 +0200] "GET /html/body_aktuelle_angebote.html HTTP/1.1" 200 8199 "-" "Mozilla/5.0 (Macintosh; Intel Mac OS X 11.1; rv:84.0) Gecko/20100101 Firefox/84.0"
81.169.178.0 - - [29/Jun/2021:10:55:31 +0200] "POST /wp-cron.php?doing_wp_cron=1624956931.3480489253997802734375 HTTP/1.1" 200 - "http://www.computerdoc24.de/wp-cron.php?doing_wp_cron=1624956931.3480489253997802734375" "WordPress/5.2.11; https://www.computerdoc24.de"
93.158.90.0 - - [29/Jun/2021:10:55:31 +0200] "GET /html/body_anfahrt.html HTTP/1.1" 200 - "-" "Mozilla/5.0 (Macintosh; Intel Mac OS X 11.1; rv:84.0) Gecko/20100101 Firefox/84.0"
93.158.90.0 - - [29/Jun/2021:10:55:31 +0200] "GET /html/body_anfahrt.html HTTP/1.1" 200 - "-" "Mozilla/5.0 (Macintosh; Intel Mac OS X 11.1; rv:84.0) Gecko/20100101 Firefox/84.0"
93.158.90.0 - - [29/Jun/2021:10:55:32 +0200] "GET /html/body_anfahrt.html HTTP/1.1" 200 8199 "-" "Mozilla/5.0 (Macintosh; Intel Mac OS X 11.1; rv:84.0) Gecko/20100101 Firefox/84.0"
135.181.38.0 - - [29/Jun/2021:10:55:32 +0200] "GET /anfrage/ HTTP/1.1" 200 - "-" "Java/11.0.10"
135.181.38.0 - - [29/Jun/2021:10:55:32 +0200] "GET /anfrage/ HTTP/1.1" 200 73236 "-" "Java/11.0.10"
135.181.38.0 - - [29/Jun/2021:10:55:33 +0200] "GET /tel:+4934124250234 HTTP/1.1" 200 - "-" "Java/11.0.10"
135.181.38.0 - - [29/Jun/2021:10:55:34 +0200] "GET /tel:+4934124250234 HTTP/1.1" 200 62310 "-" "Java/11.0.10"
135.181.38.0 - - [29/Jun/2021:10:55:34 +0200] "GET / HTTP/1.1" 200 98002 "-" "Java/11.0.10"
135.181.38.0 - - [29/Jun/2021:10:55:35 +0200] "GET /unsere-maerkte/ HTTP/1.1" 200 67024 "-" "Java/11.0.10"
135.181.38.0 - - [29/Jun/2021:10:55:36 +0200] "GET /auftraggeber/ HTTP/1.1" 200 67236 "-" "Java/11.0.10"
135.181.38.0 - - [29/Jun/2021:10:55:36 +0200] "GET /tel:04915115539876 HTTP/1.1" 200 - "-" "Java/11.0.10"
135.181.38.0 - - [29/Jun/2021:10:55:37 +0200] "GET /tel:04915115539876 HTTP/1.1" 200 62310 "-" "Java/11.0.10"
135.181.38.0 - - [29/Jun/2021:10:55:38 +0200] "GET /tel:+491754703760 HTTP/1.1" 200 - "-" "Java/11.0.10"
135.181.38.0 - - [29/Jun/2021:10:55:38 +0200] "GET /tel:+491754703760 HTTP/1.1" 200 62288 "-" "Java/11.0.10"
135.181.38.0 - - [29/Jun/2021:10:55:39 +0200] "GET / HTTP/1.1" 200 98002 "-" "Java/11.0.10"
157.55.39.0 - - [29/Jun/2021:10:55:40 +0200] "GET /sitemap_index.xml HTTP/1.1" 301 302 "-" "Mozilla/5.0 (compatible; bingbot/2.0; +http://www.bing.com/bingbot.htm)"
135.181.38.0 - - [29/Jun/2021:10:55:40 +0200] "GET /unsere-maerkte/feste-routen/ HTTP/1.1" 200 70318 "-" "Java/11.0.10"
135.181.38.0 - - [29/Jun/2021:10:55:40 +0200] "GET /es/ HTTP/1.1" 200 91768 "-" "Java/11.0.10"
135.181.38.0 - - [29/Jun/2021:10:55:41 +0200] "GET /fr/ HTTP/1.1" 200 91850 "-" "Java/11.0.10"
135.181.38.0 - - [29/Jun/2021:10:55:42 +0200] "GET /tel:+491749525161 HTTP/1.1" 200 - "-" "Java/11.0.10"
135.181.38.0 - - [29/Jun/2021:10:55:43 +0200] "GET /tel:+491749525161 HTTP/1.1" 200 62288 "-" "Java/11.0.10"
135.181.38.0 - - [29/Jun/2021:10:55:43 +0200] "GET /tel:+4934124250239 HTTP/1.1" 200 - "-" "Java/11.0.10"
135.181.38.0 - - [29/Jun/2021:10:55:44 +0200] "GET /tel:+4934124250239 HTTP/1.1" 200 62310 "-" "Java/11.0.10"
135.181.38.0 - - [29/Jun/2021:10:55:45 +0200] "GET /ueber-uns/firmeninformation/ HTTP/1.1" 200 62530 "-" "Java/11.0.10"
135.181.38.0 - - [29/Jun/2021:10:55:45 +0200] "GET /linieninformationen/ HTTP/1.1" 200 81906 "-" "Java/11.0.10"
135.181.38.0 - - [29/Jun/2021:10:55:46 +0200] "GET /it/ HTTP/1.1" 200 91684 "-" "Java/11.0.10"
135.181.38.0 - - [29/Jun/2021:10:55:47 +0200] "GET /ru/ HTTP/1.1" 200 93088 "-" "Java/11.0.10"
135.181.38.0 - - [29/Jun/2021:10:55:47 +0200] "GET /tel:04934124250236 HTTP/1.1" 200 - "-" "Java/11.0.10"
135.181.38.0 - - [29/Jun/2021:10:55:48 +0200] "GET /tel:04934124250236 HTTP/1.1" 200 62310 "-" "Java/11.0.10"
135.181.38.0 - - [29/Jun/2021:10:55:49 +0200] "GET /tel:04934124250239 HTTP/1.1" 200 - "-" "Java/11.0.10"
135.181.38.0 - - [29/Jun/2021:10:55:49 +0200] "GET /tel:04934124250239 HTTP/1.1" 200 62310 "-" "Java/11.0.10"
135.181.38.0 - - [29/Jun/2021:10:55:50 +0200] "GET /tel:04915119402874 HTTP/1.1" 200 - "-" "Java/11.0.10"
135.181.38.0 - - [29/Jun/2021:10:55:51 +0200] "GET /tel:04915119402874 HTTP/1.1" 200 62310 "-" "Java/11.0.10"
69.64.52.0 - - [29/Jun/2021:10:55:51 +0200] "POST /wp-login.php HTTP/1.1" 200 2880 "-" "Mozilla/5.0 (Windows NT 6.1; WOW64) AppleWebKit/537.36 (KHTML, like Gecko) Chrome/46.0.2490.86 Safari/537.36"
93.158.90.0 - - [29/Jun/2021:10:56:01 +0200] "GET /html/left_defaultmasterborder.html HTTP/1.1" 200 - "-" "Mozilla/5.0 (Macintosh; Intel Mac OS X 11.1; rv:84.0) Gecko/20100101 Firefox/84.0"
93.158.90.0 - - [29/Jun/2021:10:56:02 +0200] "GET /html/left_defaultmasterborder.html HTTP/1.1" 200 - "-" "Mozilla/5.0 (Macintosh; Intel Mac OS X 11.1; rv:84.0) Gecko/20100101 Firefox/84.0"
93.158.90.0 - - [29/Jun/2021:10:56:02 +0200] "GET /html/left_defaultmasterborder.html HTTP/1.1" 200 8199 "-" "Mozilla/5.0 (Macintosh; Intel Mac OS X 11.1; rv:84.0) Gecko/20100101 Firefox/84.0"
162.55.168.0 - - [29/Jun/2021:10:56:08 +0200] "GET /wp-content/uploads/Web_Karte_290421.jpg HTTP/1.1" 200 135419 "-" "Mozilla/5.0 (X11; Fedora; Linux x86_64) AppleWebKit/537.36 (KHTML, like Gecko) Chrome/79.0.3945.117 Safari/537.36"
162.55.168.0 - - [29/Jun/2021:10:56:10 +0200] "GET /wp-content/uploads/ship-1.jpg HTTP/1.1" 200 67260 "-" "Mozilla/5.0 (X11; Fedora; Linux x86_64) AppleWebKit/537.36 (KHTML, like Gecko) Chrome/79.0.3945.117 Safari/537.36"
93.158.90.0 - - [29/Jun/2021:10:56:16 +0200] "GET /html/body_agb.html HTTP/1.1" 200 - "-" "Mozilla/5.0 (Macintosh; Intel Mac OS X 11.1; rv:84.0) Gecko/20100101 Firefox/84.0"
93.158.90.0 - - [29/Jun/2021:10:56:17 +0200] "GET /html/body_agb.html HTTP/1.1" 200 - "-" "Mozilla/5.0 (Macintosh; Intel Mac OS X 11.1; rv:84.0) Gecko/20100101 Firefox/84.0"
93.158.90.0 - - [29/Jun/2021:10:56:17 +0200] "GET /html/body_agb.html HTTP/1.1" 200 8199 "-" "Mozilla/5.0 (Macintosh; Intel Mac OS X 11.1; rv:84.0) Gecko/20100101 Firefox/84.0"
81.169.178.0 - - [29/Jun/2021:10:56:32 +0200] "POST /wp-cron.php?doing_wp_cron=1624956992.8262519836425781250000 HTTP/1.1" 200 - "http://www.computerdoc24.de/wp-cron.php?doing_wp_cron=1624956992.8262519836425781250000" "WordPress/5.2.11; https://www.computerdoc24.de"
93.158.90.0 - - [29/Jun/2021:10:56:32 +0200] "GET /body_index.html HTTP/1.1" 200 - "-" "Mozilla/5.0 (Macintosh; Intel Mac OS X 11.1; rv:84.0) Gecko/20100101 Firefox/84.0"
93.158.90.0 - - [29/Jun/2021:10:56:33 +0200] "GET /body_index.html HTTP/1.1" 200 - "-" "Mozilla/5.0 (Macintosh; Intel Mac OS X 11.1; rv:84.0) Gecko/20100101 Firefox/84.0"
93.158.90.0 - - [29/Jun/2021:10:56:33 +0200] "GET /body_index.html HTTP/1.1" 200 8199 "-" "Mozilla/5.0 (Macintosh; Intel Mac OS X 11.1; rv:84.0) Gecko/20100101 Firefox/84.0"
114.119.139.0 - - [29/Jun/2021:10:56:44 +0200] "GET /product/schneller-arbeits-und-internet-pc-6/ HTTP/1.1" 200 13824 "-" "Mozilla/5.0 (Linux; Android 7.0;) AppleWebKit/537.36 (KHTML, like Gecko) Mobile Safari/537.36 (compatible; PetalBot;+https://webmaster.petalsearch.com/site/petalbot)"
93.158.90.0 - - [29/Jun/2021:10:56:56 +0200] "GET /html/header_defaultmasterborder.html HTTP/1.1" 200 - "-" "Mozilla/5.0 (Macintosh; Intel Mac OS X 11.1; rv:84.0) Gecko/20100101 Firefox/84.0"
93.158.90.0 - - [29/Jun/2021:10:56:56 +0200] "GET /html/header_defaultmasterborder.html HTTP/1.1" 200 - "-" "Mozilla/5.0 (Macintosh; Intel Mac OS X 11.1; rv:84.0) Gecko/20100101 Firefox/84.0"
40.77.167.0 - - [29/Jun/2021:10:56:56 +0200] "GET /assets/images/img-20141213-wa0002.jpg HTTP/1.1" 200 51483 "-" "Mozilla/5.0 (compatible; bingbot/2.0; +http://www.bing.com/bingbot.htm)"
93.158.90.0 - - [29/Jun/2021:10:56:56 +0200] "GET /html/header_defaultmasterborder.html HTTP/1.1" 200 8199 "-" "Mozilla/5.0 (Macintosh; Intel Mac OS X 11.1; rv:84.0) Gecko/20100101 Firefox/84.0"
93.158.90.0 - - [29/Jun/2021:10:57:14 +0200] "GET /html/body_software.html HTTP/1.1" 200 - "-" "Mozilla/5.0 (Macintosh; Intel Mac OS X 11.1; rv:84.0) Gecko/20100101 Firefox/84.0"
93.158.90.0 - - [29/Jun/2021:10:57:14 +0200] "GET /html/body_software.html HTTP/1.1" 200 - "-" "Mozilla/5.0 (Macintosh; Intel Mac OS X 11.1; rv:84.0) Gecko/20100101 Firefox/84.0"
93.158.90.0 - - [29/Jun/2021:10:57:14 +0200] "GET /html/body_software.html HTTP/1.1" 200 8199 "-" "Mozilla/5.0 (Macintosh; Intel Mac OS X 11.1; rv:84.0) Gecko/20100101 Firefox/84.0"
81.169.178.0 - - [29/Jun/2021:10:57:31 +0200] "POST /wp-cron.php?doing_wp_cron=1624957051.5637691020965576171875 HTTP/1.1" 200 - "http://www.computerdoc24.de/wp-cron.php?doing_wp_cron=1624957051.5637691020965576171875" "WordPress/5.2.11; https://www.computerdoc24.de"
93.158.90.0 - - [29/Jun/2021:10:57:31 +0200] "GET /html/body_servicepreise.html HTTP/1.1" 200 - "-" "Mozilla/5.0 (Macintosh; Intel Mac OS X 11.1; rv:84.0) Gecko/20100101 Firefox/84.0"
93.158.90.0 - - [29/Jun/2021:10:57:31 +0200] "GET /html/body_servicepreise.html HTTP/1.1" 200 - "-" "Mozilla/5.0 (Macintosh; Intel Mac OS X 11.1; rv:84.0) Gecko/20100101 Firefox/84.0"
93.158.90.0 - - [29/Jun/2021:10:57:32 +0200] "GET /html/body_servicepreise.html HTTP/1.1" 200 8199 "-" "Mozilla/5.0 (Macintosh; Intel Mac OS X 11.1; rv:84.0) Gecko/20100101 Firefox/84.0"
93.158.90.0 - - [29/Jun/2021:10:57:54 +0200] "GET /html/body_presse.html HTTP/1.1" 200 - "-" "Mozilla/5.0 (Macintosh; Intel Mac OS X 11.1; rv:84.0) Gecko/20100101 Firefox/84.0"
93.158.90.0 - - [29/Jun/2021:10:57:54 +0200] "GET /html/body_presse.html HTTP/1.1" 200 - "-" "Mozilla/5.0 (Macintosh; Intel Mac OS X 11.1; rv:84.0) Gecko/20100101 Firefox/84.0"
93.158.90.0 - - [29/Jun/2021:10:57:55 +0200] "GET /html/body_presse.html HTTP/1.1" 200 8199 "-" "Mozilla/5.0 (Macintosh; Intel Mac OS X 11.1; rv:84.0) Gecko/20100101 Firefox/84.0"
93.158.90.0 - - [29/Jun/2021:10:58:21 +0200] "GET /html/body_pc_ankauf.html HTTP/1.1" 200 - "-" "Mozilla/5.0 (Macintosh; Intel Mac OS X 11.1; rv:84.0) Gecko/20100101 Firefox/84.0"
93.158.90.0 - - [29/Jun/2021:10:58:22 +0200] "GET /html/body_pc_ankauf.html HTTP/1.1" 200 - "-" "Mozilla/5.0 (Macintosh; Intel Mac OS X 11.1; rv:84.0) Gecko/20100101 Firefox/84.0"
93.158.90.0 - - [29/Jun/2021:10:58:22 +0200] "GET /html/body_pc_ankauf.html HTTP/1.1" 200 8199 "-" "Mozilla/5.0 (Macintosh; Intel Mac OS X 11.1; rv:84.0) Gecko/20100101 Firefox/84.0"
81.169.178.0 - - [29/Jun/2021:10:58:33 +0200] "POST /wp-cron.php?doing_wp_cron=1624957113.7170341014862060546875 HTTP/1.1" 200 - "http://www.computerdoc24.de/wp-cron.php?doing_wp_cron=1624957113.7170341014862060546875" "WordPress/5.2.11; https://www.computerdoc24.de"
93.158.90.0 - - [29/Jun/2021:10:58:33 +0200] "GET /html/body_parken.html HTTP/1.1" 200 - "-" "Mozilla/5.0 (Macintosh; Intel Mac OS X 11.1; rv:84.0) Gecko/20100101 Firefox/84.0"
93.158.90.0 - - [29/Jun/2021:10:58:34 +0200] "GET /html/body_parken.html HTTP/1.1" 200 - "-" "Mozilla/5.0 (Macintosh; Intel Mac OS X 11.1; rv:84.0) Gecko/20100101 Firefox/84.0"
93.158.90.0 - - [29/Jun/2021:10:58:34 +0200] "GET /html/body_parken.html HTTP/1.1" 200 8199 "-" "Mozilla/5.0 (Macintosh; Intel Mac OS X 11.1; rv:84.0) Gecko/20100101 Firefox/84.0"
207.154.206.0 - - [29/Jun/2021:10:58:48 +0200] "POST /wp-login.php HTTP/1.1" 200 2884 "-" "Mozilla/5.0 (Windows NT 6.1) AppleWebKit/537.36 (KHTML, like Gecko) Chrome/70.0.3538.102 Safari/537.36"
93.158.90.0 - - [29/Jun/2021:10:58:53 +0200] "GET /html/body_impressum.html HTTP/1.1" 200 - "-" "Mozilla/5.0 (Macintosh; Intel Mac OS X 11.1; rv:84.0) Gecko/20100101 Firefox/84.0"
93.158.90.0 - - [29/Jun/2021:10:58:53 +0200] "GET /html/body_impressum.html HTTP/1.1" 200 - "-" "Mozilla/5.0 (Macintosh; Intel Mac OS X 11.1; rv:84.0) Gecko/20100101 Firefox/84.0"
93.158.90.0 - - [29/Jun/2021:10:58:54 +0200] "GET /html/body_impressum.html HTTP/1.1" 200 8199 "-" "Mozilla/5.0 (Macintosh; Intel Mac OS X 11.1; rv:84.0) Gecko/20100101 Firefox/84.0"
93.158.90.0 - - [29/Jun/2021:10:59:19 +0200] "GET /html/body_angebote_2.html HTTP/1.1" 200 - "-" "Mozilla/5.0 (Macintosh; Intel Mac OS X 11.1; rv:84.0) Gecko/20100101 Firefox/84.0"
93.158.90.0 - - [29/Jun/2021:10:59:19 +0200] "GET /html/body_angebote_2.html HTTP/1.1" 200 - "-" "Mozilla/5.0 (Macintosh; Intel Mac OS X 11.1; rv:84.0) Gecko/20100101 Firefox/84.0"
93.158.90.0 - - [29/Jun/2021:10:59:19 +0200] "GET /html/body_angebote_2.html HTTP/1.1" 200 8199 "-" "Mozilla/5.0 (Macintosh; Intel Mac OS X 11.1; rv:84.0) Gecko/20100101 Firefox/84.0"
114.119.131.0 - - [29/Jun/2021:10:59:28 +0200] "GET /es/unsere-produkte-und-services/kranbare-auflieger/ HTTP/1.1" 200 10505 "-" "Mozilla/5.0 (Linux; Android 7.0;) AppleWebKit/537.36 (KHTML, like Gecko) Mobile Safari/537.36 (compatible; PetalBot;+https://webmaster.petalsearch.com/site/petalbot)"
81.169.178.0 - - [29/Jun/2021:10:59:40 +0200] "POST /wp-cron.php?doing_wp_cron=1624957180.4116489887237548828125 HTTP/1.1" 200 - "http://www.computerdoc24.de/wp-cron.php?doing_wp_cron=1624957180.4116489887237548828125" "WordPress/5.2.11; https://www.computerdoc24.de"
93.158.90.0 - - [29/Jun/2021:10:59:40 +0200] "GET /html/body_fernwartung.html HTTP/1.1" 200 - "-" "Mozilla/5.0 (Macintosh; Intel Mac OS X 11.1; rv:84.0) Gecko/20100101 Firefox/84.0"
93.158.90.0 - - [29/Jun/2021:10:59:40 +0200] "GET /html/body_fernwartung.html HTTP/1.1" 200 - "-" "Mozilla/5.0 (Macintosh; Intel Mac OS X 11.1; rv:84.0) Gecko/20100101 Firefox/84.0"
93.158.90.0 - - [29/Jun/2021:10:59:41 +0200] "GET /html/body_fernwartung.html HTTP/1.1" 200 8199 "-" "Mozilla/5.0 (Macintosh; Intel Mac OS X 11.1; rv:84.0) Gecko/20100101 Firefox/84.0"
139.162.239.0 - - [29/Jun/2021:10:59:54 +0200] "POST /wp-login.php HTTP/1.1" 200 2886 "-" "Mozilla/5.0 (Windows NT 6.3; Win64; x64) AppleWebKit/537.36 (KHTML, like Gecko) Chrome/79.0.3945.130 Safari/537.36"
93.158.90.0 - - [29/Jun/2021:11:00:01 +0200] "GET / HTTP/1.1" 301 - "-" "Mozilla/5.0 (Macintosh; Intel Mac OS X 11.1; rv:84.0) Gecko/20100101 Firefox/84.0"
93.158.90.0 - - [29/Jun/2021:11:00:01 +0200] "GET / HTTP/1.1" 301 - "-" "Mozilla/5.0 (Macintosh; Intel Mac OS X 11.1; rv:84.0) Gecko/20100101 Firefox/84.0"
93.158.90.0 - - [29/Jun/2021:11:00:02 +0200] "GET / HTTP/1.1" 200 16468 "-" "Mozilla/5.0 (Macintosh; Intel Mac OS X 11.1; rv:84.0) Gecko/20100101 Firefox/84.0"
81.169.178.0 - - [29/Jun/2021:11:00:49 +0200] "POST /wp-cron.php?doing_wp_cron=1624957249.4241340160369873046875 HTTP/1.1" 200 - "https://www.computerdoc24.de/wp-cron.php?doing_wp_cron=1624957249.4241340160369873046875" "WordPress/5.2.11; https://www.computerdoc24.de"
114.119.147.0 - - [29/Jun/2021:11:00:49 +0200] "GET /product-category/aktuelle-angebote/netzteile/ HTTP/1.1" 200 9159 "-" "Mozilla/5.0 (Linux; Android 7.0;) AppleWebKit/537.36 (KHTML, like Gecko) Mobile Safari/537.36 (compatible; PetalBot;+https://webmaster.petalsearch.com/site/petalbot)"
114.119.131.0 - - [29/Jun/2021:11:04:04 +0200] "GET /fr/unsere-produkte-und-services/ HTTP/1.1" 200 10471 "-" "Mozilla/5.0 (Linux; Android 7.0;) AppleWebKit/537.36 (KHTML, like Gecko) Mobile Safari/537.36 (compatible; PetalBot;+https://webmaster.petalsearch.com/site/petalbot)"
81.169.178.0 - - [29/Jun/2021:11:04:52 +0200] "POST /wp-cron.php?doing_wp_cron=1624957492.3727769851684570312500 HTTP/1.1" 200 - "https://www.computerdoc24.de/wp-cron.php?doing_wp_cron=1624957492.3727769851684570312500" "WordPress/5.2.11; https://www.computerdoc24.de"
114.119.140.0 - - [29/Jun/2021:11:04:52 +0200] "GET /robots.txt HTTP/1.1" 200 69 "-" "Mozilla/5.0 (Linux; Android 7.0;) AppleWebKit/537.36 (KHTML, like Gecko) Mobile Safari/537.36 (compatible; PetalBot;+https://webmaster.petalsearch.com/site/petalbot)"
54.36.149.0 - - [29/Jun/2021:11:05:09 +0200] "GET /product/schneller-arbeits-und-internet-pc/ HTTP/1.1" 200 13918 "-" "Mozilla/5.0 (compatible; AhrefsBot/7.0; +http://ahrefs.com/robot/)"
81.169.178.0 - - [29/Jun/2021:11:07:07 +0200] "POST /wp-cron.php?doing_wp_cron=1624957627.1223509311676025390625 HTTP/1.1" 200 - "https://www.computerdoc24.de/wp-cron.php?doing_wp_cron=1624957627.1223509311676025390625" "WordPress/5.2.11; https://www.computerdoc24.de"
78.46.48.0 - - [29/Jun/2021:11:07:06 +0200] "HEAD / HTTP/1.1" 200 - "https://chemnitz.freifunk.net" "Mozilla/5.0 (Windows NT 10.0; Win64; x64) AppleWebKit/537.36 (KHTML, like Gecko) Chrome/70.0.3538.102 Safari/537.36"
81.88.52.0 - - [29/Jun/2021:11:07:43 +0200] "POST /wp-login.php HTTP/1.1" 200 2878 "-" "Mozilla/5.0 (Windows NT 6.1; Win64; x64) AppleWebKit/537.36 (KHTML, like Gecko) Chrome/60.0.3112.113 Safari/537.36"
114.119.144.0 - - [29/Jun/2021:11:09:36 +0200] "GET /ru/unsere-maerkte/feste-routen/ HTTP/1.1" 200 11204 "-" "Mozilla/5.0 (Linux; Android 7.0;) AppleWebKit/537.36 (KHTML, like Gecko) Mobile Safari/537.36 (compatible; PetalBot;+https://webmaster.petalsearch.com/site/petalbot)"
81.169.178.0 - - [29/Jun/2021:11:14:12 +0200] "POST /wp-cron.php?doing_wp_cron=1624958052.4948470592498779296875 HTTP/1.1" 200 - "https://www.computerdoc24.de/wp-cron.php?doing_wp_cron=1624958052.4948470592498779296875" "WordPress/5.2.11; https://www.computerdoc24.de"
114.119.139.0 - - [29/Jun/2021:11:14:12 +0200] "GET /product/arbeits-und-internet-pc-neue-ssd/ HTTP/1.1" 200 8204 "-" "Mozilla/5.0 (Linux; Android 7.0;) AppleWebKit/537.36 (KHTML, like Gecko) Mobile Safari/537.36 (compatible; PetalBot;+https://webmaster.petalsearch.com/site/petalbot)"
45.129.18.0 - - [29/Jun/2021:11:14:16 +0200] "HEAD / HTTP/1.1" 200 - "-" "Mozilla/5.0 (Macintosh; Intel Mac OS X 10_9_3) AppleWebKit/537.36 (KHTML, like Gecko) Chrome/35.0.1916.47 Safari/537.36"
66.249.64.0 - - [29/Jun/2021:11:17:52 +0200] "GET /ru/unsere-produkte-und-services/kombiverkehr-gruener-transport/ HTTP/1.1" 301 348 "-" "Mozilla/5.0 (compatible; Googlebot/2.1; +http://www.google.com/bot.html)"
192.241.221.0 - - [29/Jun/2021:11:20:25 +0200] "GET /owa/auth/logon.aspx?url=https%3a%2f%2f1%2fecp%2f HTTP/1.1" 404 2631 "-" "Mozilla/5.0 zgrab/0.x"
81.88.52.0 - - [29/Jun/2021:11:20:41 +0200] "POST /wp-login.php HTTP/1.1" 200 2880 "-" "Mozilla/5.0 (Windows NT 6.1; WOW64) AppleWebKit/537.36 (KHTML, like Gecko) Chrome/52.0.2743.116 Safari/537.36"
81.169.178.0 - - [29/Jun/2021:11:23:03 +0200] "POST /wp-cron.php?doing_wp_cron=1624958582.9346079826354980468750 HTTP/1.1" 200 - "https://www.computerdoc24.de/wp-cron.php?doing_wp_cron=1624958582.9346079826354980468750" "WordPress/5.2.11; https://www.computerdoc24.de"
107.180.104.0 - - [29/Jun/2021:11:23:02 +0200] "POST /wp-login.php HTTP/1.1" 503 7056 "-" "Mozilla/5.0 (Windows NT 10.0; Win64; x64) AppleWebKit/537.36 (KHTML, like Gecko) Chrome/73.0.3683.86 Safari/537.36"
134.209.157.0 - - [29/Jun/2021:11:23:08 +0200] "POST /wp-login.php HTTP/1.1" 200 2884 "-" "Mozilla/5.0 (Windows NT 6.1; WOW64) AppleWebKit/537.36 (KHTML, like Gecko) Chrome/36.0.1985.125 Safari/537.36"
114.119.137.0 - - [29/Jun/2021:11:23:48 +0200] "GET /fr/unsere-produkte-und-services/kranbare-auflieger/ HTTP/1.1" 200 10524 "-" "Mozilla/5.0 (Linux; Android 7.0;) AppleWebKit/537.36 (KHTML, like Gecko) Mobile Safari/537.36 (compatible; PetalBot;+https://webmaster.petalsearch.com/site/petalbot)"
51.89.36.0 - - [29/Jun/2021:11:24:16 +0200] "POST /wp-login.php HTTP/1.1" 200 2886 "-" "Mozilla/5.0 (Windows NT 6.3; Win64; x64) AppleWebKit/537.36 (KHTML, like Gecko) Chrome/77.0.3865.90 Safari/537.36"
185.220.102.0 - - [29/Jun/2021:11:24:34 +0200] "POST /xmlrpc.php HTTP/1.0" 301 245 "-" "Mozilla/5.0 (Windows NT 10.0; Win64; x64) AppleWebKit/537.36 (KHTML, like Gecko) Chrome/64.0.3282.140 Safari/537.36 Edge/17.17134"
185.220.102.0 - - [29/Jun/2021:11:24:35 +0200] "POST /xmlrpc.php HTTP/1.0" 200 429 "-" "Mozilla/5.0 (Windows NT 10.0; Win64; x64) AppleWebKit/537.36 (KHTML, like Gecko) Chrome/64.0.3282.140 Safari/537.36 Edge/17.17134"
103.28.53.0 - - [29/Jun/2021:11:26:44 +0200] "POST /wp-login.php HTTP/1.1" 200 2886 "-" "Mozilla/5.0 (Windows NT 10.0; Win64; x64) AppleWebKit/537.36 (KHTML, like Gecko) Chrome/70.0.3538.67 Safari/537.36"
47.99.54.0 - - [29/Jun/2021:11:27:33 +0200] "-" 408 - "-" "-"
66.249.64.0 - - [29/Jun/2021:11:27:50 +0200] "GET /ueber-uns/ HTTP/1.1" 301 295 "-" "Mozilla/5.0 (compatible; Googlebot/2.1; +http://www.google.com/bot.html)"
66.249.64.0 - - [29/Jun/2021:11:27:50 +0200] "GET /robots.txt HTTP/1.1" 301 295 "-" "Mozilla/5.0 (compatible; Googlebot/2.1; +http://www.google.com/bot.html)"
114.119.137.0 - - [29/Jun/2021:11:28:18 +0200] "GET /pl/linieninformationen HTTP/1.1" 200 - "-" "Mozilla/5.0 (Linux; Android 7.0;) AppleWebKit/537.36 (KHTML, like Gecko) Mobile Safari/537.36 (compatible; PetalBot;+https://webmaster.petalsearch.com/site/petalbot)"
114.119.137.0 - - [29/Jun/2021:11:28:20 +0200] "GET /pl/linieninformationen/ HTTP/1.1" 200 11977 "-" "Mozilla/5.0 (Linux; Android 7.0;) AppleWebKit/537.36 (KHTML, like Gecko) Mobile Safari/537.36 (compatible; PetalBot;+https://webmaster.petalsearch.com/site/petalbot)"
34.94.209.0 - - [29/Jun/2021:11:31:22 +0200] "POST /wp-login.php HTTP/1.1" 200 2878 "-" "Mozilla/5.0 (Windows NT 6.1) AppleWebKit/537.36 (KHTML, like Gecko) Chrome/65.0.3325.181 Safari/537.36"
114.119.137.0 - - [29/Jun/2021:11:32:55 +0200] "GET /fr/unsere-produkte-und-services HTTP/1.1" 200 - "-" "Mozilla/5.0 (Linux; Android 7.0;) AppleWebKit/537.36 (KHTML, like Gecko) Mobile Safari/537.36 (compatible; PetalBot;+https://webmaster.petalsearch.com/site/petalbot)"
114.119.137.0 - - [29/Jun/2021:11:32:56 +0200] "GET /fr/unsere-produkte-und-services/ HTTP/1.1" 200 10471 "-" "Mozilla/5.0 (Linux; Android 7.0;) AppleWebKit/537.36 (KHTML, like Gecko) Mobile Safari/537.36 (compatible; PetalBot;+https://webmaster.petalsearch.com/site/petalbot)"
34.96.130.0 - - [29/Jun/2021:11:36:53 +0200] "GET / HTTP/1.1" 200 2691 "-" "Expanse, a Palo Alto Networks company, searches across the global IPv4 space multiple times per day to identify customers&#39; presences on the Internet. If you would like to be excluded from our scans, please send IP addresses/domains to: scaninfo@paloaltonetworks.com"
91.241.19.0 - - [29/Jun/2021:11:36:59 +0200] "GET / HTTP/1.1" 301 235 "-" "Mozilla/5.0 (Windows NT 6.1; rv:5.0) Gecko/20100101 Firefox/5.0"
91.241.19.0 - - [29/Jun/2021:11:37:00 +0200] "GET / HTTP/1.1" 200 98001 "-" "Mozilla/5.0 (Windows NT 6.1; rv:5.0) Gecko/20100101 Firefox/5.0"
66.249.64.0 - - [29/Jun/2021:11:37:54 +0200] "GET / HTTP/1.1" 200 2590 "-" "Mozilla/5.0 (compatible; Googlebot/2.1; +http://www.google.com/bot.html)"
81.169.178.0 - - [29/Jun/2021:11:41:11 +0200] "POST /wp-cron.php?doing_wp_cron=1624959671.0210080146789550781250 HTTP/1.1" 200 - "https://www.computerdoc24.de/wp-cron.php?doing_wp_cron=1624959671.0210080146789550781250" "WordPress/5.2.11; https://www.computerdoc24.de"
107.150.46.0 - - [29/Jun/2021:11:41:10 +0200] "GET // HTTP/1.1" 301 - "http://www.google.com.hk" "Mozilla/5.0 (Windows NT 6.1; WOW64) AppleWebKit/537.36 (KHTML, like Gecko) Chrome/42.0.2311.90 Safari/537.36"
107.150.46.0 - - [29/Jun/2021:11:41:13 +0200] "GET / HTTP/1.1" 200 16466 "http://www.google.com.hk" "Mozilla/5.0 (Windows NT 6.1; WOW64) AppleWebKit/537.36 (KHTML, like Gecko) Chrome/42.0.2311.90 Safari/537.36"
107.150.46.0 - - [29/Jun/2021:11:41:15 +0200] "GET //wp-content/plugins/fancy-product-designer/assets/css/fancy-product.css HTTP/1.1" 200 - "-" "Mozilla/5.0 (Windows NT 6.1; WOW64) AppleWebKit/537.36 (KHTML, like Gecko) Chrome/36.0.1985.125 Safari/537.36"
107.150.46.0 - - [29/Jun/2021:11:41:17 +0200] "GET /wp-content/plugins/fancy-product-designer/assets/css/fancy-product.css HTTP/1.1" 200 8199 "-" "Mozilla/5.0 (Windows NT 6.1; WOW64) AppleWebKit/537.36 (KHTML, like Gecko) Chrome/36.0.1985.125 Safari/537.36"
114.119.137.0 - - [29/Jun/2021:11:43:18 +0200] "GET /uk/unsere-maerkte/destinationen HTTP/1.1" 200 - "-" "Mozilla/5.0 (Linux; Android 7.0;) AppleWebKit/537.36 (KHTML, like Gecko) Mobile Safari/537.36 (compatible; PetalBot;+https://webmaster.petalsearch.com/site/petalbot)"
114.119.137.0 - - [29/Jun/2021:11:43:19 +0200] "GET /uk/unsere-maerkte/destinationen/ HTTP/1.1" 200 10765 "-" "Mozilla/5.0 (Linux; Android 7.0;) AppleWebKit/537.36 (KHTML, like Gecko) Mobile Safari/537.36 (compatible; PetalBot;+https://webmaster.petalsearch.com/site/petalbot)"
66.249.64.0 - - [29/Jun/2021:11:44:04 +0200] "GET /robots.txt HTTP/1.1" 301 297 "-" "Mozilla/5.0 (compatible; Googlebot/2.1; +http://www.google.com/bot.html)"
66.249.64.0 - - [29/Jun/2021:11:44:05 +0200] "GET /wp-content/uploads/20201007_112938_HDR-577x1024.jpg HTTP/1.1" 301 338 "-" "Googlebot-Image/1.0"
199.192.24.0 - - [29/Jun/2021:11:47:05 +0200] "POST /wp-login.php HTTP/1.1" 200 2880 "-" "Mozilla/5.0 (Windows NT 10.0; Win64; x64) AppleWebKit/537.36 (KHTML, like Gecko) Chrome/87.0.4280.88 Safari/537.36"
89.248.173.0 - - [29/Jun/2021:11:47:15 +0200] "GET / HTTP/1.1" 403 2411 "-" "python-requests/2.24.0"
66.249.64.0 - - [29/Jun/2021:11:48:01 +0200] "GET /it/ueber-uns/ipc-business-gmbh-firmeninformation/ HTTP/1.1" 301 334 "-" "Mozilla/5.0 (compatible; Googlebot/2.1; +http://www.google.com/bot.html)"
114.119.131.0 - - [29/Jun/2021:11:48:25 +0200] "GET /uk/unsere-maerkte/destinationen/ HTTP/1.1" 200 10763 "-" "Mozilla/5.0 (Linux; Android 7.0;) AppleWebKit/537.36 (KHTML, like Gecko) Mobile Safari/537.36 (compatible; PetalBot;+https://webmaster.petalsearch.com/site/petalbot)"
61.28.235.0 - - [29/Jun/2021:11:50:06 +0200] "POST /wp-login.php HTTP/1.1" 200 2884 "-" "Mozilla/5.0 (Windows NT 10.0; Win64; x64) AppleWebKit/537.36 (KHTML, like Gecko) Chrome/73.0.3683.75 Safari/537.36"
81.169.178.0 - - [29/Jun/2021:11:51:58 +0200] "POST /wp-cron.php?doing_wp_cron=1624960318.4164109230041503906250 HTTP/1.1" 200 - "https://www.ipcbusiness.de/wp-cron.php?doing_wp_cron=1624960318.4164109230041503906250" "WordPress/5.6.4; https://www.ipcbusiness.de"
91.134.248.0 - - [29/Jun/2021:11:51:58 +0200] "POST /wp-login.php HTTP/1.1" 200 2886 "-" "Mozilla/5.0 (Windows NT 6.3; Win64; x64) AppleWebKit/537.36 (KHTML, like Gecko) Chrome/67.0.3396.99 Safari/537.36"
207.46.13.0 - - [29/Jun/2021:11:59:56 +0200] "GET /wp-content/uploads/20200916_132715-768x1024.jpg HTTP/1.1" 301 334 "-" "Mozilla/5.0 (compatible; bingbot/2.0; +http://www.bing.com/bingbot.htm)"
40.77.167.0 - - [29/Jun/2021:12:00:59 +0200] "GET /wp-content/uploads/20200915_113843.jpg HTTP/1.1" 301 325 "-" "Mozilla/5.0 (compatible; bingbot/2.0; +http://www.bing.com/bingbot.htm)"
179.43.167.0 - - [29/Jun/2021:12:01:34 +0200] "POST /xmlrpc.php HTTP/1.0" 301 241 "-" "Mozilla/5.0 (Macintosh; Intel Mac OS X 10_14_4) AppleWebKit/537.36 (KHTML, like Gecko) Chrome/70.0.3538.102 Safari/537.36"
179.43.167.0 - - [29/Jun/2021:12:01:36 +0200] "POST /xmlrpc.php HTTP/1.0" 200 429 "-" "Mozilla/5.0 (Macintosh; Intel Mac OS X 10_14_4) AppleWebKit/537.36 (KHTML, like Gecko) Chrome/70.0.3538.102 Safari/537.36"
138.201.173.0 - - [29/Jun/2021:12:04:03 +0200] "POST /wp-login.php HTTP/1.1" 200 2878 "-" "Mozilla/5.0 (Windows NT 10.0; WOW64) AppleWebKit/537.36 (KHTML, like Gecko) Chrome/79.0.3945.130 Safari/537.36"
199.19.224.0 - - [29/Jun/2021:12:05:28 +0200] "POST /boaform/admin/formLogin HTTP/1.1" 404 2786 "http://81.169.178.78:80/admin/login.asp" "Mozilla/5.0 (X11; Ubuntu; Linux x86_64; rv:71.0) Gecko/20100101 Firefox/71.0"
202.189.180.0 - - [29/Jun/2021:12:11:30 +0200] "POST /wp-login.php HTTP/1.1" 200 2884 "-" "Mozilla/5.0 (Windows NT 6.1; Win64; x64) AppleWebKit/537.36 (KHTML, like Gecko) Chrome/70.0.3538.67 Safari/537.36"
89.248.173.0 - - [29/Jun/2021:12:11:46 +0200] "GET / HTTP/1.1" 403 2409 "-" "python-requests/2.24.0"
114.119.149.0 - - [29/Jun/2021:12:13:35 +0200] "GET /it/impressum HTTP/1.1" 200 - "-" "Mozilla/5.0 (Linux; Android 7.0;) AppleWebKit/537.36 (KHTML, like Gecko) Mobile Safari/537.36 (compatible; PetalBot;+https://webmaster.petalsearch.com/site/petalbot)"
114.119.149.0 - - [29/Jun/2021:12:13:37 +0200] "GET /it/impressum/ HTTP/1.1" 200 13321 "-" "Mozilla/5.0 (Linux; Android 7.0;) AppleWebKit/537.36 (KHTML, like Gecko) Mobile Safari/537.36 (compatible; PetalBot;+https://webmaster.petalsearch.com/site/petalbot)"
54.36.149.0 - - [29/Jun/2021:12:14:42 +0200] "GET /unsere-produkte-und-services/innovative-ladeeinheiten/ HTTP/1.1" 200 10914 "-" "Mozilla/5.0 (compatible; AhrefsBot/7.0; +http://ahrefs.com/robot/)"
81.169.178.0 - - [29/Jun/2021:12:16:39 +0200] "POST /wp-cron.php?doing_wp_cron=1624961799.3669860363006591796875 HTTP/1.1" 200 - "https://www.computerdoc24.de/wp-cron.php?doing_wp_cron=1624961799.3669860363006591796875" "WordPress/5.2.11; https://www.computerdoc24.de"
