81.169.178.0 - - [29/Jun/2021:02:35:38 +0200] "POST /wp-cron.php?doing_wp_cron=1624926938.6272499561309814453125 HTTP/1.1" 200 - "https://www.computerdoc24.de/wp-cron.php?doing_wp_cron=1624926938.6272499561309814453125" "WordPress/5.2.11; https://www.computerdoc24.de"
35.185.54.0 - - [29/Jun/2021:02:35:38 +0200] "GET /comments/feed/ HTTP/1.0" 200 451 "-" "ZoominfoBot (zoominfobot at zoominfo dot com)"
18.216.98.0 - - [29/Jun/2021:02:35:49 +0200] "GET /anfrage/ HTTP/1.1" 200 14615 "-" "Mozilla/5.0 (Windows NT 6.1; Win64; x64; rv:61.0) Gecko/20100101 Firefox/61.0"
18.216.98.0 - - [29/Jun/2021:02:35:50 +0200] "GET /wp-content/plugins/contact-form-7/includes/js/index.js HTTP/1.1" 200 3238 "https://www.ipcbusiness.de/" "Mozilla/5.0 (Windows NT 6.1; Win64; x64; rv:61.0) Gecko/20100101 Firefox/61.0"
18.216.98.0 - - [29/Jun/2021:02:35:51 +0200] "POST /wp-json/contact-form-7/v1/contact-forms/5/feedback HTTP/1.1" 200 261 "https://www.ipcbusiness.de/anfrage/" "Mozilla/5.0 (Windows NT 6.1; Win64; x64; rv:61.0) Gecko/20100101 Firefox/61.0"
103.75.184.0 - - [29/Jun/2021:02:38:09 +0200] "POST /wp-login.php HTTP/1.1" 200 2884 "-" "Mozilla/5.0 (Windows NT 10.0; Win64; x64) AppleWebKit/537.36 (KHTML, like Gecko) Chrome/70.0.3538.67 Safari/537.36"
81.169.178.0 - - [29/Jun/2021:02:38:15 +0200] "POST /wp-cron.php?doing_wp_cron=1624927095.2818679809570312500000 HTTP/1.1" 200 - "https://www.computerdoc24.de/wp-cron.php?doing_wp_cron=1624927095.2818679809570312500000" "WordPress/5.2.11; https://www.computerdoc24.de"
35.185.54.0 - - [29/Jun/2021:02:38:15 +0200] "GET /service/ HTTP/1.0" 200 12584 "-" "ZoominfoBot (zoominfobot at zoominfo dot com)"
81.169.178.0 - - [29/Jun/2021:02:40:09 +0200] "POST /wp-cron.php?doing_wp_cron=1624927208.9299499988555908203125 HTTP/1.1" 200 - "https://www.computerdoc24.de/wp-cron.php?doing_wp_cron=1624927208.9299499988555908203125" "WordPress/5.2.11; https://www.computerdoc24.de"
35.185.54.0 - - [29/Jun/2021:02:40:08 +0200] "GET /allgemeine-geschaeftsbedingungen/ HTTP/1.0" 200 11029 "-" "ZoominfoBot (zoominfobot at zoominfo dot com)"
81.169.178.0 - - [29/Jun/2021:02:41:05 +0200] "POST /wp-cron.php?doing_wp_cron=1624927265.2170889377593994140625 HTTP/1.1" 200 - "http://www.computerdoc24.de/wp-cron.php?doing_wp_cron=1624927265.2170889377593994140625" "WordPress/5.2.11; https://www.computerdoc24.de"
114.119.154.0 - - [29/Jun/2021:02:41:05 +0200] "GET /robots.txt HTTP/1.1" 200 - "-" "Mozilla/5.0 (compatible;PetalBot;+https://webmaster.petalsearch.com/site/petalbot)"
114.119.154.0 - - [29/Jun/2021:02:41:07 +0200] "GET /robots.txt HTTP/1.1" 200 69 "-" "Mozilla/5.0 (compatible;PetalBot;+https://webmaster.petalsearch.com/site/petalbot)"
35.185.54.0 - - [29/Jun/2021:02:41:17 +0200] "GET /feed/ HTTP/1.0" 200 477 "-" "ZoominfoBot (zoominfobot at zoominfo dot com)"
34.77.162.0 - - [29/Jun/2021:02:41:33 +0200] "GET / HTTP/1.1" 200 2691 "-" "Expanse, a Palo Alto Networks company, searches across the global IPv4 space multiple times per day to identify customers&#39; presences on the Internet. If you would like to be excluded from our scans, please send IP addresses/domains to: scaninfo@paloaltonetworks.com"
143.110.188.0 - - [29/Jun/2021:02:42:54 +0200] "GET /.env HTTP/1.1" 404 2539 "-" "Mozilla/5.0 (X11; Linux x86_64) AppleWebKit/537.36 (KHTML, like Gecko) Chrome/81.0.4044.129 Safari/537.36"
143.110.188.0 - - [29/Jun/2021:02:42:55 +0200] "POST / HTTP/1.1" 404 2531 "-" "Mozilla/5.0 (X11; Linux x86_64) AppleWebKit/537.36 (KHTML, like Gecko) Chrome/81.0.4044.129 Safari/537.36"
81.169.178.0 - - [29/Jun/2021:02:43:26 +0200] "POST /wp-cron.php?doing_wp_cron=1624927406.3651781082153320312500 HTTP/1.1" 200 - "https://www.computerdoc24.de/wp-cron.php?doing_wp_cron=1624927406.3651781082153320312500" "WordPress/5.2.11; https://www.computerdoc24.de"
35.185.54.0 - - [29/Jun/2021:02:43:26 +0200] "GET /presse/ HTTP/1.0" 200 9599 "-" "ZoominfoBot (zoominfobot at zoominfo dot com)"
81.169.178.0 - - [29/Jun/2021:02:44:09 +0200] "POST /wp-cron.php?doing_wp_cron=1624927448.9806220531463623046875 HTTP/1.1" 200 - "https://www.computerdoc24.de/wp-cron.php?doing_wp_cron=1624927448.9806220531463623046875" "WordPress/5.2.11; https://www.computerdoc24.de"
35.185.54.0 - - [29/Jun/2021:02:44:08 +0200] "GET /aktuelle-angebote/ HTTP/1.0" 200 12103 "-" "ZoominfoBot (zoominfobot at zoominfo dot com)"
81.169.178.0 - - [29/Jun/2021:02:45:19 +0200] "POST /wp-cron.php?doing_wp_cron=1624927519.3168830871582031250000 HTTP/1.1" 200 - "https://www.computerdoc24.de/wp-cron.php?doing_wp_cron=1624927519.3168830871582031250000" "WordPress/5.2.11; https://www.computerdoc24.de"
35.185.54.0 - - [29/Jun/2021:02:45:19 +0200] "GET /startseite/feed/ HTTP/1.0" 200 438 "-" "ZoominfoBot (zoominfobot at zoominfo dot com)"
81.169.178.0 - - [29/Jun/2021:02:46:45 +0200] "POST /wp-cron.php?doing_wp_cron=1624927605.7443840503692626953125 HTTP/1.1" 200 - "https://www.computerdoc24.de/wp-cron.php?doing_wp_cron=1624927605.7443840503692626953125" "WordPress/5.2.11; https://www.computerdoc24.de"
35.185.54.0 - - [29/Jun/2021:02:46:45 +0200] "GET /product/schoenes-gebrauchtes-lenovo-nb-ssd-neu/ HTTP/1.0" 200 13919 "-" "ZoominfoBot (zoominfobot at zoominfo dot com)"
54.36.148.0 - - [29/Jun/2021:02:47:41 +0200] "GET / HTTP/1.1" 200 16372 "-" "Mozilla/5.0 (compatible; AhrefsBot/7.0; +http://ahrefs.com/robot/)"
81.169.178.0 - - [29/Jun/2021:02:52:16 +0200] "POST /wp-cron.php?doing_wp_cron=1624927936.2834649085998535156250 HTTP/1.1" 200 - "https://www.computerdoc24.de/wp-cron.php?doing_wp_cron=1624927936.2834649085998535156250" "WordPress/5.2.11; https://www.computerdoc24.de"
35.185.54.0 - - [29/Jun/2021:02:52:16 +0200] "GET /impressum/ HTTP/1.0" 200 10975 "-" "ZoominfoBot (zoominfobot at zoominfo dot com)"
195.154.200.0 - - [29/Jun/2021:02:55:42 +0200] "GET / HTTP/1.1" 301 231 "-" "Mozilla/5.0 (Windows NT 10.0; Win64; x64) AppleWebKit/537.36 (KHTML, like Gecko) Chrome/89.0.4389.114 Safari/537.36"
81.169.178.0 - - [29/Jun/2021:02:55:48 +0200] "POST /wp-cron.php?doing_wp_cron=1624928148.0007679462432861328125 HTTP/1.1" 200 - "https://www.ipcbusiness.de/wp-cron.php?doing_wp_cron=1624928148.0007679462432861328125" "WordPress/5.6.4; https://www.ipcbusiness.de"
195.154.200.0 - - [29/Jun/2021:02:55:47 +0200] "GET / HTTP/1.1" 301 - "-" "Mozilla/5.0 (Windows NT 10.0; Win64; x64) AppleWebKit/537.36 (KHTML, like Gecko) Chrome/89.0.4389.114 Safari/537.36"
195.154.200.0 - - [29/Jun/2021:02:55:49 +0200] "GET //wp-includes/wlwmanifest.xml HTTP/1.1" 200 1045 "-" "Mozilla/5.0 (Windows NT 10.0; Win64; x64) AppleWebKit/537.36 (KHTML, like Gecko) Chrome/89.0.4389.114 Safari/537.36"
195.154.200.0 - - [29/Jun/2021:02:55:49 +0200] "GET //?author=1 HTTP/1.1" 301 - "-" "Mozilla/5.0 (Windows NT 10.0; Win64; x64) AppleWebKit/537.36 (KHTML, like Gecko) Chrome/89.0.4389.114 Safari/537.36"
195.154.200.0 - - [29/Jun/2021:02:55:49 +0200] "GET //?author=2 HTTP/1.1" 301 - "-" "Mozilla/5.0 (Windows NT 10.0; Win64; x64) AppleWebKit/537.36 (KHTML, like Gecko) Chrome/89.0.4389.114 Safari/537.36"
195.154.200.0 - - [29/Jun/2021:02:55:50 +0200] "GET //?author=3 HTTP/1.1" 301 - "-" "Mozilla/5.0 (Windows NT 10.0; Win64; x64) AppleWebKit/537.36 (KHTML, like Gecko) Chrome/89.0.4389.114 Safari/537.36"
195.154.200.0 - - [29/Jun/2021:02:55:50 +0200] "GET //wp-json/wp/v2/users/ HTTP/1.1" 200 4332 "-" "Mozilla/5.0 (Windows NT 10.0; Win64; x64) AppleWebKit/537.36 (KHTML, like Gecko) Chrome/89.0.4389.114 Safari/537.36"
195.154.200.0 - - [29/Jun/2021:02:55:51 +0200] "GET //wp-json/oembed/1.0/embed?url=https://www.ipcbusiness.de/ HTTP/1.1" 200 2639 "-" "Mozilla/5.0 (Windows NT 10.0; Win64; x64) AppleWebKit/537.36 (KHTML, like Gecko) Chrome/89.0.4389.114 Safari/537.36"
195.154.200.0 - - [29/Jun/2021:02:55:51 +0200] "POST //xmlrpc.php HTTP/1.1" 200 427 "-" "Mozilla/5.0 (Windows NT 10.0; Win64; x64) AppleWebKit/537.36 (KHTML, like Gecko) Chrome/89.0.4389.114 Safari/537.36"
81.169.178.0 - - [29/Jun/2021:02:59:15 +0200] "POST /wp-cron.php?doing_wp_cron=1624928355.2301371097564697265625 HTTP/1.1" 200 - "https://www.computerdoc24.de/wp-cron.php?doing_wp_cron=1624928355.2301371097564697265625" "WordPress/5.2.11; https://www.computerdoc24.de"
51.68.43.0 - - [29/Jun/2021:02:59:15 +0200] "POST /wp-login.php HTTP/1.1" 200 2637 "-" "Mozilla/5.0 (Windows NT 10.0; Win64; x64) AppleWebKit/537.36 (KHTML, like Gecko) Chrome/73.0.3683.86 Safari/537.36"
165.227.131.0 - - [29/Jun/2021:02:59:20 +0200] "POST /wp-login.php HTTP/1.1" 200 2884 "-" "Mozilla/5.0 (Windows NT 6.1; Win64; x64) AppleWebKit/537.36 (KHTML, like Gecko) Chrome/55.0.2883.87 Safari/537.36"
212.227.210.0 - - [29/Jun/2021:03:00:31 +0200] "POST /wp-login.php HTTP/1.1" 200 2886 "-" "Mozilla/5.0 (Windows NT 10.0; WOW64) AppleWebKit/537.36 (KHTML, like Gecko) Chrome/53.0.2785.143 Safari/537.36"
81.169.178.0 - - [29/Jun/2021:03:02:09 +0200] "POST /wp-cron.php?doing_wp_cron=1624928529.5933670997619628906250 HTTP/1.1" 200 - "https://www.computerdoc24.de/wp-cron.php?doing_wp_cron=1624928529.5933670997619628906250" "WordPress/5.2.11; https://www.computerdoc24.de"
35.185.54.0 - - [29/Jun/2021:03:02:09 +0200] "GET /fernwartung/ HTTP/1.0" 200 9273 "-" "ZoominfoBot (zoominfobot at zoominfo dot com)"
34.86.35.0 - - [29/Jun/2021:03:05:28 +0200] "GET / HTTP/1.1" 200 16151 "-" "Expanse, a Palo Alto Networks company, searches across the global IPv4 space multiple times per day to identify customers&#39; presences on the Internet. If you would like to be excluded from our scans, please send IP addresses/domains to: scaninfo@paloaltonetworks.com"
81.169.144.0 - - [29/Jun/2021:03:06:18 +0200] "POST /wp-cron.php?doing_wp_cron=1624928778.9380319118499755859375 HTTP/1.1" 200 - "http://www.computerdoc24.de/wp-cron.php?doing_wp_cron=1624928778.9380319118499755859375" "WordPress/5.2.2; https://www.computerdoc24.de"
81.169.178.0 - - [29/Jun/2021:03:06:21 +0200] "POST /wp-cron.php?doing_wp_cron=1624928780.9142129421234130859375 HTTP/1.1" 200 - "https://www.computerdoc24.de/wp-cron.php?doing_wp_cron=1624928780.9142129421234130859375" "WordPress/5.2.11; https://www.computerdoc24.de"
85.10.207.0 - - [29/Jun/2021:03:06:20 +0200] "GET / HTTP/1.1" 200 89177 "-" "Mozilla/5.0 (Windows; U; Windows NT 5.1; ru; rv:1.9.0.1) Gecko/2008070208"
212.110.92.0 - - [29/Jun/2021:03:06:56 +0200] "POST /wp-login.php HTTP/1.1" 200 2878 "-" "Mozilla/5.0 (Windows NT 10.0; Win64; x64) AppleWebKit/537.36 (KHTML, like Gecko) Chrome/66.0.3359.117 Safari/537.36"
54.36.148.0 - - [29/Jun/2021:03:08:11 +0200] "GET /robots.txt HTTP/1.1" 200 2691 "-" "Mozilla/5.0 (compatible; AhrefsBot/7.0; +http://ahrefs.com/robot/)"
54.36.149.0 - - [29/Jun/2021:03:08:12 +0200] "GET / HTTP/1.1" 200 2691 "-" "Mozilla/5.0 (compatible; AhrefsBot/7.0; +http://ahrefs.com/robot/)"
92.118.160.0 - - [29/Jun/2021:03:10:39 +0200] "GET / HTTP/1.1" 200 16151 "-" "NetSystemsResearch studies the availability of various services across the internet. Our website is netsystemsresearch.com"
207.46.13.0 - - [29/Jun/2021:03:11:40 +0200] "GET /service/ HTTP/1.1" 301 295 "-" "Mozilla/5.0 (compatible; bingbot/2.0; +http://www.bing.com/bingbot.htm)"
81.169.178.0 - - [29/Jun/2021:03:15:40 +0200] "POST /wp-cron.php?doing_wp_cron=1624929340.7448630332946777343750 HTTP/1.1" 200 - "https://www.computerdoc24.de/wp-cron.php?doing_wp_cron=1624929340.7448630332946777343750" "WordPress/5.2.11; https://www.computerdoc24.de"
54.36.149.0 - - [29/Jun/2021:03:15:40 +0200] "GET /robots.txt HTTP/1.1" 200 69 "-" "Mozilla/5.0 (compatible; AhrefsBot/7.0; +http://ahrefs.com/robot/)"
54.36.148.0 - - [29/Jun/2021:03:15:43 +0200] "GET /product/office-internet-pc-2/ HTTP/1.1" 200 13804 "-" "Mozilla/5.0 (compatible; AhrefsBot/7.0; +http://ahrefs.com/robot/)"
3.25.67.0 - - [29/Jun/2021:03:15:58 +0200] "GET /wp-login.php;lhstadmin HTTP/1.1" 200 - "-" "Mozilla/5.0 (X11; Ubuntu; Linux x86_64; rv:62.0) Gecko/20100101 Firefox/62.0"
3.25.67.0 - - [29/Jun/2021:03:16:00 +0200] "GET /wp-login.php;lhstadmin HTTP/1.1" 200 12183 "https://ipcbusiness.de/wp-login.php;lhstadmin" "Mozilla/5.0 (X11; Ubuntu; Linux x86_64; rv:62.0) Gecko/20100101 Firefox/62.0"
202.172.26.0 - - [29/Jun/2021:03:16:07 +0200] "POST /wp-login.php HTTP/1.1" 503 7054 "-" "Mozilla/5.0 (Windows NT 6.1) AppleWebKit/537.36 (KHTML, like Gecko) Chrome/70.0.3538.77 Safari/537.36"
185.191.171.0 - - [29/Jun/2021:03:18:52 +0200] "GET /robots.txt HTTP/1.1" 200 69 "-" "Mozilla/5.0 (compatible; SemrushBot/7~bl; +http://www.semrush.com/bot.html)"
185.191.171.0 - - [29/Jun/2021:03:18:53 +0200] "GET /en/unsere-produkte-und-services/kombiverkehr-gruener-transport/ HTTP/1.1" 200 10609 "-" "Mozilla/5.0 (compatible; SemrushBot/7~bl; +http://www.semrush.com/bot.html)"
136.144.41.0 - - [29/Jun/2021:03:19:16 +0200] "POST /boaform/admin/formLogin HTTP/1.1" 404 2786 "http://81.169.178.78:80/admin/login.asp" "Mozilla/5.0 (X11; Ubuntu; Linux x86_64; rv:71.0) Gecko/20100101 Firefox/71.0"
193.218.118.0 - - [29/Jun/2021:03:20:35 +0200] "POST /xmlrpc.php HTTP/1.0" 301 245 "-" "Mozilla/5.0 (Macintosh; Intel Mac OS X 10_15_7) AppleWebKit/605.1.15 (KHTML, like Gecko) Version/14.0.1 Safari/605.1.15"
193.218.118.0 - - [29/Jun/2021:03:20:38 +0200] "POST /xmlrpc.php HTTP/1.0" 200 429 "-" "Mozilla/5.0 (Macintosh; Intel Mac OS X 10_15_7) AppleWebKit/605.1.15 (KHTML, like Gecko) Version/14.0.1 Safari/605.1.15"
81.169.178.0 - - [29/Jun/2021:03:21:21 +0200] "POST /wp-cron.php?doing_wp_cron=1624929681.9000329971313476562500 HTTP/1.1" 200 - "https://www.computerdoc24.de/wp-cron.php?doing_wp_cron=1624929681.9000329971313476562500" "WordPress/5.2.11; https://www.computerdoc24.de"
34.93.36.0 - - [29/Jun/2021:03:21:21 +0200] "POST /wp-login.php HTTP/1.1" 503 7054 "-" "Mozilla/5.0 (Windows NT 6.3; Win64; x64) AppleWebKit/537.36 (KHTML, like Gecko) Chrome/77.0.3865.90 Safari/537.36"
185.50.199.0 - - [29/Jun/2021:03:22:37 +0200] "POST /wp-login.php HTTP/1.1" 200 2886 "-" "Mozilla/5.0 (Windows NT 6.1) AppleWebKit/537.36 (KHTML, like Gecko) Chrome/80.0.3987.132 Safari/537.36"
54.36.148.0 - - [29/Jun/2021:03:27:35 +0200] "GET /robots.txt HTTP/1.1" 200 2691 "-" "Mozilla/5.0 (compatible; AhrefsBot/7.0; +http://ahrefs.com/robot/)"
54.36.148.0 - - [29/Jun/2021:03:27:36 +0200] "GET / HTTP/1.1" 200 2691 "-" "Mozilla/5.0 (compatible; AhrefsBot/7.0; +http://ahrefs.com/robot/)"
74.208.168.0 - - [29/Jun/2021:03:28:36 +0200] "POST /wp-login.php HTTP/1.1" 200 2878 "-" "Mozilla/5.0 (Windows NT 6.1; WOW64) AppleWebKit/537.36 (KHTML, like Gecko) Chrome/36.0.1985.125 Safari/537.36"
142.54.181.0 - - [29/Jun/2021:03:33:23 +0200] "GET /wp-content/plugins/fancy-product-designer/assets/css/fancy-product.css HTTP/1.1" 200 2691 "http://www.google.com.hk" "Mozilla/5.0 (Windows NT 6.1; WOW64) AppleWebKit/537.36 (KHTML, like Gecko) Chrome/42.0.2311.90 Safari/537.36"
81.169.144.0 - - [29/Jun/2021:03:34:06 +0200] "POST /wp-cron.php?doing_wp_cron=1624930446.9288198947906494140625 HTTP/1.1" 200 - "http://www.computerdoc24.de/wp-cron.php?doing_wp_cron=1624930446.9288198947906494140625" "WordPress/5.2.2; https://www.computerdoc24.de"
54.189.230.0 - - [29/Jun/2021:03:36:58 +0200] "GET / HTTP/1.1" 200 2590 "-" "Mozilla/5.0 (X11; Ubuntu; Linux x86_64; rv:82.0) Gecko/20100101 Firefox/82.0"
54.189.230.0 - - [29/Jun/2021:03:36:59 +0200] "GET /favicon.ico HTTP/1.1" 404 2593 "-" "Mozilla/5.0 (X11; Ubuntu; Linux x86_64; rv:82.0) Gecko/20100101 Firefox/82.0"
54.189.230.0 - - [29/Jun/2021:03:36:59 +0200] "GET /robots.txt HTTP/1.1" 404 2591 "-" "Mozilla/5.0 (X11; Ubuntu; Linux x86_64; rv:82.0) Gecko/20100101 Firefox/82.0"
81.169.178.0 - - [29/Jun/2021:03:37:11 +0200] "POST /wp-cron.php?doing_wp_cron=1624930631.2564160823822021484375 HTTP/1.1" 200 - "http://www.computerdoc24.de/wp-cron.php?doing_wp_cron=1624930631.2564160823822021484375" "WordPress/5.2.11; https://www.computerdoc24.de"
5.199.143.0 - - [29/Jun/2021:03:37:11 +0200] "POST /xmlrpc.php HTTP/1.0" 200 406 "-" "Mozilla/5.0 (Windows NT 6.1) AppleWebKit/537.36 (KHTML, like Gecko) Chrome/68.0.3440.106 Safari/537.36"
5.9.155.0 - - [29/Jun/2021:03:38:17 +0200] "GET /robots.txt HTTP/1.1" 200 2691 "-" "Mozilla/5.0 (compatible; MJ12bot/v1.4.8; http://mj12bot.com/)"
5.9.155.0 - - [29/Jun/2021:03:38:20 +0200] "GET / HTTP/1.1" 200 2691 "-" "Mozilla/5.0 (compatible; MJ12bot/v1.4.8; http://mj12bot.com/)"
54.198.171.0 - - [29/Jun/2021:03:40:38 +0200] "POST /wp-login.php HTTP/1.1" 200 2880 "-" "Mozilla/5.0 (Windows NT 6.1; Win64; x64) AppleWebKit/537.36 (KHTML, like Gecko) Chrome/81.0.4044.122 Safari/537.36"
143.110.188.0 - - [29/Jun/2021:03:42:37 +0200] "GET /.env HTTP/1.1" 404 2539 "-" "Mozilla/5.0 (X11; Linux x86_64) AppleWebKit/537.36 (KHTML, like Gecko) Chrome/81.0.4044.129 Safari/537.36"
143.110.188.0 - - [29/Jun/2021:03:42:38 +0200] "POST / HTTP/1.1" 404 2531 "-" "Mozilla/5.0 (X11; Linux x86_64) AppleWebKit/537.36 (KHTML, like Gecko) Chrome/81.0.4044.129 Safari/537.36"
81.169.178.0 - - [29/Jun/2021:03:42:58 +0200] "POST /wp-cron.php?doing_wp_cron=1624930978.6874210834503173828125 HTTP/1.1" 200 - "https://www.computerdoc24.de/wp-cron.php?doing_wp_cron=1624930978.6874210834503173828125" "WordPress/5.2.11; https://www.computerdoc24.de"
51.15.27.0 - - [29/Jun/2021:03:42:58 +0200] "POST /wp-login.php HTTP/1.1" 503 7054 "-" "Mozilla/5.0 (Windows NT 6.1; Win64; x64) AppleWebKit/537.36 (KHTML, like Gecko) Chrome/66.0.3359.117 Safari/537.36"
104.223.93.0 - - [29/Jun/2021:03:43:01 +0200] "POST /wp-login.php HTTP/1.1" 200 2884 "-" "Mozilla/5.0 (Windows NT 6.1) AppleWebKit/537.36 (KHTML, like Gecko) Chrome/80.0.3987.149 Safari/537.36"
159.89.234.0 - - [29/Jun/2021:03:44:04 +0200] "POST /wp-login.php HTTP/1.1" 200 2886 "-" "Mozilla/5.0 (Windows NT 10.0; Win64; x64) AppleWebKit/537.36 (KHTML, like Gecko) Chrome/73.0.3683.86 Safari/537.36"
142.54.181.0 - - [29/Jun/2021:03:45:14 +0200] "GET /wp-content/plugins/fancy-product-designer/assets/css/fancy-product.css HTTP/1.1" 200 2691 "http://www.google.com.hk" "Mozilla/5.0 (Windows NT 6.1; WOW64) AppleWebKit/537.36 (KHTML, like Gecko) Chrome/42.0.2311.90 Safari/537.36"
62.138.2.0 - - [29/Jun/2021:03:49:13 +0200] "GET /robots.txt HTTP/1.1" 200 2691 "-" "Mozilla/5.0 (compatible; MJ12bot/v1.4.8; http://mj12bot.com/)"
62.138.2.0 - - [29/Jun/2021:03:49:15 +0200] "GET / HTTP/1.1" 200 2691 "-" "Mozilla/5.0 (compatible; MJ12bot/v1.4.8; http://mj12bot.com/)"
103.147.47.0 - - [29/Jun/2021:03:49:53 +0200] "POST /wp-login.php HTTP/1.1" 200 2878 "-" "Mozilla/5.0 (Windows NT 10.0; Win64; x64) AppleWebKit/537.36 (KHTML, like Gecko) Chrome/72.0.3626.109 Safari/537.36"
34.77.162.0 - - [29/Jun/2021:03:52:03 +0200] "GET / HTTP/1.1" 200 2691 "-" "Expanse, a Palo Alto Networks company, searches across the global IPv4 space multiple times per day to identify customers&#39; presences on the Internet. If you would like to be excluded from our scans, please send IP addresses/domains to: scaninfo@paloaltonetworks.com"
207.46.13.0 - - [29/Jun/2021:03:53:14 +0200] "GET /robots.txt HTTP/1.1" 404 2611 "-" "Mozilla/5.0 (compatible; bingbot/2.0; +http://www.bing.com/bingbot.htm)"
207.46.13.0 - - [29/Jun/2021:03:53:14 +0200] "GET /robots.txt HTTP/1.1" 404 2611 "-" "Mozilla/5.0 (compatible; bingbot/2.0; +http://www.bing.com/bingbot.htm)"
207.46.13.0 - - [29/Jun/2021:03:53:27 +0200] "GET /html/vorher_nachher.html HTTP/1.1" 200 2132 "-" "Mozilla/5.0 (compatible; bingbot/2.0; +http://www.bing.com/bingbot.htm)"
207.46.13.0 - - [29/Jun/2021:03:53:50 +0200] "GET /html/fusion.css HTTP/1.1" 200 1161 "-" "Mozilla/5.0 (compatible; bingbot/2.0; +http://www.bing.com/bingbot.htm)"
188.103.136.0 - - [29/Jun/2021:03:54:45 +0200] "GET / HTTP/1.1" 200 2590 "https://www.tippsundtricks.co/" "Mozilla/5.0 (Linux; Android 5.0.2; ZTE Blade L3 Build/LRX22G; wv) AppleWebKit/537.36 (KHTML, like Gecko) Version/4.0 Chrome/91.0.4472.101 Mobile Safari/537.36 [FB_IAB/FB4A;FBAV/324.0.0.48.120;]"
188.103.136.0 - - [29/Jun/2021:03:54:49 +0200] "GET /assets/rollover.js HTTP/1.1" 200 5145 "https://www.reinigungsprofi-weck.de/" "Mozilla/5.0 (Linux; Android 5.0.2; ZTE Blade L3 Build/LRX22G; wv) AppleWebKit/537.36 (KHTML, like Gecko) Version/4.0 Chrome/91.0.4472.101 Mobile Safari/537.36 [FB_IAB/FB4A;FBAV/324.0.0.48.120;]"
188.103.136.0 - - [29/Jun/2021:03:54:49 +0200] "GET /html/fusion.css HTTP/1.1" 200 1161 "https://www.reinigungsprofi-weck.de/" "Mozilla/5.0 (Linux; Android 5.0.2; ZTE Blade L3 Build/LRX22G; wv) AppleWebKit/537.36 (KHTML, like Gecko) Version/4.0 Chrome/91.0.4472.101 Mobile Safari/537.36 [FB_IAB/FB4A;FBAV/324.0.0.48.120;]"
188.103.136.0 - - [29/Jun/2021:03:54:49 +0200] "GET /html/site.css HTTP/1.1" 200 88 "https://www.reinigungsprofi-weck.de/" "Mozilla/5.0 (Linux; Android 5.0.2; ZTE Blade L3 Build/LRX22G; wv) AppleWebKit/537.36 (KHTML, like Gecko) Version/4.0 Chrome/91.0.4472.101 Mobile Safari/537.36 [FB_IAB/FB4A;FBAV/324.0.0.48.120;]"
188.103.136.0 - - [29/Jun/2021:03:54:49 +0200] "GET /html/style.css HTTP/1.1" 200 458 "https://www.reinigungsprofi-weck.de/" "Mozilla/5.0 (Linux; Android 5.0.2; ZTE Blade L3 Build/LRX22G; wv) AppleWebKit/537.36 (KHTML, like Gecko) Version/4.0 Chrome/91.0.4472.101 Mobile Safari/537.36 [FB_IAB/FB4A;FBAV/324.0.0.48.120;]"
188.103.136.0 - - [29/Jun/2021:03:54:49 +0200] "GET /header_l.gif HTTP/1.1" 200 7358 "https://www.reinigungsprofi-weck.de/" "Mozilla/5.0 (Linux; Android 5.0.2; ZTE Blade L3 Build/LRX22G; wv) AppleWebKit/537.36 (KHTML, like Gecko) Version/4.0 Chrome/91.0.4472.101 Mobile Safari/537.36 [FB_IAB/FB4A;FBAV/324.0.0.48.120;]"
188.103.136.0 - - [29/Jun/2021:03:54:49 +0200] "GET /subheader_br.gif HTTP/1.1" 200 1693 "https://www.reinigungsprofi-weck.de/" "Mozilla/5.0 (Linux; Android 5.0.2; ZTE Blade L3 Build/LRX22G; wv) AppleWebKit/537.36 (KHTML, like Gecko) Version/4.0 Chrome/91.0.4472.101 Mobile Safari/537.36 [FB_IAB/FB4A;FBAV/324.0.0.48.120;]"
188.103.136.0 - - [29/Jun/2021:03:54:49 +0200] "GET /assets/images/autogen/Kontakt_Nregular_1_1.gif HTTP/1.1" 200 1596 "https://www.reinigungsprofi-weck.de/" "Mozilla/5.0 (Linux; Android 5.0.2; ZTE Blade L3 Build/LRX22G; wv) AppleWebKit/537.36 (KHTML, like Gecko) Version/4.0 Chrome/91.0.4472.101 Mobile Safari/537.36 [FB_IAB/FB4A;FBAV/324.0.0.48.120;]"
188.103.136.0 - - [29/Jun/2021:03:54:49 +0200] "GET /assets/images/autogen/Impressum_Nregular_1_1.gif HTTP/1.1" 200 1218 "https://www.reinigungsprofi-weck.de/" "Mozilla/5.0 (Linux; Android 5.0.2; ZTE Blade L3 Build/LRX22G; wv) AppleWebKit/537.36 (KHTML, like Gecko) Version/4.0 Chrome/91.0.4472.101 Mobile Safari/537.36 [FB_IAB/FB4A;FBAV/324.0.0.48.120;]"
188.103.136.0 - - [29/Jun/2021:03:54:49 +0200] "GET /assets/images/autogen/Anfahrtskosten_Nregular_1_1.gif HTTP/1.1" 200 1732 "https://www.reinigungsprofi-weck.de/" "Mozilla/5.0 (Linux; Android 5.0.2; ZTE Blade L3 Build/LRX22G; wv) AppleWebKit/537.36 (KHTML, like Gecko) Version/4.0 Chrome/91.0.4472.101 Mobile Safari/537.36 [FB_IAB/FB4A;FBAV/324.0.0.48.120;]"
188.103.136.0 - - [29/Jun/2021:03:54:49 +0200] "GET /subheader_l.gif HTTP/1.1" 200 2832 "https://www.reinigungsprofi-weck.de/" "Mozilla/5.0 (Linux; Android 5.0.2; ZTE Blade L3 Build/LRX22G; wv) AppleWebKit/537.36 (KHTML, like Gecko) Version/4.0 Chrome/91.0.4472.101 Mobile Safari/537.36 [FB_IAB/FB4A;FBAV/324.0.0.48.120;]"
188.103.136.0 - - [29/Jun/2021:03:54:49 +0200] "GET /subheader_bl.gif HTTP/1.1" 200 1883 "https://www.reinigungsprofi-weck.de/" "Mozilla/5.0 (Linux; Android 5.0.2; ZTE Blade L3 Build/LRX22G; wv) AppleWebKit/537.36 (KHTML, like Gecko) Version/4.0 Chrome/91.0.4472.101 Mobile Safari/537.36 [FB_IAB/FB4A;FBAV/324.0.0.48.120;]"
188.103.136.0 - - [29/Jun/2021:03:54:49 +0200] "GET /assets/images/autogen/clearpixel.gif HTTP/1.1" 200 43 "https://www.reinigungsprofi-weck.de/" "Mozilla/5.0 (Linux; Android 5.0.2; ZTE Blade L3 Build/LRX22G; wv) AppleWebKit/537.36 (KHTML, like Gecko) Version/4.0 Chrome/91.0.4472.101 Mobile Safari/537.36 [FB_IAB/FB4A;FBAV/324.0.0.48.120;]"
188.103.136.0 - - [29/Jun/2021:03:54:49 +0200] "GET /subheader_r.gif HTTP/1.1" 200 1036 "https://www.reinigungsprofi-weck.de/" "Mozilla/5.0 (Linux; Android 5.0.2; ZTE Blade L3 Build/LRX22G; wv) AppleWebKit/537.36 (KHTML, like Gecko) Version/4.0 Chrome/91.0.4472.101 Mobile Safari/537.36 [FB_IAB/FB4A;FBAV/324.0.0.48.120;]"
188.103.136.0 - - [29/Jun/2021:03:54:49 +0200] "GET /assets/images/autogen/Spezialreinigung-_Hhighlighted_1_1.gif HTTP/1.1" 200 1750 "https://www.reinigungsprofi-weck.de/" "Mozilla/5.0 (Linux; Android 5.0.2; ZTE Blade L3 Build/LRX22G; wv) AppleWebKit/537.36 (KHTML, like Gecko) Version/4.0 Chrome/91.0.4472.101 Mobile Safari/537.36 [FB_IAB/FB4A;FBAV/324.0.0.48.120;]"
188.103.136.0 - - [29/Jun/2021:03:54:49 +0200] "GET /assets/images/autogen/Referenzen_Nregular_1_1.gif HTTP/1.1" 200 1249 "https://www.reinigungsprofi-weck.de/" "Mozilla/5.0 (Linux; Android 5.0.2; ZTE Blade L3 Build/LRX22G; wv) AppleWebKit/537.36 (KHTML, like Gecko) Version/4.0 Chrome/91.0.4472.101 Mobile Safari/537.36 [FB_IAB/FB4A;FBAV/324.0.0.48.120;]"
188.103.136.0 - - [29/Jun/2021:03:54:49 +0200] "GET /assets/images/body_bak.gif HTTP/1.1" 200 49 "https://www.reinigungsprofi-weck.de/html/style.css" "Mozilla/5.0 (Linux; Android 5.0.2; ZTE Blade L3 Build/LRX22G; wv) AppleWebKit/537.36 (KHTML, like Gecko) Version/4.0 Chrome/91.0.4472.101 Mobile Safari/537.36 [FB_IAB/FB4A;FBAV/324.0.0.48.120;]"
188.103.136.0 - - [29/Jun/2021:03:54:49 +0200] "GET /kv_none_poetic_cream_none_1.gif HTTP/1.1" 200 248 "https://www.reinigungsprofi-weck.de/" "Mozilla/5.0 (Linux; Android 5.0.2; ZTE Blade L3 Build/LRX22G; wv) AppleWebKit/537.36 (KHTML, like Gecko) Version/4.0 Chrome/91.0.4472.101 Mobile Safari/537.36 [FB_IAB/FB4A;FBAV/324.0.0.48.120;]"
188.103.136.0 - - [29/Jun/2021:03:54:49 +0200] "GET /assets/images/body_bak1.gif HTTP/1.1" 200 49 "https://www.reinigungsprofi-weck.de/" "Mozilla/5.0 (Linux; Android 5.0.2; ZTE Blade L3 Build/LRX22G; wv) AppleWebKit/537.36 (KHTML, like Gecko) Version/4.0 Chrome/91.0.4472.101 Mobile Safari/537.36 [FB_IAB/FB4A;FBAV/324.0.0.48.120;]"
188.103.136.0 - - [29/Jun/2021:03:54:49 +0200] "GET /assets/images/subheader_bak.gif HTTP/1.1" 200 44 "https://www.reinigungsprofi-weck.de/" "Mozilla/5.0 (Linux; Android 5.0.2; ZTE Blade L3 Build/LRX22G; wv) AppleWebKit/537.36 (KHTML, like Gecko) Version/4.0 Chrome/91.0.4472.101 Mobile Safari/537.36 [FB_IAB/FB4A;FBAV/324.0.0.48.120;]"
188.103.136.0 - - [29/Jun/2021:03:54:49 +0200] "GET /assets/images/autogen/Vorher-Nachher_Nregular_1_1.gif HTTP/1.1" 200 1718 "https://www.reinigungsprofi-weck.de/" "Mozilla/5.0 (Linux; Android 5.0.2; ZTE Blade L3 Build/LRX22G; wv) AppleWebKit/537.36 (KHTML, like Gecko) Version/4.0 Chrome/91.0.4472.101 Mobile Safari/537.36 [FB_IAB/FB4A;FBAV/324.0.0.48.120;]"
188.103.136.0 - - [29/Jun/2021:03:54:52 +0200] "GET /favicon.ico HTTP/1.1" 404 2816 "https://www.reinigungsprofi-weck.de/" "Mozilla/5.0 (Linux; Android 5.0.2; ZTE Blade L3 Build/LRX22G; wv) AppleWebKit/537.36 (KHTML, like Gecko) Version/4.0 Chrome/91.0.4472.101 Mobile Safari/537.36 [FB_IAB/FB4A;FBAV/324.0.0.48.120;]"
:: - - [29/Jun/2021:03:55:00 +0200] "OPTIONS * HTTP/1.0" 200 - "-" "Apache/2.4.6 (CentOS) OpenSSL/1.0.2k-fips mod_fcgid/2.3.9 (internal dummy connection)"
40.77.167.0 - - [29/Jun/2021:03:57:54 +0200] "GET / HTTP/1.1" 301 287 "-" "Mozilla/5.0 (compatible; bingbot/2.0; +http://www.bing.com/bingbot.htm)"
167.248.133.0 - - [29/Jun/2021:03:58:20 +0200] "GET / HTTP/1.1" 403 2411 "-" "-"
167.248.133.0 - - [29/Jun/2021:03:58:21 +0200] "GET / HTTP/1.1" 403 2411 "-" "Mozilla/5.0 (compatible; CensysInspect/1.1; +https://about.censys.io/)"
123.57.15.0 - - [29/Jun/2021:03:58:37 +0200] "-" 408 - "-" "-"
81.169.178.0 - - [29/Jun/2021:04:02:27 +0200] "POST /wp-cron.php?doing_wp_cron=1624932147.0197980403900146484375 HTTP/1.1" 200 - "https://www.ipcbusiness.de/wp-cron.php?doing_wp_cron=1624932147.0197980403900146484375" "WordPress/5.6.4; https://www.ipcbusiness.de"
185.178.45.0 - - [29/Jun/2021:04:02:26 +0200] "POST /wp-login.php HTTP/1.1" 200 2880 "-" "Mozilla/5.0 (Windows NT 6.3; WOW64) AppleWebKit/537.36 (KHTML, like Gecko) Chrome/47.0.2526.106 Safari/537.36"
37.4.248.0 - - [29/Jun/2021:04:04:10 +0200] "GET / HTTP/1.1" 200 2590 "https://googleads.g.doubleclick.net/" "Mozilla/5.0 (Linux; Android 7.1.1; E6653) AppleWebKit/537.36 (KHTML, like Gecko) Chrome/91.0.4472.120 Mobile Safari/537.36"
37.4.248.0 - - [29/Jun/2021:04:04:10 +0200] "GET /html/fusion.css HTTP/1.1" 200 1161 "-" "Mozilla/5.0 (Linux; Android 7.1.1; E6653) AppleWebKit/537.36 (KHTML, like Gecko) Chrome/91.0.4472.120 Mobile Safari/537.36"
37.4.248.0 - - [29/Jun/2021:04:04:10 +0200] "GET /html/style.css HTTP/1.1" 200 458 "-" "Mozilla/5.0 (Linux; Android 7.1.1; E6653) AppleWebKit/537.36 (KHTML, like Gecko) Chrome/91.0.4472.120 Mobile Safari/537.36"
37.4.248.0 - - [29/Jun/2021:04:04:10 +0200] "GET /html/site.css HTTP/1.1" 200 88 "-" "Mozilla/5.0 (Linux; Android 7.1.1; E6653) AppleWebKit/537.36 (KHTML, like Gecko) Chrome/91.0.4472.120 Mobile Safari/537.36"
37.4.248.0 - - [29/Jun/2021:04:04:11 +0200] "GET /header_l.gif HTTP/1.1" 200 7358 "https://www.reinigungsprofi-weck.de/" "Mozilla/5.0 (Linux; Android 7.1.1; E6653) AppleWebKit/537.36 (KHTML, like Gecko) Chrome/91.0.4472.120 Mobile Safari/537.36"
37.4.248.0 - - [29/Jun/2021:04:04:11 +0200] "GET /assets/rollover.js HTTP/1.1" 200 5145 "https://www.reinigungsprofi-weck.de/" "Mozilla/5.0 (Linux; Android 7.1.1; E6653) AppleWebKit/537.36 (KHTML, like Gecko) Chrome/91.0.4472.120 Mobile Safari/537.36"
37.4.248.0 - - [29/Jun/2021:04:04:11 +0200] "GET /subheader_l.gif HTTP/1.1" 200 2832 "https://www.reinigungsprofi-weck.de/" "Mozilla/5.0 (Linux; Android 7.1.1; E6653) AppleWebKit/537.36 (KHTML, like Gecko) Chrome/91.0.4472.120 Mobile Safari/537.36"
37.4.248.0 - - [29/Jun/2021:04:04:11 +0200] "GET /subheader_bl.gif HTTP/1.1" 200 1883 "https://www.reinigungsprofi-weck.de/" "Mozilla/5.0 (Linux; Android 7.1.1; E6653) AppleWebKit/537.36 (KHTML, like Gecko) Chrome/91.0.4472.120 Mobile Safari/537.36"
37.4.248.0 - - [29/Jun/2021:04:04:11 +0200] "GET /subheader_br.gif HTTP/1.1" 200 1693 "https://www.reinigungsprofi-weck.de/" "Mozilla/5.0 (Linux; Android 7.1.1; E6653) AppleWebKit/537.36 (KHTML, like Gecko) Chrome/91.0.4472.120 Mobile Safari/537.36"
37.4.248.0 - - [29/Jun/2021:04:04:11 +0200] "GET /subheader_r.gif HTTP/1.1" 200 1036 "https://www.reinigungsprofi-weck.de/" "Mozilla/5.0 (Linux; Android 7.1.1; E6653) AppleWebKit/537.36 (KHTML, like Gecko) Chrome/91.0.4472.120 Mobile Safari/537.36"
37.4.248.0 - - [29/Jun/2021:04:04:11 +0200] "GET /assets/images/autogen/Spezialreinigung-_Hhighlighted_1_1.gif HTTP/1.1" 200 1750 "https://www.reinigungsprofi-weck.de/" "Mozilla/5.0 (Linux; Android 7.1.1; E6653) AppleWebKit/537.36 (KHTML, like Gecko) Chrome/91.0.4472.120 Mobile Safari/537.36"
37.4.248.0 - - [29/Jun/2021:04:04:11 +0200] "GET /assets/images/body_bak.gif HTTP/1.1" 200 49 "https://www.reinigungsprofi-weck.de/html/style.css" "Mozilla/5.0 (Linux; Android 7.1.1; E6653) AppleWebKit/537.36 (KHTML, like Gecko) Chrome/91.0.4472.120 Mobile Safari/537.36"
37.4.248.0 - - [29/Jun/2021:04:04:11 +0200] "GET /assets/images/body_bak1.gif HTTP/1.1" 200 49 "https://www.reinigungsprofi-weck.de/" "Mozilla/5.0 (Linux; Android 7.1.1; E6653) AppleWebKit/537.36 (KHTML, like Gecko) Chrome/91.0.4472.120 Mobile Safari/537.36"
37.4.248.0 - - [29/Jun/2021:04:04:11 +0200] "GET /kv_none_poetic_cream_none_1.gif HTTP/1.1" 200 248 "https://www.reinigungsprofi-weck.de/" "Mozilla/5.0 (Linux; Android 7.1.1; E6653) AppleWebKit/537.36 (KHTML, like Gecko) Chrome/91.0.4472.120 Mobile Safari/537.36"
37.4.248.0 - - [29/Jun/2021:04:04:11 +0200] "GET /assets/images/subheader_bak.gif HTTP/1.1" 200 44 "https://www.reinigungsprofi-weck.de/" "Mozilla/5.0 (Linux; Android 7.1.1; E6653) AppleWebKit/537.36 (KHTML, like Gecko) Chrome/91.0.4472.120 Mobile Safari/537.36"
37.4.248.0 - - [29/Jun/2021:04:04:11 +0200] "GET /assets/images/autogen/Impressum_Nregular_1_1.gif HTTP/1.1" 200 1218 "https://www.reinigungsprofi-weck.de/" "Mozilla/5.0 (Linux; Android 7.1.1; E6653) AppleWebKit/537.36 (KHTML, like Gecko) Chrome/91.0.4472.120 Mobile Safari/537.36"
37.4.248.0 - - [29/Jun/2021:04:04:11 +0200] "GET /assets/images/autogen/clearpixel.gif HTTP/1.1" 200 43 "https://www.reinigungsprofi-weck.de/" "Mozilla/5.0 (Linux; Android 7.1.1; E6653) AppleWebKit/537.36 (KHTML, like Gecko) Chrome/91.0.4472.120 Mobile Safari/537.36"
37.4.248.0 - - [29/Jun/2021:04:04:11 +0200] "GET /assets/images/autogen/Anfahrtskosten_Nregular_1_1.gif HTTP/1.1" 200 1732 "https://www.reinigungsprofi-weck.de/" "Mozilla/5.0 (Linux; Android 7.1.1; E6653) AppleWebKit/537.36 (KHTML, like Gecko) Chrome/91.0.4472.120 Mobile Safari/537.36"
37.4.248.0 - - [29/Jun/2021:04:04:11 +0200] "GET /assets/images/autogen/Vorher-Nachher_Nregular_1_1.gif HTTP/1.1" 200 1718 "https://www.reinigungsprofi-weck.de/" "Mozilla/5.0 (Linux; Android 7.1.1; E6653) AppleWebKit/537.36 (KHTML, like Gecko) Chrome/91.0.4472.120 Mobile Safari/537.36"
37.4.248.0 - - [29/Jun/2021:04:04:11 +0200] "GET /assets/images/autogen/Kontakt_Nregular_1_1.gif HTTP/1.1" 200 1596 "https://www.reinigungsprofi-weck.de/" "Mozilla/5.0 (Linux; Android 7.1.1; E6653) AppleWebKit/537.36 (KHTML, like Gecko) Chrome/91.0.4472.120 Mobile Safari/537.36"
37.4.248.0 - - [29/Jun/2021:04:04:11 +0200] "GET /assets/images/autogen/Referenzen_Nregular_1_1.gif HTTP/1.1" 200 1249 "https://www.reinigungsprofi-weck.de/" "Mozilla/5.0 (Linux; Android 7.1.1; E6653) AppleWebKit/537.36 (KHTML, like Gecko) Chrome/91.0.4472.120 Mobile Safari/537.36"
37.4.248.0 - - [29/Jun/2021:04:04:11 +0200] "GET /favicon.ico HTTP/1.1" 404 2816 "https://www.reinigungsprofi-weck.de/" "Mozilla/5.0 (Linux; Android 7.1.1; E6653) AppleWebKit/537.36 (KHTML, like Gecko) Chrome/91.0.4472.120 Mobile Safari/537.36"
:: - - [29/Jun/2021:04:04:18 +0200] "OPTIONS * HTTP/1.0" 200 - "-" "Apache/2.4.6 (CentOS) OpenSSL/1.0.2k-fips mod_fcgid/2.3.9 (internal dummy connection)"
76.72.172.0 - - [29/Jun/2021:04:05:36 +0200] "GET / HTTP/1.1" 206 2691 "-" "Mozilla/5.0 (Windows NT 10.0; WOW64; rv:40.0) Gecko/20100101 Firefox/40.0"
207.46.13.0 - - [29/Jun/2021:04:08:27 +0200] "GET /robots.txt HTTP/1.1" 301 297 "-" "Mozilla/5.0 (compatible; bingbot/2.0; +http://www.bing.com/bingbot.htm)"
207.46.13.0 - - [29/Jun/2021:04:08:30 +0200] "GET /wp-content/uploads/20201007_113119_HDR.jpg HTTP/1.1" 301 329 "-" "Mozilla/5.0 (compatible; bingbot/2.0; +http://www.bing.com/bingbot.htm)"
45.182.156.0 - - [29/Jun/2021:04:09:54 +0200] "GET / HTTP/1.1" 403 2409 "-" "Mozilla/5.0 (Windows NT 6.1; WOW64) AppleWebKit/537.36 (KHTML, like Gecko) Chrome/51.0.2704.103 Safari/537.36"
60.191.125.0 - - [29/Jun/2021:04:09:57 +0200] "HEAD http://112.124.42.80:63435/ HTTP/1.1" 200 - "-" "Mozilla/5.0 (Macintosh; Intel Mac OS X 10_11_6) AppleWebKit/537.36 (KHTML, like Gecko) Chrome/53.0.2785.143 Safari/537.36"
81.169.178.0 - - [29/Jun/2021:04:11:08 +0200] "POST /wp-cron.php?doing_wp_cron=1624932668.0353200435638427734375 HTTP/1.1" 200 - "https://www.computerdoc24.de/wp-cron.php?doing_wp_cron=1624932668.0353200435638427734375" "WordPress/5.2.11; https://www.computerdoc24.de"
17.121.112.0 - - [29/Jun/2021:04:11:07 +0200] "GET /robots.txt HTTP/1.1" 200 69 "-" "Mozilla/5.0 (Macintosh; Intel Mac OS X 10_15_5) AppleWebKit/605.1.15 (KHTML, like Gecko) Version/13.1.1 Safari/605.1.15 (Applebot/0.1; +http://www.apple.com/go/applebot)"
17.121.112.0 - - [29/Jun/2021:04:11:08 +0200] "GET / HTTP/1.1" 200 16470 "-" "Mozilla/5.0 (Macintosh; Intel Mac OS X 10_15_5) AppleWebKit/605.1.15 (KHTML, like Gecko) Version/13.1.1 Safari/605.1.15 (Applebot/0.1; +http://www.apple.com/go/applebot)"
17.121.112.0 - - [29/Jun/2021:04:11:10 +0200] "GET /wp-content/plugins/woocommerce/packages/woocommerce-blocks/build/style.css HTTP/1.1" 200 2310 "https://www.computerdoc24.de/" "Mozilla/5.0 (Macintosh; Intel Mac OS X 10_15_5) AppleWebKit/605.1.15 (KHTML, like Gecko) Version/13.1.1 Safari/605.1.15 (Applebot/0.1; +http://www.apple.com/go/applebot)"
17.121.115.0 - - [29/Jun/2021:04:11:10 +0200] "GET /wp-includes/css/dist/block-library/style.min.css HTTP/1.1" 200 4788 "https://www.computerdoc24.de/" "Mozilla/5.0 (Macintosh; Intel Mac OS X 10_15_5) AppleWebKit/605.1.15 (KHTML, like Gecko) Version/13.1.1 Safari/605.1.15 (Applebot/0.1; +http://www.apple.com/go/applebot)"
17.121.114.0 - - [29/Jun/2021:04:11:11 +0200] "GET /wp-content/plugins/contact-form-7/includes/css/styles.css HTTP/1.1" 200 651 "https://www.computerdoc24.de/" "Mozilla/5.0 (Macintosh; Intel Mac OS X 10_15_5) AppleWebKit/605.1.15 (KHTML, like Gecko) Version/13.1.1 Safari/605.1.15 (Applebot/0.1; +http://www.apple.com/go/applebot)"
17.121.114.0 - - [29/Jun/2021:04:11:12 +0200] "GET /wp-content/plugins/shapepress-dsgvo/public/css/sp-dsgvo-public.css HTTP/1.1" 200 3886 "https://www.computerdoc24.de/" "Mozilla/5.0 (Macintosh; Intel Mac OS X 10_15_5) AppleWebKit/605.1.15 (KHTML, like Gecko) Version/13.1.1 Safari/605.1.15 (Applebot/0.1; +http://www.apple.com/go/applebot)"
17.121.115.0 - - [29/Jun/2021:04:11:12 +0200] "GET /wp-content/plugins/shapepress-dsgvo/public/css/simplebar.css HTTP/1.1" 200 714 "https://www.computerdoc24.de/" "Mozilla/5.0 (Macintosh; Intel Mac OS X 10_15_5) AppleWebKit/605.1.15 (KHTML, like Gecko) Version/13.1.1 Safari/605.1.15 (Applebot/0.1; +http://www.apple.com/go/applebot)"
17.121.112.0 - - [29/Jun/2021:04:11:12 +0200] "GET /wp-content/plugins/js_composer/assets/css/js_composer.min.css HTTP/1.1" 200 45591 "https://www.computerdoc24.de/" "Mozilla/5.0 (Macintosh; Intel Mac OS X 10_15_5) AppleWebKit/605.1.15 (KHTML, like Gecko) Version/13.1.1 Safari/605.1.15 (Applebot/0.1; +http://www.apple.com/go/applebot)"
17.121.115.0 - - [29/Jun/2021:04:11:12 +0200] "GET /wp-content/plugins/revslider/public/assets/css/settings.css HTTP/1.1" 200 9496 "https://www.computerdoc24.de/" "Mozilla/5.0 (Macintosh; Intel Mac OS X 10_15_5) AppleWebKit/605.1.15 (KHTML, like Gecko) Version/13.1.1 Safari/605.1.15 (Applebot/0.1; +http://www.apple.com/go/applebot)"
17.121.114.0 - - [29/Jun/2021:04:11:13 +0200] "GET /wp-content/plugins/Ultimate_VC_Addons/assets/min-css/ultimate.min.css HTTP/1.1" 200 47736 "https://www.computerdoc24.de/" "Mozilla/5.0 (Macintosh; Intel Mac OS X 10_15_5) AppleWebKit/605.1.15 (KHTML, like Gecko) Version/13.1.1 Safari/605.1.15 (Applebot/0.1; +http://www.apple.com/go/applebot)"
17.121.114.0 - - [29/Jun/2021:04:11:13 +0200] "GET /wp-content/themes/dreier/lib/css/bootstrap.css HTTP/1.1" 200 6230 "https://www.computerdoc24.de/" "Mozilla/5.0 (Macintosh; Intel Mac OS X 10_15_5) AppleWebKit/605.1.15 (KHTML, like Gecko) Version/13.1.1 Safari/605.1.15 (Applebot/0.1; +http://www.apple.com/go/applebot)"
17.121.115.0 - - [29/Jun/2021:04:11:14 +0200] "GET /wp-content/themes/dreier/lib/css/style.css HTTP/1.1" 200 5893 "https://www.computerdoc24.de/" "Mozilla/5.0 (Macintosh; Intel Mac OS X 10_15_5) AppleWebKit/605.1.15 (KHTML, like Gecko) Version/13.1.1 Safari/605.1.15 (Applebot/0.1; +http://www.apple.com/go/applebot)"
17.121.115.0 - - [29/Jun/2021:04:11:14 +0200] "GET /wp-content/themes/dreier/lib/css/extensions.css HTTP/1.1" 200 37422 "https://www.computerdoc24.de/" "Mozilla/5.0 (Macintosh; Intel Mac OS X 10_15_5) AppleWebKit/605.1.15 (KHTML, like Gecko) Version/13.1.1 Safari/605.1.15 (Applebot/0.1; +http://www.apple.com/go/applebot)"
17.121.112.0 - - [29/Jun/2021:04:11:15 +0200] "GET /wp-content/themes/dreier/lib/css/bootstrap-responsive.css HTTP/1.1" 200 2659 "https://www.computerdoc24.de/" "Mozilla/5.0 (Macintosh; Intel Mac OS X 10_15_5) AppleWebKit/605.1.15 (KHTML, like Gecko) Version/13.1.1 Safari/605.1.15 (Applebot/0.1; +http://www.apple.com/go/applebot)"
17.121.114.0 - - [29/Jun/2021:04:11:15 +0200] "GET /wp-content/themes/dreier/lib/css/bootstrap-responsive-1170.css HTTP/1.1" 200 1572 "https://www.computerdoc24.de/" "Mozilla/5.0 (Macintosh; Intel Mac OS X 10_15_5) AppleWebKit/605.1.15 (KHTML, like Gecko) Version/13.1.1 Safari/605.1.15 (Applebot/0.1; +http://www.apple.com/go/applebot)"
17.121.114.0 - - [29/Jun/2021:04:11:16 +0200] "GET /wp-content/themes/dreier/lib/css/responsive.css HTTP/1.1" 200 2632 "https://www.computerdoc24.de/" "Mozilla/5.0 (Macintosh; Intel Mac OS X 10_15_5) AppleWebKit/605.1.15 (KHTML, like Gecko) Version/13.1.1 Safari/605.1.15 (Applebot/0.1; +http://www.apple.com/go/applebot)"
17.121.115.0 - - [29/Jun/2021:04:11:16 +0200] "GET /wp-content/themes/dreier/lib/css/woocommerce.css HTTP/1.1" 200 9818 "https://www.computerdoc24.de/" "Mozilla/5.0 (Macintosh; Intel Mac OS X 10_15_5) AppleWebKit/605.1.15 (KHTML, like Gecko) Version/13.1.1 Safari/605.1.15 (Applebot/0.1; +http://www.apple.com/go/applebot)"
17.121.115.0 - - [29/Jun/2021:04:11:17 +0200] "GET /wp-content/themes/dreier/includes/modules/module.fontawesome/source/css/font-awesome.min.css HTTP/1.1" 200 4680 "https://www.computerdoc24.de/" "Mozilla/5.0 (Macintosh; Intel Mac OS X 10_15_5) AppleWebKit/605.1.15 (KHTML, like Gecko) Version/13.1.1 Safari/605.1.15 (Applebot/0.1; +http://www.apple.com/go/applebot)"
17.121.112.0 - - [29/Jun/2021:04:11:17 +0200] "GET /wp-content/themes/dreier/includes/modules/module.icomoon/source/css/icomoon.css HTTP/1.1" 200 8420 "https://www.computerdoc24.de/" "Mozilla/5.0 (Macintosh; Intel Mac OS X 10_15_5) AppleWebKit/605.1.15 (KHTML, like Gecko) Version/13.1.1 Safari/605.1.15 (Applebot/0.1; +http://www.apple.com/go/applebot)"
17.121.114.0 - - [29/Jun/2021:04:11:18 +0200] "GET /wp-content/uploads/Dark-Blue-Skin_f11de704061eed4e79d777b4e0c313ab.css HTTP/1.1" 200 4908 "https://www.computerdoc24.de/" "Mozilla/5.0 (Macintosh; Intel Mac OS X 10_15_5) AppleWebKit/605.1.15 (KHTML, like Gecko) Version/13.1.1 Safari/605.1.15 (Applebot/0.1; +http://www.apple.com/go/applebot)"
17.121.114.0 - - [29/Jun/2021:04:11:18 +0200] "GET /wp-includes/js/jquery/jquery.js HTTP/1.1" 200 33776 "https://www.computerdoc24.de/" "Mozilla/5.0 (Macintosh; Intel Mac OS X 10_15_5) AppleWebKit/605.1.15 (KHTML, like Gecko) Version/13.1.1 Safari/605.1.15 (Applebot/0.1; +http://www.apple.com/go/applebot)"
17.121.115.0 - - [29/Jun/2021:04:11:19 +0200] "GET /wp-includes/js/jquery/jquery-migrate.min.js HTTP/1.1" 200 4014 "https://www.computerdoc24.de/" "Mozilla/5.0 (Macintosh; Intel Mac OS X 10_15_5) AppleWebKit/605.1.15 (KHTML, like Gecko) Version/13.1.1 Safari/605.1.15 (Applebot/0.1; +http://www.apple.com/go/applebot)"
17.121.115.0 - - [29/Jun/2021:04:11:19 +0200] "GET /wp-content/plugins/revslider/public/assets/js/jquery.themepunch.tools.min.js HTTP/1.1" 200 38337 "https://www.computerdoc24.de/" "Mozilla/5.0 (Macintosh; Intel Mac OS X 10_15_5) AppleWebKit/605.1.15 (KHTML, like Gecko) Version/13.1.1 Safari/605.1.15 (Applebot/0.1; +http://www.apple.com/go/applebot)"
17.121.112.0 - - [29/Jun/2021:04:11:20 +0200] "GET /wp-content/plugins/revslider/public/assets/js/jquery.themepunch.revolution.min.js HTTP/1.1" 200 18090 "https://www.computerdoc24.de/" "Mozilla/5.0 (Macintosh; Intel Mac OS X 10_15_5) AppleWebKit/605.1.15 (KHTML, like Gecko) Version/13.1.1 Safari/605.1.15 (Applebot/0.1; +http://www.apple.com/go/applebot)"
17.121.114.0 - - [29/Jun/2021:04:11:20 +0200] "GET /wp-content/plugins/woocommerce/assets/js/jquery-blockui/jquery.blockUI.min.js HTTP/1.1" 200 3533 "https://www.computerdoc24.de/" "Mozilla/5.0 (Macintosh; Intel Mac OS X 10_15_5) AppleWebKit/605.1.15 (KHTML, like Gecko) Version/13.1.1 Safari/605.1.15 (Applebot/0.1; +http://www.apple.com/go/applebot)"
17.121.114.0 - - [29/Jun/2021:04:11:21 +0200] "GET /wp-content/plugins/woocommerce/assets/js/frontend/add-to-cart.min.js HTTP/1.1" 200 1017 "https://www.computerdoc24.de/" "Mozilla/5.0 (Macintosh; Intel Mac OS X 10_15_5) AppleWebKit/605.1.15 (KHTML, like Gecko) Version/13.1.1 Safari/605.1.15 (Applebot/0.1; +http://www.apple.com/go/applebot)"
17.121.115.0 - - [29/Jun/2021:04:11:21 +0200] "GET /wp-content/cache/autoptimize/js/autoptimize_single_902b7ca09549975e55e136fb0026df9a.js HTTP/1.1" 200 319 "https://www.computerdoc24.de/" "Mozilla/5.0 (Macintosh; Intel Mac OS X 10_15_5) AppleWebKit/605.1.15 (KHTML, like Gecko) Version/13.1.1 Safari/605.1.15 (Applebot/0.1; +http://www.apple.com/go/applebot)"
17.121.115.0 - - [29/Jun/2021:04:11:22 +0200] "GET /wp-content/cache/autoptimize/js/autoptimize_single_b381296557a120efdce91b9aa6fbb3c3.js HTTP/1.1" 200 2237 "https://www.computerdoc24.de/" "Mozilla/5.0 (Macintosh; Intel Mac OS X 10_15_5) AppleWebKit/605.1.15 (KHTML, like Gecko) Version/13.1.1 Safari/605.1.15 (Applebot/0.1; +http://www.apple.com/go/applebot)"
17.121.112.0 - - [29/Jun/2021:04:11:22 +0200] "GET /wp-content/plugins/Ultimate_VC_Addons/assets/min-js/ultimate.min.js HTTP/1.1" 200 54140 "https://www.computerdoc24.de/" "Mozilla/5.0 (Macintosh; Intel Mac OS X 10_15_5) AppleWebKit/605.1.15 (KHTML, like Gecko) Version/13.1.1 Safari/605.1.15 (Applebot/0.1; +http://www.apple.com/go/applebot)"
17.121.114.0 - - [29/Jun/2021:04:11:23 +0200] "GET /wp-content/plugins/revslider/public/assets/fonts/font-awesome/css/font-awesome.css HTTP/1.1" 200 7605 "https://www.computerdoc24.de/" "Mozilla/5.0 (Macintosh; Intel Mac OS X 10_15_5) AppleWebKit/605.1.15 (KHTML, like Gecko) Version/13.1.1 Safari/605.1.15 (Applebot/0.1; +http://www.apple.com/go/applebot)"
17.121.114.0 - - [29/Jun/2021:04:11:23 +0200] "GET /wp-content/plugins/js_composer/assets/lib/bower/font-awesome/css/font-awesome.min.css HTTP/1.1" 200 6970 "https://www.computerdoc24.de/" "Mozilla/5.0 (Macintosh; Intel Mac OS X 10_15_5) AppleWebKit/605.1.15 (KHTML, like Gecko) Version/13.1.1 Safari/605.1.15 (Applebot/0.1; +http://www.apple.com/go/applebot)"
17.121.115.0 - - [29/Jun/2021:04:11:24 +0200] "GET /wp-content/cache/autoptimize/js/autoptimize_single_4570be87421de7d33dae23561aa4aa74.js HTTP/1.1" 200 587 "https://www.computerdoc24.de/" "Mozilla/5.0 (Macintosh; Intel Mac OS X 10_15_5) AppleWebKit/605.1.15 (KHTML, like Gecko) Version/13.1.1 Safari/605.1.15 (Applebot/0.1; +http://www.apple.com/go/applebot)"
17.121.115.0 - - [29/Jun/2021:04:11:24 +0200] "GET /wp-content/cache/autoptimize/js/autoptimize_single_1534f06aa2b1b721a45372f8238e2461.js HTTP/1.1" 200 3352 "https://www.computerdoc24.de/" "Mozilla/5.0 (Macintosh; Intel Mac OS X 10_15_5) AppleWebKit/605.1.15 (KHTML, like Gecko) Version/13.1.1 Safari/605.1.15 (Applebot/0.1; +http://www.apple.com/go/applebot)"
17.121.113.0 - - [29/Jun/2021:04:11:25 +0200] "GET /wp-content/plugins/woocommerce/assets/js/js-cookie/js.cookie.min.js HTTP/1.1" 200 981 "https://www.computerdoc24.de/" "Mozilla/5.0 (Macintosh; Intel Mac OS X 10_15_5) AppleWebKit/605.1.15 (KHTML, like Gecko) Version/13.1.1 Safari/605.1.15 (Applebot/0.1; +http://www.apple.com/go/applebot)"
17.121.112.0 - - [29/Jun/2021:04:11:25 +0200] "GET /wp-content/plugins/woocommerce/assets/js/frontend/woocommerce.min.js HTTP/1.1" 200 619 "https://www.computerdoc24.de/" "Mozilla/5.0 (Macintosh; Intel Mac OS X 10_15_5) AppleWebKit/605.1.15 (KHTML, like Gecko) Version/13.1.1 Safari/605.1.15 (Applebot/0.1; +http://www.apple.com/go/applebot)"
17.121.114.0 - - [29/Jun/2021:04:11:26 +0200] "GET /wp-content/plugins/woocommerce/assets/js/frontend/cart-fragments.min.js HTTP/1.1" 200 1042 "https://www.computerdoc24.de/" "Mozilla/5.0 (Macintosh; Intel Mac OS X 10_15_5) AppleWebKit/605.1.15 (KHTML, like Gecko) Version/13.1.1 Safari/605.1.15 (Applebot/0.1; +http://www.apple.com/go/applebot)"
17.121.114.0 - - [29/Jun/2021:04:11:26 +0200] "GET /wp-content/cache/autoptimize/js/autoptimize_single_abc5931090b359c9bb72577fb5af85df.js HTTP/1.1" 200 9652 "https://www.computerdoc24.de/" "Mozilla/5.0 (Macintosh; Intel Mac OS X 10_15_5) AppleWebKit/605.1.15 (KHTML, like Gecko) Version/13.1.1 Safari/605.1.15 (Applebot/0.1; +http://www.apple.com/go/applebot)"
17.121.115.0 - - [29/Jun/2021:04:11:27 +0200] "GET /wp-content/cache/autoptimize/js/autoptimize_single_1a37c23486ba9c73fce4026e4acfd8e2.js HTTP/1.1" 200 1334 "https://www.computerdoc24.de/" "Mozilla/5.0 (Macintosh; Intel Mac OS X 10_15_5) AppleWebKit/605.1.15 (KHTML, like Gecko) Version/13.1.1 Safari/605.1.15 (Applebot/0.1; +http://www.apple.com/go/applebot)"
17.121.115.0 - - [29/Jun/2021:04:11:27 +0200] "GET /wp-content/themes/dreier/lib/js/modernizr-2.6.2-respond-1.1.0.min.js HTTP/1.1" 200 8039 "https://www.computerdoc24.de/" "Mozilla/5.0 (Macintosh; Intel Mac OS X 10_15_5) AppleWebKit/605.1.15 (KHTML, like Gecko) Version/13.1.1 Safari/605.1.15 (Applebot/0.1; +http://www.apple.com/go/applebot)"
17.121.113.0 - - [29/Jun/2021:04:11:28 +0200] "GET /wp-content/cache/autoptimize/js/autoptimize_single_3179f2255b046d5f2e9a71e365287bef.js HTTP/1.1" 200 20 "https://www.computerdoc24.de/" "Mozilla/5.0 (Macintosh; Intel Mac OS X 10_15_5) AppleWebKit/605.1.15 (KHTML, like Gecko) Version/13.1.1 Safari/605.1.15 (Applebot/0.1; +http://www.apple.com/go/applebot)"
17.121.112.0 - - [29/Jun/2021:04:11:28 +0200] "GET /wp-content/cache/autoptimize/js/autoptimize_single_6c8c6a70905826d42d4a8ee47b963fd8.js HTTP/1.1" 200 6684 "https://www.computerdoc24.de/" "Mozilla/5.0 (Macintosh; Intel Mac OS X 10_15_5) AppleWebKit/605.1.15 (KHTML, like Gecko) Version/13.1.1 Safari/605.1.15 (Applebot/0.1; +http://www.apple.com/go/applebot)"
17.121.114.0 - - [29/Jun/2021:04:11:29 +0200] "GET /wp-content/cache/autoptimize/js/autoptimize_single_6637a0cff91d033df31cf66e1b7ac0dd.js HTTP/1.1" 200 17125 "https://www.computerdoc24.de/" "Mozilla/5.0 (Macintosh; Intel Mac OS X 10_15_5) AppleWebKit/605.1.15 (KHTML, like Gecko) Version/13.1.1 Safari/605.1.15 (Applebot/0.1; +http://www.apple.com/go/applebot)"
17.121.114.0 - - [29/Jun/2021:04:11:29 +0200] "GET /wp-content/cache/autoptimize/js/autoptimize_single_9f8cd24d6d38fdf1a1205e7efaa6e972.js HTTP/1.1" 200 1095 "https://www.computerdoc24.de/" "Mozilla/5.0 (Macintosh; Intel Mac OS X 10_15_5) AppleWebKit/605.1.15 (KHTML, like Gecko) Version/13.1.1 Safari/605.1.15 (Applebot/0.1; +http://www.apple.com/go/applebot)"
17.121.115.0 - - [29/Jun/2021:04:11:30 +0200] "GET /wp-includes/js/comment-reply.min.js HTTP/1.1" 200 1044 "https://www.computerdoc24.de/" "Mozilla/5.0 (Macintosh; Intel Mac OS X 10_15_5) AppleWebKit/605.1.15 (KHTML, like Gecko) Version/13.1.1 Safari/605.1.15 (Applebot/0.1; +http://www.apple.com/go/applebot)"
