54.36.148.0 - - [06/Nov/2023:05:04:42 +0100] "GET /assets/images/autogen/Vorher-Nachher_Nregular_1_1.gif HTTP/1.1" 200 1718 "-" "Mozilla/5.0 (compatible; AhrefsBot/7.0; +http://ahrefs.com/robot/)"
45.154.98.0 - - [06/Nov/2023:05:04:42 +0100] "GET /wp-content/plugins/wp-user-extra-fields/js/wpuef-configurator.js HTTP/1.1" 301 295 "-" "Mozilla/5.0 (Linux; Android 11; ONEPLUS A6013) AppleWebKit/537.36 (KHTML, like Gecko) Chrome/118.0.0.0 Mobile Safari/537.36"
54.36.148.0 - - [06/Nov/2023:05:04:43 +0100] "GET /assets/images/autogen/Anfahrtskosten_Nregular_1_1.gif HTTP/1.1" 200 1732 "-" "Mozilla/5.0 (compatible; AhrefsBot/7.0; +http://ahrefs.com/robot/)"
45.154.98.0 - - [06/Nov/2023:05:04:43 +0100] "GET /wp-content/plugins/wp-user-extra-fields/js/wpuef-configurator.js HTTP/1.1" 200 - "-" "Mozilla/5.0 (Linux; Android 11; ONEPLUS A6013) AppleWebKit/537.36 (KHTML, like Gecko) Chrome/118.0.0.0 Mobile Safari/537.36"
54.36.148.0 - - [06/Nov/2023:05:04:43 +0100] "GET /assets/images/autogen/Impressum_Nregular_1_1.gif HTTP/1.1" 200 1218 "-" "Mozilla/5.0 (compatible; AhrefsBot/7.0; +http://ahrefs.com/robot/)"
45.154.98.0 - - [06/Nov/2023:05:04:43 +0100] "GET /wp-content/plugins/wp-user-extra-fields/js/wpuef-configurator.js HTTP/1.1" 200 9974 "-" "Mozilla/5.0 (Linux; Android 11; ONEPLUS A6013) AppleWebKit/537.36 (KHTML, like Gecko) Chrome/118.0.0.0 Mobile Safari/537.36"
45.154.98.0 - - [06/Nov/2023:05:04:47 +0100] "GET /wp-content/plugins/woo-product-table/readme.txt HTTP/1.1" 200 - "-" "Mozilla/5.0 (Linux; Android 11; ONEPLUS A6013) AppleWebKit/537.36 (KHTML, like Gecko) Chrome/118.0.0.0 Mobile Safari/537.36"
45.154.98.0 - - [06/Nov/2023:05:04:47 +0100] "GET /wp-content/plugins/woocommerce-upload-files/js/wcuf-admin-menu.js HTTP/1.1" 301 296 "-" "Mozilla/5.0 (Linux; Android 11; ONEPLUS A6013) AppleWebKit/537.36 (KHTML, like Gecko) Chrome/118.0.0.0 Mobile Safari/537.36"
45.154.98.0 - - [06/Nov/2023:05:04:47 +0100] "GET /wp-content/plugins/woo-product-table/readme.txt HTTP/1.1" 200 - "-" "Mozilla/5.0 (Linux; Android 11; ONEPLUS A6013) AppleWebKit/537.36 (KHTML, like Gecko) Chrome/118.0.0.0 Mobile Safari/537.36"
45.154.98.0 - - [06/Nov/2023:05:04:48 +0100] "GET /wp-content/plugins/woocommerce-upload-files/js/wcuf-admin-menu.js HTTP/1.1" 200 - "-" "Mozilla/5.0 (Linux; Android 11; ONEPLUS A6013) AppleWebKit/537.36 (KHTML, like Gecko) Chrome/118.0.0.0 Mobile Safari/537.36"
45.154.98.0 - - [06/Nov/2023:05:04:48 +0100] "GET /wp-content/plugins/woocommerce-upload-files/js/wcuf-admin-menu.js HTTP/1.1" 200 9978 "-" "Mozilla/5.0 (Linux; Android 11; ONEPLUS A6013) AppleWebKit/537.36 (KHTML, like Gecko) Chrome/118.0.0.0 Mobile Safari/537.36"
45.154.98.0 - - [06/Nov/2023:05:04:48 +0100] "GET /wp-content/plugins/woo-product-table/readme.txt HTTP/1.1" 200 11030 "-" "Mozilla/5.0 (Linux; Android 11; ONEPLUS A6013) AppleWebKit/537.36 (KHTML, like Gecko) Chrome/118.0.0.0 Mobile Safari/537.36"
45.154.98.0 - - [06/Nov/2023:05:04:49 +0100] "GET /wp-content/plugins/emails-verification-for-woocommerce/readme.txt HTTP/1.1" 301 296 "-" "Mozilla/5.0 (iPhone; CPU iPhone OS 17_0 like Mac OS X) AppleWebKit/605.1.15 (KHTML, like Gecko) CriOS/118.0.5993.69 Mobile/15E148 Safari/604.1"
81.169.178.0 - - [06/Nov/2023:05:04:49 +0100] "POST /?wordfence_syncAttackData=1699243489.9078 HTTP/1.1" 200 - "https://www.computerdoc24.de/?wordfence_syncAttackData=1699243489.9078" "WordPress/5.2.19; https://www.computerdoc24.de"
45.154.98.0 - - [06/Nov/2023:05:04:49 +0100] "GET /wp-content/plugins/udraw/readme.txt HTTP/1.1" 200 - "-" "Mozilla/5.0 (iPhone; CPU iPhone OS 17_0 like Mac OS X) AppleWebKit/605.1.15 (KHTML, like Gecko) CriOS/118.0.5993.69 Mobile/15E148 Safari/604.1"
45.154.98.0 - - [06/Nov/2023:05:04:49 +0100] "GET /wp-content/plugins/emails-verification-for-woocommerce/readme.txt HTTP/1.1" 200 - "-" "Mozilla/5.0 (iPhone; CPU iPhone OS 17_0 like Mac OS X) AppleWebKit/605.1.15 (KHTML, like Gecko) CriOS/118.0.5993.69 Mobile/15E148 Safari/604.1"
81.169.178.0 - - [06/Nov/2023:05:04:49 +0100] "POST /?wordfence_syncAttackData=1699243489.9162 HTTP/1.1" 200 - "https://www.ipcbusiness.de/?wordfence_syncAttackData=1699243489.9162" "WordPress/5.8.8; https://www.ipcbusiness.de"
45.154.98.0 - - [06/Nov/2023:05:04:51 +0100] "GET /wp-content/plugins/emails-verification-for-woocommerce/readme.txt HTTP/1.1" 200 9978 "-" "Mozilla/5.0 (iPhone; CPU iPhone OS 17_0 like Mac OS X) AppleWebKit/605.1.15 (KHTML, like Gecko) CriOS/118.0.5993.69 Mobile/15E148 Safari/604.1"
45.154.98.0 - - [06/Nov/2023:05:04:51 +0100] "GET /wp-content/plugins/udraw/readme.txt HTTP/1.1" 200 - "-" "Mozilla/5.0 (iPhone; CPU iPhone OS 17_0 like Mac OS X) AppleWebKit/605.1.15 (KHTML, like Gecko) CriOS/118.0.5993.69 Mobile/15E148 Safari/604.1"
45.154.98.0 - - [06/Nov/2023:05:04:52 +0100] "GET /wp-content/plugins/woocommerce-jetpack/readme.txt HTTP/1.1" 301 280 "-" "Mozilla/5.0 (iPhone; CPU iPhone OS 17_0 like Mac OS X) AppleWebKit/605.1.15 (KHTML, like Gecko) CriOS/118.0.5993.69 Mobile/15E148 Safari/604.1"
45.154.98.0 - - [06/Nov/2023:05:04:51 +0100] "GET /wp-content/plugins/udraw/readme.txt HTTP/1.1" 200 11030 "-" "Mozilla/5.0 (iPhone; CPU iPhone OS 17_0 like Mac OS X) AppleWebKit/605.1.15 (KHTML, like Gecko) CriOS/118.0.5993.69 Mobile/15E148 Safari/604.1"
45.154.98.0 - - [06/Nov/2023:05:04:52 +0100] "GET /wp-content/plugins/woocommerce-jetpack/readme.txt HTTP/1.1" 200 - "-" "Mozilla/5.0 (iPhone; CPU iPhone OS 17_0 like Mac OS X) AppleWebKit/605.1.15 (KHTML, like Gecko) CriOS/118.0.5993.69 Mobile/15E148 Safari/604.1"
45.154.98.0 - - [06/Nov/2023:05:04:52 +0100] "GET /wp-content/plugins/woocommerce-jetpack/readme.txt HTTP/1.1" 200 9969 "-" "Mozilla/5.0 (iPhone; CPU iPhone OS 17_0 like Mac OS X) AppleWebKit/605.1.15 (KHTML, like Gecko) CriOS/118.0.5993.69 Mobile/15E148 Safari/604.1"
45.154.98.0 - - [06/Nov/2023:05:04:53 +0100] "GET /wp-content/plugins/advanced-import/readme.txt HTTP/1.1" 301 276 "-" "Mozilla/5.0 (Linux; Android 10; SM-A205U) AppleWebKit/537.36 (KHTML, like Gecko) Chrome/118.0.5993.65 Mobile Safari/537.36"
45.154.98.0 - - [06/Nov/2023:05:04:53 +0100] "GET /wp-content/plugins/advanced-import/readme.txt HTTP/1.1" 200 - "-" "Mozilla/5.0 (Linux; Android 10; SM-A205U) AppleWebKit/537.36 (KHTML, like Gecko) Chrome/118.0.5993.65 Mobile Safari/537.36"
45.154.98.0 - - [06/Nov/2023:05:04:53 +0100] "GET /wp-content/plugins/advanced-import/readme.txt HTTP/1.1" 200 9963 "-" "Mozilla/5.0 (Linux; Android 10; SM-A205U) AppleWebKit/537.36 (KHTML, like Gecko) Chrome/118.0.5993.65 Mobile Safari/537.36"
45.154.98.0 - - [06/Nov/2023:05:04:54 +0100] "GET /wp-content/plugins/themegrill-demo-importer/readme.txt HTTP/1.1" 301 285 "-" "Mozilla/5.0 (Windows NT 10.0; Win64; x64) AppleWebKit/537.36 (KHTML, like Gecko) Chrome/118.0.0.0 Safari/537.36"
45.154.98.0 - - [06/Nov/2023:05:04:54 +0100] "GET /wp-content/plugins/tatsu/changelog.md HTTP/1.1" 200 - "-" "Mozilla/5.0 (Windows NT 10.0; Win64; x64) AppleWebKit/537.36 (KHTML, like Gecko) Chrome/118.0.0.0 Safari/537.36"
45.154.98.0 - - [06/Nov/2023:05:04:54 +0100] "GET /wp-content/plugins/themegrill-demo-importer/readme.txt HTTP/1.1" 200 - "-" "Mozilla/5.0 (Windows NT 10.0; Win64; x64) AppleWebKit/537.36 (KHTML, like Gecko) Chrome/118.0.0.0 Safari/537.36"
45.154.98.0 - - [06/Nov/2023:05:04:55 +0100] "GET /wp-content/plugins/themegrill-demo-importer/readme.txt HTTP/1.1" 200 9968 "-" "Mozilla/5.0 (Windows NT 10.0; Win64; x64) AppleWebKit/537.36 (KHTML, like Gecko) Chrome/118.0.0.0 Safari/537.36"
45.154.98.0 - - [06/Nov/2023:05:04:55 +0100] "GET /wp-content/plugins/tatsu/changelog.md HTTP/1.1" 200 - "-" "Mozilla/5.0 (Windows NT 10.0; Win64; x64) AppleWebKit/537.36 (KHTML, like Gecko) Chrome/118.0.0.0 Safari/537.36"
45.154.98.0 - - [06/Nov/2023:05:04:56 +0100] "GET /wp-content/plugins/tatsu/changelog.md HTTP/1.1" 200 11026 "-" "Mozilla/5.0 (Windows NT 10.0; Win64; x64) AppleWebKit/537.36 (KHTML, like Gecko) Chrome/118.0.0.0 Safari/537.36"
45.154.98.0 - - [06/Nov/2023:05:04:57 +0100] "GET /wp-content/plugins/wp-time-capsule/readme.txt HTTP/1.1" 301 276 "-" "Mozilla/5.0 (Windows NT 10.0; Win64; x64) AppleWebKit/537.36 (KHTML, like Gecko) Chrome/118.0.0.0 Safari/537.36"
45.154.98.0 - - [06/Nov/2023:05:04:58 +0100] "GET /wp-content/plugins/wp-time-capsule/readme.txt HTTP/1.1" 200 - "-" "Mozilla/5.0 (Windows NT 10.0; Win64; x64) AppleWebKit/537.36 (KHTML, like Gecko) Chrome/118.0.0.0 Safari/537.36"
45.154.98.0 - - [06/Nov/2023:05:04:59 +0100] "GET /wp-content/plugins/post-pdf-export/dompdf/dompdf.php?input_file=../../../../wp-config.php HTTP/1.1" 200 6624 "-" "Mozilla/5.0 (Windows NT 10.0; Win64; x64) AppleWebKit/537.36 (KHTML, like Gecko) Chrome/118.0.0.0 Safari/537.36"
81.169.178.0 - - [06/Nov/2023:05:05:00 +0100] "POST /?wordfence_syncAttackData=1699243500.657 HTTP/1.1" 200 - "https://www.ipcbusiness.de/?wordfence_syncAttackData=1699243500.657" "WordPress/5.8.8; https://www.ipcbusiness.de"
45.154.98.0 - - [06/Nov/2023:05:05:00 +0100] "GET /wp-content/plugins/wp-time-capsule/readme.txt HTTP/1.1" 200 9961 "-" "Mozilla/5.0 (Windows NT 10.0; Win64; x64) AppleWebKit/537.36 (KHTML, like Gecko) Chrome/118.0.0.0 Safari/537.36"
45.154.98.0 - - [06/Nov/2023:05:05:02 +0100] "GET /wp-content/plugins/iwp-client/readme.txt HTTP/1.1" 301 271 "-" "Mozilla/5.0 (Windows NT 10.0; Win64; x64) AppleWebKit/537.36 (KHTML, like Gecko) Chrome/118.0.0.0 Safari/537.36"
45.154.98.0 - - [06/Nov/2023:05:05:02 +0100] "GET /wp-content/plugins/web-portal-lite-client-portal-secure-file-sharing-private-messaging/includes/libs/pdf/dompdf.php?input_file=../../../../../../wp-config.php HTTP/1.1" 200 6624 "-" "Mozilla/5.0 (Windows NT 10.0; Win64; x64) AppleWebKit/537.36 (KHTML, like Gecko) Chrome/118.0.0.0 Safari/537.36"
45.154.98.0 - - [06/Nov/2023:05:05:02 +0100] "GET /wp-content/plugins/iwp-client/readme.txt HTTP/1.1" 200 - "-" "Mozilla/5.0 (Windows NT 10.0; Win64; x64) AppleWebKit/537.36 (KHTML, like Gecko) Chrome/118.0.0.0 Safari/537.36"
45.154.98.0 - - [06/Nov/2023:05:05:03 +0100] "GET /wp-content/plugins/iwp-client/readme.txt HTTP/1.1" 200 9957 "-" "Mozilla/5.0 (Windows NT 10.0; Win64; x64) AppleWebKit/537.36 (KHTML, like Gecko) Chrome/118.0.0.0 Safari/537.36"
45.154.98.0 - - [06/Nov/2023:05:05:07 +0100] "GET /wp-content/plugins/wp-ecommerce-shop-styling/includes/download.php?filename=../../../../wp-config.php HTTP/1.1" 200 6624 "-" "Mozilla/5.0 (iPhone; CPU iPhone OS 17_0 like Mac OS X) AppleWebKit/605.1.15 (KHTML, like Gecko) CriOS/118.0.5993.69 Mobile/15E148 Safari/604.1"
45.154.98.0 - - [06/Nov/2023:05:05:10 +0100] "GET /wp-admin/admin-ajax.php?action=handle_downloads&alg_wc_pif_download_file=../../../../../wp-config.php HTTP/1.1" 403 6624 "-" "Mozilla/5.0 (iPhone; CPU iPhone OS 17_0 like Mac OS X) AppleWebKit/605.1.15 (KHTML, like Gecko) CriOS/118.0.5993.69 Mobile/15E148 Safari/604.1"
45.154.98.0 - - [06/Nov/2023:05:05:17 +0100] "GET /wp-content/plugins/cherry-plugin/admin/import-export/download-content.php?file=../../../../../wp-config.php HTTP/1.1" 200 6624 "-" "Mozilla/5.0 (Linux; Android 10; SM-A205U) AppleWebKit/537.36 (KHTML, like Gecko) Chrome/118.0.5993.65 Mobile Safari/537.36"
45.154.98.0 - - [06/Nov/2023:05:05:18 +0100] "GET /wp-admin/admin-ajax.php?action=revslider_show_image&img=../wp-config.php HTTP/1.1" 403 6624 "-" "Mozilla/5.0 (Linux; Android 10; SM-A205U) AppleWebKit/537.36 (KHTML, like Gecko) Chrome/118.0.5993.65 Mobile Safari/537.36"
45.154.98.0 - - [06/Nov/2023:05:05:21 +0100] "GET /wp-admin/admin-ajax.php?action=duplicator_download&file=../wp-config.php HTTP/1.1" 403 6625 "-" "Mozilla/5.0 (iPhone; CPU iPhone OS 17_0 like Mac OS X) AppleWebKit/605.1.15 (KHTML, like Gecko) CriOS/118.0.5993.69 Mobile/15E148 Safari/604.1"
81.169.178.0 - - [06/Nov/2023:05:05:26 +0100] "POST /?wordfence_syncAttackData=1699243526.4465 HTTP/1.1" 200 - "https://www.computerdoc24.de/?wordfence_syncAttackData=1699243526.4465" "WordPress/5.2.19; https://www.computerdoc24.de"
45.154.98.0 - - [06/Nov/2023:05:05:26 +0100] "GET /wp-content/plugins/mapsvg/gm_download.php?file=/wp-config.php HTTP/1.1" 200 - "-" "Mozilla/5.0 (iPhone; CPU iPhone OS 17_0 like Mac OS X) AppleWebKit/605.1.15 (KHTML, like Gecko) CriOS/118.0.5993.69 Mobile/15E148 Safari/604.1"
45.154.98.0 - - [06/Nov/2023:05:05:27 +0100] "GET /wp-content/plugins/mapsvg/gm_download.php?file=/wp-config.php HTTP/1.1" 200 - "-" "Mozilla/5.0 (iPhone; CPU iPhone OS 17_0 like Mac OS X) AppleWebKit/605.1.15 (KHTML, like Gecko) CriOS/118.0.5993.69 Mobile/15E148 Safari/604.1"
45.154.98.0 - - [06/Nov/2023:05:05:28 +0100] "GET /wp-content/plugins/mapsvg/gm_download.php?file=/wp-config.php HTTP/1.1" 200 11030 "-" "Mozilla/5.0 (iPhone; CPU iPhone OS 17_0 like Mac OS X) AppleWebKit/605.1.15 (KHTML, like Gecko) CriOS/118.0.5993.69 Mobile/15E148 Safari/604.1"
45.154.98.0 - - [06/Nov/2023:05:05:29 +0100] "GET /wp-content/plugins/mapsvg-lite-interactive-vector-maps/gm_download.php?file=/wp-config.php HTTP/1.1" 200 - "-" "Mozilla/5.0 (Linux; Android 11; ONEPLUS A6013) AppleWebKit/537.36 (KHTML, like Gecko) Chrome/118.0.0.0 Mobile Safari/537.36"
45.154.98.0 - - [06/Nov/2023:05:05:30 +0100] "GET /wp-content/plugins/mapsvg-lite-interactive-vector-maps/gm_download.php?file=/wp-config.php HTTP/1.1" 200 - "-" "Mozilla/5.0 (Linux; Android 11; ONEPLUS A6013) AppleWebKit/537.36 (KHTML, like Gecko) Chrome/118.0.0.0 Mobile Safari/537.36"
45.154.98.0 - - [06/Nov/2023:05:05:30 +0100] "GET /wp-content/plugins/mapsvg-lite-interactive-vector-maps/gm_download.php?file=/wp-config.php HTTP/1.1" 200 11030 "-" "Mozilla/5.0 (Linux; Android 11; ONEPLUS A6013) AppleWebKit/537.36 (KHTML, like Gecko) Chrome/118.0.0.0 Mobile Safari/537.36"
45.154.98.0 - - [06/Nov/2023:05:05:32 +0100] "GET /wp-content/plugins/masterstudy-lms-learning-management-system/readme.txt HTTP/1.1" 200 - "-" "Mozilla/5.0 (Linux; Android 11; ONEPLUS A6013) AppleWebKit/537.36 (KHTML, like Gecko) Chrome/118.0.0.0 Mobile Safari/537.36"
45.154.98.0 - - [06/Nov/2023:05:05:33 +0100] "GET /wp-content/plugins/masterstudy-lms-learning-management-system/readme.txt HTTP/1.1" 200 - "-" "Mozilla/5.0 (Linux; Android 11; ONEPLUS A6013) AppleWebKit/537.36 (KHTML, like Gecko) Chrome/118.0.0.0 Mobile Safari/537.36"
45.154.98.0 - - [06/Nov/2023:05:05:35 +0100] "GET /wp-content/plugins/masterstudy-lms-learning-management-system/readme.txt HTTP/1.1" 200 11030 "-" "Mozilla/5.0 (Linux; Android 11; ONEPLUS A6013) AppleWebKit/537.36 (KHTML, like Gecko) Chrome/118.0.0.0 Mobile Safari/537.36"
81.169.178.0 - - [06/Nov/2023:05:05:39 +0100] "POST /wp-cron.php?doing_wp_cron=1699243539.9677250385284423828125 HTTP/1.1" 200 - "https://www.computerdoc24.de/wp-cron.php?doing_wp_cron=1699243539.9677250385284423828125" "WordPress/5.2.19; https://www.computerdoc24.de"
81.169.178.0 - - [06/Nov/2023:05:05:39 +0100] "POST /?wordfence_syncAttackData=1699243539.7955 HTTP/1.1" 200 - "https://www.computerdoc24.de/?wordfence_syncAttackData=1699243539.7955" "WordPress/5.2.19; https://www.computerdoc24.de"
81.169.178.0 - - [06/Nov/2023:05:05:40 +0100] "POST /wp-cron.php?doing_wp_cron=1699243540.8583180904388427734375 HTTP/1.1" 200 - "http://www.computerdoc24.de/wp-cron.php?doing_wp_cron=1699243540.8583180904388427734375" "WordPress/5.2.19; https://www.computerdoc24.de"
45.154.98.0 - - [06/Nov/2023:05:05:39 +0100] "GET /wp-content/plugins/wp-file-manager/readme.txt HTTP/1.1" 200 - "-" "Mozilla/5.0 (Linux; Android 10; SM-A205U) AppleWebKit/537.36 (KHTML, like Gecko) Chrome/118.0.5993.65 Mobile Safari/537.36"
45.154.98.0 - - [06/Nov/2023:05:05:42 +0100] "GET /wp-content/plugins/wp-file-manager/readme.txt HTTP/1.1" 200 - "-" "Mozilla/5.0 (Linux; Android 10; SM-A205U) AppleWebKit/537.36 (KHTML, like Gecko) Chrome/118.0.5993.65 Mobile Safari/537.36"
45.154.98.0 - - [06/Nov/2023:05:05:42 +0100] "GET /wp-content/plugins/wp-file-manager/readme.txt HTTP/1.1" 200 11030 "-" "Mozilla/5.0 (Linux; Android 10; SM-A205U) AppleWebKit/537.36 (KHTML, like Gecko) Chrome/118.0.5993.65 Mobile Safari/537.36"
45.154.98.0 - - [06/Nov/2023:05:05:44 +0100] "GET /wp-content/plugins/vc-tabs/readme.txt HTTP/1.1" 200 - "-" "Mozilla/5.0 (iPhone; CPU iPhone OS 17_0 like Mac OS X) AppleWebKit/605.1.15 (KHTML, like Gecko) CriOS/118.0.5993.69 Mobile/15E148 Safari/604.1"
45.154.98.0 - - [06/Nov/2023:05:05:45 +0100] "GET /wp-content/plugins/vc-tabs/readme.txt HTTP/1.1" 200 - "-" "Mozilla/5.0 (iPhone; CPU iPhone OS 17_0 like Mac OS X) AppleWebKit/605.1.15 (KHTML, like Gecko) CriOS/118.0.5993.69 Mobile/15E148 Safari/604.1"
45.154.98.0 - - [06/Nov/2023:05:05:45 +0100] "GET /wp-content/plugins/vc-tabs/readme.txt HTTP/1.1" 200 11030 "-" "Mozilla/5.0 (iPhone; CPU iPhone OS 17_0 like Mac OS X) AppleWebKit/605.1.15 (KHTML, like Gecko) CriOS/118.0.5993.69 Mobile/15E148 Safari/604.1"
45.154.98.0 - - [06/Nov/2023:05:05:47 +0100] "GET /wp-content/plugins/shortcode-addons/readme.txt HTTP/1.1" 200 - "-" "Mozilla/5.0 (Linux; Android 10; SM-A205U) AppleWebKit/537.36 (KHTML, like Gecko) Chrome/118.0.5993.65 Mobile Safari/537.36"
45.154.98.0 - - [06/Nov/2023:05:05:48 +0100] "GET /wp-content/plugins/shortcode-addons/readme.txt HTTP/1.1" 200 - "-" "Mozilla/5.0 (Linux; Android 10; SM-A205U) AppleWebKit/537.36 (KHTML, like Gecko) Chrome/118.0.5993.65 Mobile Safari/537.36"
45.154.98.0 - - [06/Nov/2023:05:05:48 +0100] "GET /wp-content/plugins/shortcode-addons/readme.txt HTTP/1.1" 200 11030 "-" "Mozilla/5.0 (Linux; Android 10; SM-A205U) AppleWebKit/537.36 (KHTML, like Gecko) Chrome/118.0.5993.65 Mobile Safari/537.36"
81.169.178.0 - - [06/Nov/2023:05:05:52 +0100] "POST /?wordfence_syncAttackData=1699243552.1946 HTTP/1.1" 200 - "https://www.computerdoc24.de/?wordfence_syncAttackData=1699243552.1946" "WordPress/5.2.19; https://www.computerdoc24.de"
45.154.98.0 - - [06/Nov/2023:05:05:52 +0100] "GET /wp-content/plugins/dzs-zoomsounds/admin/admin.css HTTP/1.1" 200 - "-" "Mozilla/5.0 (Linux; Android 11; ONEPLUS A6013) AppleWebKit/537.36 (KHTML, like Gecko) Chrome/118.0.0.0 Mobile Safari/537.36"
45.154.98.0 - - [06/Nov/2023:05:05:53 +0100] "GET /wp-content/plugins/dzs-zoomsounds/admin/admin.css HTTP/1.1" 200 - "-" "Mozilla/5.0 (Linux; Android 11; ONEPLUS A6013) AppleWebKit/537.36 (KHTML, like Gecko) Chrome/118.0.0.0 Mobile Safari/537.36"
45.154.98.0 - - [06/Nov/2023:05:05:54 +0100] "GET /wp-content/plugins/dzs-zoomsounds/admin/admin.css HTTP/1.1" 200 11030 "-" "Mozilla/5.0 (Linux; Android 11; ONEPLUS A6013) AppleWebKit/537.36 (KHTML, like Gecko) Chrome/118.0.0.0 Mobile Safari/537.36"
45.154.98.0 - - [06/Nov/2023:05:05:57 +0100] "GET /wp-content/plugins/mstore-api/readme.txt HTTP/1.1" 200 - "-" "Mozilla/5.0 (Linux; Android 11; ONEPLUS A6013) AppleWebKit/537.36 (KHTML, like Gecko) Chrome/118.0.0.0 Mobile Safari/537.36"
45.154.98.0 - - [06/Nov/2023:05:05:58 +0100] "GET /wp-content/plugins/mstore-api/readme.txt HTTP/1.1" 200 - "-" "Mozilla/5.0 (Linux; Android 11; ONEPLUS A6013) AppleWebKit/537.36 (KHTML, like Gecko) Chrome/118.0.0.0 Mobile Safari/537.36"
45.154.98.0 - - [06/Nov/2023:05:05:58 +0100] "GET /wp-content/plugins/mstore-api/readme.txt HTTP/1.1" 200 11030 "-" "Mozilla/5.0 (Linux; Android 11; ONEPLUS A6013) AppleWebKit/537.36 (KHTML, like Gecko) Chrome/118.0.0.0 Mobile Safari/537.36"
81.169.178.0 - - [06/Nov/2023:05:06:03 +0100] "POST /?wordfence_syncAttackData=1699243563.4188 HTTP/1.1" 200 - "https://www.computerdoc24.de/?wordfence_syncAttackData=1699243563.4188" "WordPress/5.2.19; https://www.computerdoc24.de"
45.154.98.0 - - [06/Nov/2023:05:06:03 +0100] "GET /wp-content/plugins/superlogoshowcase-wp/css/sls-wp-admin.css HTTP/1.1" 200 - "-" "Mozilla/5.0 (Linux; Android 10; SM-A205U) AppleWebKit/537.36 (KHTML, like Gecko) Chrome/118.0.5993.65 Mobile Safari/537.36"
45.154.98.0 - - [06/Nov/2023:05:06:04 +0100] "GET /wp-content/plugins/superlogoshowcase-wp/css/sls-wp-admin.css HTTP/1.1" 200 - "-" "Mozilla/5.0 (Linux; Android 10; SM-A205U) AppleWebKit/537.36 (KHTML, like Gecko) Chrome/118.0.5993.65 Mobile Safari/537.36"
45.154.98.0 - - [06/Nov/2023:05:06:05 +0100] "GET /wp-content/plugins/superlogoshowcase-wp/css/sls-wp-admin.css HTTP/1.1" 200 11030 "-" "Mozilla/5.0 (Linux; Android 10; SM-A205U) AppleWebKit/537.36 (KHTML, like Gecko) Chrome/118.0.5993.65 Mobile Safari/537.36"
45.154.98.0 - - [06/Nov/2023:05:06:08 +0100] "GET /wp-content/plugins/super-interactive-maps/css/sim-wp-admin.css HTTP/1.1" 200 - "-" "Mozilla/5.0 (Linux; Android 11; ONEPLUS A6013) AppleWebKit/537.36 (KHTML, like Gecko) Chrome/118.0.0.0 Mobile Safari/537.36"
45.154.98.0 - - [06/Nov/2023:05:06:09 +0100] "GET /wp-content/plugins/super-interactive-maps/css/sim-wp-admin.css HTTP/1.1" 200 - "-" "Mozilla/5.0 (Linux; Android 11; ONEPLUS A6013) AppleWebKit/537.36 (KHTML, like Gecko) Chrome/118.0.0.0 Mobile Safari/537.36"
45.154.98.0 - - [06/Nov/2023:05:06:11 +0100] "GET /wp-content/plugins/super-interactive-maps/css/sim-wp-admin.css HTTP/1.1" 200 11030 "-" "Mozilla/5.0 (Linux; Android 11; ONEPLUS A6013) AppleWebKit/537.36 (KHTML, like Gecko) Chrome/118.0.0.0 Mobile Safari/537.36"
45.154.98.0 - - [06/Nov/2023:05:06:17 +0100] "GET /wp-content/plugins/superstorefinder-wp/css/ssf-wp-admin.css HTTP/1.1" 200 - "-" "Mozilla/5.0 (Linux; Android 11; Lenovo YT-J706X) AppleWebKit/537.36 (KHTML, like Gecko) Chrome/118.0.0.0 Safari/537.36"
45.154.98.0 - - [06/Nov/2023:05:06:18 +0100] "GET /wp-content/plugins/superstorefinder-wp/css/ssf-wp-admin.css HTTP/1.1" 200 - "-" "Mozilla/5.0 (Linux; Android 11; Lenovo YT-J706X) AppleWebKit/537.36 (KHTML, like Gecko) Chrome/118.0.0.0 Safari/537.36"
45.154.98.0 - - [06/Nov/2023:05:06:18 +0100] "GET /wp-content/plugins/superstorefinder-wp/css/ssf-wp-admin.css HTTP/1.1" 200 11030 "-" "Mozilla/5.0 (Linux; Android 11; Lenovo YT-J706X) AppleWebKit/537.36 (KHTML, like Gecko) Chrome/118.0.0.0 Safari/537.36"
45.154.98.0 - - [06/Nov/2023:05:06:20 +0100] "GET /wp-content/plugins/e-signature/page-template/default/style.css HTTP/1.1" 200 - "-" "Mozilla/5.0 (Windows NT 10.0; Win64; x64) AppleWebKit/537.36 (KHTML, like Gecko) Chrome/118.0.0.0 Safari/537.36"
45.154.98.0 - - [06/Nov/2023:05:06:21 +0100] "GET /wp-content/plugins/e-signature/page-template/default/style.css HTTP/1.1" 200 - "-" "Mozilla/5.0 (Windows NT 10.0; Win64; x64) AppleWebKit/537.36 (KHTML, like Gecko) Chrome/118.0.0.0 Safari/537.36"
45.154.98.0 - - [06/Nov/2023:05:06:21 +0100] "GET /wp-content/plugins/e-signature/page-template/default/style.css HTTP/1.1" 200 11026 "-" "Mozilla/5.0 (Windows NT 10.0; Win64; x64) AppleWebKit/537.36 (KHTML, like Gecko) Chrome/118.0.0.0 Safari/537.36"
45.154.98.0 - - [06/Nov/2023:05:06:29 +0100] "GET /wp-content/plugins/angwp/__%20UPDATES.txt HTTP/1.1" 200 - "-" "Mozilla/5.0 (Macintosh; Intel Mac OS X 14_0) AppleWebKit/537.36 (KHTML, like Gecko) Chrome/118.0.0.0 Safari/537.36"
45.154.98.0 - - [06/Nov/2023:05:06:30 +0100] "GET /wp-content/plugins/angwp/__%20UPDATES.txt HTTP/1.1" 200 - "-" "Mozilla/5.0 (Macintosh; Intel Mac OS X 14_0) AppleWebKit/537.36 (KHTML, like Gecko) Chrome/118.0.0.0 Safari/537.36"
45.154.98.0 - - [06/Nov/2023:05:06:31 +0100] "GET /wp-content/plugins/angwp/__%20UPDATES.txt HTTP/1.1" 200 11026 "-" "Mozilla/5.0 (Macintosh; Intel Mac OS X 14_0) AppleWebKit/537.36 (KHTML, like Gecko) Chrome/118.0.0.0 Safari/537.36"
45.154.98.0 - - [06/Nov/2023:05:06:34 +0100] "GET /wp-content/plugins/ait-csv-import-export/changelog.txt HTTP/1.1" 200 - "-" "Mozilla/5.0 (Macintosh; Intel Mac OS X 14_0) AppleWebKit/537.36 (KHTML, like Gecko) Chrome/118.0.0.0 Safari/537.36"
45.154.98.0 - - [06/Nov/2023:05:06:35 +0100] "GET /wp-content/plugins/ait-csv-import-export/changelog.txt HTTP/1.1" 200 - "-" "Mozilla/5.0 (Macintosh; Intel Mac OS X 14_0) AppleWebKit/537.36 (KHTML, like Gecko) Chrome/118.0.0.0 Safari/537.36"
45.154.98.0 - - [06/Nov/2023:05:06:35 +0100] "GET /wp-content/plugins/ait-csv-import-export/changelog.txt HTTP/1.1" 200 11026 "-" "Mozilla/5.0 (Macintosh; Intel Mac OS X 14_0) AppleWebKit/537.36 (KHTML, like Gecko) Chrome/118.0.0.0 Safari/537.36"
81.169.178.0 - - [06/Nov/2023:05:06:37 +0100] "POST /?wordfence_syncAttackData=1699243597.1742 HTTP/1.1" 200 - "https://www.computerdoc24.de/?wordfence_syncAttackData=1699243597.1742" "WordPress/5.2.19; https://www.computerdoc24.de"
45.154.98.0 - - [06/Nov/2023:05:06:37 +0100] "GET /wp-content/plugins/image-hover-effects-ultimate/readme.txt HTTP/1.1" 200 - "-" "Mozilla/5.0 (Macintosh; Intel Mac OS X 14_0) AppleWebKit/537.36 (KHTML, like Gecko) Chrome/118.0.0.0 Safari/537.36"
45.154.98.0 - - [06/Nov/2023:05:06:38 +0100] "GET /wp-content/plugins/image-hover-effects-ultimate/readme.txt HTTP/1.1" 200 - "-" "Mozilla/5.0 (Macintosh; Intel Mac OS X 14_0) AppleWebKit/537.36 (KHTML, like Gecko) Chrome/118.0.0.0 Safari/537.36"
45.154.98.0 - - [06/Nov/2023:05:06:38 +0100] "GET /wp-content/plugins/image-hover-effects-ultimate/readme.txt HTTP/1.1" 200 11026 "-" "Mozilla/5.0 (Macintosh; Intel Mac OS X 14_0) AppleWebKit/537.36 (KHTML, like Gecko) Chrome/118.0.0.0 Safari/537.36"
81.169.178.0 - - [06/Nov/2023:05:06:41 +0100] "POST /wp-cron.php?doing_wp_cron=1699243601.5876100063323974609375 HTTP/1.1" 200 - "http://www.computerdoc24.de/wp-cron.php?doing_wp_cron=1699243601.5876100063323974609375" "WordPress/5.2.19; https://www.computerdoc24.de"
45.154.98.0 - - [06/Nov/2023:05:06:41 +0100] "GET /wp-content/plugins/ulisting/readme.txt HTTP/1.1" 200 - "-" "Mozilla/5.0 (Linux; Android 11; Lenovo YT-J706X) AppleWebKit/537.36 (KHTML, like Gecko) Chrome/118.0.0.0 Safari/537.36"
45.154.98.0 - - [06/Nov/2023:05:06:42 +0100] "GET /wp-content/plugins/ulisting/readme.txt HTTP/1.1" 200 - "-" "Mozilla/5.0 (Linux; Android 11; Lenovo YT-J706X) AppleWebKit/537.36 (KHTML, like Gecko) Chrome/118.0.0.0 Safari/537.36"
45.154.98.0 - - [06/Nov/2023:05:06:43 +0100] "GET /wp-content/plugins/ulisting/readme.txt HTTP/1.1" 200 11030 "-" "Mozilla/5.0 (Linux; Android 11; Lenovo YT-J706X) AppleWebKit/537.36 (KHTML, like Gecko) Chrome/118.0.0.0 Safari/537.36"
81.169.178.0 - - [06/Nov/2023:05:06:48 +0100] "POST /?wordfence_syncAttackData=1699243608.5566 HTTP/1.1" 200 - "https://www.computerdoc24.de/?wordfence_syncAttackData=1699243608.5566" "WordPress/5.2.19; https://www.computerdoc24.de"
45.154.98.0 - - [06/Nov/2023:05:06:48 +0100] "GET /wp-content/plugins/wp-pinterest-automatic/changelog HTTP/1.1" 200 - "-" "Mozilla/5.0 (iPhone; CPU iPhone OS 17_0 like Mac OS X) AppleWebKit/605.1.15 (KHTML, like Gecko) CriOS/118.0.5993.69 Mobile/15E148 Safari/604.1"
45.154.98.0 - - [06/Nov/2023:05:06:49 +0100] "GET /wp-content/plugins/wp-pinterest-automatic/changelog HTTP/1.1" 200 - "-" "Mozilla/5.0 (iPhone; CPU iPhone OS 17_0 like Mac OS X) AppleWebKit/605.1.15 (KHTML, like Gecko) CriOS/118.0.5993.69 Mobile/15E148 Safari/604.1"
45.154.98.0 - - [06/Nov/2023:05:06:50 +0100] "GET /wp-content/plugins/wp-pinterest-automatic/changelog HTTP/1.1" 200 11030 "-" "Mozilla/5.0 (iPhone; CPU iPhone OS 17_0 like Mac OS X) AppleWebKit/605.1.15 (KHTML, like Gecko) CriOS/118.0.5993.69 Mobile/15E148 Safari/604.1"
45.154.98.0 - - [06/Nov/2023:05:06:52 +0100] "GET /wp-content/plugins/capabilities-pro/readme.txt HTTP/1.1" 200 - "-" "Mozilla/5.0 (Macintosh; Intel Mac OS X 14_0) AppleWebKit/537.36 (KHTML, like Gecko) Chrome/118.0.0.0 Safari/537.36"
45.154.98.0 - - [06/Nov/2023:05:06:52 +0100] "GET /wp-content/plugins/capabilities-pro/readme.txt HTTP/1.1" 200 - "-" "Mozilla/5.0 (Macintosh; Intel Mac OS X 14_0) AppleWebKit/537.36 (KHTML, like Gecko) Chrome/118.0.0.0 Safari/537.36"
45.154.98.0 - - [06/Nov/2023:05:06:53 +0100] "GET /wp-content/plugins/capabilities-pro/readme.txt HTTP/1.1" 200 11026 "-" "Mozilla/5.0 (Macintosh; Intel Mac OS X 14_0) AppleWebKit/537.36 (KHTML, like Gecko) Chrome/118.0.0.0 Safari/537.36"
81.169.178.0 - - [06/Nov/2023:05:06:59 +0100] "POST /?wordfence_syncAttackData=1699243619.2558 HTTP/1.1" 200 - "https://www.computerdoc24.de/?wordfence_syncAttackData=1699243619.2558" "WordPress/5.2.19; https://www.computerdoc24.de"
45.154.98.0 - - [06/Nov/2023:05:06:59 +0100] "GET /wp-content/plugins/capability-manager-enhanced/readme.txt HTTP/1.1" 200 - "-" "Mozilla/5.0 (Windows NT 10.0; Win64; x64) AppleWebKit/537.36 (KHTML, like Gecko) Chrome/118.0.0.0 Safari/537.36"
45.154.98.0 - - [06/Nov/2023:05:07:00 +0100] "GET /wp-content/plugins/capability-manager-enhanced/readme.txt HTTP/1.1" 200 - "-" "Mozilla/5.0 (Windows NT 10.0; Win64; x64) AppleWebKit/537.36 (KHTML, like Gecko) Chrome/118.0.0.0 Safari/537.36"
45.154.98.0 - - [06/Nov/2023:05:07:00 +0100] "GET /wp-content/plugins/capability-manager-enhanced/readme.txt HTTP/1.1" 200 11026 "-" "Mozilla/5.0 (Windows NT 10.0; Win64; x64) AppleWebKit/537.36 (KHTML, like Gecko) Chrome/118.0.0.0 Safari/537.36"
45.154.98.0 - - [06/Nov/2023:05:07:02 +0100] "GET /wp-content/plugins/wp-automatic/css/wp-automatic.css HTTP/1.1" 200 - "-" "Mozilla/5.0 (Windows NT 10.0; Win64; x64) AppleWebKit/537.36 (KHTML, like Gecko) Chrome/118.0.0.0 Safari/537.36"
45.154.98.0 - - [06/Nov/2023:05:07:03 +0100] "GET /wp-content/plugins/wp-automatic/css/wp-automatic.css HTTP/1.1" 200 - "-" "Mozilla/5.0 (Windows NT 10.0; Win64; x64) AppleWebKit/537.36 (KHTML, like Gecko) Chrome/118.0.0.0 Safari/537.36"
45.154.98.0 - - [06/Nov/2023:05:07:03 +0100] "GET /wp-content/plugins/wp-automatic/css/wp-automatic.css HTTP/1.1" 200 11026 "-" "Mozilla/5.0 (Windows NT 10.0; Win64; x64) AppleWebKit/537.36 (KHTML, like Gecko) Chrome/118.0.0.0 Safari/537.36"
81.169.178.0 - - [06/Nov/2023:05:07:08 +0100] "POST /?wordfence_syncAttackData=1699243628.2301 HTTP/1.1" 200 - "https://www.computerdoc24.de/?wordfence_syncAttackData=1699243628.2301" "WordPress/5.2.19; https://www.computerdoc24.de"
45.154.98.0 - - [06/Nov/2023:05:07:08 +0100] "GET /wp-content/plugins/wp-automatic/changelog HTTP/1.1" 200 - "-" "Mozilla/5.0 (iPhone; CPU iPhone OS 17_0 like Mac OS X) AppleWebKit/605.1.15 (KHTML, like Gecko) CriOS/118.0.5993.69 Mobile/15E148 Safari/604.1"
45.154.98.0 - - [06/Nov/2023:05:07:09 +0100] "GET /wp-content/plugins/wp-automatic/changelog HTTP/1.1" 200 - "-" "Mozilla/5.0 (iPhone; CPU iPhone OS 17_0 like Mac OS X) AppleWebKit/605.1.15 (KHTML, like Gecko) CriOS/118.0.5993.69 Mobile/15E148 Safari/604.1"
45.154.98.0 - - [06/Nov/2023:05:07:09 +0100] "GET /wp-content/plugins/wp-automatic/changelog HTTP/1.1" 200 11030 "-" "Mozilla/5.0 (iPhone; CPU iPhone OS 17_0 like Mac OS X) AppleWebKit/605.1.15 (KHTML, like Gecko) CriOS/118.0.5993.69 Mobile/15E148 Safari/604.1"
45.154.98.0 - - [06/Nov/2023:05:07:14 +0100] "GET /wp-content/plugins/wp-user-extra-fields/js/wpuef-configurator.js HTTP/1.1" 200 - "-" "Mozilla/5.0 (Macintosh; Intel Mac OS X 14_0) AppleWebKit/537.36 (KHTML, like Gecko) Chrome/118.0.0.0 Safari/537.36"
45.154.98.0 - - [06/Nov/2023:05:07:14 +0100] "GET /wp-content/plugins/wp-user-extra-fields/js/wpuef-configurator.js HTTP/1.1" 200 - "-" "Mozilla/5.0 (Macintosh; Intel Mac OS X 14_0) AppleWebKit/537.36 (KHTML, like Gecko) Chrome/118.0.0.0 Safari/537.36"
45.154.98.0 - - [06/Nov/2023:05:07:15 +0100] "GET /wp-content/plugins/wp-user-extra-fields/js/wpuef-configurator.js HTTP/1.1" 200 11026 "-" "Mozilla/5.0 (Macintosh; Intel Mac OS X 14_0) AppleWebKit/537.36 (KHTML, like Gecko) Chrome/118.0.0.0 Safari/537.36"
45.154.98.0 - - [06/Nov/2023:05:07:19 +0100] "GET /wp-content/plugins/woocommerce-upload-files/js/wcuf-admin-menu.js HTTP/1.1" 200 - "-" "Mozilla/5.0 (Linux; Android 10; SM-A205U) AppleWebKit/537.36 (KHTML, like Gecko) Chrome/118.0.5993.65 Mobile Safari/537.36"
45.154.98.0 - - [06/Nov/2023:05:07:20 +0100] "GET /wp-content/plugins/woocommerce-upload-files/js/wcuf-admin-menu.js HTTP/1.1" 200 - "-" "Mozilla/5.0 (Linux; Android 10; SM-A205U) AppleWebKit/537.36 (KHTML, like Gecko) Chrome/118.0.5993.65 Mobile Safari/537.36"
45.154.98.0 - - [06/Nov/2023:05:07:20 +0100] "GET /wp-content/plugins/woocommerce-upload-files/js/wcuf-admin-menu.js HTTP/1.1" 200 11030 "-" "Mozilla/5.0 (Linux; Android 10; SM-A205U) AppleWebKit/537.36 (KHTML, like Gecko) Chrome/118.0.5993.65 Mobile Safari/537.36"
81.169.178.0 - - [06/Nov/2023:05:07:23 +0100] "POST /?wordfence_syncAttackData=1699243643.4455 HTTP/1.1" 200 - "https://www.computerdoc24.de/?wordfence_syncAttackData=1699243643.4455" "WordPress/5.2.19; https://www.computerdoc24.de"
45.154.98.0 - - [06/Nov/2023:05:07:23 +0100] "GET /wp-content/plugins/emails-verification-for-woocommerce/readme.txt HTTP/1.1" 200 - "-" "Mozilla/5.0 (Linux; Android 10; SM-A205U) AppleWebKit/537.36 (KHTML, like Gecko) Chrome/118.0.5993.65 Mobile Safari/537.36"
45.154.98.0 - - [06/Nov/2023:05:07:24 +0100] "GET /wp-content/plugins/emails-verification-for-woocommerce/readme.txt HTTP/1.1" 200 - "-" "Mozilla/5.0 (Linux; Android 10; SM-A205U) AppleWebKit/537.36 (KHTML, like Gecko) Chrome/118.0.5993.65 Mobile Safari/537.36"
45.154.98.0 - - [06/Nov/2023:05:07:25 +0100] "GET /wp-content/plugins/emails-verification-for-woocommerce/readme.txt HTTP/1.1" 200 11030 "-" "Mozilla/5.0 (Linux; Android 10; SM-A205U) AppleWebKit/537.36 (KHTML, like Gecko) Chrome/118.0.5993.65 Mobile Safari/537.36"
45.154.98.0 - - [06/Nov/2023:05:07:30 +0100] "GET /wp-content/plugins/woocommerce-jetpack/readme.txt HTTP/1.1" 200 - "-" "Mozilla/5.0 (Linux; Android 11; ONEPLUS A6013) AppleWebKit/537.36 (KHTML, like Gecko) Chrome/118.0.0.0 Mobile Safari/537.36"
45.154.98.0 - - [06/Nov/2023:05:07:31 +0100] "GET /wp-content/plugins/woocommerce-jetpack/readme.txt HTTP/1.1" 200 - "-" "Mozilla/5.0 (Linux; Android 11; ONEPLUS A6013) AppleWebKit/537.36 (KHTML, like Gecko) Chrome/118.0.0.0 Mobile Safari/537.36"
81.169.178.0 - - [06/Nov/2023:05:07:32 +0100] "POST /?wordfence_syncAttackData=1699243652.1031 HTTP/1.1" 200 - "https://www.computerdoc24.de/?wordfence_syncAttackData=1699243652.1031" "WordPress/5.2.19; https://www.computerdoc24.de"
45.154.98.0 - - [06/Nov/2023:05:07:32 +0100] "GET /wp-content/plugins/woocommerce-jetpack/readme.txt HTTP/1.1" 200 11030 "-" "Mozilla/5.0 (Linux; Android 11; ONEPLUS A6013) AppleWebKit/537.36 (KHTML, like Gecko) Chrome/118.0.0.0 Mobile Safari/537.36"
81.169.178.0 - - [06/Nov/2023:05:07:37 +0100] "POST /wp-cron.php?doing_wp_cron=1699243657.7307438850402832031250 HTTP/1.1" 200 - "http://www.computerdoc24.de/wp-cron.php?doing_wp_cron=1699243657.7307438850402832031250" "WordPress/5.2.19; https://www.computerdoc24.de"
45.154.98.0 - - [06/Nov/2023:05:07:37 +0100] "GET /wp-content/plugins/advanced-import/readme.txt HTTP/1.1" 200 - "-" "Mozilla/5.0 (Linux; Android 10; SM-A205U) AppleWebKit/537.36 (KHTML, like Gecko) Chrome/118.0.5993.65 Mobile Safari/537.36"
45.154.98.0 - - [06/Nov/2023:05:07:40 +0100] "GET /wp-content/plugins/advanced-import/readme.txt HTTP/1.1" 200 - "-" "Mozilla/5.0 (Linux; Android 10; SM-A205U) AppleWebKit/537.36 (KHTML, like Gecko) Chrome/118.0.5993.65 Mobile Safari/537.36"
45.154.98.0 - - [06/Nov/2023:05:07:40 +0100] "GET /wp-content/plugins/advanced-import/readme.txt HTTP/1.1" 200 11030 "-" "Mozilla/5.0 (Linux; Android 10; SM-A205U) AppleWebKit/537.36 (KHTML, like Gecko) Chrome/118.0.5993.65 Mobile Safari/537.36"
81.169.178.0 - - [06/Nov/2023:05:07:42 +0100] "POST /?wordfence_syncAttackData=1699243662.0191 HTTP/1.1" 200 - "https://www.computerdoc24.de/?wordfence_syncAttackData=1699243662.0191" "WordPress/5.2.19; https://www.computerdoc24.de"
45.154.98.0 - - [06/Nov/2023:05:07:41 +0100] "GET /wp-content/plugins/themegrill-demo-importer/readme.txt HTTP/1.1" 200 - "-" "Mozilla/5.0 (Macintosh; Intel Mac OS X 14_0) AppleWebKit/537.36 (KHTML, like Gecko) Chrome/118.0.0.0 Safari/537.36"
45.154.98.0 - - [06/Nov/2023:05:07:43 +0100] "GET /wp-content/plugins/themegrill-demo-importer/readme.txt HTTP/1.1" 200 - "-" "Mozilla/5.0 (Macintosh; Intel Mac OS X 14_0) AppleWebKit/537.36 (KHTML, like Gecko) Chrome/118.0.0.0 Safari/537.36"
45.154.98.0 - - [06/Nov/2023:05:07:43 +0100] "GET /wp-content/plugins/themegrill-demo-importer/readme.txt HTTP/1.1" 200 11026 "-" "Mozilla/5.0 (Macintosh; Intel Mac OS X 14_0) AppleWebKit/537.36 (KHTML, like Gecko) Chrome/118.0.0.0 Safari/537.36"
45.154.98.0 - - [06/Nov/2023:05:07:45 +0100] "GET /wp-content/plugins/wp-time-capsule/readme.txt HTTP/1.1" 200 - "-" "Mozilla/5.0 (Macintosh; Intel Mac OS X 14_0) AppleWebKit/537.36 (KHTML, like Gecko) Chrome/118.0.0.0 Safari/537.36"
45.154.98.0 - - [06/Nov/2023:05:07:46 +0100] "GET /wp-content/plugins/wp-time-capsule/readme.txt HTTP/1.1" 200 - "-" "Mozilla/5.0 (Macintosh; Intel Mac OS X 14_0) AppleWebKit/537.36 (KHTML, like Gecko) Chrome/118.0.0.0 Safari/537.36"
45.154.98.0 - - [06/Nov/2023:05:07:47 +0100] "GET /wp-content/plugins/wp-time-capsule/readme.txt HTTP/1.1" 200 11026 "-" "Mozilla/5.0 (Macintosh; Intel Mac OS X 14_0) AppleWebKit/537.36 (KHTML, like Gecko) Chrome/118.0.0.0 Safari/537.36"
45.154.98.0 - - [06/Nov/2023:05:07:50 +0100] "GET /wp-content/plugins/iwp-client/readme.txt HTTP/1.1" 200 - "-" "Mozilla/5.0 (iPhone; CPU iPhone OS 17_0 like Mac OS X) AppleWebKit/605.1.15 (KHTML, like Gecko) CriOS/118.0.5993.69 Mobile/15E148 Safari/604.1"
81.169.178.0 - - [06/Nov/2023:05:07:51 +0100] "POST /?wordfence_syncAttackData=1699243671.4432 HTTP/1.1" 200 - "https://www.computerdoc24.de/?wordfence_syncAttackData=1699243671.4432" "WordPress/5.2.19; https://www.computerdoc24.de"
45.154.98.0 - - [06/Nov/2023:05:07:51 +0100] "GET /wp-content/plugins/iwp-client/readme.txt HTTP/1.1" 200 - "-" "Mozilla/5.0 (iPhone; CPU iPhone OS 17_0 like Mac OS X) AppleWebKit/605.1.15 (KHTML, like Gecko) CriOS/118.0.5993.69 Mobile/15E148 Safari/604.1"
45.154.98.0 - - [06/Nov/2023:05:07:53 +0100] "GET /wp-content/plugins/iwp-client/readme.txt HTTP/1.1" 200 11030 "-" "Mozilla/5.0 (iPhone; CPU iPhone OS 17_0 like Mac OS X) AppleWebKit/605.1.15 (KHTML, like Gecko) CriOS/118.0.5993.69 Mobile/15E148 Safari/604.1"
81.169.178.0 - - [06/Nov/2023:05:07:56 +0100] "POST /?wordfence_syncAttackData=1699243676.0015 HTTP/1.1" 200 - "https://www.ipcbusiness.de/?wordfence_syncAttackData=1699243676.0015" "WordPress/5.8.8; https://www.ipcbusiness.de"
173.252.83.0 - - [06/Nov/2023:05:07:55 +0100] "GET /robots.txt HTTP/1.1" 200 67 "-" "facebookexternalhit/1.1 (+http://www.facebook.com/externalhit_uatext.php)"
81.169.178.0 - - [06/Nov/2023:05:07:59 +0100] "GET / HTTP/1.1" 200 16119 "https://www.ipcbusiness.de/" "WordPress/5.8.8; https://www.ipcbusiness.de"
81.169.178.0 - - [06/Nov/2023:05:07:56 +0100] "POST /wp-cron.php?doing_wp_cron=1699243676.3168859481811523437500 HTTP/1.1" 200 - "https://www.ipcbusiness.de/wp-cron.php?doing_wp_cron=1699243676.3168859481811523437500" "WordPress/5.8.8; https://www.ipcbusiness.de"
173.252.83.0 - - [06/Nov/2023:05:10:02 +0100] "GET /wp-content/uploads/slider4.jpg HTTP/1.1" 200 271894 "-" "facebookexternalhit/1.1 (+http://www.facebook.com/externalhit_uatext.php)"
91.92.247.0 - - [06/Nov/2023:05:12:32 +0100] "GET /wp-include/.wp-include.php?slince_golden=test HTTP/1.1" 200 6624 "www.google.com" "Mozlila/5.0 (Linux; Android 7.0; SM-G892A Bulid/NRD90M; wv) AppleWebKit/537.36 (KHTML, like Gecko) Version/4.0 Chrome/60.0.3112.107 Moblie Safari/537.36"
91.92.247.0 - - [06/Nov/2023:05:13:03 +0100] "GET /wp-include/.wp-include.php?slince_golden=test HTTP/1.1" 200 6624 "www.google.com" "Mozlila/5.0 (Linux; Android 7.0; SM-G892A Bulid/NRD90M; wv) AppleWebKit/537.36 (KHTML, like Gecko) Version/4.0 Chrome/60.0.3112.107 Moblie Safari/537.36"
91.92.247.0 - - [06/Nov/2023:05:13:10 +0100] "GET /wp-content/.wp-content.php?slince_golden=test HTTP/1.1" 200 6624 "www.google.com" "Mozlila/5.0 (Linux; Android 7.0; SM-G892A Bulid/NRD90M; wv) AppleWebKit/537.36 (KHTML, like Gecko) Version/4.0 Chrome/60.0.3112.107 Moblie Safari/537.36"
91.92.247.0 - - [06/Nov/2023:05:13:19 +0100] "GET /wp-content/.wp-content.php?slince_golden=test HTTP/1.1" 200 6624 "www.google.com" "Mozlila/5.0 (Linux; Android 7.0; SM-G892A Bulid/NRD90M; wv) AppleWebKit/537.36 (KHTML, like Gecko) Version/4.0 Chrome/60.0.3112.107 Moblie Safari/537.36"
91.92.247.0 - - [06/Nov/2023:05:13:35 +0100] "GET /wp-admin/.wp-admin.php?slince_golden=test HTTP/1.1" 200 6624 "www.google.com" "Mozlila/5.0 (Linux; Android 7.0; SM-G892A Bulid/NRD90M; wv) AppleWebKit/537.36 (KHTML, like Gecko) Version/4.0 Chrome/60.0.3112.107 Moblie Safari/537.36"
91.92.247.0 - - [06/Nov/2023:05:13:50 +0100] "GET /wp-admin/.wp-admin.php?slince_golden=test HTTP/1.1" 200 6624 "www.google.com" "Mozlila/5.0 (Linux; Android 7.0; SM-G892A Bulid/NRD90M; wv) AppleWebKit/537.36 (KHTML, like Gecko) Version/4.0 Chrome/60.0.3112.107 Moblie Safari/537.36"
84.246.85.0 - - [06/Nov/2023:05:15:04 +0100] "GET / HTTP/1.1" 200 2691 "-" "2ip bot/1.1 (+http://2ip.io)"
84.246.85.0 - - [06/Nov/2023:05:15:04 +0100] "GET / HTTP/1.1" 200 2691 "-" "2ip bot/1.1 (+http://2ip.io)"
84.246.85.0 - - [06/Nov/2023:05:15:05 +0100] "GET / HTTP/1.1" 200 2691 "-" "2ip bot/1.1 (+http://2ip.io)"
62.138.2.0 - - [06/Nov/2023:05:15:20 +0100] "GET /robots.txt HTTP/1.1" 200 69 "-" "Mozilla/5.0 (Macintosh; Intel Mac OS X 10.15; rv:103.0) Gecko/20100101 Firefox/103.0"
81.169.178.0 - - [06/Nov/2023:05:15:20 +0100] "POST /?wordfence_syncAttackData=1699244120.1659 HTTP/1.1" 200 - "https://www.computerdoc24.de/?wordfence_syncAttackData=1699244120.1659" "WordPress/5.2.19; https://www.computerdoc24.de"
62.138.2.0 - - [06/Nov/2023:05:15:21 +0100] "GET /datenschutzerklaerung/ HTTP/1.1" 200 24463 "-" "Mozilla/5.0 (Macintosh; Intel Mac OS X 10.15; rv:103.0) Gecko/20100101 Firefox/103.0"
81.169.178.0 - - [06/Nov/2023:05:15:20 +0100] "POST /wp-cron.php?doing_wp_cron=1699244120.3418550491333007812500 HTTP/1.1" 200 - "https://www.computerdoc24.de/wp-cron.php?doing_wp_cron=1699244120.3418550491333007812500" "WordPress/5.2.19; https://www.computerdoc24.de"
81.169.178.0 - - [06/Nov/2023:05:15:24 +0100] "POST /wp-admin/admin-ajax.php?action=wp_1_wc_privacy_cleanup&nonce=fc5a4df438 HTTP/1.1" 200 - "https://www.computerdoc24.de/wp-admin/admin-ajax.php?action=wp_1_wc_privacy_cleanup&nonce=fc5a4df438" "WordPress/5.2.19; https://www.computerdoc24.de"
66.249.74.0 - - [06/Nov/2023:05:16:11 +0100] "GET /presse/feed/ HTTP/1.1" 301 299 "-" "Mozilla/5.0 (compatible; Googlebot/2.1; +http://www.google.com/bot.html)"
62.138.2.0 - - [06/Nov/2023:05:17:08 +0100] "GET /robots.txt HTTP/1.1" 200 69 "-" "Mozilla/5.0 (Macintosh; Intel Mac OS X 10.15; rv:103.0) Gecko/20100101 Firefox/103.0"
62.138.2.0 - - [06/Nov/2023:05:17:13 +0100] "GET /pl/ueber-uns/ipc-business-gmbh-firmeninformation/ HTTP/1.1" 200 11297 "-" "Mozilla/5.0 (Macintosh; Intel Mac OS X 10.15; rv:103.0) Gecko/20100101 Firefox/103.0"
81.169.178.0 - - [06/Nov/2023:05:18:37 +0100] "POST /wp-cron.php?doing_wp_cron=1699244317.4344079494476318359375 HTTP/1.1" 200 - "http://www.computerdoc24.de/wp-cron.php?doing_wp_cron=1699244317.4344079494476318359375" "WordPress/5.2.19; https://www.computerdoc24.de"
193.202.110.0 - - [06/Nov/2023:05:18:37 +0100] "GET /wp-includes/rest-api/about.php HTTP/1.1" 200 - "http://simplesite.com" "Mozilla/5.0 (Windows; U; Windows NT 5.1; en-US) AppleWebKit/533.4 (KHTML, like Gecko) Chrome/5.0.375.99 Safari/533.4"
193.202.110.0 - - [06/Nov/2023:05:18:38 +0100] "GET /wp-includes/rest-api/about.php HTTP/1.1" 200 - "http://computerdoc24.de/wp-includes/rest-api/about.php" "Mozilla/5.0 (Windows; U; Windows NT 5.1; en-US) AppleWebKit/533.4 (KHTML, like Gecko) Chrome/5.0.375.99 Safari/533.4"
193.202.110.0 - - [06/Nov/2023:05:18:39 +0100] "GET /wp-includes/rest-api/about.php HTTP/1.1" 200 47297 "https://computerdoc24.de/wp-includes/rest-api/about.php" "Mozilla/5.0 (Windows; U; Windows NT 5.1; en-US) AppleWebKit/533.4 (KHTML, like Gecko) Chrome/5.0.375.99 Safari/533.4"
89.188.14.0 - - [06/Nov/2023:05:20:54 +0100] "GET /robots.txt HTTP/1.1" 301 245 "-" "Mozilla/5.0 (compatible; OpenindexSpider; +https://www.openindex.io/saas/about-our-spider/)"
81.169.178.0 - - [06/Nov/2023:05:20:54 +0100] "POST /wp-cron.php?doing_wp_cron=1699244454.8893179893493652343750 HTTP/1.1" 200 - "https://www.ipcbusiness.de/wp-cron.php?doing_wp_cron=1699244454.8893179893493652343750" "WordPress/5.8.8; https://www.ipcbusiness.de"
89.188.14.0 - - [06/Nov/2023:05:20:54 +0100] "GET /robots.txt HTTP/1.1" 200 69 "-" "Mozilla/5.0 (compatible; OpenindexSpider; +https://www.openindex.io/saas/about-our-spider/)"
89.188.14.0 - - [06/Nov/2023:05:20:55 +0100] "GET / HTTP/1.1" 301 235 "-" "Mozilla/5.0 (compatible; OpenindexSpider; +https://www.openindex.io/saas/about-our-spider/)"
81.169.178.0 - - [06/Nov/2023:05:20:59 +0100] "GET / HTTP/1.1" 200 5559 "-" "WordPress/6.3.2; https://www.digidok24.de"
205.210.31.0 - - [06/Nov/2023:05:20:57 +0100] "GET / HTTP/1.1" 301 - "-" "-"
205.210.31.0 - - [06/Nov/2023:05:21:00 +0100] "GET / HTTP/1.1" 200 21793 "http://81.169.178.78:80/" "-"
81.169.178.0 - - [06/Nov/2023:05:20:59 +0100] "POST /wp-cron.php?doing_wp_cron=1699244458.9122951030731201171875 HTTP/1.1" 200 - "-" "WordPress/6.3.2; https://www.digidok24.de"
184.168.125.0 - - [06/Nov/2023:05:30:16 +0100] "POST /xmlrpc.php HTTP/1.1" 200 247 "-" "Mozilla/5.0 (X11; Fedora; Linux x86_64; rv:94.0) Gecko/20100101 Firefox/95.0"
185.165.77.0 - - [06/Nov/2023:05:31:53 +0100] "GET /assets/images/accesson.php HTTP/1.1" 200 9958 "-" "Mozilla/5.0 (Windows NT 10.0; Win64; x64; rv:81.0) Gecko/20100101 Firefox/81.0"
185.165.77.0 - - [06/Nov/2023:05:31:54 +0100] "GET /accesson.php HTTP/1.1" 200 9951 "-" "Mozilla/5.0 (Windows NT 10.0; Win64; x64; rv:81.0) Gecko/20100101 Firefox/81.0"
185.165.77.0 - - [06/Nov/2023:05:31:54 +0100] "GET /wp-content/plugins/essential-addons-for-elementor-lite/includes/Traits/Shared.php HTTP/1.1" 200 9985 "-" "Mozilla/5.0 (Windows NT 10.0; Win64; x64; rv:81.0) Gecko/20100101 Firefox/81.0"
83.97.73.0 - - [06/Nov/2023:05:32:23 +0100] "GET /actuator/gateway/routes HTTP/1.1" 404 2581 "-" "Mozilla/5.0 (Windows NT 10.0; Win64; x64) AppleWebKit/537.36 (KHTML, like Gecko) Chrome/78.0.3904.108 Safari/537.36"
62.138.2.0 - - [06/Nov/2023:05:32:43 +0100] "GET /robots.txt HTTP/1.1" 200 69 "-" "Mozilla/5.0 (Macintosh; Intel Mac OS X 10.15; rv:103.0) Gecko/20100101 Firefox/103.0"
62.138.2.0 - - [06/Nov/2023:05:32:43 +0100] "GET /fr/unsere-maerkte/drehkreuze-service-partner/ HTTP/1.1" 200 11199 "-" "Mozilla/5.0 (Macintosh; Intel Mac OS X 10.15; rv:103.0) Gecko/20100101 Firefox/103.0"
45.79.128.0 - - [06/Nov/2023:05:33:53 +0100] "\x16\x03\x01" 400 226 "-" "-"
62.138.2.0 - - [06/Nov/2023:05:39:12 +0100] "GET /sitemap.xml HTTP/1.1" 200 11026 "-" "Mozilla/5.0 (Macintosh; Intel Mac OS X 10.15; rv:103.0) Gecko/20100101 Firefox/103.0"
81.169.178.0 - - [06/Nov/2023:05:39:12 +0100] "POST /wp-cron.php?doing_wp_cron=1699245552.2711930274963378906250 HTTP/1.1" 200 - "https://www.computerdoc24.de/wp-cron.php?doing_wp_cron=1699245552.2711930274963378906250" "WordPress/5.2.19; https://www.computerdoc24.de"
62.138.2.0 - - [06/Nov/2023:05:39:12 +0100] "GET /robots.txt HTTP/1.1" 200 69 "-" "Mozilla/5.0 (Macintosh; Intel Mac OS X 10.15; rv:103.0) Gecko/20100101 Firefox/103.0"
62.138.2.0 - - [06/Nov/2023:05:40:40 +0100] "GET /robots.txt HTTP/1.1" 200 69 "-" "Mozilla/5.0 (Macintosh; Intel Mac OS X 10.15; rv:103.0) Gecko/20100101 Firefox/103.0"
62.138.2.0 - - [06/Nov/2023:05:40:40 +0100] "GET /pl/unsere-produkte-und-services/innovative-ladeeinheiten/ HTTP/1.1" 200 11259 "-" "Mozilla/5.0 (Macintosh; Intel Mac OS X 10.15; rv:103.0) Gecko/20100101 Firefox/103.0"
66.249.73.0 - - [06/Nov/2023:05:40:58 +0100] "GET /robots.txt HTTP/1.1" 301 295 "-" "Mozilla/5.0 (compatible; Googlebot/2.1; +http://www.google.com/bot.html)"
66.249.73.0 - - [06/Nov/2023:05:40:59 +0100] "GET /ru/comments/feed/ HTTP/1.1" 301 302 "-" "Mozilla/5.0 (Linux; Android 6.0.1; Nexus 5X Build/MMB29P) AppleWebKit/537.36 (KHTML, like Gecko) Chrome/119.0.6045.105 Mobile Safari/537.36 (compatible; Googlebot/2.1; +http://www.google.com/bot.html)"
199.45.154.0 - - [06/Nov/2023:05:43:29 +0100] "GET / HTTP/1.1" 400 226 "-" "-"
81.169.178.0 - - [06/Nov/2023:05:43:31 +0100] "POST /wp-cron.php?doing_wp_cron=1699245811.4993550777435302734375 HTTP/1.1" 200 - "-" "WordPress/6.3.2; https://www.digidok24.de"
199.45.154.0 - - [06/Nov/2023:05:43:31 +0100] "GET / HTTP/1.1" 200 5559 "-" "Mozilla/5.0 (compatible; CensysInspect/1.1; +https://about.censys.io/)"
199.45.154.0 - - [06/Nov/2023:05:43:33 +0100] "PRI * HTTP/2.0" 400 226 "-" "-"
199.45.154.0 - - [06/Nov/2023:05:43:35 +0100] "GET /favicon.ico HTTP/1.1" 200 - "-" "Mozilla/5.0 (compatible; CensysInspect/1.1; +https://about.censys.io/)"
199.45.154.0 - - [06/Nov/2023:05:43:37 +0100] "GET /wp-includes/images/w-logo-blue-white-bg.png HTTP/1.1" 200 4119 "https://www.digidok24.de/favicon.ico" "Mozilla/5.0 (compatible; CensysInspect/1.1; +https://about.censys.io/)"
198.235.24.0 - - [06/Nov/2023:05:43:53 +0100] "GET / HTTP/1.1" 200 2691 "-" "-"
192.71.2.0 - - [06/Nov/2023:05:49:02 +0100] "GET /robots.txt HTTP/1.1" 404 2591 "-" "Mozilla/5.0 (Windows NT 10.0; Win64; x64) AppleWebKit/537.36 (KHTML, like Gecko) Chrome/100.0.4896.127 Safari/537.36"
192.71.2.0 - - [06/Nov/2023:05:49:02 +0100] "GET /humans.txt HTTP/1.1" 404 2591 "-" "Mozilla/5.0 (Windows NT 10.0; Win64; x64) AppleWebKit/537.36 (KHTML, like Gecko) Chrome/100.0.4896.127 Safari/537.36"
192.71.142.0 - - [06/Nov/2023:05:49:02 +0100] "GET /ads.txt HTTP/1.1" 404 2585 "-" "Mozilla/5.0 (Windows NT 10.0; Win64; x64) AppleWebKit/537.36 (KHTML, like Gecko) Chrome/100.0.4896.127 Safari/537.36"
192.71.2.0 - - [06/Nov/2023:05:49:03 +0100] "GET / HTTP/1.1" 200 2590 "-" "Mozilla/5.0 (Windows NT 10.0; Win64; x64) AppleWebKit/537.36 (KHTML, like Gecko) Chrome/100.0.4896.127 Safari/537.36"
66.249.73.0 - - [06/Nov/2023:05:49:14 +0100] "GET /pl/comments/feed/ HTTP/1.1" 301 302 "-" "Mozilla/5.0 (compatible; Googlebot/2.1; +http://www.google.com/bot.html)"
81.169.178.0 - - [06/Nov/2023:05:55:58 +0100] "POST /wp-cron.php?doing_wp_cron=1699246558.3660368919372558593750 HTTP/1.1" 200 - "http://www.computerdoc24.de/wp-cron.php?doing_wp_cron=1699246558.3660368919372558593750" "WordPress/5.2.19; https://www.computerdoc24.de"
198.235.24.0 - - [06/Nov/2023:05:55:58 +0100] "GET / HTTP/1.1" 301 - "-" "-"
81.169.178.0 - - [06/Nov/2023:05:56:00 +0100] "POST /wp-cron.php?doing_wp_cron=1699246560.8472030162811279296875 HTTP/1.1" 200 - "https://www.ipcbusiness.de/wp-cron.php?doing_wp_cron=1699246560.8472030162811279296875" "WordPress/5.8.8; https://www.ipcbusiness.de"
