45.154.98.0 - - [06/Nov/2023:05:00:00 +0100] "GET /wp-content/themes/theme-deejay/include/lang_upload.php HTTP/1.1" 200 - "-" "Mozilla/5.0 (Windows NT 10.0; Win64; x64) AppleWebKit/537.36 (KHTML, like Gecko) Chrome/118.0.0.0 Safari/537.36"
45.154.98.0 - - [06/Nov/2023:05:00:00 +0100] "GET /wp-content/themes/westand/include/lang_upload.php HTTP/1.1" 200 9961 "-" "Mozilla/5.0 (Windows NT 10.0; Win64; x64) AppleWebKit/537.36 (KHTML, like Gecko) Chrome/118.0.0.0 Safari/537.36"
45.154.98.0 - - [06/Nov/2023:05:00:01 +0100] "GET /wp-content/themes/theme-deejay/include/lang_upload.php HTTP/1.1" 200 11026 "-" "Mozilla/5.0 (Windows NT 10.0; Win64; x64) AppleWebKit/537.36 (KHTML, like Gecko) Chrome/118.0.0.0 Safari/537.36"
45.154.98.0 - - [06/Nov/2023:05:00:02 +0100] "GET /wp-content/plugins/dsp_dating/wpdating-gallery/lib/server/php/index.php HTTP/1.1" 301 302 "-" "Mozilla/5.0 (Linux; Android 11; Lenovo YT-J706X) AppleWebKit/537.36 (KHTML, like Gecko) Chrome/118.0.0.0 Safari/537.36"
45.154.98.0 - - [06/Nov/2023:05:00:02 +0100] "GET /wp-content/plugins/dsp_dating/wpdating-gallery/lib/server/php/index.php HTTP/1.1" 200 - "-" "Mozilla/5.0 (Linux; Android 11; Lenovo YT-J706X) AppleWebKit/537.36 (KHTML, like Gecko) Chrome/118.0.0.0 Safari/537.36"
45.154.98.0 - - [06/Nov/2023:05:00:02 +0100] "GET /wp-content/themes/bolster-theme/include/lang_upload.php HTTP/1.1" 200 - "-" "Mozilla/5.0 (iPhone; CPU iPhone OS 17_0 like Mac OS X) AppleWebKit/605.1.15 (KHTML, like Gecko) CriOS/118.0.5993.69 Mobile/15E148 Safari/604.1"
45.154.98.0 - - [06/Nov/2023:05:00:03 +0100] "GET /wp-content/plugins/dsp_dating/wpdating-gallery/lib/server/php/ HTTP/1.1" 200 9975 "-" "Mozilla/5.0 (Linux; Android 11; Lenovo YT-J706X) AppleWebKit/537.36 (KHTML, like Gecko) Chrome/118.0.0.0 Safari/537.36"
45.154.98.0 - - [06/Nov/2023:05:00:03 +0100] "GET /wp-content/themes/bolster-theme/include/lang_upload.php HTTP/1.1" 200 - "-" "Mozilla/5.0 (iPhone; CPU iPhone OS 17_0 like Mac OS X) AppleWebKit/605.1.15 (KHTML, like Gecko) CriOS/118.0.5993.69 Mobile/15E148 Safari/604.1"
45.154.98.0 - - [06/Nov/2023:05:00:04 +0100] "GET /wp-content/plugins/yith-woocommerce-gift-cards-premium/readme.txt HTTP/1.1" 301 296 "-" "Mozilla/5.0 (Linux; Android 11; ONEPLUS A6013) AppleWebKit/537.36 (KHTML, like Gecko) Chrome/118.0.0.0 Mobile Safari/537.36"
81.169.178.0 - - [06/Nov/2023:05:00:05 +0100] "POST /?wordfence_syncAttackData=1699243205.1356 HTTP/1.1" 200 - "https://www.ipcbusiness.de/?wordfence_syncAttackData=1699243205.1356" "WordPress/5.8.8; https://www.ipcbusiness.de"
45.154.98.0 - - [06/Nov/2023:05:00:04 +0100] "GET /wp-content/themes/bolster-theme/include/lang_upload.php HTTP/1.1" 200 11030 "-" "Mozilla/5.0 (iPhone; CPU iPhone OS 17_0 like Mac OS X) AppleWebKit/605.1.15 (KHTML, like Gecko) CriOS/118.0.5993.69 Mobile/15E148 Safari/604.1"
45.154.98.0 - - [06/Nov/2023:05:00:05 +0100] "GET /wp-content/plugins/yith-woocommerce-gift-cards-premium/readme.txt HTTP/1.1" 200 - "-" "Mozilla/5.0 (Linux; Android 11; ONEPLUS A6013) AppleWebKit/537.36 (KHTML, like Gecko) Chrome/118.0.0.0 Mobile Safari/537.36"
45.154.98.0 - - [06/Nov/2023:05:00:05 +0100] "GET /wp-content/plugins/yith-woocommerce-gift-cards-premium/readme.txt HTTP/1.1" 200 9984 "-" "Mozilla/5.0 (Linux; Android 11; ONEPLUS A6013) AppleWebKit/537.36 (KHTML, like Gecko) Chrome/118.0.0.0 Mobile Safari/537.36"
45.154.98.0 - - [06/Nov/2023:05:00:06 +0100] "GET /wp-content/plugins/wholesale-market-for-woocommerce/readme.txt HTTP/1.1" 301 293 "-" "Mozilla/5.0 (Linux; Android 11; ONEPLUS A6013) AppleWebKit/537.36 (KHTML, like Gecko) Chrome/118.0.0.0 Mobile Safari/537.36"
45.154.98.0 - - [06/Nov/2023:05:00:06 +0100] "GET /wp-content/themes/rocky-theme/include/lang_upload.php HTTP/1.1" 200 - "-" "Mozilla/5.0 (Linux; Android 11; ONEPLUS A6013) AppleWebKit/537.36 (KHTML, like Gecko) Chrome/118.0.0.0 Mobile Safari/537.36"
45.154.98.0 - - [06/Nov/2023:05:00:07 +0100] "GET /wp-content/plugins/wholesale-market-for-woocommerce/readme.txt HTTP/1.1" 200 - "-" "Mozilla/5.0 (Linux; Android 11; ONEPLUS A6013) AppleWebKit/537.36 (KHTML, like Gecko) Chrome/118.0.0.0 Mobile Safari/537.36"
45.154.98.0 - - [06/Nov/2023:05:00:07 +0100] "GET /wp-content/themes/rocky-theme/include/lang_upload.php HTTP/1.1" 200 - "-" "Mozilla/5.0 (Linux; Android 11; ONEPLUS A6013) AppleWebKit/537.36 (KHTML, like Gecko) Chrome/118.0.0.0 Mobile Safari/537.36"
45.154.98.0 - - [06/Nov/2023:05:00:08 +0100] "GET /wp-content/plugins/wholesale-market-for-woocommerce/readme.txt HTTP/1.1" 200 9976 "-" "Mozilla/5.0 (Linux; Android 11; ONEPLUS A6013) AppleWebKit/537.36 (KHTML, like Gecko) Chrome/118.0.0.0 Mobile Safari/537.36"
45.154.98.0 - - [06/Nov/2023:05:00:08 +0100] "GET /wp-content/themes/rocky-theme/include/lang_upload.php HTTP/1.1" 200 11030 "-" "Mozilla/5.0 (Linux; Android 11; ONEPLUS A6013) AppleWebKit/537.36 (KHTML, like Gecko) Chrome/118.0.0.0 Mobile Safari/537.36"
:: - - [06/Nov/2023:05:00:09 +0100] "OPTIONS * HTTP/1.0" 200 - "-" "Apache/2.4.6 (CentOS) OpenSSL/1.0.2k-fips mod_fcgid/2.3.9 (internal dummy connection)"
45.154.98.0 - - [06/Nov/2023:05:00:10 +0100] "GET /wp-content/plugins/membership-for-woocommerce/readme.txt HTTP/1.1" 301 287 "-" "Mozilla/5.0 (Linux; Android 11; Lenovo YT-J706X) AppleWebKit/537.36 (KHTML, like Gecko) Chrome/118.0.0.0 Safari/537.36"
45.154.98.0 - - [06/Nov/2023:05:00:10 +0100] "GET /wp-content/plugins/membership-for-woocommerce/readme.txt HTTP/1.1" 200 - "-" "Mozilla/5.0 (Linux; Android 11; Lenovo YT-J706X) AppleWebKit/537.36 (KHTML, like Gecko) Chrome/118.0.0.0 Safari/537.36"
45.154.98.0 - - [06/Nov/2023:05:00:10 +0100] "GET /wp-content/plugins/membership-for-woocommerce/readme.txt HTTP/1.1" 200 9974 "-" "Mozilla/5.0 (Linux; Android 11; Lenovo YT-J706X) AppleWebKit/537.36 (KHTML, like Gecko) Chrome/118.0.0.0 Safari/537.36"
:: - - [06/Nov/2023:05:00:11 +0100] "OPTIONS * HTTP/1.0" 200 - "-" "Apache/2.4.6 (CentOS) OpenSSL/1.0.2k-fips mod_fcgid/2.3.9 (internal dummy connection)"
45.154.98.0 - - [06/Nov/2023:05:00:11 +0100] "GET /wp-content/themes/bolster/include/lang_upload.php HTTP/1.1" 200 - "-" "Mozilla/5.0 (Linux; Android 11; Lenovo YT-J706X) AppleWebKit/537.36 (KHTML, like Gecko) Chrome/118.0.0.0 Safari/537.36"
:: - - [06/Nov/2023:05:00:12 +0100] "OPTIONS * HTTP/1.0" 200 - "-" "Apache/2.4.6 (CentOS) OpenSSL/1.0.2k-fips mod_fcgid/2.3.9 (internal dummy connection)"
45.154.98.0 - - [06/Nov/2023:05:00:12 +0100] "GET /wp-content/themes/bolster/include/lang_upload.php HTTP/1.1" 200 - "-" "Mozilla/5.0 (Linux; Android 11; Lenovo YT-J706X) AppleWebKit/537.36 (KHTML, like Gecko) Chrome/118.0.0.0 Safari/537.36"
45.154.98.0 - - [06/Nov/2023:05:00:13 +0100] "GET /wp-content/themes/bolster/include/lang_upload.php HTTP/1.1" 200 11030 "-" "Mozilla/5.0 (Linux; Android 11; Lenovo YT-J706X) AppleWebKit/537.36 (KHTML, like Gecko) Chrome/118.0.0.0 Safari/537.36"
45.154.98.0 - - [06/Nov/2023:05:00:14 +0100] "GET /wp-content/plugins/wp-upg/readme.txt HTTP/1.1" 301 267 "-" "Mozilla/5.0 (Linux; Android 11; Lenovo YT-J706X) AppleWebKit/537.36 (KHTML, like Gecko) Chrome/118.0.0.0 Safari/537.36"
81.169.178.0 - - [06/Nov/2023:05:00:15 +0100] "POST /?wordfence_syncAttackData=1699243215.6349 HTTP/1.1" 200 - "https://www.ipcbusiness.de/?wordfence_syncAttackData=1699243215.6349" "WordPress/5.8.8; https://www.ipcbusiness.de"
45.154.98.0 - - [06/Nov/2023:05:00:15 +0100] "GET /wp-content/plugins/wp-upg/readme.txt HTTP/1.1" 200 - "-" "Mozilla/5.0 (Linux; Android 11; Lenovo YT-J706X) AppleWebKit/537.36 (KHTML, like Gecko) Chrome/118.0.0.0 Safari/537.36"
45.154.98.0 - - [06/Nov/2023:05:00:16 +0100] "GET /wp-content/plugins/wp-upg/readme.txt HTTP/1.1" 200 9957 "-" "Mozilla/5.0 (Linux; Android 11; Lenovo YT-J706X) AppleWebKit/537.36 (KHTML, like Gecko) Chrome/118.0.0.0 Safari/537.36"
45.154.98.0 - - [06/Nov/2023:05:00:17 +0100] "GET /wp-content/plugins/user-verification/readme.txt HTTP/1.1" 301 278 "-" "Mozilla/5.0 (Windows NT 10.0; Win64; x64) AppleWebKit/537.36 (KHTML, like Gecko) Chrome/118.0.0.0 Safari/537.36"
45.154.98.0 - - [06/Nov/2023:05:00:17 +0100] "GET /wp-content/themes/soundblast/include/lang_upload.php HTTP/1.1" 200 - "-" "Mozilla/5.0 (Windows NT 10.0; Win64; x64) AppleWebKit/537.36 (KHTML, like Gecko) Chrome/118.0.0.0 Safari/537.36"
45.154.98.0 - - [06/Nov/2023:05:00:17 +0100] "GET /wp-content/plugins/user-verification/readme.txt HTTP/1.1" 200 - "-" "Mozilla/5.0 (Windows NT 10.0; Win64; x64) AppleWebKit/537.36 (KHTML, like Gecko) Chrome/118.0.0.0 Safari/537.36"
45.154.98.0 - - [06/Nov/2023:05:00:18 +0100] "GET /wp-content/plugins/user-verification/readme.txt HTTP/1.1" 200 9961 "-" "Mozilla/5.0 (Windows NT 10.0; Win64; x64) AppleWebKit/537.36 (KHTML, like Gecko) Chrome/118.0.0.0 Safari/537.36"
45.154.98.0 - - [06/Nov/2023:05:00:18 +0100] "GET /wp-content/themes/soundblast/include/lang_upload.php HTTP/1.1" 200 - "-" "Mozilla/5.0 (Windows NT 10.0; Win64; x64) AppleWebKit/537.36 (KHTML, like Gecko) Chrome/118.0.0.0 Safari/537.36"
45.154.98.0 - - [06/Nov/2023:05:00:19 +0100] "GET /wp-content/themes/soundblast/include/lang_upload.php HTTP/1.1" 200 11026 "-" "Mozilla/5.0 (Windows NT 10.0; Win64; x64) AppleWebKit/537.36 (KHTML, like Gecko) Chrome/118.0.0.0 Safari/537.36"
45.154.98.0 - - [06/Nov/2023:05:00:21 +0100] "GET /wp-content/plugins/booking-calendar/readme.txt HTTP/1.1" 301 277 "-" "Mozilla/5.0 (Windows NT 10.0; Win64; x64) AppleWebKit/537.36 (KHTML, like Gecko) Chrome/118.0.0.0 Safari/537.36"
45.154.98.0 - - [06/Nov/2023:05:00:21 +0100] "GET /wp-content/plugins/booking-calendar/readme.txt HTTP/1.1" 200 - "-" "Mozilla/5.0 (Windows NT 10.0; Win64; x64) AppleWebKit/537.36 (KHTML, like Gecko) Chrome/118.0.0.0 Safari/537.36"
45.154.98.0 - - [06/Nov/2023:05:00:21 +0100] "GET /wp-content/themes/spikes-black/include/lang_upload.php HTTP/1.1" 200 - "-" "Mozilla/5.0 (Windows NT 10.0; Win64; x64) AppleWebKit/537.36 (KHTML, like Gecko) Chrome/118.0.0.0 Safari/537.36"
45.154.98.0 - - [06/Nov/2023:05:00:21 +0100] "GET /wp-content/plugins/booking-calendar/readme.txt HTTP/1.1" 200 9963 "-" "Mozilla/5.0 (Windows NT 10.0; Win64; x64) AppleWebKit/537.36 (KHTML, like Gecko) Chrome/118.0.0.0 Safari/537.36"
45.154.98.0 - - [06/Nov/2023:05:00:22 +0100] "GET /wp-content/themes/spikes-black/include/lang_upload.php HTTP/1.1" 200 - "-" "Mozilla/5.0 (Windows NT 10.0; Win64; x64) AppleWebKit/537.36 (KHTML, like Gecko) Chrome/118.0.0.0 Safari/537.36"
45.154.98.0 - - [06/Nov/2023:05:00:22 +0100] "GET /wp-content/plugins/usc-e-shop/functions/content-log.php?logfile=./../../../../wp-config.php HTTP/1.1" 301 322 "-" "Mozilla/5.0 (Windows NT 10.0; Win64; x64) AppleWebKit/537.36 (KHTML, like Gecko) Chrome/118.0.0.0 Safari/537.36"
45.154.98.0 - - [06/Nov/2023:05:00:23 +0100] "GET /wp-content/plugins/usc-e-shop/functions/content-log.php?logfile=./../../../../wp-config.php HTTP/1.1" 200 6624 "-" "Mozilla/5.0 (Windows NT 10.0; Win64; x64) AppleWebKit/537.36 (KHTML, like Gecko) Chrome/118.0.0.0 Safari/537.36"
45.154.98.0 - - [06/Nov/2023:05:00:23 +0100] "GET /wp-content/themes/spikes-black/include/lang_upload.php HTTP/1.1" 200 11026 "-" "Mozilla/5.0 (Windows NT 10.0; Win64; x64) AppleWebKit/537.36 (KHTML, like Gecko) Chrome/118.0.0.0 Safari/537.36"
45.154.98.0 - - [06/Nov/2023:05:00:26 +0100] "GET /wp-content/plugins/woo-refund-and-exchange-lite/readme.txt HTTP/1.1" 301 289 "-" "Mozilla/5.0 (iPhone; CPU iPhone OS 17_0 like Mac OS X) AppleWebKit/605.1.15 (KHTML, like Gecko) CriOS/118.0.5993.69 Mobile/15E148 Safari/604.1"
45.154.98.0 - - [06/Nov/2023:05:00:26 +0100] "GET /wp-content/themes/spikes/include/lang_upload.php HTTP/1.1" 200 - "-" "Mozilla/5.0 (iPhone; CPU iPhone OS 17_0 like Mac OS X) AppleWebKit/605.1.15 (KHTML, like Gecko) CriOS/118.0.5993.69 Mobile/15E148 Safari/604.1"
81.169.178.0 - - [06/Nov/2023:05:00:27 +0100] "POST /?wordfence_syncAttackData=1699243227.0269 HTTP/1.1" 200 - "https://www.ipcbusiness.de/?wordfence_syncAttackData=1699243227.0269" "WordPress/5.8.8; https://www.ipcbusiness.de"
45.154.98.0 - - [06/Nov/2023:05:00:26 +0100] "GET /wp-content/plugins/woo-refund-and-exchange-lite/readme.txt HTTP/1.1" 200 - "-" "Mozilla/5.0 (iPhone; CPU iPhone OS 17_0 like Mac OS X) AppleWebKit/605.1.15 (KHTML, like Gecko) CriOS/118.0.5993.69 Mobile/15E148 Safari/604.1"
45.154.98.0 - - [06/Nov/2023:05:00:27 +0100] "GET /wp-content/themes/spikes/include/lang_upload.php HTTP/1.1" 200 - "-" "Mozilla/5.0 (iPhone; CPU iPhone OS 17_0 like Mac OS X) AppleWebKit/605.1.15 (KHTML, like Gecko) CriOS/118.0.5993.69 Mobile/15E148 Safari/604.1"
45.154.98.0 - - [06/Nov/2023:05:00:27 +0100] "GET /wp-content/plugins/woo-refund-and-exchange-lite/readme.txt HTTP/1.1" 200 9972 "-" "Mozilla/5.0 (iPhone; CPU iPhone OS 17_0 like Mac OS X) AppleWebKit/605.1.15 (KHTML, like Gecko) CriOS/118.0.5993.69 Mobile/15E148 Safari/604.1"
45.154.98.0 - - [06/Nov/2023:05:00:27 +0100] "GET /wp-content/themes/spikes/include/lang_upload.php HTTP/1.1" 200 11030 "-" "Mozilla/5.0 (iPhone; CPU iPhone OS 17_0 like Mac OS X) AppleWebKit/605.1.15 (KHTML, like Gecko) CriOS/118.0.5993.69 Mobile/15E148 Safari/604.1"
45.154.98.0 - - [06/Nov/2023:05:00:28 +0100] "GET /wp-content/plugins/armember/js/arm_widgets_js.js HTTP/1.1" 301 279 "-" "Mozilla/5.0 (Linux; Android 10; SM-A205U) AppleWebKit/537.36 (KHTML, like Gecko) Chrome/118.0.5993.65 Mobile Safari/537.36"
45.154.98.0 - - [06/Nov/2023:05:00:28 +0100] "GET /wp-content/plugins/armember/js/arm_widgets_js.js HTTP/1.1" 200 - "-" "Mozilla/5.0 (Linux; Android 10; SM-A205U) AppleWebKit/537.36 (KHTML, like Gecko) Chrome/118.0.5993.65 Mobile Safari/537.36"
45.154.98.0 - - [06/Nov/2023:05:00:29 +0100] "GET /wp-content/plugins/armember/js/arm_widgets_js.js HTTP/1.1" 200 9965 "-" "Mozilla/5.0 (Linux; Android 10; SM-A205U) AppleWebKit/537.36 (KHTML, like Gecko) Chrome/118.0.5993.65 Mobile Safari/537.36"
45.154.98.0 - - [06/Nov/2023:05:00:31 +0100] "GET /wp-content/plugins/armember/documentation/index.html HTTP/1.1" 301 283 "-" "Mozilla/5.0 (Linux; Android 10; SM-A205U) AppleWebKit/537.36 (KHTML, like Gecko) Chrome/118.0.5993.65 Mobile Safari/537.36"
45.154.98.0 - - [06/Nov/2023:05:00:32 +0100] "GET /wp-content/plugins/armember/documentation/index.html HTTP/1.1" 200 - "-" "Mozilla/5.0 (Linux; Android 10; SM-A205U) AppleWebKit/537.36 (KHTML, like Gecko) Chrome/118.0.5993.65 Mobile Safari/537.36"
45.154.98.0 - - [06/Nov/2023:05:00:31 +0100] "GET /wp-content/themes/kingclub-theme/include/lang_upload.php HTTP/1.1" 200 - "-" "Mozilla/5.0 (Linux; Android 10; SM-A205U) AppleWebKit/537.36 (KHTML, like Gecko) Chrome/118.0.5993.65 Mobile Safari/537.36"
45.154.98.0 - - [06/Nov/2023:05:00:32 +0100] "GET /wp-content/plugins/armember/documentation/index.html HTTP/1.1" 200 9961 "-" "Mozilla/5.0 (Linux; Android 10; SM-A205U) AppleWebKit/537.36 (KHTML, like Gecko) Chrome/118.0.5993.65 Mobile Safari/537.36"
45.154.98.0 - - [06/Nov/2023:05:00:32 +0100] "GET /wp-content/themes/kingclub-theme/include/lang_upload.php HTTP/1.1" 200 - "-" "Mozilla/5.0 (Linux; Android 10; SM-A205U) AppleWebKit/537.36 (KHTML, like Gecko) Chrome/118.0.5993.65 Mobile Safari/537.36"
45.154.98.0 - - [06/Nov/2023:05:00:33 +0100] "GET /wp-content/themes/kingclub-theme/include/lang_upload.php HTTP/1.1" 200 11030 "-" "Mozilla/5.0 (Linux; Android 10; SM-A205U) AppleWebKit/537.36 (KHTML, like Gecko) Chrome/118.0.5993.65 Mobile Safari/537.36"
45.154.98.0 - - [06/Nov/2023:05:00:36 +0100] "GET /wp-content/plugins/jobboardwp/readme.txt HTTP/1.1" 301 271 "-" "Mozilla/5.0 (Linux; Android 11; ONEPLUS A6013) AppleWebKit/537.36 (KHTML, like Gecko) Chrome/118.0.0.0 Mobile Safari/537.36"
81.169.178.0 - - [06/Nov/2023:05:00:36 +0100] "POST /?wordfence_syncAttackData=1699243236.6604 HTTP/1.1" 200 - "https://www.ipcbusiness.de/?wordfence_syncAttackData=1699243236.6604" "WordPress/5.8.8; https://www.ipcbusiness.de"
45.154.98.0 - - [06/Nov/2023:05:00:36 +0100] "GET /wp-content/plugins/jobboardwp/readme.txt HTTP/1.1" 200 - "-" "Mozilla/5.0 (Linux; Android 11; ONEPLUS A6013) AppleWebKit/537.36 (KHTML, like Gecko) Chrome/118.0.0.0 Mobile Safari/537.36"
45.154.98.0 - - [06/Nov/2023:05:00:37 +0100] "GET /wp-content/plugins/jobboardwp/readme.txt HTTP/1.1" 200 9962 "-" "Mozilla/5.0 (Linux; Android 11; ONEPLUS A6013) AppleWebKit/537.36 (KHTML, like Gecko) Chrome/118.0.0.0 Mobile Safari/537.36"
81.169.178.0 - - [06/Nov/2023:05:00:42 +0100] "POST /wp-cron.php?doing_wp_cron=1699243242.2304260730743408203125 HTTP/1.1" 200 - "http://www.computerdoc24.de/wp-cron.php?doing_wp_cron=1699243242.2304260730743408203125" "WordPress/5.2.19; https://www.computerdoc24.de"
45.154.98.0 - - [06/Nov/2023:05:00:42 +0100] "GET /wp-content/themes/club-theme/include/lang_upload.php HTTP/1.1" 200 - "-" "Mozilla/5.0 (Linux; Android 11; Lenovo YT-J706X) AppleWebKit/537.36 (KHTML, like Gecko) Chrome/118.0.0.0 Safari/537.36"
45.154.98.0 - - [06/Nov/2023:05:00:43 +0100] "GET /wp-content/themes/club-theme/include/lang_upload.php HTTP/1.1" 200 - "-" "Mozilla/5.0 (Linux; Android 11; Lenovo YT-J706X) AppleWebKit/537.36 (KHTML, like Gecko) Chrome/118.0.0.0 Safari/537.36"
45.154.98.0 - - [06/Nov/2023:05:00:44 +0100] "GET /wp-content/themes/listingo/readme.txt HTTP/1.1" 301 268 "-" "Mozilla/5.0 (Linux; Android 11; ONEPLUS A6013) AppleWebKit/537.36 (KHTML, like Gecko) Chrome/118.0.0.0 Mobile Safari/537.36"
45.154.98.0 - - [06/Nov/2023:05:00:44 +0100] "GET /wp-content/themes/club-theme/include/lang_upload.php HTTP/1.1" 200 11030 "-" "Mozilla/5.0 (Linux; Android 11; Lenovo YT-J706X) AppleWebKit/537.36 (KHTML, like Gecko) Chrome/118.0.0.0 Safari/537.36"
81.169.178.0 - - [06/Nov/2023:05:00:45 +0100] "POST /?wordfence_syncAttackData=1699243245.2579 HTTP/1.1" 200 - "https://www.ipcbusiness.de/?wordfence_syncAttackData=1699243245.2579" "WordPress/5.8.8; https://www.ipcbusiness.de"
45.154.98.0 - - [06/Nov/2023:05:00:45 +0100] "GET /wp-content/themes/listingo/readme.txt HTTP/1.1" 200 - "-" "Mozilla/5.0 (Linux; Android 11; ONEPLUS A6013) AppleWebKit/537.36 (KHTML, like Gecko) Chrome/118.0.0.0 Mobile Safari/537.36"
45.154.98.0 - - [06/Nov/2023:05:00:45 +0100] "GET /wp-content/themes/listingo/readme.txt HTTP/1.1" 200 9959 "-" "Mozilla/5.0 (Linux; Android 11; ONEPLUS A6013) AppleWebKit/537.36 (KHTML, like Gecko) Chrome/118.0.0.0 Mobile Safari/537.36"
45.154.98.0 - - [06/Nov/2023:05:00:46 +0100] "GET /wp-content/themes/listingo/js/listingo_callbacks.js HTTP/1.1" 301 282 "-" "Mozilla/5.0 (Macintosh; Intel Mac OS X 14_0) AppleWebKit/537.36 (KHTML, like Gecko) Chrome/118.0.0.0 Safari/537.36"
45.154.98.0 - - [06/Nov/2023:05:00:46 +0100] "GET /wp-content/themes/listingo/js/listingo_callbacks.js HTTP/1.1" 200 - "-" "Mozilla/5.0 (Macintosh; Intel Mac OS X 14_0) AppleWebKit/537.36 (KHTML, like Gecko) Chrome/118.0.0.0 Safari/537.36"
45.154.98.0 - - [06/Nov/2023:05:00:46 +0100] "GET /wp-content/themes/statfort/include/lang_upload.php HTTP/1.1" 200 - "-" "Mozilla/5.0 (Macintosh; Intel Mac OS X 14_0) AppleWebKit/537.36 (KHTML, like Gecko) Chrome/118.0.0.0 Safari/537.36"
45.154.98.0 - - [06/Nov/2023:05:00:46 +0100] "GET /wp-content/themes/listingo/js/listingo_callbacks.js HTTP/1.1" 200 9963 "-" "Mozilla/5.0 (Macintosh; Intel Mac OS X 14_0) AppleWebKit/537.36 (KHTML, like Gecko) Chrome/118.0.0.0 Safari/537.36"
45.154.98.0 - - [06/Nov/2023:05:00:47 +0100] "GET /wp-content/themes/statfort/include/lang_upload.php HTTP/1.1" 200 - "-" "Mozilla/5.0 (Macintosh; Intel Mac OS X 14_0) AppleWebKit/537.36 (KHTML, like Gecko) Chrome/118.0.0.0 Safari/537.36"
45.154.98.0 - - [06/Nov/2023:05:00:47 +0100] "GET /wp-content/themes/statfort/include/lang_upload.php HTTP/1.1" 200 11026 "-" "Mozilla/5.0 (Macintosh; Intel Mac OS X 14_0) AppleWebKit/537.36 (KHTML, like Gecko) Chrome/118.0.0.0 Safari/537.36"
45.154.98.0 - - [06/Nov/2023:05:00:49 +0100] "GET /wp-content/themes/aidreform/include/lang_upload.php HTTP/1.1" 200 - "-" "Mozilla/5.0 (Linux; Android 11; Lenovo YT-J706X) AppleWebKit/537.36 (KHTML, like Gecko) Chrome/118.0.0.0 Safari/537.36"
45.154.98.0 - - [06/Nov/2023:05:00:49 +0100] "GET /wp-content/themes/aidreform/include/lang_upload.php HTTP/1.1" 200 - "-" "Mozilla/5.0 (Linux; Android 11; Lenovo YT-J706X) AppleWebKit/537.36 (KHTML, like Gecko) Chrome/118.0.0.0 Safari/537.36"
45.154.98.0 - - [06/Nov/2023:05:00:51 +0100] "GET /wp-content/themes/greyd_suite/style.css HTTP/1.1" 301 270 "-" "Mozilla/5.0 (iPhone; CPU iPhone OS 17_0 like Mac OS X) AppleWebKit/605.1.15 (KHTML, like Gecko) CriOS/118.0.5993.69 Mobile/15E148 Safari/604.1"
45.154.98.0 - - [06/Nov/2023:05:00:50 +0100] "GET /wp-content/themes/aidreform/include/lang_upload.php HTTP/1.1" 200 11030 "-" "Mozilla/5.0 (Linux; Android 11; Lenovo YT-J706X) AppleWebKit/537.36 (KHTML, like Gecko) Chrome/118.0.0.0 Safari/537.36"
45.154.98.0 - - [06/Nov/2023:05:00:51 +0100] "GET /wp-content/themes/greyd_suite/style.css HTTP/1.1" 200 - "-" "Mozilla/5.0 (iPhone; CPU iPhone OS 17_0 like Mac OS X) AppleWebKit/605.1.15 (KHTML, like Gecko) CriOS/118.0.5993.69 Mobile/15E148 Safari/604.1"
45.154.98.0 - - [06/Nov/2023:05:00:52 +0100] "GET /wp-content/themes/greyd_suite/style.css HTTP/1.1" 200 9957 "-" "Mozilla/5.0 (iPhone; CPU iPhone OS 17_0 like Mac OS X) AppleWebKit/605.1.15 (KHTML, like Gecko) CriOS/118.0.5993.69 Mobile/15E148 Safari/604.1"
45.154.98.0 - - [06/Nov/2023:05:00:55 +0100] "GET /wp-content/plugins/simply-schedule-appointments/readme.txt HTTP/1.1" 301 289 "-" "Mozilla/5.0 (iPhone; CPU iPhone OS 17_0 like Mac OS X) AppleWebKit/605.1.15 (KHTML, like Gecko) CriOS/118.0.5993.69 Mobile/15E148 Safari/604.1"
81.169.178.0 - - [06/Nov/2023:05:00:55 +0100] "POST /?wordfence_syncAttackData=1699243255.7756 HTTP/1.1" 200 - "https://www.ipcbusiness.de/?wordfence_syncAttackData=1699243255.7756" "WordPress/5.8.8; https://www.ipcbusiness.de"
45.154.98.0 - - [06/Nov/2023:05:00:55 +0100] "GET /wp-content/plugins/simply-schedule-appointments/readme.txt HTTP/1.1" 200 - "-" "Mozilla/5.0 (iPhone; CPU iPhone OS 17_0 like Mac OS X) AppleWebKit/605.1.15 (KHTML, like Gecko) CriOS/118.0.5993.69 Mobile/15E148 Safari/604.1"
45.154.98.0 - - [06/Nov/2023:05:00:55 +0100] "GET /wp-content/themes/footysquare/include/lang_upload.php HTTP/1.1" 200 - "-" "Mozilla/5.0 (iPhone; CPU iPhone OS 17_0 like Mac OS X) AppleWebKit/605.1.15 (KHTML, like Gecko) CriOS/118.0.5993.69 Mobile/15E148 Safari/604.1"
45.154.98.0 - - [06/Nov/2023:05:00:56 +0100] "GET /wp-content/themes/footysquare/include/lang_upload.php HTTP/1.1" 200 - "-" "Mozilla/5.0 (iPhone; CPU iPhone OS 17_0 like Mac OS X) AppleWebKit/605.1.15 (KHTML, like Gecko) CriOS/118.0.5993.69 Mobile/15E148 Safari/604.1"
45.154.98.0 - - [06/Nov/2023:05:00:56 +0100] "GET /wp-content/plugins/simply-schedule-appointments/readme.txt HTTP/1.1" 200 9974 "-" "Mozilla/5.0 (iPhone; CPU iPhone OS 17_0 like Mac OS X) AppleWebKit/605.1.15 (KHTML, like Gecko) CriOS/118.0.5993.69 Mobile/15E148 Safari/604.1"
45.154.98.0 - - [06/Nov/2023:05:00:57 +0100] "GET /wp-content/themes/footysquare/include/lang_upload.php HTTP/1.1" 200 11030 "-" "Mozilla/5.0 (iPhone; CPU iPhone OS 17_0 like Mac OS X) AppleWebKit/605.1.15 (KHTML, like Gecko) CriOS/118.0.5993.69 Mobile/15E148 Safari/604.1"
:: - - [06/Nov/2023:05:00:59 +0100] "OPTIONS * HTTP/1.0" 200 - "-" "Apache/2.4.6 (CentOS) OpenSSL/1.0.2k-fips mod_fcgid/2.3.9 (internal dummy connection)"
45.154.98.0 - - [06/Nov/2023:05:00:59 +0100] "GET /wp-content/themes/westand/include/lang_upload.php HTTP/1.1" 200 - "-" "Mozilla/5.0 (iPhone; CPU iPhone OS 17_0 like Mac OS X) AppleWebKit/605.1.15 (KHTML, like Gecko) CriOS/118.0.5993.69 Mobile/15E148 Safari/604.1"
45.154.98.0 - - [06/Nov/2023:05:01:00 +0100] "GET /wp-content/themes/westand/include/lang_upload.php HTTP/1.1" 200 - "-" "Mozilla/5.0 (iPhone; CPU iPhone OS 17_0 like Mac OS X) AppleWebKit/605.1.15 (KHTML, like Gecko) CriOS/118.0.5993.69 Mobile/15E148 Safari/604.1"
45.154.98.0 - - [06/Nov/2023:05:01:01 +0100] "GET /wp-content/plugins/directorist/readme.txt HTTP/1.1" 301 272 "-" "Mozilla/5.0 (iPhone; CPU iPhone OS 17_0 like Mac OS X) AppleWebKit/605.1.15 (KHTML, like Gecko) CriOS/118.0.5993.69 Mobile/15E148 Safari/604.1"
45.154.98.0 - - [06/Nov/2023:05:01:01 +0100] "GET /wp-content/plugins/directorist/readme.txt HTTP/1.1" 200 - "-" "Mozilla/5.0 (iPhone; CPU iPhone OS 17_0 like Mac OS X) AppleWebKit/605.1.15 (KHTML, like Gecko) CriOS/118.0.5993.69 Mobile/15E148 Safari/604.1"
45.154.98.0 - - [06/Nov/2023:05:01:01 +0100] "GET /wp-content/plugins/directorist/readme.txt HTTP/1.1" 200 9959 "-" "Mozilla/5.0 (iPhone; CPU iPhone OS 17_0 like Mac OS X) AppleWebKit/605.1.15 (KHTML, like Gecko) CriOS/118.0.5993.69 Mobile/15E148 Safari/604.1"
45.154.98.0 - - [06/Nov/2023:05:01:01 +0100] "GET /wp-content/themes/westand/include/lang_upload.php HTTP/1.1" 200 11030 "-" "Mozilla/5.0 (iPhone; CPU iPhone OS 17_0 like Mac OS X) AppleWebKit/605.1.15 (KHTML, like Gecko) CriOS/118.0.5993.69 Mobile/15E148 Safari/604.1"
45.154.98.0 - - [06/Nov/2023:05:01:02 +0100] "GET /wp-content/plugins/all-in-one-video-gallery/readme.txt HTTP/1.1" 301 285 "-" "Mozilla/5.0 (iPhone; CPU iPhone OS 17_0 like Mac OS X) AppleWebKit/605.1.15 (KHTML, like Gecko) CriOS/118.0.5993.69 Mobile/15E148 Safari/604.1"
45.154.98.0 - - [06/Nov/2023:05:01:02 +0100] "GET /wp-content/plugins/dsp_dating/wpdating-gallery/lib/server/php/index.php HTTP/1.1" 200 - "-" "Mozilla/5.0 (iPhone; CPU iPhone OS 17_0 like Mac OS X) AppleWebKit/605.1.15 (KHTML, like Gecko) CriOS/118.0.5993.69 Mobile/15E148 Safari/604.1"
45.154.98.0 - - [06/Nov/2023:05:01:02 +0100] "GET /wp-content/plugins/all-in-one-video-gallery/readme.txt HTTP/1.1" 200 - "-" "Mozilla/5.0 (iPhone; CPU iPhone OS 17_0 like Mac OS X) AppleWebKit/605.1.15 (KHTML, like Gecko) CriOS/118.0.5993.69 Mobile/15E148 Safari/604.1"
45.154.98.0 - - [06/Nov/2023:05:01:03 +0100] "GET /wp-content/plugins/all-in-one-video-gallery/readme.txt HTTP/1.1" 200 9968 "-" "Mozilla/5.0 (iPhone; CPU iPhone OS 17_0 like Mac OS X) AppleWebKit/605.1.15 (KHTML, like Gecko) CriOS/118.0.5993.69 Mobile/15E148 Safari/604.1"
45.154.98.0 - - [06/Nov/2023:05:01:03 +0100] "GET /wp-content/plugins/dsp_dating/wpdating-gallery/lib/server/php/index.php HTTP/1.1" 200 - "-" "Mozilla/5.0 (iPhone; CPU iPhone OS 17_0 like Mac OS X) AppleWebKit/605.1.15 (KHTML, like Gecko) CriOS/118.0.5993.69 Mobile/15E148 Safari/604.1"
45.154.98.0 - - [06/Nov/2023:05:01:04 +0100] "GET /wp-content/plugins/dsp_dating/wpdating-gallery/lib/server/php/ HTTP/1.1" 200 11030 "-" "Mozilla/5.0 (iPhone; CPU iPhone OS 17_0 like Mac OS X) AppleWebKit/605.1.15 (KHTML, like Gecko) CriOS/118.0.5993.69 Mobile/15E148 Safari/604.1"
45.154.98.0 - - [06/Nov/2023:05:01:07 +0100] "GET /wp-content/plugins/alphabetic-pagination/readme.txt HTTP/1.1" 301 282 "-" "Mozilla/5.0 (Macintosh; Intel Mac OS X 14_0) AppleWebKit/537.36 (KHTML, like Gecko) Chrome/118.0.0.0 Safari/537.36"
81.169.178.0 - - [06/Nov/2023:05:01:08 +0100] "POST /?wordfence_syncAttackData=1699243268.033 HTTP/1.1" 200 - "https://www.ipcbusiness.de/?wordfence_syncAttackData=1699243268.033" "WordPress/5.8.8; https://www.ipcbusiness.de"
45.154.98.0 - - [06/Nov/2023:05:01:07 +0100] "GET /wp-content/plugins/alphabetic-pagination/readme.txt HTTP/1.1" 200 - "-" "Mozilla/5.0 (Macintosh; Intel Mac OS X 14_0) AppleWebKit/537.36 (KHTML, like Gecko) Chrome/118.0.0.0 Safari/537.36"
45.154.98.0 - - [06/Nov/2023:05:01:08 +0100] "GET /wp-content/plugins/alphabetic-pagination/readme.txt HTTP/1.1" 200 9964 "-" "Mozilla/5.0 (Macintosh; Intel Mac OS X 14_0) AppleWebKit/537.36 (KHTML, like Gecko) Chrome/118.0.0.0 Safari/537.36"
81.169.178.0 - - [06/Nov/2023:05:01:08 +0100] "POST /?wordfence_syncAttackData=1699243268.5663 HTTP/1.1" 200 - "https://www.computerdoc24.de/?wordfence_syncAttackData=1699243268.5663" "WordPress/5.2.19; https://www.computerdoc24.de"
45.154.98.0 - - [06/Nov/2023:05:01:09 +0100] "GET /wp-content/plugins/scripts-organizer/plugins/meta-box/readme.txt HTTP/1.1" 301 295 "-" "Mozilla/5.0 (Linux; Android 11; ONEPLUS A6013) AppleWebKit/537.36 (KHTML, like Gecko) Chrome/118.0.0.0 Mobile Safari/537.36"
45.154.98.0 - - [06/Nov/2023:05:01:08 +0100] "GET /wp-content/plugins/yith-woocommerce-gift-cards-premium/readme.txt HTTP/1.1" 200 - "-" "Mozilla/5.0 (iPhone; CPU iPhone OS 17_0 like Mac OS X) AppleWebKit/605.1.15 (KHTML, like Gecko) CriOS/118.0.5993.69 Mobile/15E148 Safari/604.1"
45.154.98.0 - - [06/Nov/2023:05:01:09 +0100] "GET /wp-content/plugins/scripts-organizer/plugins/meta-box/readme.txt HTTP/1.1" 200 - "-" "Mozilla/5.0 (Linux; Android 11; ONEPLUS A6013) AppleWebKit/537.36 (KHTML, like Gecko) Chrome/118.0.0.0 Mobile Safari/537.36"
45.154.98.0 - - [06/Nov/2023:05:01:09 +0100] "GET /wp-content/plugins/scripts-organizer/plugins/meta-box/readme.txt HTTP/1.1" 200 9973 "-" "Mozilla/5.0 (Linux; Android 11; ONEPLUS A6013) AppleWebKit/537.36 (KHTML, like Gecko) Chrome/118.0.0.0 Mobile Safari/537.36"
45.154.98.0 - - [06/Nov/2023:05:01:09 +0100] "GET /wp-content/plugins/yith-woocommerce-gift-cards-premium/readme.txt HTTP/1.1" 200 - "-" "Mozilla/5.0 (iPhone; CPU iPhone OS 17_0 like Mac OS X) AppleWebKit/605.1.15 (KHTML, like Gecko) CriOS/118.0.5993.69 Mobile/15E148 Safari/604.1"
45.154.98.0 - - [06/Nov/2023:05:01:10 +0100] "GET /wp-content/plugins/yith-woocommerce-gift-cards-premium/readme.txt HTTP/1.1" 200 11030 "-" "Mozilla/5.0 (iPhone; CPU iPhone OS 17_0 like Mac OS X) AppleWebKit/605.1.15 (KHTML, like Gecko) CriOS/118.0.5993.69 Mobile/15E148 Safari/604.1"
45.154.98.0 - - [06/Nov/2023:05:01:13 +0100] "GET /wp-content/themes/workreap/style.css HTTP/1.1" 301 267 "-" "Mozilla/5.0 (Linux; Android 11; ONEPLUS A6013) AppleWebKit/537.36 (KHTML, like Gecko) Chrome/118.0.0.0 Mobile Safari/537.36"
45.154.98.0 - - [06/Nov/2023:05:01:13 +0100] "GET /wp-content/plugins/wholesale-market-for-woocommerce/readme.txt HTTP/1.1" 200 - "-" "Mozilla/5.0 (Linux; Android 11; ONEPLUS A6013) AppleWebKit/537.36 (KHTML, like Gecko) Chrome/118.0.0.0 Mobile Safari/537.36"
45.154.98.0 - - [06/Nov/2023:05:01:14 +0100] "GET /wp-content/themes/workreap/style.css HTTP/1.1" 200 - "-" "Mozilla/5.0 (Linux; Android 11; ONEPLUS A6013) AppleWebKit/537.36 (KHTML, like Gecko) Chrome/118.0.0.0 Mobile Safari/537.36"
45.154.98.0 - - [06/Nov/2023:05:01:14 +0100] "GET /wp-content/plugins/wholesale-market-for-woocommerce/readme.txt HTTP/1.1" 200 - "-" "Mozilla/5.0 (Linux; Android 11; ONEPLUS A6013) AppleWebKit/537.36 (KHTML, like Gecko) Chrome/118.0.0.0 Mobile Safari/537.36"
45.154.98.0 - - [06/Nov/2023:05:01:14 +0100] "GET /wp-content/themes/workreap/style.css HTTP/1.1" 200 9957 "-" "Mozilla/5.0 (Linux; Android 11; ONEPLUS A6013) AppleWebKit/537.36 (KHTML, like Gecko) Chrome/118.0.0.0 Mobile Safari/537.36"
45.154.98.0 - - [06/Nov/2023:05:01:14 +0100] "GET /wp-content/plugins/wholesale-market-for-woocommerce/readme.txt HTTP/1.1" 200 11030 "-" "Mozilla/5.0 (Linux; Android 11; ONEPLUS A6013) AppleWebKit/537.36 (KHTML, like Gecko) Chrome/118.0.0.0 Mobile Safari/537.36"
45.154.98.0 - - [06/Nov/2023:05:01:16 +0100] "GET /wp-content/plugins/membership-for-woocommerce/readme.txt HTTP/1.1" 200 - "-" "Mozilla/5.0 (Linux; Android 11; ONEPLUS A6013) AppleWebKit/537.36 (KHTML, like Gecko) Chrome/118.0.0.0 Mobile Safari/537.36"
45.154.98.0 - - [06/Nov/2023:05:01:17 +0100] "GET /wp-content/plugins/wpgateway/css/style.css HTTP/1.1" 301 273 "-" "Mozilla/5.0 (Macintosh; Intel Mac OS X 14_0) AppleWebKit/537.36 (KHTML, like Gecko) Chrome/118.0.0.0 Safari/537.36"
81.169.178.0 - - [06/Nov/2023:05:01:18 +0100] "POST /?wordfence_syncAttackData=1699243278.4071 HTTP/1.1" 200 - "https://www.ipcbusiness.de/?wordfence_syncAttackData=1699243278.4071" "WordPress/5.8.8; https://www.ipcbusiness.de"
45.154.98.0 - - [06/Nov/2023:05:01:18 +0100] "GET /wp-content/plugins/wpgateway/css/style.css HTTP/1.1" 200 - "-" "Mozilla/5.0 (Macintosh; Intel Mac OS X 14_0) AppleWebKit/537.36 (KHTML, like Gecko) Chrome/118.0.0.0 Safari/537.36"
45.154.98.0 - - [06/Nov/2023:05:01:18 +0100] "GET /wp-content/plugins/wpgateway/css/style.css HTTP/1.1" 200 9953 "-" "Mozilla/5.0 (Macintosh; Intel Mac OS X 14_0) AppleWebKit/537.36 (KHTML, like Gecko) Chrome/118.0.0.0 Safari/537.36"
45.154.98.0 - - [06/Nov/2023:05:01:18 +0100] "GET /wp-content/plugins/membership-for-woocommerce/readme.txt HTTP/1.1" 200 - "-" "Mozilla/5.0 (Linux; Android 11; ONEPLUS A6013) AppleWebKit/537.36 (KHTML, like Gecko) Chrome/118.0.0.0 Mobile Safari/537.36"
45.154.98.0 - - [06/Nov/2023:05:01:19 +0100] "GET /wp-content/plugins/ultimate-member/readme.txt HTTP/1.1" 301 276 "-" "Mozilla/5.0 (Macintosh; Intel Mac OS X 14_0) AppleWebKit/537.36 (KHTML, like Gecko) Chrome/118.0.0.0 Safari/537.36"
81.169.178.0 - - [06/Nov/2023:05:01:18 +0100] "POST /?wordfence_syncAttackData=1699243278.4155 HTTP/1.1" 200 - "https://www.computerdoc24.de/?wordfence_syncAttackData=1699243278.4155" "WordPress/5.2.19; https://www.computerdoc24.de"
45.154.98.0 - - [06/Nov/2023:05:01:20 +0100] "GET /wp-content/plugins/ultimate-member/readme.txt HTTP/1.1" 200 - "-" "Mozilla/5.0 (Macintosh; Intel Mac OS X 14_0) AppleWebKit/537.36 (KHTML, like Gecko) Chrome/118.0.0.0 Safari/537.36"
45.154.98.0 - - [06/Nov/2023:05:01:20 +0100] "GET /wp-content/plugins/ultimate-member/readme.txt HTTP/1.1" 200 9960 "-" "Mozilla/5.0 (Macintosh; Intel Mac OS X 14_0) AppleWebKit/537.36 (KHTML, like Gecko) Chrome/118.0.0.0 Safari/537.36"
45.154.98.0 - - [06/Nov/2023:05:01:20 +0100] "GET /wp-content/plugins/membership-for-woocommerce/readme.txt HTTP/1.1" 200 11030 "-" "Mozilla/5.0 (Linux; Android 11; ONEPLUS A6013) AppleWebKit/537.36 (KHTML, like Gecko) Chrome/118.0.0.0 Mobile Safari/537.36"
45.154.98.0 - - [06/Nov/2023:05:01:24 +0100] "GET /wp-content/plugins/ninja-forms/readme.txt HTTP/1.1" 301 272 "-" "Mozilla/5.0 (Macintosh; Intel Mac OS X 14_0) AppleWebKit/537.36 (KHTML, like Gecko) Chrome/118.0.0.0 Safari/537.36"
45.154.98.0 - - [06/Nov/2023:05:01:24 +0100] "GET /wp-content/plugins/wp-upg/readme.txt HTTP/1.1" 200 - "-" "Mozilla/5.0 (Macintosh; Intel Mac OS X 14_0) AppleWebKit/537.36 (KHTML, like Gecko) Chrome/118.0.0.0 Safari/537.36"
45.154.98.0 - - [06/Nov/2023:05:01:25 +0100] "GET /wp-content/plugins/ninja-forms/readme.txt HTTP/1.1" 200 - "-" "Mozilla/5.0 (Macintosh; Intel Mac OS X 14_0) AppleWebKit/537.36 (KHTML, like Gecko) Chrome/118.0.0.0 Safari/537.36"
45.154.98.0 - - [06/Nov/2023:05:01:26 +0100] "GET /wp-content/plugins/ninja-forms/readme.txt HTTP/1.1" 200 9958 "-" "Mozilla/5.0 (Macintosh; Intel Mac OS X 14_0) AppleWebKit/537.36 (KHTML, like Gecko) Chrome/118.0.0.0 Safari/537.36"
45.154.98.0 - - [06/Nov/2023:05:01:26 +0100] "GET /wp-content/plugins/wp-upg/readme.txt HTTP/1.1" 200 - "-" "Mozilla/5.0 (Macintosh; Intel Mac OS X 14_0) AppleWebKit/537.36 (KHTML, like Gecko) Chrome/118.0.0.0 Safari/537.36"
45.154.98.0 - - [06/Nov/2023:05:01:28 +0100] "GET /wp-content/plugins/wp-upg/readme.txt HTTP/1.1" 200 11026 "-" "Mozilla/5.0 (Macintosh; Intel Mac OS X 14_0) AppleWebKit/537.36 (KHTML, like Gecko) Chrome/118.0.0.0 Safari/537.36"
45.154.98.0 - - [06/Nov/2023:05:01:34 +0100] "GET /wp-content/plugins/armember-membership/readme.txt HTTP/1.1" 301 280 "-" "Mozilla/5.0 (Linux; Android 10; SM-A205U) AppleWebKit/537.36 (KHTML, like Gecko) Chrome/118.0.5993.65 Mobile Safari/537.36"
81.169.178.0 - - [06/Nov/2023:05:01:34 +0100] "POST /?wordfence_syncAttackData=1699243294.5735 HTTP/1.1" 200 - "https://www.ipcbusiness.de/?wordfence_syncAttackData=1699243294.5735" "WordPress/5.8.8; https://www.ipcbusiness.de"
45.154.98.0 - - [06/Nov/2023:05:01:34 +0100] "GET /wp-content/plugins/armember-membership/readme.txt HTTP/1.1" 200 - "-" "Mozilla/5.0 (Linux; Android 10; SM-A205U) AppleWebKit/537.36 (KHTML, like Gecko) Chrome/118.0.5993.65 Mobile Safari/537.36"
45.154.98.0 - - [06/Nov/2023:05:01:35 +0100] "GET /wp-content/plugins/armember-membership/readme.txt HTTP/1.1" 200 9966 "-" "Mozilla/5.0 (Linux; Android 10; SM-A205U) AppleWebKit/537.36 (KHTML, like Gecko) Chrome/118.0.5993.65 Mobile Safari/537.36"
81.169.178.0 - - [06/Nov/2023:05:01:35 +0100] "POST /?wordfence_syncAttackData=1699243295.0985 HTTP/1.1" 200 - "https://www.computerdoc24.de/?wordfence_syncAttackData=1699243295.0985" "WordPress/5.2.19; https://www.computerdoc24.de"
45.154.98.0 - - [06/Nov/2023:05:01:35 +0100] "GET /wp-content/plugins/user-verification/readme.txt HTTP/1.1" 200 - "-" "Mozilla/5.0 (Linux; Android 10; SM-A205U) AppleWebKit/537.36 (KHTML, like Gecko) Chrome/118.0.5993.65 Mobile Safari/537.36"
45.154.98.0 - - [06/Nov/2023:05:01:36 +0100] "GET /wp-content/plugins/wp-live-chat-support-pro/css/wplc_styles_pro.css HTTP/1.1" 301 298 "-" "Mozilla/5.0 (Linux; Android 11; Lenovo YT-J706X) AppleWebKit/537.36 (KHTML, like Gecko) Chrome/118.0.0.0 Safari/537.36"
81.169.178.0 - - [06/Nov/2023:05:01:36 +0100] "POST /wp-cron.php?doing_wp_cron=1699243296.5922770500183105468750 HTTP/1.1" 200 - "https://www.computerdoc24.de/wp-cron.php?doing_wp_cron=1699243296.5922770500183105468750" "WordPress/5.2.19; https://www.computerdoc24.de"
45.154.98.0 - - [06/Nov/2023:05:01:37 +0100] "GET /wp-content/plugins/wp-live-chat-support-pro/css/wplc_styles_pro.css HTTP/1.1" 200 - "-" "Mozilla/5.0 (Linux; Android 11; Lenovo YT-J706X) AppleWebKit/537.36 (KHTML, like Gecko) Chrome/118.0.0.0 Safari/537.36"
45.154.98.0 - - [06/Nov/2023:05:01:36 +0100] "GET /wp-content/plugins/user-verification/readme.txt HTTP/1.1" 200 - "-" "Mozilla/5.0 (Linux; Android 10; SM-A205U) AppleWebKit/537.36 (KHTML, like Gecko) Chrome/118.0.5993.65 Mobile Safari/537.36"
45.154.98.0 - - [06/Nov/2023:05:01:37 +0100] "GET /wp-content/plugins/wp-live-chat-support-pro/css/wplc_styles_pro.css HTTP/1.1" 200 9977 "-" "Mozilla/5.0 (Linux; Android 11; Lenovo YT-J706X) AppleWebKit/537.36 (KHTML, like Gecko) Chrome/118.0.0.0 Safari/537.36"
45.154.98.0 - - [06/Nov/2023:05:01:37 +0100] "GET /wp-content/plugins/user-verification/readme.txt HTTP/1.1" 200 11030 "-" "Mozilla/5.0 (Linux; Android 10; SM-A205U) AppleWebKit/537.36 (KHTML, like Gecko) Chrome/118.0.5993.65 Mobile Safari/537.36"
45.154.98.0 - - [06/Nov/2023:05:01:40 +0100] "GET /wp-content/plugins/quiz-master-next/readme.txt HTTP/1.1" 301 277 "-" "Mozilla/5.0 (Linux; Android 10; SM-A205U) AppleWebKit/537.36 (KHTML, like Gecko) Chrome/118.0.5993.65 Mobile Safari/537.36"
45.154.98.0 - - [06/Nov/2023:05:01:41 +0100] "GET /wp-content/plugins/quiz-master-next/readme.txt HTTP/1.1" 200 - "-" "Mozilla/5.0 (Linux; Android 10; SM-A205U) AppleWebKit/537.36 (KHTML, like Gecko) Chrome/118.0.5993.65 Mobile Safari/537.36"
45.154.98.0 - - [06/Nov/2023:05:01:41 +0100] "GET /wp-content/plugins/quiz-master-next/readme.txt HTTP/1.1" 200 9967 "-" "Mozilla/5.0 (Linux; Android 10; SM-A205U) AppleWebKit/537.36 (KHTML, like Gecko) Chrome/118.0.5993.65 Mobile Safari/537.36"
45.154.98.0 - - [06/Nov/2023:05:01:42 +0100] "GET /wp-content/plugins/booking-calendar/readme.txt HTTP/1.1" 200 - "-" "Mozilla/5.0 (Linux; Android 10; SM-A205U) AppleWebKit/537.36 (KHTML, like Gecko) Chrome/118.0.5993.65 Mobile Safari/537.36"
45.154.98.0 - - [06/Nov/2023:05:01:43 +0100] "GET /wp-content/plugins/booking-calendar/readme.txt HTTP/1.1" 200 - "-" "Mozilla/5.0 (Linux; Android 10; SM-A205U) AppleWebKit/537.36 (KHTML, like Gecko) Chrome/118.0.5993.65 Mobile Safari/537.36"
45.154.98.0 - - [06/Nov/2023:05:01:43 +0100] "GET /wp-content/plugins/booking-calendar/readme.txt HTTP/1.1" 200 11030 "-" "Mozilla/5.0 (Linux; Android 10; SM-A205U) AppleWebKit/537.36 (KHTML, like Gecko) Chrome/118.0.5993.65 Mobile Safari/537.36"
45.154.98.0 - - [06/Nov/2023:05:01:46 +0100] "GET / HTTP/1.1" 301 231 "-" "Mozilla/5.0 (Linux; Android 11; ONEPLUS A6013) AppleWebKit/537.36 (KHTML, like Gecko) Chrome/118.0.0.0 Mobile Safari/537.36"
81.169.178.0 - - [06/Nov/2023:05:01:46 +0100] "POST /?wordfence_syncAttackData=1699243306.9786 HTTP/1.1" 200 - "https://www.ipcbusiness.de/?wordfence_syncAttackData=1699243306.9786" "WordPress/5.8.8; https://www.ipcbusiness.de"
45.154.98.0 - - [06/Nov/2023:05:01:46 +0100] "GET / HTTP/1.1" 301 - "-" "Mozilla/5.0 (Linux; Android 11; ONEPLUS A6013) AppleWebKit/537.36 (KHTML, like Gecko) Chrome/118.0.0.0 Mobile Safari/537.36"
45.154.98.0 - - [06/Nov/2023:05:01:47 +0100] "GET / HTTP/1.1" 200 16124 "-" "Mozilla/5.0 (Linux; Android 11; ONEPLUS A6013) AppleWebKit/537.36 (KHTML, like Gecko) Chrome/118.0.0.0 Mobile Safari/537.36"
45.154.98.0 - - [06/Nov/2023:05:01:49 +0100] "GET /wp-content/plugins/usc-e-shop/functions/content-log.php?logfile=./../../../../wp-config.php HTTP/1.1" 200 6624 "-" "Mozilla/5.0 (Linux; Android 11; ONEPLUS A6013) AppleWebKit/537.36 (KHTML, like Gecko) Chrome/118.0.0.0 Mobile Safari/537.36"
45.154.98.0 - - [06/Nov/2023:05:01:50 +0100] "GET /wp-content/plugins/wp-user-avatar/changelog.txt HTTP/1.1" 301 278 "-" "Mozilla/5.0 (Macintosh; Intel Mac OS X 14_0) AppleWebKit/537.36 (KHTML, like Gecko) Chrome/118.0.0.0 Safari/537.36"
45.154.98.0 - - [06/Nov/2023:05:01:50 +0100] "GET /wp-content/plugins/wp-user-avatar/changelog.txt HTTP/1.1" 200 - "-" "Mozilla/5.0 (Macintosh; Intel Mac OS X 14_0) AppleWebKit/537.36 (KHTML, like Gecko) Chrome/118.0.0.0 Safari/537.36"
81.169.178.0 - - [06/Nov/2023:05:01:50 +0100] "POST /?wordfence_syncAttackData=1699243310.3558 HTTP/1.1" 200 - "https://www.computerdoc24.de/?wordfence_syncAttackData=1699243310.3558" "WordPress/5.2.19; https://www.computerdoc24.de"
45.154.98.0 - - [06/Nov/2023:05:01:51 +0100] "GET /wp-content/plugins/wp-user-avatar/changelog.txt HTTP/1.1" 200 9963 "-" "Mozilla/5.0 (Macintosh; Intel Mac OS X 14_0) AppleWebKit/537.36 (KHTML, like Gecko) Chrome/118.0.0.0 Safari/537.36"
45.154.98.0 - - [06/Nov/2023:05:01:50 +0100] "GET /wp-content/plugins/woo-refund-and-exchange-lite/readme.txt HTTP/1.1" 200 - "-" "Mozilla/5.0 (Macintosh; Intel Mac OS X 14_0) AppleWebKit/537.36 (KHTML, like Gecko) Chrome/118.0.0.0 Safari/537.36"
45.154.98.0 - - [06/Nov/2023:05:01:51 +0100] "GET /wp-content/plugins/woo-refund-and-exchange-lite/readme.txt HTTP/1.1" 200 - "-" "Mozilla/5.0 (Macintosh; Intel Mac OS X 14_0) AppleWebKit/537.36 (KHTML, like Gecko) Chrome/118.0.0.0 Safari/537.36"
45.154.98.0 - - [06/Nov/2023:05:01:52 +0100] "GET /wp-content/plugins/woo-refund-and-exchange-lite/readme.txt HTTP/1.1" 200 11026 "-" "Mozilla/5.0 (Macintosh; Intel Mac OS X 14_0) AppleWebKit/537.36 (KHTML, like Gecko) Chrome/118.0.0.0 Safari/537.36"
45.154.98.0 - - [06/Nov/2023:05:01:54 +0100] "GET /wp-content/plugins/sitemap-by-click5/readme.txt HTTP/1.1" 301 278 "-" "Mozilla/5.0 (Linux; Android 11; ONEPLUS A6013) AppleWebKit/537.36 (KHTML, like Gecko) Chrome/118.0.0.0 Mobile Safari/537.36"
45.154.98.0 - - [06/Nov/2023:05:01:54 +0100] "GET /wp-content/plugins/sitemap-by-click5/readme.txt HTTP/1.1" 200 - "-" "Mozilla/5.0 (Linux; Android 11; ONEPLUS A6013) AppleWebKit/537.36 (KHTML, like Gecko) Chrome/118.0.0.0 Mobile Safari/537.36"
45.154.98.0 - - [06/Nov/2023:05:01:55 +0100] "GET /wp-content/plugins/sitemap-by-click5/readme.txt HTTP/1.1" 200 9968 "-" "Mozilla/5.0 (Linux; Android 11; ONEPLUS A6013) AppleWebKit/537.36 (KHTML, like Gecko) Chrome/118.0.0.0 Mobile Safari/537.36"
192.185.2.0 - - [06/Nov/2023:05:01:54 +0100] "GET /kylbknqe.php HTTP/1.1" 200 - "http://simplesite.com" "Mozilla/5.0 (Windows; U; Windows NT 5.1; en-US) AppleWebKit/533.4 (KHTML, like Gecko) Chrome/5.0.375.99 Safari/533.4"
45.154.98.0 - - [06/Nov/2023:05:01:55 +0100] "GET /wp-content/plugins/nd-restaurant-reservations/readme.txt HTTP/1.1" 301 287 "-" "Mozilla/5.0 (Macintosh; Intel Mac OS X 14_0) AppleWebKit/537.36 (KHTML, like Gecko) Chrome/118.0.0.0 Safari/537.36"
45.154.98.0 - - [06/Nov/2023:05:01:55 +0100] "GET /wp-content/plugins/armember/js/arm_widgets_js.js HTTP/1.1" 200 - "-" "Mozilla/5.0 (Macintosh; Intel Mac OS X 14_0) AppleWebKit/537.36 (KHTML, like Gecko) Chrome/118.0.0.0 Safari/537.36"
81.169.178.0 - - [06/Nov/2023:05:01:56 +0100] "POST /?wordfence_syncAttackData=1699243316.1303 HTTP/1.1" 200 - "https://www.ipcbusiness.de/?wordfence_syncAttackData=1699243316.1303" "WordPress/5.8.8; https://www.ipcbusiness.de"
45.154.98.0 - - [06/Nov/2023:05:01:56 +0100] "GET /wp-content/plugins/nd-restaurant-reservations/readme.txt HTTP/1.1" 200 - "-" "Mozilla/5.0 (Macintosh; Intel Mac OS X 14_0) AppleWebKit/537.36 (KHTML, like Gecko) Chrome/118.0.0.0 Safari/537.36"
45.154.98.0 - - [06/Nov/2023:05:01:56 +0100] "GET /wp-content/plugins/nd-restaurant-reservations/readme.txt HTTP/1.1" 200 9968 "-" "Mozilla/5.0 (Macintosh; Intel Mac OS X 14_0) AppleWebKit/537.36 (KHTML, like Gecko) Chrome/118.0.0.0 Safari/537.36"
45.154.98.0 - - [06/Nov/2023:05:01:56 +0100] "GET /wp-content/plugins/armember/js/arm_widgets_js.js HTTP/1.1" 200 - "-" "Mozilla/5.0 (Macintosh; Intel Mac OS X 14_0) AppleWebKit/537.36 (KHTML, like Gecko) Chrome/118.0.0.0 Safari/537.36"
192.185.2.0 - - [06/Nov/2023:05:01:56 +0100] "GET /kylbknqe.php HTTP/1.1" 200 - "http://computerdoc24.de/kylbknqe.php" "Mozilla/5.0 (Windows; U; Windows NT 5.1; en-US) AppleWebKit/533.4 (KHTML, like Gecko) Chrome/5.0.375.99 Safari/533.4"
45.154.98.0 - - [06/Nov/2023:05:01:57 +0100] "GET /wp-content/plugins/armember/js/arm_widgets_js.js HTTP/1.1" 200 11026 "-" "Mozilla/5.0 (Macintosh; Intel Mac OS X 14_0) AppleWebKit/537.36 (KHTML, like Gecko) Chrome/118.0.0.0 Safari/537.36"
45.154.98.0 - - [06/Nov/2023:05:01:58 +0100] "GET /wp-content/plugins/armember/documentation/index.html HTTP/1.1" 200 - "-" "Mozilla/5.0 (Linux; Android 11; Lenovo YT-J706X) AppleWebKit/537.36 (KHTML, like Gecko) Chrome/118.0.0.0 Safari/537.36"
45.154.98.0 - - [06/Nov/2023:05:01:58 +0100] "GET /wp-content/plugins/armember/documentation/index.html HTTP/1.1" 200 - "-" "Mozilla/5.0 (Linux; Android 11; Lenovo YT-J706X) AppleWebKit/537.36 (KHTML, like Gecko) Chrome/118.0.0.0 Safari/537.36"
45.154.98.0 - - [06/Nov/2023:05:01:59 +0100] "GET /wp-content/plugins/armember/documentation/index.html HTTP/1.1" 200 11030 "-" "Mozilla/5.0 (Linux; Android 11; Lenovo YT-J706X) AppleWebKit/537.36 (KHTML, like Gecko) Chrome/118.0.0.0 Safari/537.36"
81.169.178.0 - - [06/Nov/2023:05:02:01 +0100] "POST /?wordfence_syncAttackData=1699243321.0776 HTTP/1.1" 200 - "https://www.computerdoc24.de/?wordfence_syncAttackData=1699243321.0776" "WordPress/5.2.19; https://www.computerdoc24.de"
45.154.98.0 - - [06/Nov/2023:05:02:00 +0100] "GET /wp-content/plugins/jobboardwp/readme.txt HTTP/1.1" 200 - "-" "Mozilla/5.0 (Macintosh; Intel Mac OS X 14_0) AppleWebKit/537.36 (KHTML, like Gecko) Chrome/118.0.0.0 Safari/537.36"
45.154.98.0 - - [06/Nov/2023:05:02:02 +0100] "GET /wp-content/plugins/jobboardwp/readme.txt HTTP/1.1" 200 - "-" "Mozilla/5.0 (Macintosh; Intel Mac OS X 14_0) AppleWebKit/537.36 (KHTML, like Gecko) Chrome/118.0.0.0 Safari/537.36"
45.154.98.0 - - [06/Nov/2023:05:02:03 +0100] "GET /wp-content/plugins/nd-donations/readme.txt HTTP/1.1" 301 273 "-" "Mozilla/5.0 (Linux; Android 10; SM-A205U) AppleWebKit/537.36 (KHTML, like Gecko) Chrome/118.0.5993.65 Mobile Safari/537.36"
45.154.98.0 - - [06/Nov/2023:05:02:02 +0100] "GET /wp-content/plugins/jobboardwp/readme.txt HTTP/1.1" 200 11026 "-" "Mozilla/5.0 (Macintosh; Intel Mac OS X 14_0) AppleWebKit/537.36 (KHTML, like Gecko) Chrome/118.0.0.0 Safari/537.36"
45.154.98.0 - - [06/Nov/2023:05:02:04 +0100] "GET /wp-content/plugins/nd-donations/readme.txt HTTP/1.1" 200 - "-" "Mozilla/5.0 (Linux; Android 10; SM-A205U) AppleWebKit/537.36 (KHTML, like Gecko) Chrome/118.0.5993.65 Mobile Safari/537.36"
81.169.178.0 - - [06/Nov/2023:05:02:05 +0100] "POST /?wordfence_syncAttackData=1699243325.0964 HTTP/1.1" 200 - "https://www.ipcbusiness.de/?wordfence_syncAttackData=1699243325.0964" "WordPress/5.8.8; https://www.ipcbusiness.de"
45.154.98.0 - - [06/Nov/2023:05:02:04 +0100] "GET /wp-content/plugins/nd-donations/readme.txt HTTP/1.1" 200 9960 "-" "Mozilla/5.0 (Linux; Android 10; SM-A205U) AppleWebKit/537.36 (KHTML, like Gecko) Chrome/118.0.5993.65 Mobile Safari/537.36"
45.154.98.0 - - [06/Nov/2023:05:02:06 +0100] "GET /wp-content/plugins/nd-booking/readme.txt HTTP/1.1" 301 271 "-" "Mozilla/5.0 (Linux; Android 10; SM-A205U) AppleWebKit/537.36 (KHTML, like Gecko) Chrome/118.0.5993.65 Mobile Safari/537.36"
45.154.98.0 - - [06/Nov/2023:05:02:06 +0100] "GET /wp-content/plugins/nd-booking/readme.txt HTTP/1.1" 200 - "-" "Mozilla/5.0 (Linux; Android 10; SM-A205U) AppleWebKit/537.36 (KHTML, like Gecko) Chrome/118.0.5993.65 Mobile Safari/537.36"
45.154.98.0 - - [06/Nov/2023:05:02:06 +0100] "GET /wp-content/plugins/nd-booking/readme.txt HTTP/1.1" 200 9961 "-" "Mozilla/5.0 (Linux; Android 10; SM-A205U) AppleWebKit/537.36 (KHTML, like Gecko) Chrome/118.0.5993.65 Mobile Safari/537.36"
45.154.98.0 - - [06/Nov/2023:05:02:08 +0100] "GET /wp-content/themes/listingo/readme.txt HTTP/1.1" 200 - "-" "Mozilla/5.0 (Linux; Android 10; SM-A205U) AppleWebKit/537.36 (KHTML, like Gecko) Chrome/118.0.5993.65 Mobile Safari/537.36"
45.154.98.0 - - [06/Nov/2023:05:02:09 +0100] "GET /wp-content/plugins/nd-shortcodes/readme.txt HTTP/1.1" 301 274 "-" "Mozilla/5.0 (Linux; Android 10; SM-A205U) AppleWebKit/537.36 (KHTML, like Gecko) Chrome/118.0.5993.65 Mobile Safari/537.36"
45.154.98.0 - - [06/Nov/2023:05:02:08 +0100] "GET /wp-content/themes/listingo/readme.txt HTTP/1.1" 200 - "-" "Mozilla/5.0 (Linux; Android 10; SM-A205U) AppleWebKit/537.36 (KHTML, like Gecko) Chrome/118.0.5993.65 Mobile Safari/537.36"
45.154.98.0 - - [06/Nov/2023:05:02:09 +0100] "GET /wp-content/plugins/nd-shortcodes/readme.txt HTTP/1.1" 200 - "-" "Mozilla/5.0 (Linux; Android 10; SM-A205U) AppleWebKit/537.36 (KHTML, like Gecko) Chrome/118.0.5993.65 Mobile Safari/537.36"
45.154.98.0 - - [06/Nov/2023:05:02:10 +0100] "GET /wp-content/plugins/nd-shortcodes/readme.txt HTTP/1.1" 200 9961 "-" "Mozilla/5.0 (Linux; Android 10; SM-A205U) AppleWebKit/537.36 (KHTML, like Gecko) Chrome/118.0.5993.65 Mobile Safari/537.36"
45.154.98.0 - - [06/Nov/2023:05:02:09 +0100] "GET /wp-content/themes/listingo/readme.txt HTTP/1.1" 200 11030 "-" "Mozilla/5.0 (Linux; Android 10; SM-A205U) AppleWebKit/537.36 (KHTML, like Gecko) Chrome/118.0.5993.65 Mobile Safari/537.36"
45.154.98.0 - - [06/Nov/2023:05:02:13 +0100] "GET /wp-content/plugins/nd-learning/readme.txt HTTP/1.1" 301 272 "-" "Mozilla/5.0 (Linux; Android 11; ONEPLUS A6013) AppleWebKit/537.36 (KHTML, like Gecko) Chrome/118.0.0.0 Mobile Safari/537.36"
