217.236.144.0 - - [07/Nov/2023:20:07:19 +0100] "GET /wp-content/plugins/revslider/public/assets/fonts/revicons/revicons.woff?5510888 HTTP/1.1" 200 7491 "https://www.ipcbusiness.de/wp-content/plugins/revslider/public/assets/css/rs6.css" "Mozilla/5.0 (Windows NT 10.0; Win64; x64) AppleWebKit/537.36 (KHTML, like Gecko) Chrome/119.0.0.0 Safari/537.36"
217.236.144.0 - - [07/Nov/2023:20:07:19 +0100] "GET /wp-content/plugins/wpglobus/flags/ua.png HTTP/1.1" 200 210 "https://www.ipcbusiness.de/" "Mozilla/5.0 (Windows NT 10.0; Win64; x64) AppleWebKit/537.36 (KHTML, like Gecko) Chrome/119.0.0.0 Safari/537.36"
217.236.144.0 - - [07/Nov/2023:20:07:19 +0100] "GET /wp-content/plugins/wpglobus/flags/pl.png HTTP/1.1" 200 155 "https://www.ipcbusiness.de/" "Mozilla/5.0 (Windows NT 10.0; Win64; x64) AppleWebKit/537.36 (KHTML, like Gecko) Chrome/119.0.0.0 Safari/537.36"
217.236.144.0 - - [07/Nov/2023:20:07:19 +0100] "GET /wp-content/plugins/wpglobus/flags/es.png HTTP/1.1" 200 253 "https://www.ipcbusiness.de/" "Mozilla/5.0 (Windows NT 10.0; Win64; x64) AppleWebKit/537.36 (KHTML, like Gecko) Chrome/119.0.0.0 Safari/537.36"
217.236.144.0 - - [07/Nov/2023:20:07:19 +0100] "GET /wp-content/uploads/favicon.png HTTP/1.1" 200 1240 "https://www.ipcbusiness.de/" "Mozilla/5.0 (Windows NT 10.0; Win64; x64) AppleWebKit/537.36 (KHTML, like Gecko) Chrome/119.0.0.0 Safari/537.36"
:: - - [07/Nov/2023:20:07:27 +0100] "OPTIONS * HTTP/1.0" 200 - "-" "Apache/2.4.6 (CentOS) OpenSSL/1.0.2k-fips mod_fcgid/2.3.9 (internal dummy connection)"
217.236.144.0 - - [07/Nov/2023:20:07:40 +0100] "GET /impressum/ HTTP/1.1" 200 13734 "https://www.ipcbusiness.de/" "Mozilla/5.0 (Windows NT 10.0; Win64; x64) AppleWebKit/537.36 (KHTML, like Gecko) Chrome/119.0.0.0 Safari/537.36"
217.236.144.0 - - [07/Nov/2023:20:07:40 +0100] "GET /wp-content/uploads/digital-run-logo.png HTTP/1.1" 200 10029 "https://www.ipcbusiness.de/impressum/" "Mozilla/5.0 (Windows NT 10.0; Win64; x64) AppleWebKit/537.36 (KHTML, like Gecko) Chrome/119.0.0.0 Safari/537.36"
217.236.144.0 - - [07/Nov/2023:20:08:00 +0100] "GET /unsere-produkte-und-services/ HTTP/1.1" 200 10925 "https://www.ipcbusiness.de/impressum/" "Mozilla/5.0 (Windows NT 10.0; Win64; x64) AppleWebKit/537.36 (KHTML, like Gecko) Chrome/119.0.0.0 Safari/537.36"
217.236.144.0 - - [07/Nov/2023:20:08:01 +0100] "GET /unsere-produkte-und-services/ HTTP/1.1" 200 10926 "https://www.ipcbusiness.de/unsere-produkte-und-services/" "Mozilla/5.0 (Windows NT 10.0; Win64; x64) AppleWebKit/537.36 (KHTML, like Gecko) Chrome/119.0.0.0 Safari/537.36"
217.236.144.0 - - [07/Nov/2023:20:08:02 +0100] "GET /unsere-produkte-und-services/ HTTP/1.1" 200 10926 "https://www.ipcbusiness.de/unsere-produkte-und-services/" "Mozilla/5.0 (Windows NT 10.0; Win64; x64) AppleWebKit/537.36 (KHTML, like Gecko) Chrome/119.0.0.0 Safari/537.36"
217.236.144.0 - - [07/Nov/2023:20:08:03 +0100] "GET /unsere-produkte-und-services/ HTTP/1.1" 200 10926 "https://www.ipcbusiness.de/unsere-produkte-und-services/" "Mozilla/5.0 (Windows NT 10.0; Win64; x64) AppleWebKit/537.36 (KHTML, like Gecko) Chrome/119.0.0.0 Safari/537.36"
217.236.144.0 - - [07/Nov/2023:20:08:09 +0100] "-" 408 - "-" "-"
217.236.144.0 - - [07/Nov/2023:20:08:11 +0100] "-" 408 - "-" "-"
217.236.144.0 - - [07/Nov/2023:20:08:22 +0100] "-" 408 - "-" "-"
104.250.238.0 - - [07/Nov/2023:20:08:54 +0100] "POST /ALFA_DATA/alfacgiapi/perl.alfa HTTP/1.1" 200 17006 "www.google.com" "Mozlila/5.0 (Linux; Android 7.0; SM-G892A Bulid/NRD90M; wv) AppleWebKit/537.36 (KHTML, like Gecko) Version/4.0 Chrome/60.0.3112.107 Moblie Safari/537.36"
104.250.238.0 - - [07/Nov/2023:20:08:54 +0100] "GET / HTTP/1.1" 403 17006 "-" "Mozlila/5.0 (Linux; Android 7.0; SM-G892A Bulid/NRD90M; wv) AppleWebKit/537.36 (KHTML, like Gecko) Version/4.0 Chrome/60.0.3112.107 Moblie Safari/537.36"
104.250.238.0 - - [07/Nov/2023:20:08:54 +0100] "POST /alfacgiapi/perl.alfa HTTP/1.1" 200 17006 "www.google.com" "Mozlila/5.0 (Linux; Android 7.0; SM-G892A Bulid/NRD90M; wv) AppleWebKit/537.36 (KHTML, like Gecko) Version/4.0 Chrome/60.0.3112.107 Moblie Safari/537.36"
104.250.238.0 - - [07/Nov/2023:20:08:54 +0100] "GET /wp-content/plugins/apikey/apikey.php?test=hello HTTP/1.1" 200 17006 "-" "Mozlila/5.0 (Linux; Android 7.0; SM-G892A Bulid/NRD90M; wv) AppleWebKit/537.36 (KHTML, like Gecko) Version/4.0 Chrome/60.0.3112.107 Moblie Safari/537.36"
104.250.238.0 - - [07/Nov/2023:20:08:54 +0100] "GET /wp-content/themes/seotheme/db.php?u HTTP/1.1" 200 17006 "www.google.com" "Mozlila/5.0 (Linux; Android 7.0; SM-G892A Bulid/NRD90M; wv) AppleWebKit/537.36 (KHTML, like Gecko) Version/4.0 Chrome/60.0.3112.107 Moblie Safari/537.36"
104.250.238.0 - - [07/Nov/2023:20:08:55 +0100] "GET /plugins/content/apismtp/apismtp.php?test=hello HTTP/1.1" 200 17006 "-" "Mozlila/5.0 (Linux; Android 7.0; SM-G892A Bulid/NRD90M; wv) AppleWebKit/537.36 (KHTML, like Gecko) Version/4.0 Chrome/60.0.3112.107 Moblie Safari/537.36"
104.250.238.0 - - [07/Nov/2023:20:08:54 +0100] "POST /wp-plain.php HTTP/1.1" 200 - "www.google.com" "Mozilla/5.0 (Linux; Android 7.0; SM-G892A Bulid/NRD90M; wv) AppleWebKit/537.36 (KHTML, like Gecko) Version/4.0 Chrome/60.0.3112.107 Moblie Safari/537.36"
104.250.238.0 - - [07/Nov/2023:20:08:55 +0100] "GET /wp-content/plugins/apikey/apikey.php.suspected?test=hello HTTP/1.1" 200 17006 "-" "Mozlila/5.0 (Linux; Android 7.0; SM-G892A Bulid/NRD90M; wv) AppleWebKit/537.36 (KHTML, like Gecko) Version/4.0 Chrome/60.0.3112.107 Moblie Safari/537.36"
104.250.238.0 - - [07/Nov/2023:20:08:56 +0100] "GET /plugins/content/apismtp/apismtp.php.suspected?test=hello HTTP/1.1" 200 17006 "-" "Mozlila/5.0 (Linux; Android 7.0; SM-G892A Bulid/NRD90M; wv) AppleWebKit/537.36 (KHTML, like Gecko) Version/4.0 Chrome/60.0.3112.107 Moblie Safari/537.36"
81.169.178.0 - - [07/Nov/2023:20:08:55 +0100] "POST /?wordfence_syncAttackData=1699384135.558 HTTP/1.1" 200 - "https://www.computerdoc24.de/?wordfence_syncAttackData=1699384135.558" "WordPress/5.2.19; https://www.computerdoc24.de"
104.250.238.0 - - [07/Nov/2023:20:08:58 +0100] "GET /wp-content/themes/seotheme/db.php?u HTTP/1.1" 200 17006 "www.google.com" "Mozlila/5.0 (Linux; Android 7.0; SM-G892A Bulid/NRD90M; wv) AppleWebKit/537.36 (KHTML, like Gecko) Version/4.0 Chrome/60.0.3112.107 Moblie Safari/537.36"
81.169.178.0 - - [07/Nov/2023:20:08:54 +0100] "POST /wp-cron.php?doing_wp_cron=1699384134.2496659755706787109375 HTTP/1.1" 200 - "http://www.computerdoc24.de/wp-cron.php?doing_wp_cron=1699384134.2496659755706787109375" "WordPress/5.2.19; https://www.computerdoc24.de"
104.250.238.0 - - [07/Nov/2023:20:08:58 +0100] "POST /wp-plain.php HTTP/1.1" 200 47365 "www.google.com" "Mozilla/5.0 (Linux; Android 7.0; SM-G892A Bulid/NRD90M; wv) AppleWebKit/537.36 (KHTML, like Gecko) Version/4.0 Chrome/60.0.3112.107 Moblie Safari/537.36"
104.250.238.0 - - [07/Nov/2023:20:08:59 +0100] "GET /nhwodarz.php?Fox=d3wL7 HTTP/1.1" 200 - "www.google.com" "Mozilla/5.0 (Linux; Android 7.0; SM-G892A Bulid/NRD90M; wv) AppleWebKit/537.36 (KHTML, like Gecko) Version/4.0 Chrome/60.0.3112.107 Moblie Safari/537.36"
81.169.178.0 - - [07/Nov/2023:20:09:06 +0100] "POST /?wordfence_syncAttackData=1699384146.4242 HTTP/1.1" 200 - "https://www.computerdoc24.de/?wordfence_syncAttackData=1699384146.4242" "WordPress/5.2.19; https://www.computerdoc24.de"
104.250.238.0 - - [07/Nov/2023:20:09:06 +0100] "GET /nhwodarz.php?Fox=d3wL7 HTTP/1.1" 200 47308 "www.google.com" "Mozilla/5.0 (Linux; Android 7.0; SM-G892A Bulid/NRD90M; wv) AppleWebKit/537.36 (KHTML, like Gecko) Version/4.0 Chrome/60.0.3112.107 Moblie Safari/537.36"
80.187.101.0 - - [07/Nov/2023:20:09:10 +0100] "GET / HTTP/1.1" 200 16122 "-" "Mozilla/5.0 (iPhone; CPU iPhone OS 16_6_1 like Mac OS X) AppleWebKit/605.1.15 (KHTML, like Gecko) Version/16.6 Mobile/15E148 Safari/604.1"
80.187.101.0 - - [07/Nov/2023:20:09:10 +0100] "GET /wp-content/uploads/smile_fonts/Defaults/Defaults.css HTTP/1.1" 200 4755 "https://www.ipcbusiness.de/" "Mozilla/5.0 (iPhone; CPU iPhone OS 16_6_1 like Mac OS X) AppleWebKit/605.1.15 (KHTML, like Gecko) Version/16.6 Mobile/15E148 Safari/604.1"
80.187.101.0 - - [07/Nov/2023:20:09:10 +0100] "GET /wp-content/plugins/complianz-gdpr/assets/css/cookieconsent.min.css HTTP/1.1" 200 3429 "https://www.ipcbusiness.de/" "Mozilla/5.0 (iPhone; CPU iPhone OS 16_6_1 like Mac OS X) AppleWebKit/605.1.15 (KHTML, like Gecko) Version/16.6 Mobile/15E148 Safari/604.1"
80.187.101.0 - - [07/Nov/2023:20:09:11 +0100] "GET /wp-content/plugins/contact-form-7/includes/css/styles.css HTTP/1.1" 200 932 "https://www.ipcbusiness.de/" "Mozilla/5.0 (iPhone; CPU iPhone OS 16_6_1 like Mac OS X) AppleWebKit/605.1.15 (KHTML, like Gecko) Version/16.6 Mobile/15E148 Safari/604.1"
80.187.101.0 - - [07/Nov/2023:20:09:11 +0100] "GET /wp-content/themes/lhst/lib/css/style.min.css HTTP/1.1" 200 38395 "https://www.ipcbusiness.de/" "Mozilla/5.0 (iPhone; CPU iPhone OS 16_6_1 like Mac OS X) AppleWebKit/605.1.15 (KHTML, like Gecko) Version/16.6 Mobile/15E148 Safari/604.1"
80.187.101.0 - - [07/Nov/2023:20:09:11 +0100] "GET /wp-content/plugins/easy-fancybox/css/jquery.fancybox.min.css HTTP/1.1" 200 1111 "https://www.ipcbusiness.de/" "Mozilla/5.0 (iPhone; CPU iPhone OS 16_6_1 like Mac OS X) AppleWebKit/605.1.15 (KHTML, like Gecko) Version/16.6 Mobile/15E148 Safari/604.1"
80.187.101.0 - - [07/Nov/2023:20:09:11 +0100] "GET /wp-content/plugins/js_composer/assets/css/js_composer.min.css HTTP/1.1" 200 45790 "https://www.ipcbusiness.de/" "Mozilla/5.0 (iPhone; CPU iPhone OS 16_6_1 like Mac OS X) AppleWebKit/605.1.15 (KHTML, like Gecko) Version/16.6 Mobile/15E148 Safari/604.1"
80.187.101.0 - - [07/Nov/2023:20:09:11 +0100] "GET /wp-content/plugins/revslider/public/assets/css/rs6.css HTTP/1.1" 200 12698 "https://www.ipcbusiness.de/" "Mozilla/5.0 (iPhone; CPU iPhone OS 16_6_1 like Mac OS X) AppleWebKit/605.1.15 (KHTML, like Gecko) Version/16.6 Mobile/15E148 Safari/604.1"
80.187.101.0 - - [07/Nov/2023:20:09:11 +0100] "GET /wp-includes/css/dist/block-library/style.min.css HTTP/1.1" 200 10523 "https://www.ipcbusiness.de/" "Mozilla/5.0 (iPhone; CPU iPhone OS 16_6_1 like Mac OS X) AppleWebKit/605.1.15 (KHTML, like Gecko) Version/16.6 Mobile/15E148 Safari/604.1"
80.187.101.0 - - [07/Nov/2023:20:09:11 +0100] "GET /wp-content/themes/lhst/lib/css/bootstrap-responsive-1170.min.css HTTP/1.1" 200 1157 "https://www.ipcbusiness.de/" "Mozilla/5.0 (iPhone; CPU iPhone OS 16_6_1 like Mac OS X) AppleWebKit/605.1.15 (KHTML, like Gecko) Version/16.6 Mobile/15E148 Safari/604.1"
80.187.101.0 - - [07/Nov/2023:20:09:11 +0100] "GET /wp-content/themes/lhst/includes/modules/module.fontawesome/source/css/font-awesome.min.css HTTP/1.1" 200 4680 "https://www.ipcbusiness.de/" "Mozilla/5.0 (iPhone; CPU iPhone OS 16_6_1 like Mac OS X) AppleWebKit/605.1.15 (KHTML, like Gecko) Version/16.6 Mobile/15E148 Safari/604.1"
80.187.101.0 - - [07/Nov/2023:20:09:11 +0100] "GET /wp-content/themes/lhst/includes/modules/module.icomoon/source/css/icomoon.css HTTP/1.1" 200 8420 "https://www.ipcbusiness.de/" "Mozilla/5.0 (iPhone; CPU iPhone OS 16_6_1 like Mac OS X) AppleWebKit/605.1.15 (KHTML, like Gecko) Version/16.6 Mobile/15E148 Safari/604.1"
80.187.101.0 - - [07/Nov/2023:20:09:11 +0100] "GET /wp-content/plugins/wpglobus/includes/css/wpglobus.css HTTP/1.1" 200 501 "https://www.ipcbusiness.de/" "Mozilla/5.0 (iPhone; CPU iPhone OS 16_6_1 like Mac OS X) AppleWebKit/605.1.15 (KHTML, like Gecko) Version/16.6 Mobile/15E148 Safari/604.1"
80.187.101.0 - - [07/Nov/2023:20:09:11 +0100] "GET /wp-content/uploads/Default-Skin_54ce98c851b37c14ba88fe891dd1e475.css?lXZVpV0jtP HTTP/1.1" 200 4314 "https://www.ipcbusiness.de/" "Mozilla/5.0 (iPhone; CPU iPhone OS 16_6_1 like Mac OS X) AppleWebKit/605.1.15 (KHTML, like Gecko) Version/16.6 Mobile/15E148 Safari/604.1"
80.187.101.0 - - [07/Nov/2023:20:09:11 +0100] "GET /wp-includes/js/jquery/jquery.min.js HTTP/1.1" 200 30908 "https://www.ipcbusiness.de/" "Mozilla/5.0 (iPhone; CPU iPhone OS 16_6_1 like Mac OS X) AppleWebKit/605.1.15 (KHTML, like Gecko) Version/16.6 Mobile/15E148 Safari/604.1"
80.187.101.0 - - [07/Nov/2023:20:09:11 +0100] "GET /wp-includes/js/jquery/jquery-migrate.min.js HTTP/1.1" 200 4169 "https://www.ipcbusiness.de/" "Mozilla/5.0 (iPhone; CPU iPhone OS 16_6_1 like Mac OS X) AppleWebKit/605.1.15 (KHTML, like Gecko) Version/16.6 Mobile/15E148 Safari/604.1"
80.187.101.0 - - [07/Nov/2023:20:09:11 +0100] "GET /wp-content/plugins/revslider/public/assets/js/rbtools.min.js HTTP/1.1" 200 46967 "https://www.ipcbusiness.de/" "Mozilla/5.0 (iPhone; CPU iPhone OS 16_6_1 like Mac OS X) AppleWebKit/605.1.15 (KHTML, like Gecko) Version/16.6 Mobile/15E148 Safari/604.1"
80.187.101.0 - - [07/Nov/2023:20:09:11 +0100] "GET /wp-includes/js/utils.min.js HTTP/1.1" 200 828 "https://www.ipcbusiness.de/" "Mozilla/5.0 (iPhone; CPU iPhone OS 16_6_1 like Mac OS X) AppleWebKit/605.1.15 (KHTML, like Gecko) Version/16.6 Mobile/15E148 Safari/604.1"
80.187.101.0 - - [07/Nov/2023:20:09:11 +0100] "GET /wp-content/plugins/js_composer/assets/lib/prettyphoto/css/prettyPhoto.min.css HTTP/1.1" 200 2797 "https://www.ipcbusiness.de/" "Mozilla/5.0 (iPhone; CPU iPhone OS 16_6_1 like Mac OS X) AppleWebKit/605.1.15 (KHTML, like Gecko) Version/16.6 Mobile/15E148 Safari/604.1"
80.187.101.0 - - [07/Nov/2023:20:09:11 +0100] "GET /wp-content/plugins/revslider/public/assets/js/rs6.min.js HTTP/1.1" 200 86246 "https://www.ipcbusiness.de/" "Mozilla/5.0 (iPhone; CPU iPhone OS 16_6_1 like Mac OS X) AppleWebKit/605.1.15 (KHTML, like Gecko) Version/16.6 Mobile/15E148 Safari/604.1"
80.187.101.0 - - [07/Nov/2023:20:09:11 +0100] "GET /wp-content/themes/lhst/includes/modules/module.to_top/source/to_top.js HTTP/1.1" 200 758 "https://www.ipcbusiness.de/" "Mozilla/5.0 (iPhone; CPU iPhone OS 16_6_1 like Mac OS X) AppleWebKit/605.1.15 (KHTML, like Gecko) Version/16.6 Mobile/15E148 Safari/604.1"
80.187.101.0 - - [07/Nov/2023:20:09:11 +0100] "GET /wp-includes/js/dist/vendor/regenerator-runtime.min.js HTTP/1.1" 200 2398 "https://www.ipcbusiness.de/" "Mozilla/5.0 (iPhone; CPU iPhone OS 16_6_1 like Mac OS X) AppleWebKit/605.1.15 (KHTML, like Gecko) Version/16.6 Mobile/15E148 Safari/604.1"
80.187.101.0 - - [07/Nov/2023:20:09:11 +0100] "GET /wp-content/themes/lhst/lib/js/app.min.js HTTP/1.1" 200 31102 "https://www.ipcbusiness.de/" "Mozilla/5.0 (iPhone; CPU iPhone OS 16_6_1 like Mac OS X) AppleWebKit/605.1.15 (KHTML, like Gecko) Version/16.6 Mobile/15E148 Safari/604.1"
80.187.101.0 - - [07/Nov/2023:20:09:11 +0100] "GET /wp-content/plugins/contact-form-7/includes/js/index.js HTTP/1.1" 200 4071 "https://www.ipcbusiness.de/" "Mozilla/5.0 (iPhone; CPU iPhone OS 16_6_1 like Mac OS X) AppleWebKit/605.1.15 (KHTML, like Gecko) Version/16.6 Mobile/15E148 Safari/604.1"
80.187.101.0 - - [07/Nov/2023:20:09:11 +0100] "GET /wp-includes/js/dist/vendor/wp-polyfill.min.js HTTP/1.1" 200 6031 "https://www.ipcbusiness.de/" "Mozilla/5.0 (iPhone; CPU iPhone OS 16_6_1 like Mac OS X) AppleWebKit/605.1.15 (KHTML, like Gecko) Version/16.6 Mobile/15E148 Safari/604.1"
80.187.101.0 - - [07/Nov/2023:20:09:11 +0100] "GET /wp-content/plugins/easy-fancybox/js/jquery.fancybox.min.js HTTP/1.1" 200 6330 "https://www.ipcbusiness.de/" "Mozilla/5.0 (iPhone; CPU iPhone OS 16_6_1 like Mac OS X) AppleWebKit/605.1.15 (KHTML, like Gecko) Version/16.6 Mobile/15E148 Safari/604.1"
80.187.101.0 - - [07/Nov/2023:20:09:11 +0100] "GET /wp-content/plugins/complianz-gdpr/assets/js/cookieconsent.min.js HTTP/1.1" 200 7678 "https://www.ipcbusiness.de/" "Mozilla/5.0 (iPhone; CPU iPhone OS 16_6_1 like Mac OS X) AppleWebKit/605.1.15 (KHTML, like Gecko) Version/16.6 Mobile/15E148 Safari/604.1"
80.187.101.0 - - [07/Nov/2023:20:09:11 +0100] "GET /wp-content/plugins/complianz-gdpr/assets/js/complianz.min.js HTTP/1.1" 200 8645 "https://www.ipcbusiness.de/" "Mozilla/5.0 (iPhone; CPU iPhone OS 16_6_1 like Mac OS X) AppleWebKit/605.1.15 (KHTML, like Gecko) Version/16.6 Mobile/15E148 Safari/604.1"
80.187.101.0 - - [07/Nov/2023:20:09:11 +0100] "GET /wp-content/plugins/wpglobus/includes/js/wpglobus.min.js HTTP/1.1" 200 362 "https://www.ipcbusiness.de/" "Mozilla/5.0 (iPhone; CPU iPhone OS 16_6_1 like Mac OS X) AppleWebKit/605.1.15 (KHTML, like Gecko) Version/16.6 Mobile/15E148 Safari/604.1"
80.187.101.0 - - [07/Nov/2023:20:09:11 +0100] "GET /wp-includes/js/wp-embed.min.js HTTP/1.1" 200 804 "https://www.ipcbusiness.de/" "Mozilla/5.0 (iPhone; CPU iPhone OS 16_6_1 like Mac OS X) AppleWebKit/605.1.15 (KHTML, like Gecko) Version/16.6 Mobile/15E148 Safari/604.1"
80.187.101.0 - - [07/Nov/2023:20:09:11 +0100] "GET /wp-content/themes/lhst/lib/js/jquery-smoothscroll.min.js HTTP/1.1" 200 2546 "https://www.ipcbusiness.de/" "Mozilla/5.0 (iPhone; CPU iPhone OS 16_6_1 like Mac OS X) AppleWebKit/605.1.15 (KHTML, like Gecko) Version/16.6 Mobile/15E148 Safari/604.1"
80.187.101.0 - - [07/Nov/2023:20:09:11 +0100] "GET /wp-content/plugins/js_composer/assets/js/dist/js_composer_front.min.js HTTP/1.1" 200 5816 "https://www.ipcbusiness.de/" "Mozilla/5.0 (iPhone; CPU iPhone OS 16_6_1 like Mac OS X) AppleWebKit/605.1.15 (KHTML, like Gecko) Version/16.6 Mobile/15E148 Safari/604.1"
80.187.101.0 - - [07/Nov/2023:20:09:11 +0100] "GET /wp-content/plugins/js_composer/assets/lib/prettyphoto/js/jquery.prettyPhoto.min.js HTTP/1.1" 200 6209 "https://www.ipcbusiness.de/" "Mozilla/5.0 (iPhone; CPU iPhone OS 16_6_1 like Mac OS X) AppleWebKit/605.1.15 (KHTML, like Gecko) Version/16.6 Mobile/15E148 Safari/604.1"
80.187.101.0 - - [07/Nov/2023:20:09:11 +0100] "GET /wp-content/themes/lhst/includes/modules/module.fontawesome/source/font/fontawesome-webfont.woff?v=3.2.1 HTTP/1.1" 200 43568 "https://www.ipcbusiness.de/" "Mozilla/5.0 (iPhone; CPU iPhone OS 16_6_1 like Mac OS X) AppleWebKit/605.1.15 (KHTML, like Gecko) Version/16.6 Mobile/15E148 Safari/604.1"
80.187.101.0 - - [07/Nov/2023:20:09:11 +0100] "GET /wp-content/uploads/smile_fonts/Defaults/Defaults.woff?rfa9z8 HTTP/1.1" 200 66219 "https://www.ipcbusiness.de/" "Mozilla/5.0 (iPhone; CPU iPhone OS 16_6_1 like Mac OS X) AppleWebKit/605.1.15 (KHTML, like Gecko) Version/16.6 Mobile/15E148 Safari/604.1"
80.187.101.0 - - [07/Nov/2023:20:09:11 +0100] "GET /wp-content/uploads/lhst.png HTTP/1.1" 200 6582 "https://www.ipcbusiness.de/" "Mozilla/5.0 (iPhone; CPU iPhone OS 16_6_1 like Mac OS X) AppleWebKit/605.1.15 (KHTML, like Gecko) Version/16.6 Mobile/15E148 Safari/604.1"
80.187.101.0 - - [07/Nov/2023:20:09:11 +0100] "GET /wp-content/uploads/trapo-1.jpg HTTP/1.1" 200 177005 "https://www.ipcbusiness.de/" "Mozilla/5.0 (iPhone; CPU iPhone OS 16_6_1 like Mac OS X) AppleWebKit/605.1.15 (KHTML, like Gecko) Version/16.6 Mobile/15E148 Safari/604.1"
80.187.101.0 - - [07/Nov/2023:20:09:11 +0100] "GET /wp-content/uploads/slider4.jpg HTTP/1.1" 200 271894 "https://www.ipcbusiness.de/" "Mozilla/5.0 (iPhone; CPU iPhone OS 16_6_1 like Mac OS X) AppleWebKit/605.1.15 (KHTML, like Gecko) Version/16.6 Mobile/15E148 Safari/604.1"
80.187.101.0 - - [07/Nov/2023:20:09:11 +0100] "GET /wp-content/uploads/trapo.jpg HTTP/1.1" 200 147071 "https://www.ipcbusiness.de/" "Mozilla/5.0 (iPhone; CPU iPhone OS 16_6_1 like Mac OS X) AppleWebKit/605.1.15 (KHTML, like Gecko) Version/16.6 Mobile/15E148 Safari/604.1"
80.187.101.0 - - [07/Nov/2023:20:09:11 +0100] "GET /wp-content/plugins/wpglobus/flags/de.png HTTP/1.1" 200 181 "https://www.ipcbusiness.de/" "Mozilla/5.0 (iPhone; CPU iPhone OS 16_6_1 like Mac OS X) AppleWebKit/605.1.15 (KHTML, like Gecko) Version/16.6 Mobile/15E148 Safari/604.1"
80.187.101.0 - - [07/Nov/2023:20:09:11 +0100] "GET /wp-content/uploads/head.png HTTP/1.1" 200 108185 "https://www.ipcbusiness.de/" "Mozilla/5.0 (iPhone; CPU iPhone OS 16_6_1 like Mac OS X) AppleWebKit/605.1.15 (KHTML, like Gecko) Version/16.6 Mobile/15E148 Safari/604.1"
80.187.101.0 - - [07/Nov/2023:20:09:11 +0100] "GET /wp-content/plugins/revslider/public/assets/fonts/revicons/revicons.woff?5510888 HTTP/1.1" 200 7491 "https://www.ipcbusiness.de/" "Mozilla/5.0 (iPhone; CPU iPhone OS 16_6_1 like Mac OS X) AppleWebKit/605.1.15 (KHTML, like Gecko) Version/16.6 Mobile/15E148 Safari/604.1"
80.187.101.0 - - [07/Nov/2023:20:09:11 +0100] "GET /wp-content/plugins/wpglobus/flags/uk.png HTTP/1.1" 200 412 "https://www.ipcbusiness.de/" "Mozilla/5.0 (iPhone; CPU iPhone OS 16_6_1 like Mac OS X) AppleWebKit/605.1.15 (KHTML, like Gecko) Version/16.6 Mobile/15E148 Safari/604.1"
80.187.101.0 - - [07/Nov/2023:20:09:11 +0100] "GET /wp-content/uploads/container-1.jpg HTTP/1.1" 200 93576 "https://www.ipcbusiness.de/" "Mozilla/5.0 (iPhone; CPU iPhone OS 16_6_1 like Mac OS X) AppleWebKit/605.1.15 (KHTML, like Gecko) Version/16.6 Mobile/15E148 Safari/604.1"
80.187.101.0 - - [07/Nov/2023:20:09:11 +0100] "GET /wp-content/plugins/wpglobus/flags/fr.png HTTP/1.1" 200 229 "https://www.ipcbusiness.de/" "Mozilla/5.0 (iPhone; CPU iPhone OS 16_6_1 like Mac OS X) AppleWebKit/605.1.15 (KHTML, like Gecko) Version/16.6 Mobile/15E148 Safari/604.1"
80.187.101.0 - - [07/Nov/2023:20:09:11 +0100] "GET /wp-content/plugins/wpglobus/flags/it.png HTTP/1.1" 200 228 "https://www.ipcbusiness.de/" "Mozilla/5.0 (iPhone; CPU iPhone OS 16_6_1 like Mac OS X) AppleWebKit/605.1.15 (KHTML, like Gecko) Version/16.6 Mobile/15E148 Safari/604.1"
80.187.101.0 - - [07/Nov/2023:20:09:11 +0100] "GET /wp-content/plugins/wpglobus/flags/ua.png HTTP/1.1" 200 210 "https://www.ipcbusiness.de/" "Mozilla/5.0 (iPhone; CPU iPhone OS 16_6_1 like Mac OS X) AppleWebKit/605.1.15 (KHTML, like Gecko) Version/16.6 Mobile/15E148 Safari/604.1"
80.187.101.0 - - [07/Nov/2023:20:09:11 +0100] "GET /wp-content/plugins/wpglobus/flags/ru.png HTTP/1.1" 200 169 "https://www.ipcbusiness.de/" "Mozilla/5.0 (iPhone; CPU iPhone OS 16_6_1 like Mac OS X) AppleWebKit/605.1.15 (KHTML, like Gecko) Version/16.6 Mobile/15E148 Safari/604.1"
80.187.101.0 - - [07/Nov/2023:20:09:11 +0100] "GET /wp-content/plugins/wpglobus/flags/es.png HTTP/1.1" 200 253 "https://www.ipcbusiness.de/" "Mozilla/5.0 (iPhone; CPU iPhone OS 16_6_1 like Mac OS X) AppleWebKit/605.1.15 (KHTML, like Gecko) Version/16.6 Mobile/15E148 Safari/604.1"
80.187.101.0 - - [07/Nov/2023:20:09:11 +0100] "GET /wp-content/plugins/wpglobus/flags/pl.png HTTP/1.1" 200 155 "https://www.ipcbusiness.de/" "Mozilla/5.0 (iPhone; CPU iPhone OS 16_6_1 like Mac OS X) AppleWebKit/605.1.15 (KHTML, like Gecko) Version/16.6 Mobile/15E148 Safari/604.1"
80.187.101.0 - - [07/Nov/2023:20:09:11 +0100] "GET /wp-content/uploads/favicon.png HTTP/1.1" 200 1240 "https://www.ipcbusiness.de/" "Mozilla/5.0 (iPhone; CPU iPhone OS 16_6_1 like Mac OS X) AppleWebKit/605.1.15 (KHTML, like Gecko) Version/16.6 Mobile/15E148 Safari/604.1"
:: - - [07/Nov/2023:20:09:14 +0100] "OPTIONS * HTTP/1.0" 200 - "-" "Apache/2.4.6 (CentOS) OpenSSL/1.0.2k-fips mod_fcgid/2.3.9 (internal dummy connection)"
:: - - [07/Nov/2023:20:09:15 +0100] "OPTIONS * HTTP/1.0" 200 - "-" "Apache/2.4.6 (CentOS) OpenSSL/1.0.2k-fips mod_fcgid/2.3.9 (internal dummy connection)"
185.180.143.0 - - [07/Nov/2023:20:14:47 +0100] "GET / HTTP/1.1" 200 2691 "-" "Mozilla/5.0 (Windows NT 10.0; WOW64) AppleWebKit/537.36 (KHTML, like Gecko) Chrome/66.0.3359.117 Safari/537.36"
91.92.246.0 - - [07/Nov/2023:20:15:55 +0100] "GET /wp-content/plugins/royal-elementor-addons/readme.txt HTTP/1.1" 200 - "-" "Mozilla/5.0 (Windows NT 10.0; Win64; x64) AppleWebKit/537.36 (KHTML, like Gecko) Chrome/90.0.4430.85 Safari/537.36"
81.169.178.0 - - [07/Nov/2023:20:15:55 +0100] "POST /?wordfence_syncAttackData=1699384555.3473 HTTP/1.1" 200 - "https://www.computerdoc24.de/?wordfence_syncAttackData=1699384555.3473" "WordPress/5.2.19; https://www.computerdoc24.de"
81.169.178.0 - - [07/Nov/2023:20:15:55 +0100] "POST /wp-cron.php?doing_wp_cron=1699384555.5335929393768310546875 HTTP/1.1" 200 - "https://www.computerdoc24.de/wp-cron.php?doing_wp_cron=1699384555.5335929393768310546875" "WordPress/5.2.19; https://www.computerdoc24.de"
91.92.246.0 - - [07/Nov/2023:20:16:00 +0100] "GET /wp-content/plugins/royal-elementor-addons/readme.txt HTTP/1.1" 200 - "-" "Mozilla/5.0 (Windows NT 10.0; Win64; x64) AppleWebKit/537.36 (KHTML, like Gecko) Chrome/90.0.4430.85 Safari/537.36"
91.92.246.0 - - [07/Nov/2023:20:16:05 +0100] "GET /wp-content/plugins/royal-elementor-addons/readme.txt HTTP/1.1" 200 11026 "-" "Mozilla/5.0 (Windows NT 10.0; Win64; x64) AppleWebKit/537.36 (KHTML, like Gecko) Chrome/90.0.4430.85 Safari/537.36"
81.169.178.0 - - [07/Nov/2023:20:16:09 +0100] "POST /?wordfence_syncAttackData=1699384569.0879 HTTP/1.1" 200 - "https://www.computerdoc24.de/?wordfence_syncAttackData=1699384569.0879" "WordPress/5.2.19; https://www.computerdoc24.de"
91.92.246.0 - - [07/Nov/2023:20:16:08 +0100] "GET /wp-content/plugins/royal-elementor-addons/assets/js/frontend.js HTTP/1.1" 200 - "-" "Mozilla/5.0 (Windows NT 10.0; Win64; x64) AppleWebKit/537.36 (KHTML, like Gecko) Chrome/90.0.4430.85 Safari/537.36"
81.169.178.0 - - [07/Nov/2023:20:16:16 +0100] "POST /wp-cron.php?doing_wp_cron=1699384576.1308329105377197265625 HTTP/1.1" 200 - "https://www.computerdoc24.de/wp-cron.php?doing_wp_cron=1699384576.1308329105377197265625" "WordPress/5.2.19; https://www.computerdoc24.de"
91.92.246.0 - - [07/Nov/2023:20:16:15 +0100] "GET /wp-content/plugins/royal-elementor-addons/assets/js/frontend.js HTTP/1.1" 200 - "-" "Mozilla/5.0 (Windows NT 10.0; Win64; x64) AppleWebKit/537.36 (KHTML, like Gecko) Chrome/90.0.4430.85 Safari/537.36"
91.92.246.0 - - [07/Nov/2023:20:16:20 +0100] "GET /wp-content/plugins/royal-elementor-addons/assets/js/frontend.js HTTP/1.1" 200 11026 "-" "Mozilla/5.0 (Windows NT 10.0; Win64; x64) AppleWebKit/537.36 (KHTML, like Gecko) Chrome/90.0.4430.85 Safari/537.36"
81.169.178.0 - - [07/Nov/2023:20:22:15 +0100] "POST /wp-cron.php?doing_wp_cron=1699384935.6217970848083496093750 HTTP/1.1" 200 - "https://www.ipcbusiness.de/wp-cron.php?doing_wp_cron=1699384935.6217970848083496093750" "WordPress/5.8.8; https://www.ipcbusiness.de/fr"
54.36.148.0 - - [07/Nov/2023:20:22:15 +0100] "GET /fr/ HTTP/1.1" 200 16269 "-" "Mozilla/5.0 (compatible; AhrefsBot/7.0; +http://ahrefs.com/robot/)"
54.36.148.0 - - [07/Nov/2023:20:22:19 +0100] "GET /wp-content/plugins/js_composer/assets/lib/prettyphoto/css/prettyPhoto.min.css HTTP/1.1" 200 2797 "-" "Mozilla/5.0 (compatible; AhrefsBot/7.0; +http://ahrefs.com/robot/)"
54.36.149.0 - - [07/Nov/2023:20:22:19 +0100] "GET /wp-content/uploads/trapo-1.jpg HTTP/1.1" 200 177005 "-" "Mozilla/5.0 (compatible; AhrefsBot/7.0; +http://ahrefs.com/robot/)"
54.36.148.0 - - [07/Nov/2023:20:22:20 +0100] "GET /wp-content/uploads/trapo.jpg HTTP/1.1" 200 147071 "-" "Mozilla/5.0 (compatible; AhrefsBot/7.0; +http://ahrefs.com/robot/)"
54.36.148.0 - - [07/Nov/2023:20:22:20 +0100] "GET /wp-content/uploads/slider4.jpg HTTP/1.1" 200 271894 "-" "Mozilla/5.0 (compatible; AhrefsBot/7.0; +http://ahrefs.com/robot/)"
54.36.148.0 - - [07/Nov/2023:20:22:21 +0100] "GET /wp-content/uploads/container-1.jpg HTTP/1.1" 200 93576 "-" "Mozilla/5.0 (compatible; AhrefsBot/7.0; +http://ahrefs.com/robot/)"
54.36.148.0 - - [07/Nov/2023:20:22:21 +0100] "GET /wp-content/uploads/zug.jpg HTTP/1.1" 200 88217 "-" "Mozilla/5.0 (compatible; AhrefsBot/7.0; +http://ahrefs.com/robot/)"
216.244.66.0 - - [07/Nov/2023:20:24:17 +0100] "GET /robots.txt HTTP/1.1" 301 245 "-" "Mozilla/5.0 (compatible; DotBot/1.2; +https://opensiteexplorer.org/dotbot; help@moz.com)"
216.244.66.0 - - [07/Nov/2023:20:24:18 +0100] "GET /robots.txt HTTP/1.1" 200 67 "-" "Mozilla/5.0 (compatible; DotBot/1.2; +https://opensiteexplorer.org/dotbot; help@moz.com)"
216.244.66.0 - - [07/Nov/2023:20:31:32 +0100] "GET /uk/unsere-maerkte/destinationen/ HTTP/1.1" 200 46781 "-" "Mozilla/5.0 (compatible; DotBot/1.2; +https://opensiteexplorer.org/dotbot; help@moz.com)"
62.138.2.0 - - [07/Nov/2023:20:32:16 +0100] "GET /robots.txt HTTP/1.1" 200 69 "-" "Mozilla/5.0 (Macintosh; Intel Mac OS X 10.15; rv:103.0) Gecko/20100101 Firefox/103.0"
62.138.2.0 - - [07/Nov/2023:20:32:16 +0100] "GET /ru/unsere-maerkte/feste-routen/ HTTP/1.1" 200 11753 "-" "Mozilla/5.0 (Macintosh; Intel Mac OS X 10.15; rv:103.0) Gecko/20100101 Firefox/103.0"
62.138.2.0 - - [07/Nov/2023:20:33:55 +0100] "GET /es/unsere-maerkte/feste-routen/ HTTP/1.1" 200 11406 "-" "Mozilla/5.0 (Macintosh; Intel Mac OS X 10.15; rv:103.0) Gecko/20100101 Firefox/103.0"
185.125.56.0 - - [07/Nov/2023:20:34:44 +0100] "GET /wp-commentin.php HTTP/1.1" 200 2691 "-" "Mozilla/5.0 (iPhone; CPU iPhone OS 14_6 like Mac OS X) AppleWebKit/605.1.15 (KHTML, like Gecko) Version/14.1.1 Mobile/15E148 Safari/604.1"
185.125.56.0 - - [07/Nov/2023:20:34:44 +0100] "GET /wp-cc.php HTTP/1.1" 200 2691 "-" "Mozilla/5.0 (Windows NT 10.0; Win64; x64) AppleWebKit/537.36 (KHTML, like Gecko) Chrome/83.0.4103.61 Safari/537.36"
84.17.58.0 - - [07/Nov/2023:20:35:04 +0100] "GET / HTTP/1.1" 200 2691 "-" "Mozilla/5.0 (Windows NT 10.0; Win64; x64)"
45.55.196.0 - - [07/Nov/2023:20:44:10 +0100] "GET / HTTP/1.1" 301 231 "-" "Mozilla/5.0 (X11; Linux x86_64) AppleWebKit/537.36 (KHTML, like Gecko) Chrome/108.0.0.0 Safari/537.36"
45.55.196.0 - - [07/Nov/2023:20:44:10 +0100] "GET / HTTP/1.1" 301 - "-" "Mozilla/5.0 (X11; Linux x86_64) AppleWebKit/537.36 (KHTML, like Gecko) Chrome/108.0.0.0 Safari/537.36"
62.138.2.0 - - [07/Nov/2023:20:44:21 +0100] "GET /robots.txt HTTP/1.1" 200 69 "-" "Mozilla/5.0 (Macintosh; Intel Mac OS X 10.15; rv:103.0) Gecko/20100101 Firefox/103.0"
62.138.2.0 - - [07/Nov/2023:20:44:21 +0100] "GET /en/anfrage/ HTTP/1.1" 200 12271 "-" "Mozilla/5.0 (Macintosh; Intel Mac OS X 10.15; rv:103.0) Gecko/20100101 Firefox/103.0"
18.185.98.0 - - [07/Nov/2023:20:50:23 +0100] "GET / HTTP/1.1" 200 2691 "-" "Mozilla/5.0 (BB10; Touch) AppleWebKit/537.10+ (KHTML, like Gecko) Version/10.1.0.2342 Mobile Safari/537.10+"
198.235.24.0 - - [07/Nov/2023:21:13:16 +0100] "GET / HTTP/1.0" 200 2691 "-" "Expanse, a Palo Alto Networks company, searches across the global IPv4 space multiple times per day to identify customers&#39; presences on the Internet. If you would like to be excluded from our scans, please send IP addresses/domains to: scaninfo@paloaltonetworks.com"
198.235.24.0 - - [07/Nov/2023:21:14:19 +0100] "GET / HTTP/1.1" 200 2691 "-" "Expanse, a Palo Alto Networks company, searches across the global IPv4 space multiple times per day to identify customers&#39; presences on the Internet. If you would like to be excluded from our scans, please send IP addresses/domains to: scaninfo@paloaltonetworks.com"
188.138.25.0 - - [07/Nov/2023:21:14:50 +0100] "GET /robots.txt HTTP/1.1" 404 2591 "-" "Mozilla/5.0 (Macintosh; Intel Mac OS X 10.15; rv:103.0) Gecko/20100101 Firefox/103.0"
188.138.25.0 - - [07/Nov/2023:21:14:51 +0100] "GET / HTTP/1.1" 200 2590 "-" "Mozilla/5.0 (Macintosh; Intel Mac OS X 10.15; rv:103.0) Gecko/20100101 Firefox/103.0"
188.138.25.0 - - [07/Nov/2023:21:14:59 +0100] "GET /sitemap.xml HTTP/1.1" 404 2593 "-" "Mozilla/5.0 (Macintosh; Intel Mac OS X 10.15; rv:103.0) Gecko/20100101 Firefox/103.0"
81.169.178.0 - - [07/Nov/2023:21:16:59 +0100] "POST /wp-cron.php?doing_wp_cron=1699388218.9717350006103515625000 HTTP/1.1" 200 - "https://www.ipcbusiness.de/wp-cron.php?doing_wp_cron=1699388218.9717350006103515625000" "WordPress/5.8.8; https://www.ipcbusiness.de"
62.138.2.0 - - [07/Nov/2023:21:16:58 +0100] "GET /robots.txt HTTP/1.1" 200 69 "-" "Mozilla/5.0 (Macintosh; Intel Mac OS X 10.15; rv:103.0) Gecko/20100101 Firefox/103.0"
62.138.2.0 - - [07/Nov/2023:21:16:59 +0100] "GET /it/unsere-produkte-und-services/kombiverkehr-gruener-transport/ HTTP/1.1" 200 11271 "-" "Mozilla/5.0 (Macintosh; Intel Mac OS X 10.15; rv:103.0) Gecko/20100101 Firefox/103.0"
207.154.192.0 - - [07/Nov/2023:21:24:16 +0100] "GET / HTTP/1.1" 301 - "-" "Mozilla/5.0 (Windows NT 10.0; Win64; x64) AppleWebKit/537.36 (KHTML, like Gecko) Chrome/111.0.0.0 Safari/537.36"
207.154.192.0 - - [07/Nov/2023:21:24:18 +0100] "GET / HTTP/1.1" 301 - "-" "Mozilla/5.0 (Windows NT 10.0; Win64; x64) AppleWebKit/537.36 (KHTML, like Gecko) Chrome/111.0.0.0 Safari/537.36"
207.154.192.0 - - [07/Nov/2023:21:24:19 +0100] "GET / HTTP/1.1" 200 95740 "-" "Mozilla/5.0 (Windows NT 10.0; Win64; x64) AppleWebKit/537.36 (KHTML, like Gecko) Chrome/111.0.0.0 Safari/537.36"
207.154.192.0 - - [07/Nov/2023:21:24:20 +0100] "GET /impressum/ HTTP/1.1" 200 57834 "-" "Mozilla/5.0 (Windows NT 10.0; Win64; x64) AppleWebKit/537.36 (KHTML, like Gecko) Chrome/111.0.0.0 Safari/537.36"
81.169.178.0 - - [07/Nov/2023:21:24:17 +0100] "POST /wp-cron.php?doing_wp_cron=1699388657.3707759380340576171875 HTTP/1.1" 200 - "http://www.computerdoc24.de/wp-cron.php?doing_wp_cron=1699388657.3707759380340576171875" "WordPress/5.2.19; https://www.computerdoc24.de"
81.169.178.0 - - [07/Nov/2023:21:24:40 +0100] "POST /wp-cron.php?doing_wp_cron=1699388679.9468469619750976562500 HTTP/1.1" 200 - "https://www.computerdoc24.de/wp-cron.php?doing_wp_cron=1699388679.9468469619750976562500" "WordPress/5.2.19; https://www.computerdoc24.de"
3.235.60.0 - - [07/Nov/2023:21:24:39 +0100] "GET /robots.txt HTTP/1.1" 200 69 "-" "ClaudeBot"
3.235.60.0 - - [07/Nov/2023:21:24:58 +0100] "GET /product/5294/ HTTP/1.1" 200 9504 "-" "ClaudeBot"
114.119.139.0 - - [07/Nov/2023:21:27:18 +0100] "GET /robots.txt HTTP/1.1" 404 2607 "-" "Mozilla/5.0 (compatible;PetalBot;+https://webmaster.petalsearch.com/site/petalbot)"
54.36.149.0 - - [07/Nov/2023:21:32:04 +0100] "GET /robots.txt HTTP/1.1" 200 2691 "-" "Mozilla/5.0 (compatible; AhrefsBot/7.0; +http://ahrefs.com/robot/)"
54.36.148.0 - - [07/Nov/2023:21:32:05 +0100] "GET / HTTP/1.1" 200 2691 "-" "Mozilla/5.0 (compatible; AhrefsBot/7.0; +http://ahrefs.com/robot/)"
178.208.169.0 - - [07/Nov/2023:21:32:51 +0100] "HEAD /wordpress HTTP/1.1" 404 - "-" "Mozilla/5.0 (Windows NT 10.0; Win64; x64) AppleWebKit/537.36 (KHTML, like Gecko) Chrome/74.0.3729.169 Safari/537.36"
178.208.169.0 - - [07/Nov/2023:21:32:51 +0100] "HEAD / HTTP/1.1" 403 - "-" "Mozilla/5.0 (Windows NT 10.0; Win64; x64) AppleWebKit/537.36 (KHTML, like Gecko) Chrome/74.0.3729.169 Safari/537.36"
178.208.169.0 - - [07/Nov/2023:21:32:52 +0100] "HEAD /wp HTTP/1.1" 404 - "-" "Mozilla/5.0 (Windows NT 10.0; Win64; x64) AppleWebKit/537.36 (KHTML, like Gecko) Chrome/74.0.3729.169 Safari/537.36"
178.208.169.0 - - [07/Nov/2023:21:32:52 +0100] "HEAD /bc HTTP/1.1" 404 - "-" "Mozilla/5.0 (Windows NT 10.0; Win64; x64) AppleWebKit/537.36 (KHTML, like Gecko) Chrome/74.0.3729.169 Safari/537.36"
178.208.169.0 - - [07/Nov/2023:21:32:52 +0100] "HEAD /bk HTTP/1.1" 404 - "-" "Mozilla/5.0 (Windows NT 10.0; Win64; x64) AppleWebKit/537.36 (KHTML, like Gecko) Chrome/74.0.3729.169 Safari/537.36"
178.208.169.0 - - [07/Nov/2023:21:32:52 +0100] "HEAD /backup HTTP/1.1" 404 - "-" "Mozilla/5.0 (Windows NT 10.0; Win64; x64) AppleWebKit/537.36 (KHTML, like Gecko) Chrome/74.0.3729.169 Safari/537.36"
178.208.169.0 - - [07/Nov/2023:21:32:53 +0100] "HEAD /old HTTP/1.1" 404 - "-" "Mozilla/5.0 (Windows NT 10.0; Win64; x64) AppleWebKit/537.36 (KHTML, like Gecko) Chrome/74.0.3729.169 Safari/537.36"
178.208.169.0 - - [07/Nov/2023:21:32:53 +0100] "HEAD /new HTTP/1.1" 404 - "-" "Mozilla/5.0 (Windows NT 10.0; Win64; x64) AppleWebKit/537.36 (KHTML, like Gecko) Chrome/74.0.3729.169 Safari/537.36"
178.208.169.0 - - [07/Nov/2023:21:32:53 +0100] "HEAD /main HTTP/1.1" 404 - "-" "Mozilla/5.0 (Windows NT 10.0; Win64; x64) AppleWebKit/537.36 (KHTML, like Gecko) Chrome/74.0.3729.169 Safari/537.36"
178.208.169.0 - - [07/Nov/2023:21:32:53 +0100] "HEAD /home HTTP/1.1" 404 - "-" "Mozilla/5.0 (Windows NT 10.0; Win64; x64) AppleWebKit/537.36 (KHTML, like Gecko) Chrome/74.0.3729.169 Safari/537.36"
209.141.62.0 - - [07/Nov/2023:21:33:49 +0100] "-" 408 - "-" "-"
81.169.178.0 - - [07/Nov/2023:21:37:15 +0100] "POST /wp-cron.php?doing_wp_cron=1699389435.6947619915008544921875 HTTP/1.1" 200 - "https://www.computerdoc24.de/wp-cron.php?doing_wp_cron=1699389435.6947619915008544921875" "WordPress/5.2.19; https://www.computerdoc24.de"
196.242.131.0 - - [07/Nov/2023:21:37:15 +0100] "GET /kontakt/ HTTP/1.1" 200 14138 "-" "Mozilla/5.0 (Windows NT 10.0; Win64; x64) AppleWebKit/537.36 (KHTML, like Gecko) Chrome/114.0.0.0 Safari/537.36"
81.169.178.0 - - [07/Nov/2023:21:37:53 +0100] "POST /wp-cron.php?doing_wp_cron=1699389472.9993379116058349609375 HTTP/1.1" 200 - "https://www.computerdoc24.de/wp-cron.php?doing_wp_cron=1699389472.9993379116058349609375" "WordPress/5.2.19; https://www.computerdoc24.de"
207.200.18.0 - - [07/Nov/2023:21:37:52 +0100] "GET / HTTP/1.1" 301 - "-" "Mozilla/5.0 (Windows NT 10.0; Win64; x64) AppleWebKit/537.36 (KHTML, like Gecko) Chrome/117.0.0.0 Safari/537.36"
207.200.18.0 - - [07/Nov/2023:21:37:54 +0100] "GET / HTTP/1.1" 200 20481 "https://computerdoc24.de" "Mozilla/5.0 (Windows NT 10.0; Win64; x64) AppleWebKit/537.36 (KHTML, like Gecko) Chrome/117.0.0.0 Safari/537.36"
207.200.18.0 - - [07/Nov/2023:21:37:56 +0100] "GET / HTTP/1.1" 200 20478 "-" "Mozilla/5.0 (Macintosh; Intel Mac OS X 10_15_7) AppleWebKit/537.36 (KHTML, like Gecko) Chrome/117.0.0.0 Safari/537.36"
207.200.18.0 - - [07/Nov/2023:21:37:57 +0100] "GET /wp-json/ HTTP/1.1" 200 35737 "-" "Mozilla/5.0 (X11; Linux x86_64; rv:109.0) Gecko/20100101 Firefox/117.0"
81.169.178.0 - - [07/Nov/2023:21:40:32 +0100] "POST /wp-cron.php?doing_wp_cron=1699389632.2718579769134521484375 HTTP/1.1" 200 - "https://www.computerdoc24.de/wp-cron.php?doing_wp_cron=1699389632.2718579769134521484375" "WordPress/5.2.19; https://www.computerdoc24.de"
17.241.227.0 - - [07/Nov/2023:21:40:32 +0100] "GET /product/ein-133-zoll-notebookmobilleicht-und-handlich/ HTTP/1.1" 200 9504 "-" "Mozilla/5.0 (Macintosh; Intel Mac OS X 10_15_5) AppleWebKit/605.1.15 (KHTML, like Gecko) Version/13.1.1 Safari/605.1.15 (Applebot/0.1; +http://www.apple.com/go/applebot)"
81.169.178.0 - - [07/Nov/2023:21:41:07 +0100] "POST /wp-cron.php?doing_wp_cron=1699389667.0521140098571777343750 HTTP/1.1" 200 - "https://www.computerdoc24.de/wp-cron.php?doing_wp_cron=1699389667.0521140098571777343750" "WordPress/5.2.19; https://www.computerdoc24.de"
176.99.135.0 - - [07/Nov/2023:21:41:06 +0100] "GET /wp-content/plugins/WordPressCore/include.php HTTP/1.1" 200 11011 "-" "Mozilla/4.0 (compatible; MSIE 6.0; Windows NT 5.1; SV1)"
81.169.178.0 - - [07/Nov/2023:21:44:40 +0100] "POST /wp-cron.php?doing_wp_cron=1699389880.2042889595031738281250 HTTP/1.1" 200 - "https://www.computerdoc24.de/wp-cron.php?doing_wp_cron=1699389880.2042889595031738281250" "WordPress/5.2.19; https://www.computerdoc24.de"
196.240.254.0 - - [07/Nov/2023:21:44:40 +0100] "GET /kontakt/ HTTP/1.1" 200 14138 "-" "Mozilla/5.0 (Windows NT 10.0; Win64; x64) AppleWebKit/537.36 (KHTML, like Gecko) Chrome/114.0.0.0 Safari/537.36"
42.83.147.0 - - [07/Nov/2023:21:52:12 +0100] "GET / HTTP/1.1" 200 2691 "-" "Mozilla/5.0 (Windows NT 6.1; Win64; x64) AppleWebKit/537.36 (KHTML, like Gecko)Chrome/74.0.3729.169 Safari/537.36"
85.25.185.0 - - [07/Nov/2023:21:55:11 +0100] "GET /robots.txt HTTP/1.1" 404 2607 "-" "Mozilla/5.0 (Macintosh; Intel Mac OS X 10.15; rv:103.0) Gecko/20100101 Firefox/103.0"
85.25.185.0 - - [07/Nov/2023:21:55:11 +0100] "GET /sitemap.xml HTTP/1.1" 404 2609 "-" "Mozilla/5.0 (Macintosh; Intel Mac OS X 10.15; rv:103.0) Gecko/20100101 Firefox/103.0"
85.25.185.0 - - [07/Nov/2023:21:55:12 +0100] "GET / HTTP/1.1" 200 2590 "-" "Mozilla/5.0 (Macintosh; Intel Mac OS X 10.15; rv:103.0) Gecko/20100101 Firefox/103.0"
207.154.236.0 - - [07/Nov/2023:22:04:40 +0100] "GET / HTTP/1.1" 301 231 "-" "Mozilla/5.0 (Macintosh; Intel Mac OS X 10_15_7) AppleWebKit/537.36 (KHTML, like Gecko) Chrome/114.0.0.0 Safari/537.36"
123.187.240.0 - - [07/Nov/2023:22:07:36 +0100] "GET / HTTP/1.1" 200 2691 "-" "Mozilla/5.0 (iPhone; CPU iPhone OS 13_2_3 like Mac OS X) AppleWebKit/605.1.15 (KHTML, like Gecko) Version/13.0.3 Mobile/15E148 Safari/604.1"
54.36.148.0 - - [07/Nov/2023:22:10:24 +0100] "GET /robots.txt HTTP/1.1" 200 2691 "-" "Mozilla/5.0 (compatible; AhrefsBot/7.0; +http://ahrefs.com/robot/)"
54.36.149.0 - - [07/Nov/2023:22:10:25 +0100] "GET / HTTP/1.1" 200 2691 "-" "Mozilla/5.0 (compatible; AhrefsBot/7.0; +http://ahrefs.com/robot/)"
157.245.67.0 - - [07/Nov/2023:22:11:16 +0100] "GET /robots.txt HTTP/1.1" 301 241 "-" "Mozilla/5.0 (X11; Linux x86_64) AppleWebKit/537.36 (KHTML, like Gecko) Chrome/55.0.2883.87 Safari/537.36"
216.244.66.0 - - [07/Nov/2023:22:11:46 +0100] "GET /robots.txt HTTP/1.1" 404 2607 "-" "Mozilla/5.0 (compatible; DotBot/1.2; +https://opensiteexplorer.org/dotbot; help@moz.com)"
81.169.178.0 - - [07/Nov/2023:22:15:28 +0100] "POST /wp-cron.php?doing_wp_cron=1699391728.8102140426635742187500 HTTP/1.1" 200 - "http://www.computerdoc24.de/wp-cron.php?doing_wp_cron=1699391728.8102140426635742187500" "WordPress/5.2.19; https://www.computerdoc24.de"
192.169.151.0 - - [07/Nov/2023:22:15:28 +0100] "GET /wp-login.php HTTP/1.1" 302 - "-" "Mozilla/5.0 (X11; Fedora; Linux x86_64; rv:94.0) Gecko/20100101 Firefox/95.0"
192.169.151.0 - - [07/Nov/2023:22:15:30 +0100] "GET /wp-admin/ HTTP/1.1" 302 - "http://computerdoc24.de/wp-login.php" "Mozilla/5.0 (X11; Fedora; Linux x86_64; rv:94.0) Gecko/20100101 Firefox/95.0"
192.169.151.0 - - [07/Nov/2023:22:15:31 +0100] "GET /wp-login.php?redirect_to=https%3A%2F%2Fwww.computerdoc24.de%2Fwp-admin%2F&reauth=1 HTTP/1.1" 200 2148 "https://www.computerdoc24.de/wp-admin/" "Mozilla/5.0 (X11; Fedora; Linux x86_64; rv:94.0) Gecko/20100101 Firefox/95.0"
192.169.151.0 - - [07/Nov/2023:22:15:32 +0100] "GET ///?author=1 HTTP/1.1" 404 10598 "-" "Mozilla/5.0 (X11; Fedora; Linux x86_64; rv:94.0) Gecko/20100101 Firefox/95.0"
192.169.151.0 - - [07/Nov/2023:22:15:33 +0100] "GET ///wp-json/wp/v2/users/ HTTP/1.1" 200 - "-" "Mozilla/5.0 (X11; Fedora; Linux x86_64; rv:94.0) Gecko/20100101 Firefox/95.0"
192.169.151.0 - - [07/Nov/2023:22:15:34 +0100] "GET ///wp-json/wp/v2/users/ HTTP/1.1" 200 110 "http://computerdoc24.de///wp-json/wp/v2/users/" "Mozilla/5.0 (X11; Fedora; Linux x86_64; rv:94.0) Gecko/20100101 Firefox/95.0"
206.189.15.0 - - [07/Nov/2023:22:16:47 +0100] "GET / HTTP/1.1" 301 231 "-" "Mozilla/5.0 (compatible; AhrefsBot/7.0; +http://ahrefs.com/robot/)"
216.244.66.0 - - [07/Nov/2023:22:18:01 +0100] "GET /index.html HTTP/1.1" 200 16151 "-" "Mozilla/5.0 (compatible; DotBot/1.2; +https://opensiteexplorer.org/dotbot; help@moz.com)"
93.223.79.0 - - [07/Nov/2023:22:18:25 +0100] "GET / HTTP/1.1" 200 2590 "-" "Mozilla/5.0 (Linux; Android 10; K) AppleWebKit/537.36 (KHTML, like Gecko) Chrome/119.0.0.0 Mobile Safari/537.36"
93.223.79.0 - - [07/Nov/2023:22:18:25 +0100] "GET /html/style.css HTTP/1.1" 200 458 "-" "Mozilla/5.0 (Linux; Android 10; K) AppleWebKit/537.36 (KHTML, like Gecko) Chrome/119.0.0.0 Mobile Safari/537.36"
93.223.79.0 - - [07/Nov/2023:22:18:25 +0100] "GET /html/fusion.css HTTP/1.1" 200 1161 "-" "Mozilla/5.0 (Linux; Android 10; K) AppleWebKit/537.36 (KHTML, like Gecko) Chrome/119.0.0.0 Mobile Safari/537.36"
93.223.79.0 - - [07/Nov/2023:22:18:25 +0100] "GET /html/site.css HTTP/1.1" 200 88 "-" "Mozilla/5.0 (Linux; Android 10; K) AppleWebKit/537.36 (KHTML, like Gecko) Chrome/119.0.0.0 Mobile Safari/537.36"
93.223.79.0 - - [07/Nov/2023:22:18:25 +0100] "GET /assets/rollover.js HTTP/1.1" 200 5145 "https://www.reinigungsprofi-weck.de/" "Mozilla/5.0 (Linux; Android 10; K) AppleWebKit/537.36 (KHTML, like Gecko) Chrome/119.0.0.0 Mobile Safari/537.36"
93.223.79.0 - - [07/Nov/2023:22:18:25 +0100] "GET /header_l.gif HTTP/1.1" 200 7358 "https://www.reinigungsprofi-weck.de/" "Mozilla/5.0 (Linux; Android 10; K) AppleWebKit/537.36 (KHTML, like Gecko) Chrome/119.0.0.0 Mobile Safari/537.36"
93.223.79.0 - - [07/Nov/2023:22:18:25 +0100] "GET /subheader_l.gif HTTP/1.1" 200 2832 "https://www.reinigungsprofi-weck.de/" "Mozilla/5.0 (Linux; Android 10; K) AppleWebKit/537.36 (KHTML, like Gecko) Chrome/119.0.0.0 Mobile Safari/537.36"
93.223.79.0 - - [07/Nov/2023:22:18:25 +0100] "GET /kv_none_poetic_cream_none_1.gif HTTP/1.1" 200 248 "https://www.reinigungsprofi-weck.de/" "Mozilla/5.0 (Linux; Android 10; K) AppleWebKit/537.36 (KHTML, like Gecko) Chrome/119.0.0.0 Mobile Safari/537.36"
93.223.79.0 - - [07/Nov/2023:22:18:25 +0100] "GET /subheader_bl.gif HTTP/1.1" 200 1883 "https://www.reinigungsprofi-weck.de/" "Mozilla/5.0 (Linux; Android 10; K) AppleWebKit/537.36 (KHTML, like Gecko) Chrome/119.0.0.0 Mobile Safari/537.36"
93.223.79.0 - - [07/Nov/2023:22:18:25 +0100] "GET /subheader_br.gif HTTP/1.1" 200 1693 "https://www.reinigungsprofi-weck.de/" "Mozilla/5.0 (Linux; Android 10; K) AppleWebKit/537.36 (KHTML, like Gecko) Chrome/119.0.0.0 Mobile Safari/537.36"
93.223.79.0 - - [07/Nov/2023:22:18:25 +0100] "GET /subheader_r.gif HTTP/1.1" 200 1036 "https://www.reinigungsprofi-weck.de/" "Mozilla/5.0 (Linux; Android 10; K) AppleWebKit/537.36 (KHTML, like Gecko) Chrome/119.0.0.0 Mobile Safari/537.36"
93.223.79.0 - - [07/Nov/2023:22:18:25 +0100] "GET /assets/images/body_bak.gif HTTP/1.1" 200 49 "https://www.reinigungsprofi-weck.de/html/style.css" "Mozilla/5.0 (Linux; Android 10; K) AppleWebKit/537.36 (KHTML, like Gecko) Chrome/119.0.0.0 Mobile Safari/537.36"
93.223.79.0 - - [07/Nov/2023:22:18:25 +0100] "GET /assets/images/body_bak1.gif HTTP/1.1" 200 49 "https://www.reinigungsprofi-weck.de/" "Mozilla/5.0 (Linux; Android 10; K) AppleWebKit/537.36 (KHTML, like Gecko) Chrome/119.0.0.0 Mobile Safari/537.36"
93.223.79.0 - - [07/Nov/2023:22:18:25 +0100] "GET /assets/images/subheader_bak.gif HTTP/1.1" 200 44 "https://www.reinigungsprofi-weck.de/" "Mozilla/5.0 (Linux; Android 10; K) AppleWebKit/537.36 (KHTML, like Gecko) Chrome/119.0.0.0 Mobile Safari/537.36"
93.223.79.0 - - [07/Nov/2023:22:18:25 +0100] "GET /assets/images/autogen/Vorher-Nachher_Nregular_1_1.gif HTTP/1.1" 200 1718 "https://www.reinigungsprofi-weck.de/" "Mozilla/5.0 (Linux; Android 10; K) AppleWebKit/537.36 (KHTML, like Gecko) Chrome/119.0.0.0 Mobile Safari/537.36"
93.223.79.0 - - [07/Nov/2023:22:18:25 +0100] "GET /assets/images/autogen/Impressum_Nregular_1_1.gif HTTP/1.1" 200 1218 "https://www.reinigungsprofi-weck.de/" "Mozilla/5.0 (Linux; Android 10; K) AppleWebKit/537.36 (KHTML, like Gecko) Chrome/119.0.0.0 Mobile Safari/537.36"
93.223.79.0 - - [07/Nov/2023:22:18:25 +0100] "GET /assets/images/autogen/Referenzen_Nregular_1_1.gif HTTP/1.1" 200 1249 "https://www.reinigungsprofi-weck.de/" "Mozilla/5.0 (Linux; Android 10; K) AppleWebKit/537.36 (KHTML, like Gecko) Chrome/119.0.0.0 Mobile Safari/537.36"
93.223.79.0 - - [07/Nov/2023:22:18:25 +0100] "GET /assets/images/autogen/Anfahrtskosten_Nregular_1_1.gif HTTP/1.1" 200 1732 "https://www.reinigungsprofi-weck.de/" "Mozilla/5.0 (Linux; Android 10; K) AppleWebKit/537.36 (KHTML, like Gecko) Chrome/119.0.0.0 Mobile Safari/537.36"
93.223.79.0 - - [07/Nov/2023:22:18:25 +0100] "GET /assets/images/autogen/clearpixel.gif HTTP/1.1" 200 43 "https://www.reinigungsprofi-weck.de/" "Mozilla/5.0 (Linux; Android 10; K) AppleWebKit/537.36 (KHTML, like Gecko) Chrome/119.0.0.0 Mobile Safari/537.36"
93.223.79.0 - - [07/Nov/2023:22:18:25 +0100] "GET /assets/images/autogen/Spezialreinigung-_Hhighlighted_1_1.gif HTTP/1.1" 200 1750 "https://www.reinigungsprofi-weck.de/" "Mozilla/5.0 (Linux; Android 10; K) AppleWebKit/537.36 (KHTML, like Gecko) Chrome/119.0.0.0 Mobile Safari/537.36"
93.223.79.0 - - [07/Nov/2023:22:18:25 +0100] "GET /assets/images/autogen/Kontakt_Nregular_1_1.gif HTTP/1.1" 200 1596 "https://www.reinigungsprofi-weck.de/" "Mozilla/5.0 (Linux; Android 10; K) AppleWebKit/537.36 (KHTML, like Gecko) Chrome/119.0.0.0 Mobile Safari/537.36"
93.223.79.0 - - [07/Nov/2023:22:18:25 +0100] "GET /favicon.ico HTTP/1.1" 404 2816 "https://www.reinigungsprofi-weck.de/" "Mozilla/5.0 (Linux; Android 10; K) AppleWebKit/537.36 (KHTML, like Gecko) Chrome/119.0.0.0 Mobile Safari/537.36"
:: - - [07/Nov/2023:22:18:33 +0100] "OPTIONS * HTTP/1.0" 200 - "-" "Apache/2.4.6 (CentOS) OpenSSL/1.0.2k-fips mod_fcgid/2.3.9 (internal dummy connection)"
93.223.79.0 - - [07/Nov/2023:22:18:43 +0100] "GET /assets/images/autogen/Referenzen_NRregularRollover_1_1.gif HTTP/1.1" 200 1248 "https://www.reinigungsprofi-weck.de/" "Mozilla/5.0 (Linux; Android 10; K) AppleWebKit/537.36 (KHTML, like Gecko) Chrome/119.0.0.0 Mobile Safari/537.36"
93.223.79.0 - - [07/Nov/2023:22:18:43 +0100] "GET /html/referenzen.html HTTP/1.1" 200 2727 "https://www.reinigungsprofi-weck.de/" "Mozilla/5.0 (Linux; Android 10; K) AppleWebKit/537.36 (KHTML, like Gecko) Chrome/119.0.0.0 Mobile Safari/537.36"
93.223.79.0 - - [07/Nov/2023:22:18:43 +0100] "GET /assets/images/autogen/Spezialreinigung-_Nregular_1_1.gif HTTP/1.1" 200 1741 "https://www.reinigungsprofi-weck.de/html/referenzen.html" "Mozilla/5.0 (Linux; Android 10; K) AppleWebKit/537.36 (KHTML, like Gecko) Chrome/119.0.0.0 Mobile Safari/537.36"
93.223.79.0 - - [07/Nov/2023:22:18:43 +0100] "GET /assets/images/autogen/Referenzen_Hhighlighted_1_1.gif HTTP/1.1" 200 1269 "https://www.reinigungsprofi-weck.de/html/referenzen.html" "Mozilla/5.0 (Linux; Android 10; K) AppleWebKit/537.36 (KHTML, like Gecko) Chrome/119.0.0.0 Mobile Safari/537.36"
93.223.79.0 - - [07/Nov/2023:22:19:12 +0100] "GET /index.html HTTP/1.1" 200 2590 "https://www.reinigungsprofi-weck.de/html/referenzen.html" "Mozilla/5.0 (Linux; Android 10; K) AppleWebKit/537.36 (KHTML, like Gecko) Chrome/119.0.0.0 Mobile Safari/537.36"
93.223.79.0 - - [07/Nov/2023:22:19:12 +0100] "GET /assets/images/autogen/Spezialreinigung-_NRregularRollover_1_1.gif HTTP/1.1" 200 1721 "https://www.reinigungsprofi-weck.de/html/referenzen.html" "Mozilla/5.0 (Linux; Android 10; K) AppleWebKit/537.36 (KHTML, like Gecko) Chrome/119.0.0.0 Mobile Safari/537.36"
93.223.79.0 - - [07/Nov/2023:22:19:17 +0100] "-" 408 - "-" "-"
93.223.79.0 - - [07/Nov/2023:22:19:17 +0100] "-" 408 - "-" "-"
93.223.79.0 - - [07/Nov/2023:22:20:02 +0100] "-" 408 - "-" "-"
93.223.79.0 - - [07/Nov/2023:22:20:02 +0100] "-" 408 - "-" "-"
23.26.55.0 - - [07/Nov/2023:22:20:05 +0100] "GET / HTTP/1.1" 200 2691 "-" "Mozilla/5.0 (Windows NT 10.0; Win64; x64) AppleWebKit/537.36 (KHTML, like Gecko) Chrome/98.0.4758.102 Safari/537.36"
106.75.16.0 - - [07/Nov/2023:22:21:12 +0100] "GET / HTTP/1.1" 403 2409 "-" "-"
161.35.185.0 - - [07/Nov/2023:22:22:24 +0100] "GET / HTTP/1.1" 301 231 "-" "Mozilla/5.0 (compatible; SemrushBot/7~bl; +http://www.semrush.com/bot.html)"
