89.246.112.0 - - [06/Nov/2023:20:12:20 +0100] "HEAD /kontakt/ HTTP/1.1" 200 - "-" "Mozilla/4.0 (compatible; MSIE 6.0; Windows NT 5.1)"
89.246.112.0 - - [06/Nov/2023:20:12:20 +0100] "GET /kontakt/ HTTP/1.1" 200 58156 "-" "Mozilla/5.0 (Windows NT 10.0; Win64; x64) Gecko/20100101 Firefox/50.0"
81.169.178.0 - - [06/Nov/2023:20:23:13 +0100] "POST /wp-cron.php?doing_wp_cron=1699298593.6820700168609619140625 HTTP/1.1" 200 - "https://www.ipcbusiness.de/wp-cron.php?doing_wp_cron=1699298593.6820700168609619140625" "WordPress/5.8.8; https://www.ipcbusiness.de"
66.70.170.0 - - [06/Nov/2023:20:23:13 +0100] "POST /wp-login.php HTTP/1.1" 503 7324 "-" "Mozilla/5.0 (Windows NT 6.1; Win64; x64) AppleWebKit/537.36 (KHTML, like Gecko) Chrome/55.0.2883.87 Safari/537.36"
81.169.178.0 - - [06/Nov/2023:20:25:54 +0100] "POST /wp-cron.php?doing_wp_cron=1699298754.8554129600524902343750 HTTP/1.1" 200 - "https://www.computerdoc24.de/wp-cron.php?doing_wp_cron=1699298754.8554129600524902343750" "WordPress/5.2.19; https://www.computerdoc24.de"
89.246.241.0 - - [06/Nov/2023:20:25:54 +0100] "GET /allgemeine-geschaeftsbedingungen/ HTTP/1.1" 200 14277 "-" "Mozilla/5.0 (Windows NT 10.0; Win64; x64; rv:108.0) Gecko/20100101 Firefox/108.0"
62.233.50.0 - - [06/Nov/2023:20:26:00 +0100] "\x03" 400 226 "-" "-"
71.6.134.0 - - [06/Nov/2023:20:26:25 +0100] "GET / HTTP/1.0" 400 362 "-" "-"
81.169.178.0 - - [06/Nov/2023:20:29:33 +0100] "POST /wp-cron.php?doing_wp_cron=1699298973.0197620391845703125000 HTTP/1.1" 200 - "http://www.computerdoc24.de/wp-cron.php?doing_wp_cron=1699298973.0197620391845703125000" "WordPress/5.2.19; https://www.computerdoc24.de"
159.203.6.0 - - [06/Nov/2023:20:29:32 +0100] "GET / HTTP/1.1" 301 - "-" "Mozilla/5.0 (X11; Linux x86_64) AppleWebKit/537.36 (KHTML, like Gecko) Chrome/108.0.0.0 Safari/537.36"
159.203.6.0 - - [06/Nov/2023:20:29:34 +0100] "GET / HTTP/1.1" 301 - "-" "Mozilla/5.0 (X11; Linux x86_64) AppleWebKit/537.36 (KHTML, like Gecko) Chrome/108.0.0.0 Safari/537.36"
81.169.178.0 - - [06/Nov/2023:20:31:04 +0100] "POST /wp-cron.php?doing_wp_cron=1699299064.3755919933319091796875 HTTP/1.1" 200 - "https://www.computerdoc24.de/wp-cron.php?doing_wp_cron=1699299064.3755919933319091796875" "WordPress/5.2.19; https://www.computerdoc24.de"
165.232.191.0 - - [06/Nov/2023:20:31:04 +0100] "POST /wp-login.php HTTP/1.1" 503 7310 "-" "Mozilla/5.0 (Windows NT 6.1) AppleWebKit/537.36 (KHTML, like Gecko) Chrome/63.0.3239.84 Safari/537.36"
194.169.175.0 - - [06/Nov/2023:20:31:23 +0100] "GET /wp-includes/ HTTP/1.1" 403 2580 "www.google.com" "Mozlila/5.0 (Linux; Android 7.0; SM-G892A Bulid/NRD90M; wv) AppleWebKit/537.36 (KHTML, like Gecko) Version/4.0 Chrome/60.0.3112.107 Moblie Safari/537.36"
81.169.178.0 - - [06/Nov/2023:20:31:50 +0100] "POST /wp-cron.php?doing_wp_cron=1699299110.7173259258270263671875 HTTP/1.1" 200 - "https://www.ipcbusiness.de/wp-cron.php?doing_wp_cron=1699299110.7173259258270263671875" "WordPress/5.8.8; https://www.ipcbusiness.de"
62.138.2.0 - - [06/Nov/2023:20:31:50 +0100] "GET /robots.txt HTTP/1.1" 200 69 "-" "Mozilla/5.0 (Macintosh; Intel Mac OS X 10.15; rv:103.0) Gecko/20100101 Firefox/103.0"
62.138.2.0 - - [06/Nov/2023:20:31:51 +0100] "GET /unsere-produkte-und-services/innovative-ladeeinheiten/ HTTP/1.1" 200 11070 "-" "Mozilla/5.0 (Macintosh; Intel Mac OS X 10.15; rv:103.0) Gecko/20100101 Firefox/103.0"
84.236.29.0 - - [06/Nov/2023:20:32:17 +0100] "GET / HTTP/1.0" 403 2411 "-" "-"
144.91.106.0 - - [06/Nov/2023:20:32:59 +0100] "GET / HTTP/1.1" 200 2691 "-" "Mozilla/5.0 (X11; Linux x86_64) AppleWebKit/537.36 (KHTML, like Gecko) Chrome/89.0.4389.82 Safari/537.36"
144.91.106.0 - - [06/Nov/2023:20:32:59 +0100] "GET / HTTP/1.1" 200 2691 "-" "Mozilla/5.0 (X11; Linux x86_64) AppleWebKit/537.36 (KHTML, like Gecko) Chrome/89.0.4389.82 Safari/537.36"
143.110.213.0 - - [06/Nov/2023:20:33:15 +0100] "GET /en/anfrage/ HTTP/1.1" 200 12272 "-" "Mozilla/5.0 (Macintosh; Intel Mac OS X 10_15_7) AppleWebKit/537.36 (KHTML, like Gecko) Chrome/114.0.0.0 Safari/537.36"
183.136.225.0 - - [06/Nov/2023:20:33:19 +0100] "GET / HTTP/1.1" 403 2411 "-" "Mozilla/5.0 (Macintosh; Intel Mac OS X 10.11; rv:47.0) Gecko/20100101 Firefox/47.0"
17.241.227.0 - - [06/Nov/2023:20:35:14 +0100] "GET /robots.txt HTTP/1.1" 200 69 "-" "Mozilla/5.0 (Macintosh; Intel Mac OS X 10_15_5) AppleWebKit/605.1.15 (KHTML, like Gecko) Version/13.1.1 Safari/605.1.15 (Applebot/0.1; +http://www.apple.com/go/applebot)"
17.241.227.0 - - [06/Nov/2023:20:35:14 +0100] "GET /anfrage/ HTTP/1.1" 200 12303 "-" "Mozilla/5.0 (Macintosh; Intel Mac OS X 10_15_5) AppleWebKit/605.1.15 (KHTML, like Gecko) Version/13.1.1 Safari/605.1.15 (Applebot/0.1; +http://www.apple.com/go/applebot)"
77.23.246.0 - - [06/Nov/2023:20:39:38 +0100] "GET / HTTP/1.0" 403 2411 "-" "-"
71.6.134.0 - - [06/Nov/2023:20:43:17 +0100] "GET / HTTP/1.1" 200 2691 "-" "Mozilla/5.0 (Windows NT 10.0; Win64; x64) AppleWebKit/537.36 (KHTML, like Gecko) Chrome/102.0.0.0 Safari/537.36"
5.133.192.0 - - [06/Nov/2023:20:47:42 +0100] "GET / HTTP/1.1" 200 2691 "-" "Mozilla/5.0 (Windows NT 10.0; Win64; x64) AppleWebKit/537.36 (KHTML, like Gecko) Chrome/105.0.0.0 Safari/537.36"
5.133.192.0 - - [06/Nov/2023:20:47:42 +0100] "GET /favicon.ico HTTP/1.1" 200 2691 "-" "Mozilla/5.0 (Windows NT 10.0; Win64; x64) AppleWebKit/537.36 (KHTML, like Gecko) Chrome/105.0.0.0 Safari/537.36"
1.171.5.0 - - [06/Nov/2023:20:47:42 +0100] "GET / HTTP/1.0" 403 2411 "-" "-"
81.169.178.0 - - [06/Nov/2023:20:54:35 +0100] "POST /wp-cron.php?doing_wp_cron=1699300475.0774099826812744140625 HTTP/1.1" 200 - "http://www.computerdoc24.de/wp-cron.php?doing_wp_cron=1699300475.0774099826812744140625" "WordPress/5.2.19; https://www.computerdoc24.de"
52.26.35.0 - - [06/Nov/2023:20:54:34 +0100] "HEAD / HTTP/1.1" 301 - "-" "Mozilla/5.0 (Macintosh; Intel Mac OS X 10_6_8) AppleWebKit/535.11 (KHTML, like Gecko) Chrome/17.0.963.66 Safari/535.11"
81.169.178.0 - - [06/Nov/2023:20:54:38 +0100] "POST /wp-cron.php?doing_wp_cron=1699300478.3298330307006835937500 HTTP/1.1" 200 - "https://www.computerdoc24.de/wp-cron.php?doing_wp_cron=1699300478.3298330307006835937500" "WordPress/5.2.19; https://www.computerdoc24.de"
52.26.35.0 - - [06/Nov/2023:20:54:38 +0100] "HEAD / HTTP/1.1" 301 - "-" "Mozilla/5.0 (Macintosh; Intel Mac OS X 10_6_8) AppleWebKit/535.11 (KHTML, like Gecko) Chrome/17.0.963.66 Safari/535.11"
52.26.35.0 - - [06/Nov/2023:20:54:41 +0100] "HEAD / HTTP/1.1" 200 - "-" "Mozilla/5.0 (Macintosh; Intel Mac OS X 10_6_8) AppleWebKit/535.11 (KHTML, like Gecko) Chrome/17.0.963.66 Safari/535.11"
5.102.173.0 - - [06/Nov/2023:20:54:56 +0100] "GET /robots.txt HTTP/1.1" 200 69 "-" "Mozilla/5.0 (compatible; MojeekBot/0.11; +https://www.mojeek.com/bot.html)"
5.102.173.0 - - [06/Nov/2023:20:54:56 +0100] "GET /pc-ankauf/ HTTP/1.1" 200 12252 "-" "Mozilla/5.0 (compatible; MojeekBot/0.11; +https://www.mojeek.com/bot.html)"
198.235.24.0 - - [06/Nov/2023:20:55:16 +0100] "GET / HTTP/1.1" 200 2691 "-" "Expanse, a Palo Alto Networks company, searches across the global IPv4 space multiple times per day to identify customers' presences on the Internet. If you would like to be excluded from our scans, please send IP addresses/domains to: scaninfo@paloaltonetworks.com"
65.108.64.0 - - [06/Nov/2023:21:03:22 +0100] "GET /robots.txt HTTP/1.1" 200 2691 "-" "Mozilla/5.0 (compatible; MJ12bot/v1.4.8; http://mj12bot.com/)"
65.108.64.0 - - [06/Nov/2023:21:03:24 +0100] "GET /intl/de/adwords/start/?sourceid=awo&subid=de-ww-et-about-products HTTP/1.1" 200 2691 "-" "Mozilla/5.0 (compatible; MJ12bot/v1.4.8; http://mj12bot.com/)"
65.108.64.0 - - [06/Nov/2023:21:03:25 +0100] "GET /intl/en/adwords/start/?sourceid=awo&subid=de-ww-et-about-products HTTP/1.1" 200 2691 "-" "Mozilla/5.0 (compatible; MJ12bot/v1.4.8; http://mj12bot.com/)"
81.169.178.0 - - [06/Nov/2023:21:03:56 +0100] "POST /wp-cron.php?doing_wp_cron=1699301036.5241830348968505859375 HTTP/1.1" 200 - "https://www.computerdoc24.de/wp-cron.php?doing_wp_cron=1699301036.5241830348968505859375" "WordPress/5.2.19; https://www.computerdoc24.de"
20.230.56.0 - - [06/Nov/2023:21:03:56 +0100] "GET / HTTP/1.1" 301 - "-" "Mozilla/5.0 (Windows NT 10.0; Win64; x64) AppleWebKit/537.36 (KHTML, like Gecko) Chrome/105.0.0.0 Safari/537.36"
20.230.56.0 - - [06/Nov/2023:21:04:01 +0100] "GET / HTTP/1.1" 200 20476 "-" "Mozilla/5.0 (Windows NT 10.0; Win64; x64) AppleWebKit/537.36 (KHTML, like Gecko) Chrome/105.0.0.0 Safari/537.36"
81.169.178.0 - - [06/Nov/2023:21:05:25 +0100] "POST /wp-cron.php?doing_wp_cron=1699301125.3436539173126220703125 HTTP/1.1" 200 - "http://www.computerdoc24.de/wp-cron.php?doing_wp_cron=1699301125.3436539173126220703125" "WordPress/5.2.19; https://www.computerdoc24.de"
20.242.45.0 - - [06/Nov/2023:21:05:25 +0100] "GET / HTTP/1.1" 301 - "-" "Mozilla/5.0 (Windows NT 10.0; Win64; x64) AppleWebKit/537.36 (KHTML, like Gecko) Chrome/105.0.0.0 Safari/537.36"
20.242.45.0 - - [06/Nov/2023:21:05:30 +0100] "GET / HTTP/1.1" 200 20479 "-" "Mozilla/5.0 (Windows NT 10.0; Win64; x64) AppleWebKit/537.36 (KHTML, like Gecko) Chrome/105.0.0.0 Safari/537.36"
103.111.184.0 - - [06/Nov/2023:21:11:02 +0100] "GET / HTTP/1.1" 403 2409 "-" "Mozilla/5.0 (Windows NT 6.1; WOW64) AppleWebKit/537.36 (KHTML, like Gecko) Chrome/51.0.2704.103 Safari/537.36"
72.167.45.0 - - [06/Nov/2023:21:12:37 +0100] "GET /wp-pano.php HTTP/1.1" 301 242 "-" "Mozilla/5.0 (Windows NT 10.0; Win64; x64) AppleWebKit/537.36 (KHTML, like Gecko) Chrome/88.0.4324.190 Safari/537.36"
81.169.178.0 - - [06/Nov/2023:21:12:39 +0100] "POST /wp-cron.php?doing_wp_cron=1699301559.0740220546722412109375 HTTP/1.1" 200 - "https://www.ipcbusiness.de/wp-cron.php?doing_wp_cron=1699301559.0740220546722412109375" "WordPress/5.8.8; https://www.ipcbusiness.de"
72.167.45.0 - - [06/Nov/2023:21:12:38 +0100] "GET /wp-pano.php HTTP/1.1" 200 - "-" "Mozilla/5.0 (Windows NT 10.0; Win64; x64) AppleWebKit/537.36 (KHTML, like Gecko) Chrome/88.0.4324.190 Safari/537.36"
72.167.45.0 - - [06/Nov/2023:21:12:40 +0100] "GET /wp-pano.php HTTP/1.1" 200 40948 "-" "Mozilla/5.0 (Windows NT 10.0; Win64; x64) AppleWebKit/537.36 (KHTML, like Gecko) Chrome/88.0.4324.190 Safari/537.36"
83.97.73.0 - - [06/Nov/2023:21:12:44 +0100] "GET /?XDEBUG_SESSION_START=phpstorm HTTP/1.1" 403 2409 "-" "Mozilla/5.0 (Windows NT 10.0; Win64; x64) AppleWebKit/537.36 (KHTML, like Gecko) Chrome/78.0.3904.108 Safari/537.36"
2.57.121.0 - - [06/Nov/2023:21:13:55 +0100] "GET //login_sid.lua HTTP/1.1" 404 2563 "-" "python-requests/2.27.1"
71.6.134.0 - - [06/Nov/2023:21:17:55 +0100] "GET / HTTP/1.0" 400 362 "-" "-"
81.169.178.0 - - [06/Nov/2023:21:21:37 +0100] "POST /wp-cron.php?doing_wp_cron=1699302097.2211630344390869140625 HTTP/1.1" 200 - "https://www.computerdoc24.de/wp-cron.php?doing_wp_cron=1699302097.2211630344390869140625" "WordPress/5.2.19; https://www.computerdoc24.de"
176.99.135.0 - - [06/Nov/2023:21:21:36 +0100] "POST /wp-content/plugins/about.php HTTP/1.1" 200 11011 "-" "Mozilla/4.0 (compatible; MSIE 6.0; Windows NT 5.1; SV1)"
103.180.163.0 - - [06/Nov/2023:21:26:46 +0100] "GET /wp-includes/ HTTP/1.1" 301 243 "-" "Mozlila/5.0 (Linux; Android 7.0; SM-G892A Bulid/NRD90M; wv) AppleWebKit/537.36 (KHTML, like Gecko) Version/4.0 Chrome/60.0.3112.107 Moblie Safari/537.36"
103.180.163.0 - - [06/Nov/2023:21:26:49 +0100] "GET /wp-includes/ HTTP/1.1" 403 2413 "-" "Mozlila/5.0 (Linux; Android 7.0; SM-G892A Bulid/NRD90M; wv) AppleWebKit/537.36 (KHTML, like Gecko) Version/4.0 Chrome/60.0.3112.107 Moblie Safari/537.36"
81.169.178.0 - - [06/Nov/2023:21:31:21 +0100] "POST /wp-cron.php?doing_wp_cron=1699302681.4754939079284667968750 HTTP/1.1" 200 - "https://www.computerdoc24.de/wp-cron.php?doing_wp_cron=1699302681.4754939079284667968750" "WordPress/5.2.19; https://www.computerdoc24.de"
188.166.145.0 - - [06/Nov/2023:21:31:21 +0100] "GET /product/logitech-speaker-s-120-2-0-23w-rms/ HTTP/1.1" 200 15880 "-" "Mozilla/5.0 (Macintosh; Intel Mac OS X 10_15_7) AppleWebKit/537.36 (KHTML, like Gecko) Chrome/114.0.0.0 Safari/537.36"
71.6.134.0 - - [06/Nov/2023:21:34:39 +0100] "GET / HTTP/1.1" 200 2590 "-" "Mozilla/5.0 (Windows NT 10.0; Win64; x64) AppleWebKit/537.36 (KHTML, like Gecko) Chrome/102.0.0.0 Safari/537.36"
81.169.178.0 - - [06/Nov/2023:21:35:51 +0100] "POST /wp-cron.php?doing_wp_cron=1699302950.9948959350585937500000 HTTP/1.1" 200 - "https://www.computerdoc24.de/wp-cron.php?doing_wp_cron=1699302950.9948959350585937500000" "WordPress/5.2.19; https://www.computerdoc24.de"
188.166.158.0 - - [06/Nov/2023:21:35:50 +0100] "GET /product/logitech-keyboard-k120-black-de/ HTTP/1.1" 200 16787 "-" "Mozilla/5.0 (Macintosh; Intel Mac OS X 10_15_7) AppleWebKit/537.36 (KHTML, like Gecko) Chrome/114.0.0.0 Safari/537.36"
89.149.87.0 - - [06/Nov/2023:21:37:44 +0100] "GET / HTTP/1.0" 200 2691 "http://numbermillgames.com/" "Mozilla/5.0 (Windows NT 10.0; Win64; x64) AppleWebKit/537.36 (KHTML, like Gecko) Chrome/103.0.0.0 Safari/537.36 OpenWave/97.4.2043.44"
89.149.87.0 - - [06/Nov/2023:21:37:44 +0100] "GET / HTTP/1.0" 200 2691 "http://numbermill.de/" "Mozilla/5.0 (Windows NT 6.1; Win64; x64) AppleWebKit/537.36 (KHTML, like Gecko) Chrome/103.0.5060.66 Safari/537.36"
89.149.87.0 - - [06/Nov/2023:21:37:44 +0100] "GET / HTTP/1.0" 200 2691 "http://numbermill.biz/" "Mozilla/5.0 (Windows NT 6.3; Win64; x64) AppleWebKit/537.36 (KHTML, like Gecko) Chrome/103.0.5060.53 Safari/537.36"
89.149.87.0 - - [06/Nov/2023:21:37:44 +0100] "GET / HTTP/1.0" 200 2691 "http://numbermill.eu/" "Mozilla/5.0 (Windows NT 10.0; Win64; x64) AppleWebKit/537.36 (KHTML, like Gecko) Chrome/103.0.5060.66 Safari/537.36"
89.149.87.0 - - [06/Nov/2023:21:37:44 +0100] "GET / HTTP/1.0" 200 2691 "http://numbermillgames.de/" "Mozilla/5.0 (Windows NT 6.1; WOW64) AppleWebKit/537.36 (KHTML, like Gecko) Chrome/103.0.0.0 Safari/537.36"
81.169.178.0 - - [06/Nov/2023:21:37:51 +0100] "POST /wp-cron.php?doing_wp_cron=1699303071.3923521041870117187500 HTTP/1.1" 200 - "https://www.computerdoc24.de/wp-cron.php?doing_wp_cron=1699303071.3923521041870117187500" "WordPress/5.2.19; https://www.computerdoc24.de"
89.246.241.0 - - [06/Nov/2023:21:37:51 +0100] "GET /service/ HTTP/1.1" 200 16030 "-" "Mozilla/5.0 (Windows NT 10.0; Win64; x64; rv:108.0) Gecko/20100101 Firefox/108.0"
89.248.168.0 - - [06/Nov/2023:21:37:53 +0100] "GET / HTTP/1.0" 200 2691 "-" "masscan/1.3 (https://github.com/robertdavidgraham/masscan)"
81.169.178.0 - - [06/Nov/2023:21:44:58 +0100] "POST /wp-cron.php?doing_wp_cron=1699303498.4908030033111572265625 HTTP/1.1" 200 - "https://www.ipcbusiness.de/wp-cron.php?doing_wp_cron=1699303498.4908030033111572265625" "WordPress/5.8.8; https://www.ipcbusiness.de"
62.138.2.0 - - [06/Nov/2023:21:44:58 +0100] "GET /robots.txt HTTP/1.1" 200 69 "-" "Mozilla/5.0 (Macintosh; Intel Mac OS X 10.15; rv:103.0) Gecko/20100101 Firefox/103.0"
62.138.2.0 - - [06/Nov/2023:21:45:03 +0100] "GET /uk/impressum/ HTTP/1.1" 200 14131 "-" "Mozilla/5.0 (Macintosh; Intel Mac OS X 10.15; rv:103.0) Gecko/20100101 Firefox/103.0"
182.44.67.0 - - [06/Nov/2023:21:52:51 +0100] "GET / HTTP/1.1" 403 2409 "-" "Mozilla/5.0 (iPhone; CPU iPhone OS 13_2_3 like Mac OS X) AppleWebKit/605.1.15 (KHTML, like Gecko) Version/13.0.3 Mobile/15E148 Safari/604.1"
81.169.178.0 - - [06/Nov/2023:21:53:36 +0100] "POST /wp-cron.php?doing_wp_cron=1699304016.5377740859985351562500 HTTP/1.1" 200 - "https://www.ipcbusiness.de/wp-cron.php?doing_wp_cron=1699304016.5377740859985351562500" "WordPress/5.8.8; https://www.ipcbusiness.de/uk"
62.138.2.0 - - [06/Nov/2023:21:53:36 +0100] "GET /uk/unsere-maerkte/feste-routen/ HTTP/1.1" 200 11730 "-" "Mozilla/5.0 (Macintosh; Intel Mac OS X 10.15; rv:103.0) Gecko/20100101 Firefox/103.0"
114.119.133.0 - - [06/Nov/2023:21:54:29 +0100] "GET /robots.txt HTTP/1.1" 200 69 "-" "Mozilla/5.0 (compatible;PetalBot;+https://webmaster.petalsearch.com/site/petalbot)"
49.7.227.0 - - [06/Nov/2023:21:59:15 +0100] "GET / HTTP/1.1" 200 2691 "-" "Mozilla/5.0 (iPhone; CPU iPhone OS 13_2_3 like Mac OS X) AppleWebKit/605.1.15 (KHTML, like Gecko) Version/13.0.3 Mobile/15E148 Safari/604.1"
5.182.209.0 - - [06/Nov/2023:22:00:20 +0100] "GET / HTTP/1.1" 403 2409 "-" "Mozilla/5.0 (Windows NT 10.0; Win64; x64) AppleWebKit/537.36 (KHTML, like Gecko) Chrome/90.0.4430.85 Safari/537.36 Edg/90.0.818.46"
62.138.2.0 - - [06/Nov/2023:22:00:45 +0100] "GET /robots.txt HTTP/1.1" 200 2691 "-" "Mozilla/5.0 (Macintosh; Intel Mac OS X 10.15; rv:103.0) Gecko/20100101 Firefox/103.0"
62.138.2.0 - - [06/Nov/2023:22:00:45 +0100] "GET /sitemap.xml HTTP/1.1" 200 2691 "-" "Mozilla/5.0 (Macintosh; Intel Mac OS X 10.15; rv:103.0) Gecko/20100101 Firefox/103.0"
62.138.2.0 - - [06/Nov/2023:22:00:46 +0100] "GET / HTTP/1.1" 200 2691 "-" "Mozilla/5.0 (Macintosh; Intel Mac OS X 10.15; rv:103.0) Gecko/20100101 Firefox/103.0"
94.134.24.0 - - [06/Nov/2023:22:01:39 +0100] "GET /index.html HTTP/1.1" 200 2590 "-" "Mozilla/5.0 (iPad; CPU OS 12_5_7 like Mac OS X) AppleWebKit/605.1.15 (KHTML, like Gecko) Version/12.1.2 Mobile/15E148 Safari/604.1"
94.134.24.0 - - [06/Nov/2023:22:01:39 +0100] "GET /apple-touch-icon-152x152-precomposed.png HTTP/1.1" 404 2667 "-" "MobileSafari/604.1 CFNetwork/978.0.7 Darwin/18.7.0"
94.134.24.0 - - [06/Nov/2023:22:01:39 +0100] "GET /apple-touch-icon-152x152.png HTTP/1.1" 404 2643 "-" "MobileSafari/604.1 CFNetwork/978.0.7 Darwin/18.7.0"
94.134.24.0 - - [06/Nov/2023:22:01:39 +0100] "GET /apple-touch-icon-precomposed.png HTTP/1.1" 404 2651 "-" "MobileSafari/604.1 CFNetwork/978.0.7 Darwin/18.7.0"
94.134.24.0 - - [06/Nov/2023:22:01:39 +0100] "GET /apple-touch-icon.png HTTP/1.1" 404 2627 "-" "MobileSafari/604.1 CFNetwork/978.0.7 Darwin/18.7.0"
94.134.24.0 - - [06/Nov/2023:22:01:39 +0100] "GET /favicon.ico HTTP/1.1" 404 2609 "-" "MobileSafari/604.1 CFNetwork/978.0.7 Darwin/18.7.0"
94.134.24.0 - - [06/Nov/2023:22:01:39 +0100] "GET /apple-touch-icon-152x152-precomposed.png HTTP/1.1" 404 2667 "-" "MobileSafari/604.1 CFNetwork/978.0.7 Darwin/18.7.0"
94.134.24.0 - - [06/Nov/2023:22:01:39 +0100] "GET /apple-touch-icon-152x152.png HTTP/1.1" 404 2643 "-" "MobileSafari/604.1 CFNetwork/978.0.7 Darwin/18.7.0"
94.134.24.0 - - [06/Nov/2023:22:01:39 +0100] "GET /apple-touch-icon-precomposed.png HTTP/1.1" 404 2651 "-" "MobileSafari/604.1 CFNetwork/978.0.7 Darwin/18.7.0"
94.134.24.0 - - [06/Nov/2023:22:01:39 +0100] "GET /apple-touch-icon.png HTTP/1.1" 404 2627 "-" "MobileSafari/604.1 CFNetwork/978.0.7 Darwin/18.7.0"
94.134.24.0 - - [06/Nov/2023:22:01:40 +0100] "GET /favicon.ico HTTP/1.1" 404 2609 "-" "MobileSafari/604.1 CFNetwork/978.0.7 Darwin/18.7.0"
107.6.112.0 - - [06/Nov/2023:22:02:09 +0100] "GET / HTTP/1.0" 400 362 "-" "-"
62.138.2.0 - - [06/Nov/2023:22:04:19 +0100] "GET /uk/anfrage/ HTTP/1.1" 200 12935 "-" "Mozilla/5.0 (Macintosh; Intel Mac OS X 10.15; rv:103.0) Gecko/20100101 Firefox/103.0"
81.169.178.0 - - [06/Nov/2023:22:07:55 +0100] "POST /wp-cron.php?doing_wp_cron=1699304875.0675098896026611328125 HTTP/1.1" 200 - "http://www.computerdoc24.de/wp-cron.php?doing_wp_cron=1699304875.0675098896026611328125" "WordPress/5.2.19; https://www.computerdoc24.de"
192.36.109.0 - - [06/Nov/2023:22:07:54 +0100] "GET /robots.txt HTTP/1.1" 200 - "-" "Mozilla/5.0 (iPad; CPU OS 6_0 like Mac OS X) AppleWebKit/536.26 (KHTML, like Gecko) Version/6.0 Mobile/10A5355d Safari/8536.25"
192.36.109.0 - - [06/Nov/2023:22:07:56 +0100] "GET /robots.txt HTTP/1.1" 200 69 "http://computerdoc24.de/robots.txt" "Mozilla/5.0 (iPad; CPU OS 6_0 like Mac OS X) AppleWebKit/536.26 (KHTML, like Gecko) Version/6.0 Mobile/10A5355d Safari/8536.25"
192.36.109.0 - - [06/Nov/2023:22:07:56 +0100] "GET /humans.txt HTTP/1.1" 200 - "-" "Mozilla/5.0 (iPad; CPU OS 6_0 like Mac OS X) AppleWebKit/536.26 (KHTML, like Gecko) Version/6.0 Mobile/10A5355d Safari/8536.25"
192.36.109.0 - - [06/Nov/2023:22:07:57 +0100] "GET /humans.txt HTTP/1.1" 200 - "http://computerdoc24.de/humans.txt" "Mozilla/5.0 (iPad; CPU OS 6_0 like Mac OS X) AppleWebKit/536.26 (KHTML, like Gecko) Version/6.0 Mobile/10A5355d Safari/8536.25"
192.36.109.0 - - [06/Nov/2023:22:07:57 +0100] "GET /humans.txt HTTP/1.1" 200 11030 "https://computerdoc24.de/humans.txt" "Mozilla/5.0 (iPad; CPU OS 6_0 like Mac OS X) AppleWebKit/536.26 (KHTML, like Gecko) Version/6.0 Mobile/10A5355d Safari/8536.25"
192.36.109.0 - - [06/Nov/2023:22:07:58 +0100] "GET /ads.txt HTTP/1.1" 200 - "-" "Mozilla/5.0 (iPad; CPU OS 6_0 like Mac OS X) AppleWebKit/536.26 (KHTML, like Gecko) Version/6.0 Mobile/10A5355d Safari/8536.25"
192.36.109.0 - - [06/Nov/2023:22:07:58 +0100] "GET /ads.txt HTTP/1.1" 200 - "http://computerdoc24.de/ads.txt" "Mozilla/5.0 (iPad; CPU OS 6_0 like Mac OS X) AppleWebKit/536.26 (KHTML, like Gecko) Version/6.0 Mobile/10A5355d Safari/8536.25"
192.36.109.0 - - [06/Nov/2023:22:07:59 +0100] "GET /ads.txt HTTP/1.1" 200 11030 "https://computerdoc24.de/ads.txt" "Mozilla/5.0 (iPad; CPU OS 6_0 like Mac OS X) AppleWebKit/536.26 (KHTML, like Gecko) Version/6.0 Mobile/10A5355d Safari/8536.25"
192.36.109.0 - - [06/Nov/2023:22:08:00 +0100] "GET / HTTP/1.1" 301 - "-" "Mozilla/5.0 (iPad; CPU OS 6_0 like Mac OS X) AppleWebKit/536.26 (KHTML, like Gecko) Version/6.0 Mobile/10A5355d Safari/8536.25"
192.36.109.0 - - [06/Nov/2023:22:08:00 +0100] "GET / HTTP/1.1" 301 - "http://computerdoc24.de/" "Mozilla/5.0 (iPad; CPU OS 6_0 like Mac OS X) AppleWebKit/536.26 (KHTML, like Gecko) Version/6.0 Mobile/10A5355d Safari/8536.25"
192.36.109.0 - - [06/Nov/2023:22:08:01 +0100] "GET / HTTP/1.1" 200 20483 "https://computerdoc24.de/" "Mozilla/5.0 (iPad; CPU OS 6_0 like Mac OS X) AppleWebKit/536.26 (KHTML, like Gecko) Version/6.0 Mobile/10A5355d Safari/8536.25"
62.138.2.0 - - [06/Nov/2023:22:09:20 +0100] "GET /uk/unsere-produkte-und-services/digitale-loesungen-ueberwachung-der-ladeeinheiten/ HTTP/1.1" 200 11588 "-" "Mozilla/5.0 (Macintosh; Intel Mac OS X 10.15; rv:103.0) Gecko/20100101 Firefox/103.0"
71.6.134.0 - - [06/Nov/2023:22:14:35 +0100] "GET / HTTP/1.0" 400 362 "-" "-"
71.6.134.0 - - [06/Nov/2023:22:15:07 +0100] "GET / HTTP/1.0" 400 362 "-" "-"
17.241.75.0 - - [06/Nov/2023:22:16:33 +0100] "GET /wp-content/uploads/slider4.jpg HTTP/1.1" 200 271894 "-" "Mozilla/5.0 (Macintosh; Intel Mac OS X 10_15_5) AppleWebKit/605.1.15 (KHTML, like Gecko) Version/13.1.1 Safari/605.1.15 (Applebot/0.1; +http://www.apple.com/go/applebot)"
66.249.64.0 - - [06/Nov/2023:22:18:02 +0100] "GET /robots.txt HTTP/1.1" 404 2611 "-" "Mozilla/5.0 (compatible; Googlebot/2.1; +http://www.google.com/bot.html)"
66.249.89.0 - - [06/Nov/2023:22:18:02 +0100] "GET /.well-known/apple-app-site-association HTTP/1.1" 404 2667 "-" "AdsBot-Google (+http://www.google.com/adsbot.html)"
66.249.64.0 - - [06/Nov/2023:22:18:03 +0100] "GET /robots.txt HTTP/1.1" 404 2595 "-" "Mozilla/5.0 (compatible; Googlebot/2.1; +http://www.google.com/bot.html)"
66.249.89.0 - - [06/Nov/2023:22:18:03 +0100] "GET /.well-known/apple-app-site-association HTTP/1.1" 404 2651 "-" "AdsBot-Google (+http://www.google.com/adsbot.html)"
107.6.112.0 - - [06/Nov/2023:22:18:26 +0100] "GET / HTTP/1.1" 200 2691 "-" "Mozilla/5.0 (Windows NT 10.0; Win64; x64) AppleWebKit/537.36 (KHTML, like Gecko) Chrome/102.0.0.0 Safari/537.36"
51.38.47.0 - - [06/Nov/2023:22:18:49 +0100] "GET /wp-content/uploads/trapo-1.jpg HTTP/1.1" 200 177005 "-" "python-urllib3/1.26.9"
51.38.47.0 - - [06/Nov/2023:22:19:08 +0100] "GET /wp-content/uploads/ship-1.jpg HTTP/1.1" 200 67260 "-" "python-urllib3/1.26.9"
51.38.47.0 - - [06/Nov/2023:22:19:28 +0100] "GET /wp-content/uploads/trapo.jpg HTTP/1.1" 200 147071 "-" "python-urllib3/1.26.9"
81.169.178.0 - - [06/Nov/2023:22:26:49 +0100] "POST /wp-cron.php?doing_wp_cron=1699306009.5123329162597656250000 HTTP/1.1" 200 - "https://www.computerdoc24.de/wp-cron.php?doing_wp_cron=1699306009.5123329162597656250000" "WordPress/5.2.19; https://www.computerdoc24.de"
54.36.148.0 - - [06/Nov/2023:22:26:49 +0100] "GET / HTTP/1.1" 200 18931 "-" "Mozilla/5.0 (compatible; AhrefsBot/7.0; +http://ahrefs.com/robot/)"
168.119.65.0 - - [06/Nov/2023:22:26:50 +0100] "GET /wp-content/plugins/shapepress-dsgvo/public/css/sp-dsgvo-public.min.css HTTP/1.1" 200 1087 "https://www.computerdoc24.de/" "Mozilla/5.0 (compatible; AhrefsBot/7.0; +http://ahrefs.com/robot/)"
168.119.65.0 - - [06/Nov/2023:22:26:50 +0100] "GET /wp-content/plugins/woocommerce/packages/woocommerce-blocks/build/style.css HTTP/1.1" 200 2310 "https://www.computerdoc24.de/" "Mozilla/5.0 (compatible; AhrefsBot/7.0; +http://ahrefs.com/robot/)"
168.119.65.0 - - [06/Nov/2023:22:26:50 +0100] "GET /wp-content/plugins/contact-form-7/includes/css/styles.css HTTP/1.1" 200 651 "https://www.computerdoc24.de/" "Mozilla/5.0 (compatible; AhrefsBot/7.0; +http://ahrefs.com/robot/)"
168.119.65.0 - - [06/Nov/2023:22:26:50 +0100] "GET /wp-content/plugins/wpt-login/css/custom-login.css HTTP/1.1" 200 707 "https://www.computerdoc24.de/" "Mozilla/5.0 (compatible; AhrefsBot/7.0; +http://ahrefs.com/robot/)"
168.119.65.0 - - [06/Nov/2023:22:26:50 +0100] "GET /wp-includes/css/dist/block-library/theme.min.css HTTP/1.1" 200 562 "https://www.computerdoc24.de/" "Mozilla/5.0 (compatible; AhrefsBot/7.0; +http://ahrefs.com/robot/)"
168.119.65.0 - - [06/Nov/2023:22:26:50 +0100] "GET /wp-includes/css/dist/block-library/style.min.css HTTP/1.1" 200 4788 "https://www.computerdoc24.de/" "Mozilla/5.0 (compatible; AhrefsBot/7.0; +http://ahrefs.com/robot/)"
168.119.65.0 - - [06/Nov/2023:22:26:50 +0100] "GET /wp-content/themes/en-vision/lib/css/bootstrap-responsive-1170.min.css HTTP/1.1" 200 1157 "https://www.computerdoc24.de/" "Mozilla/5.0 (compatible; AhrefsBot/7.0; +http://ahrefs.com/robot/)"
168.119.65.0 - - [06/Nov/2023:22:26:50 +0100] "GET /wp-content/plugins/shapepress-dsgvo/public/css/sp-dsgvo-popup.min.css HTTP/1.1" 200 2375 "https://www.computerdoc24.de/" "Mozilla/5.0 (compatible; AhrefsBot/7.0; +http://ahrefs.com/robot/)"
168.119.65.0 - - [06/Nov/2023:22:26:50 +0100] "GET /wp-content/plugins/shapepress-dsgvo/public/css/simplebar.min.css HTTP/1.1" 200 836 "https://www.computerdoc24.de/" "Mozilla/5.0 (compatible; AhrefsBot/7.0; +http://ahrefs.com/robot/)"
168.119.65.0 - - [06/Nov/2023:22:26:50 +0100] "GET /wp-content/plugins/shapepress-dsgvo/public/css/bootstrap-grid.min.css HTTP/1.1" 200 6484 "https://www.computerdoc24.de/" "Mozilla/5.0 (compatible; AhrefsBot/7.0; +http://ahrefs.com/robot/)"
168.119.65.0 - - [06/Nov/2023:22:26:50 +0100] "GET /wp-content/themes/en-vision/lib/css/style.min.css HTTP/1.1" 200 38861 "https://www.computerdoc24.de/" "Mozilla/5.0 (compatible; AhrefsBot/7.0; +http://ahrefs.com/robot/)"
168.119.65.0 - - [06/Nov/2023:22:26:50 +0100] "GET /wp-content/uploads/smile_fonts/Defaults/Defaults.css HTTP/1.1" 200 4755 "https://www.computerdoc24.de/" "Mozilla/5.0 (compatible; AhrefsBot/7.0; +http://ahrefs.com/robot/)"
168.119.65.0 - - [06/Nov/2023:22:26:50 +0100] "GET /wp-content/themes/en-vision/lib/css/woocommerce.min.css HTTP/1.1" 200 9641 "https://www.computerdoc24.de/" "Mozilla/5.0 (compatible; AhrefsBot/7.0; +http://ahrefs.com/robot/)"
168.119.65.0 - - [06/Nov/2023:22:26:50 +0100] "GET /wp-content/plugins/js_composer/assets/lib/bower/font-awesome/css/font-awesome.min.css HTTP/1.1" 200 6970 "https://www.computerdoc24.de/" "Mozilla/5.0 (compatible; AhrefsBot/7.0; +http://ahrefs.com/robot/)"
168.119.65.0 - - [06/Nov/2023:22:26:50 +0100] "GET /wp-content/themes/en-vision/includes/modules/module.fontawesome/source/css/font-awesome.min.css HTTP/1.1" 200 4680 "https://www.computerdoc24.de/" "Mozilla/5.0 (compatible; AhrefsBot/7.0; +http://ahrefs.com/robot/)"
168.119.65.0 - - [06/Nov/2023:22:26:50 +0100] "GET /wp-content/themes/en-vision/includes/modules/module.icomoon/source/css/icomoon.css HTTP/1.1" 200 8420 "https://www.computerdoc24.de/" "Mozilla/5.0 (compatible; AhrefsBot/7.0; +http://ahrefs.com/robot/)"
168.119.65.0 - - [06/Nov/2023:22:26:50 +0100] "GET /wp-content/uploads/Dark-Blue-Skin_f11de704061eed4e79d777b4e0c313ab.css?OlJKPnf0ao HTTP/1.1" 200 4393 "https://www.computerdoc24.de/" "Mozilla/5.0 (compatible; AhrefsBot/7.0; +http://ahrefs.com/robot/)"
168.119.65.0 - - [06/Nov/2023:22:26:50 +0100] "GET /wp-content/plugins/Ultimate_VC_Addons/assets/min-css/ultimate.min.css HTTP/1.1" 200 47736 "https://www.computerdoc24.de/" "Mozilla/5.0 (compatible; AhrefsBot/7.0; +http://ahrefs.com/robot/)"
168.119.65.0 - - [06/Nov/2023:22:26:50 +0100] "GET /wp-content/plugins/js_composer/assets/css/js_composer.min.css HTTP/1.1" 200 45591 "https://www.computerdoc24.de/" "Mozilla/5.0 (compatible; AhrefsBot/7.0; +http://ahrefs.com/robot/)"
168.119.65.0 - - [06/Nov/2023:22:26:50 +0100] "GET /wp-content/plugins/revslider/public/assets/css/rs6.css HTTP/1.1" 200 12282 "https://www.computerdoc24.de/" "Mozilla/5.0 (compatible; AhrefsBot/7.0; +http://ahrefs.com/robot/)"
168.119.65.0 - - [06/Nov/2023:22:26:51 +0100] "GET /wp-content/plugins/revslider/public/assets/fonts/revicons/revicons.woff?5510888 HTTP/1.1" 200 7491 "https://www.computerdoc24.de/" "Mozilla/5.0 (compatible; AhrefsBot/7.0; +http://ahrefs.com/robot/)"
168.119.65.0 - - [06/Nov/2023:22:26:51 +0100] "GET /wp-includes/js/jquery/jquery.js HTTP/1.1" 200 33776 "https://www.computerdoc24.de/" "Mozilla/5.0 (compatible; AhrefsBot/7.0; +http://ahrefs.com/robot/)"
168.119.65.0 - - [06/Nov/2023:22:26:51 +0100] "GET /wp-content/plugins/revslider/public/assets/fonts/font-awesome/css/font-awesome.css HTTP/1.1" 200 7235 "https://www.computerdoc24.de/" "Mozilla/5.0 (compatible; AhrefsBot/7.0; +http://ahrefs.com/robot/)"
168.119.65.0 - - [06/Nov/2023:22:26:51 +0100] "GET /wp-content/plugins/revslider/public/assets/fonts/font-awesome/fonts/fontawesome-webfont.woff2?v=4.7.0 HTTP/1.1" 200 77162 "https://www.computerdoc24.de/" "Mozilla/5.0 (compatible; AhrefsBot/7.0; +http://ahrefs.com/robot/)"
168.119.65.0 - - [06/Nov/2023:22:26:51 +0100] "GET /wp-includes/js/jquery/jquery-migrate.min.js HTTP/1.1" 200 4014 "https://www.computerdoc24.de/" "Mozilla/5.0 (compatible; AhrefsBot/7.0; +http://ahrefs.com/robot/)"
168.119.65.0 - - [06/Nov/2023:22:26:51 +0100] "GET /wp-content/plugins/revslider/public/assets/js/rbtools.min.js HTTP/1.1" 200 46966 "https://www.computerdoc24.de/" "Mozilla/5.0 (compatible; AhrefsBot/7.0; +http://ahrefs.com/robot/)"
168.119.65.0 - - [06/Nov/2023:22:26:51 +0100] "GET /wp-content/plugins/woocommerce/assets/js/frontend/add-to-cart.min.js HTTP/1.1" 200 1017 "https://www.computerdoc24.de/" "Mozilla/5.0 (compatible; AhrefsBot/7.0; +http://ahrefs.com/robot/)"
168.119.65.0 - - [06/Nov/2023:22:26:51 +0100] "GET /wp-content/plugins/woocommerce/assets/js/jquery-blockui/jquery.blockUI.min.js HTTP/1.1" 200 3533 "https://www.computerdoc24.de/" "Mozilla/5.0 (compatible; AhrefsBot/7.0; +http://ahrefs.com/robot/)"
168.119.65.0 - - [06/Nov/2023:22:26:51 +0100] "GET /wp-content/cache/autoptimize/js/autoptimize_single_902b7ca09549975e55e136fb0026df9a.js HTTP/1.1" 200 319 "https://www.computerdoc24.de/" "Mozilla/5.0 (compatible; AhrefsBot/7.0; +http://ahrefs.com/robot/)"
168.119.65.0 - - [06/Nov/2023:22:26:51 +0100] "GET /wp-content/plugins/js_composer/assets/lib/bower/font-awesome/fonts/fontawesome-webfont.woff2?v=4.7.0 HTTP/1.1" 200 77162 "https://www.computerdoc24.de/wp-content/plugins/js_composer/assets/lib/bower/font-awesome/css/font-awesome.min.css" "Mozilla/5.0 (compatible; AhrefsBot/7.0; +http://ahrefs.com/robot/)"
168.119.65.0 - - [06/Nov/2023:22:26:51 +0100] "GET /wp-content/uploads/smile_fonts/Defaults/Defaults.woff?rfa9z8 HTTP/1.1" 200 66219 "https://www.computerdoc24.de/wp-content/uploads/smile_fonts/Defaults/Defaults.css" "Mozilla/5.0 (compatible; AhrefsBot/7.0; +http://ahrefs.com/robot/)"
168.119.65.0 - - [06/Nov/2023:22:26:51 +0100] "GET /wp-content/plugins/Ultimate_VC_Addons/assets/min-js/ultimate.min.js HTTP/1.1" 200 54140 "https://www.computerdoc24.de/" "Mozilla/5.0 (compatible; AhrefsBot/7.0; +http://ahrefs.com/robot/)"
168.119.65.0 - - [06/Nov/2023:22:26:51 +0100] "GET /wp-content/plugins/shapepress-dsgvo/public/css/fonts/roboto/Roboto-Regular-webfont.woff HTTP/1.1" 200 20862 "https://www.computerdoc24.de/" "Mozilla/5.0 (compatible; AhrefsBot/7.0; +http://ahrefs.com/robot/)"
168.119.65.0 - - [06/Nov/2023:22:26:51 +0100] "GET /wp-content/plugins/shapepress-dsgvo/public/js/sp-dsgvo-public.min.js HTTP/1.1" 200 4590 "https://www.computerdoc24.de/" "Mozilla/5.0 (compatible; AhrefsBot/7.0; +http://ahrefs.com/robot/)"
168.119.65.0 - - [06/Nov/2023:22:26:51 +0100] "GET /wp-content/plugins/autoptimize/classes/external/js/lazysizes.min.js HTTP/1.1" 200 4122 "https://www.computerdoc24.de/" "Mozilla/5.0 (compatible; AhrefsBot/7.0; +http://ahrefs.com/robot/)"
168.119.65.0 - - [06/Nov/2023:22:26:51 +0100] "GET /wp-content/cache/autoptimize/js/autoptimize_single_1534f06aa2b1b721a45372f8238e2461.js HTTP/1.1" 200 3352 "https://www.computerdoc24.de/" "Mozilla/5.0 (compatible; AhrefsBot/7.0; +http://ahrefs.com/robot/)"
168.119.65.0 - - [06/Nov/2023:22:26:51 +0100] "GET /wp-content/plugins/revslider/public/assets/js/rs6.min.js HTTP/1.1" 200 98542 "https://www.computerdoc24.de/" "Mozilla/5.0 (compatible; AhrefsBot/7.0; +http://ahrefs.com/robot/)"
168.119.65.0 - - [06/Nov/2023:22:26:51 +0100] "GET /wp-content/plugins/woocommerce/assets/js/frontend/woocommerce.min.js HTTP/1.1" 200 619 "https://www.computerdoc24.de/" "Mozilla/5.0 (compatible; AhrefsBot/7.0; +http://ahrefs.com/robot/)"
168.119.65.0 - - [06/Nov/2023:22:26:51 +0100] "GET /wp-content/plugins/woocommerce/assets/js/js-cookie/js.cookie.min.js HTTP/1.1" 200 981 "https://www.computerdoc24.de/" "Mozilla/5.0 (compatible; AhrefsBot/7.0; +http://ahrefs.com/robot/)"
168.119.65.0 - - [06/Nov/2023:22:26:51 +0100] "GET /wp-content/themes/en-vision/lib/js/app.min.js HTTP/1.1" 200 31108 "https://www.computerdoc24.de/" "Mozilla/5.0 (compatible; AhrefsBot/7.0; +http://ahrefs.com/robot/)"
168.119.65.0 - - [06/Nov/2023:22:26:51 +0100] "GET /wp-content/cache/autoptimize/js/autoptimize_single_9ff8e720094fe3a7fa3ab5a2e8fe5919.js HTTP/1.1" 200 587 "https://www.computerdoc24.de/" "Mozilla/5.0 (compatible; AhrefsBot/7.0; +http://ahrefs.com/robot/)"
168.119.65.0 - - [06/Nov/2023:22:26:51 +0100] "GET /wp-content/plugins/woocommerce/assets/js/frontend/cart-fragments.min.js HTTP/1.1" 200 1042 "https://www.computerdoc24.de/" "Mozilla/5.0 (compatible; AhrefsBot/7.0; +http://ahrefs.com/robot/)"
168.119.65.0 - - [06/Nov/2023:22:26:51 +0100] "GET /wp-content/themes/en-vision/lib/js/woocommerce.min.js HTTP/1.1" 200 1122 "https://www.computerdoc24.de/" "Mozilla/5.0 (compatible; AhrefsBot/7.0; +http://ahrefs.com/robot/)"
168.119.65.0 - - [06/Nov/2023:22:26:51 +0100] "GET /wp-includes/js/comment-reply.min.js HTTP/1.1" 200 1044 "https://www.computerdoc24.de/" "Mozilla/5.0 (compatible; AhrefsBot/7.0; +http://ahrefs.com/robot/)"
168.119.65.0 - - [06/Nov/2023:22:26:51 +0100] "GET /wp-content/plugins/shapepress-dsgvo/public/js/simplebar.min.js HTTP/1.1" 200 18376 "https://www.computerdoc24.de/" "Mozilla/5.0 (compatible; AhrefsBot/7.0; +http://ahrefs.com/robot/)"
168.119.65.0 - - [06/Nov/2023:22:26:51 +0100] "GET /wp-includes/js/wp-embed.min.js HTTP/1.1" 200 777 "https://www.computerdoc24.de/" "Mozilla/5.0 (compatible; AhrefsBot/7.0; +http://ahrefs.com/robot/)"
168.119.65.0 - - [06/Nov/2023:22:26:51 +0100] "GET /wp-content/themes/en-vision/lib/js/jquery-smoothscroll.min.js HTTP/1.1" 200 2546 "https://www.computerdoc24.de/" "Mozilla/5.0 (compatible; AhrefsBot/7.0; +http://ahrefs.com/robot/)"
168.119.65.0 - - [06/Nov/2023:22:26:51 +0100] "GET /wp-content/plugins/js_composer/assets/js/dist/js_composer_front.min.js HTTP/1.1" 200 5653 "https://www.computerdoc24.de/" "Mozilla/5.0 (compatible; AhrefsBot/7.0; +http://ahrefs.com/robot/)"
168.119.65.0 - - [06/Nov/2023:22:26:51 +0100] "POST /?wc-ajax=get_refreshed_fragments HTTP/1.1" 200 177 "https://www.computerdoc24.de/" "Mozilla/5.0 (compatible; AhrefsBot/7.0; +http://ahrefs.com/robot/)"
:: - - [06/Nov/2023:22:26:54 +0100] "OPTIONS * HTTP/1.0" 200 - "-" "Apache/2.4.6 (CentOS) OpenSSL/1.0.2k-fips mod_fcgid/2.3.9 (internal dummy connection)"
54.36.148.0 - - [06/Nov/2023:22:26:56 +0100] "GET /wp-content/uploads/Network-1.png HTTP/1.1" 200 55283 "-" "Mozilla/5.0 (compatible; AhrefsBot/7.0; +http://ahrefs.com/robot/)"
54.36.148.0 - - [06/Nov/2023:22:26:56 +0100] "GET /wp-content/uploads/revslider/homepage/slider.png HTTP/1.1" 200 18173 "-" "Mozilla/5.0 (compatible; AhrefsBot/7.0; +http://ahrefs.com/robot/)"
54.36.149.0 - - [06/Nov/2023:22:26:56 +0100] "GET /wp-content/uploads/revslider/homepage/computer.png HTTP/1.1" 200 206463 "-" "Mozilla/5.0 (compatible; AhrefsBot/7.0; +http://ahrefs.com/robot/)"
81.169.178.0 - - [06/Nov/2023:22:27:14 +0100] "POST /wp-cron.php?doing_wp_cron=1699306034.3432209491729736328125 HTTP/1.1" 200 - "https://www.ipcbusiness.de/wp-cron.php?doing_wp_cron=1699306034.3432209491729736328125" "WordPress/5.8.8; https://www.ipcbusiness.de"
62.138.2.0 - - [06/Nov/2023:22:27:14 +0100] "GET /robots.txt HTTP/1.1" 200 69 "-" "Mozilla/5.0 (Macintosh; Intel Mac OS X 10.15; rv:103.0) Gecko/20100101 Firefox/103.0"
62.138.2.0 - - [06/Nov/2023:22:27:14 +0100] "GET /es/cookie-richtlinie-eu/ HTTP/1.1" 200 12990 "-" "Mozilla/5.0 (Macintosh; Intel Mac OS X 10.15; rv:103.0) Gecko/20100101 Firefox/103.0"
42.200.231.0 - - [06/Nov/2023:22:28:17 +0100] "POST /wp-login.php HTTP/1.1" 503 7325 "-" "Mozilla/5.0 (Windows NT 6.1) AppleWebKit/537.36 (KHTML, like Gecko) Chrome/56.0.2924.87 Safari/537.36"
141.98.11.0 - - [06/Nov/2023:22:29:33 +0100] "GET / HTTP/1.1" 403 2409 "-" "Mozilla/5.0 (Windows NT 10.0; Win64; x64) AppleWebKit/537.36 (KHTML, like Gecko) Chrome/90.0.4430.85 Safari/537.36 Edg/90.0.818.46"
81.169.178.0 - - [06/Nov/2023:22:29:50 +0100] "POST /wp-cron.php?doing_wp_cron=1699306190.6820380687713623046875 HTTP/1.1" 200 - "https://www.ipcbusiness.de/wp-cron.php?doing_wp_cron=1699306190.6820380687713623046875" "WordPress/5.8.8; https://www.ipcbusiness.de"
17.241.219.0 - - [06/Nov/2023:22:29:50 +0100] "GET / HTTP/1.1" 200 16118 "-" "Mozilla/5.0 (Macintosh; Intel Mac OS X 10_15_5) AppleWebKit/605.1.15 (KHTML, like Gecko) Version/13.1.1 Safari/605.1.15 (Applebot/0.1; +http://www.apple.com/go/applebot)"
66.249.89.0 - - [06/Nov/2023:22:30:03 +0100] "GET /apple-app-site-association HTTP/1.1" 404 2627 "-" "AdsBot-Google (+http://www.google.com/adsbot.html)"
141.98.11.0 - - [06/Nov/2023:22:31:25 +0100] "GET / HTTP/1.1" 403 2409 "-" "Mozilla/5.0 (Windows NT 10.0; Win64; x64) AppleWebKit/537.36 (KHTML, like Gecko) Chrome/90.0.4430.85 Safari/537.36 Edg/90.0.818.46"
62.138.2.0 - - [06/Nov/2023:22:31:41 +0100] "GET /en/ueber-uns/umweltverantwortung/ HTTP/1.1" 200 11026 "-" "Mozilla/5.0 (Macintosh; Intel Mac OS X 10.15; rv:103.0) Gecko/20100101 Firefox/103.0"
71.6.134.0 - - [06/Nov/2023:22:31:50 +0100] "GET / HTTP/1.1" 200 2691 "-" "Mozilla/5.0 (Windows NT 10.0; Win64; x64) AppleWebKit/537.36 (KHTML, like Gecko) Chrome/102.0.0.0 Safari/537.36"
62.138.2.0 - - [06/Nov/2023:22:31:55 +0100] "GET /en/ueber-uns/umweltverantwortung/ HTTP/1.1" 200 11026 "-" "Mozilla/5.0 (Macintosh; Intel Mac OS X 10.15; rv:103.0) Gecko/20100101 Firefox/103.0"
71.6.134.0 - - [06/Nov/2023:22:32:28 +0100] "GET / HTTP/1.1" 200 2691 "-" "Mozilla/5.0 (Windows NT 10.0; Win64; x64) AppleWebKit/537.36 (KHTML, like Gecko) Chrome/102.0.0.0 Safari/537.36"
66.249.89.0 - - [06/Nov/2023:22:34:03 +0100] "GET /apple-app-site-association HTTP/1.1" 404 2643 "-" "AdsBot-Google (+http://www.google.com/adsbot.html)"
176.99.135.0 - - [06/Nov/2023:22:35:53 +0100] "GET /wp-content/about.php HTTP/1.1" 200 9927 "-" "Mozilla/4.0 (compatible; MSIE 6.0; Windows NT 5.1; SV1)"
83.97.73.0 - - [06/Nov/2023:22:38:00 +0100] "GET /actuator/gateway/routes HTTP/1.1" 404 2577 "-" "Mozilla/5.0 (Windows NT 10.0; Win64; x64) AppleWebKit/537.36 (KHTML, like Gecko) Chrome/78.0.3904.108 Safari/537.36"
147.135.219.0 - - [06/Nov/2023:22:40:45 +0100] "GET /wp-content/uploads/ship-1.jpg HTTP/1.1" 200 67260 "-" "python-urllib3/1.26.9"
147.135.219.0 - - [06/Nov/2023:22:41:05 +0100] "GET /wp-content/uploads/trapo.jpg HTTP/1.1" 200 147071 "-" "python-urllib3/1.26.9"
147.135.219.0 - - [06/Nov/2023:22:41:24 +0100] "GET /wp-content/uploads/trapo-1.jpg HTTP/1.1" 200 177005 "-" "python-urllib3/1.26.9"
62.138.2.0 - - [06/Nov/2023:22:42:11 +0100] "GET /robots.txt HTTP/1.1" 200 69 "-" "Mozilla/5.0 (Macintosh; Intel Mac OS X 10.15; rv:103.0) Gecko/20100101 Firefox/103.0"
62.138.2.0 - - [06/Nov/2023:22:42:11 +0100] "GET /fr/anfrage/ HTTP/1.1" 200 12418 "-" "Mozilla/5.0 (Macintosh; Intel Mac OS X 10.15; rv:103.0) Gecko/20100101 Firefox/103.0"
71.6.134.0 - - [06/Nov/2023:22:43:00 +0100] "GET / HTTP/1.0" 400 362 "-" "-"
81.169.178.0 - - [06/Nov/2023:22:54:18 +0100] "POST /wp-cron.php?doing_wp_cron=1699307658.1882650852203369140625 HTTP/1.1" 200 - "http://www.computerdoc24.de/wp-cron.php?doing_wp_cron=1699307658.1882650852203369140625" "WordPress/5.2.19; https://www.computerdoc24.de"
35.187.118.0 - - [06/Nov/2023:22:54:18 +0100] "GET / HTTP/1.1" 301 - "-" "Mozilla/5.0 (Windows NT 10.0; Win64; x64) AppleWebKit/537.36 (KHTML, like Gecko) Chrome/84.0.4147.105 Safari/537.36"
35.187.118.0 - - [06/Nov/2023:22:54:19 +0100] "GET / HTTP/1.1" 200 95740 "-" "Mozilla/5.0 (Windows NT 10.0; Win64; x64) AppleWebKit/537.36 (KHTML, like Gecko) Chrome/84.0.4147.105 Safari/537.36"
81.169.178.0 - - [06/Nov/2023:22:55:40 +0100] "POST /wp-cron.php?doing_wp_cron=1699307740.5814459323883056640625 HTTP/1.1" 200 - "https://www.computerdoc24.de/wp-cron.php?doing_wp_cron=1699307740.5814459323883056640625" "WordPress/5.2.19; https://www.computerdoc24.de"
17.241.219.0 - - [06/Nov/2023:22:55:40 +0100] "GET /robots.txt HTTP/1.1" 200 69 "-" "Mozilla/5.0 (Macintosh; Intel Mac OS X 10_15_5) AppleWebKit/605.1.15 (KHTML, like Gecko) Version/13.1.1 Safari/605.1.15 (Applebot/0.1; +http://www.apple.com/go/applebot)"
17.241.219.0 - - [06/Nov/2023:22:55:41 +0100] "GET /fernwartung HTTP/1.1" 200 - "-" "Mozilla/5.0 (Macintosh; Intel Mac OS X 10_15_5) AppleWebKit/605.1.15 (KHTML, like Gecko) Version/13.1.1 Safari/605.1.15 (Applebot/0.1; +http://www.apple.com/go/applebot)"
17.241.219.0 - - [06/Nov/2023:22:55:42 +0100] "GET /fernwartung/ HTTP/1.1" 200 10930 "-" "Mozilla/5.0 (Macintosh; Intel Mac OS X 10_15_5) AppleWebKit/605.1.15 (KHTML, like Gecko) Version/13.1.1 Safari/605.1.15 (Applebot/0.1; +http://www.apple.com/go/applebot)"
17.241.227.0 - - [06/Nov/2023:22:56:26 +0100] "GET / HTTP/1.1" 200 18932 "-" "Mozilla/5.0 (Macintosh; Intel Mac OS X 10_15_5) AppleWebKit/605.1.15 (KHTML, like Gecko) Version/13.1.1 Safari/605.1.15 (Applebot/0.1; +http://www.apple.com/go/applebot)"
17.241.219.0 - - [06/Nov/2023:22:56:30 +0100] "GET /kontakt HTTP/1.1" 200 - "-" "Mozilla/5.0 (Macintosh; Intel Mac OS X 10_15_5) AppleWebKit/605.1.15 (KHTML, like Gecko) Version/13.1.1 Safari/605.1.15 (Applebot/0.1; +http://www.apple.com/go/applebot)"
17.241.75.0 - - [06/Nov/2023:22:56:30 +0100] "GET / HTTP/1.1" 301 - "-" "Mozilla/5.0 (Macintosh; Intel Mac OS X 10_15_5) AppleWebKit/605.1.15 (KHTML, like Gecko) Version/13.1.1 Safari/605.1.15 (Applebot/0.1; +http://www.apple.com/go/applebot)"
17.241.219.0 - - [06/Nov/2023:22:56:31 +0100] "GET /kontakt/ HTTP/1.1" 200 12650 "-" "Mozilla/5.0 (Macintosh; Intel Mac OS X 10_15_5) AppleWebKit/605.1.15 (KHTML, like Gecko) Version/13.1.1 Safari/605.1.15 (Applebot/0.1; +http://www.apple.com/go/applebot)"
183.136.225.0 - - [06/Nov/2023:22:57:12 +0100] "GET / HTTP/1.1" 403 2409 "-" "Mozilla/5.0 (Macintosh; Intel Mac OS X 10.11; rv:47.0) Gecko/20100101 Firefox/47.0"
81.169.178.0 - - [06/Nov/2023:22:57:16 +0100] "POST /wp-cron.php?doing_wp_cron=1699307836.6537499427795410156250 HTTP/1.1" 200 - "https://www.computerdoc24.de/wp-cron.php?doing_wp_cron=1699307836.6537499427795410156250" "WordPress/5.2.19; https://www.computerdoc24.de"
44.200.15.0 - - [06/Nov/2023:22:57:16 +0100] "GET / HTTP/1.1" 301 - "-" "Mozilla/5.0 (Linux; Android 6.0; Nexus 5X Build/MDB08L) AppleWebKit/537.36 (KHTML, like Gecko) Chrome/53.0.2785.124 Mobile Safari/537.36"
71.6.134.0 - - [06/Nov/2023:22:59:04 +0100] "GET / HTTP/1.1" 200 2691 "-" "Mozilla/5.0 (Windows NT 10.0; Win64; x64) AppleWebKit/537.36 (KHTML, like Gecko) Chrome/102.0.0.0 Safari/537.36"
52.53.212.0 - - [06/Nov/2023:23:00:33 +0100] "GET / HTTP/1.1" 200 2590 "-" "facebookexternalhit/1.1"
52.53.212.0 - - [06/Nov/2023:23:00:34 +0100] "GET / HTTP/1.1" 200 2590 "-" "Mozilla/5.0 (Windows NT 6.2; ARM; Trident/7.0; Touch; rv:11.0; WPDesktop; NOKIA; Lumia 920) like Geckoo"
185.162.235.0 - - [06/Nov/2023:23:00:41 +0100] "CONNECT google.com:443 HTTP/1.1" 405 225 "-" "Go-http-client/1.1"
52.53.212.0 - - [06/Nov/2023:23:00:57 +0100] "GET /assets/rollover.js HTTP/1.1" 200 5145 "-" "Mozilla/5.0 (Linux; Android 8.0.0; SM-A605G) AppleWebKit/537.36 (KHTML, like Gecko) Chrome/100.0.4896.58 Mobile Safari/537.36"
52.53.212.0 - - [06/Nov/2023:23:01:00 +0100] "GET /assets/rollover.js HTTP/1.1" 200 5145 "-" "Mozilla/5.0 (Macintosh; Intel Mac OS X 10_10_1) AppleWebKit/537.36 (KHTML, like Gecko) Chrome/52.0.2743.116 Safari/537.36"
52.53.212.0 - - [06/Nov/2023:23:01:30 +0100] "GET /assets/rollover.js HTTP/1.1" 200 5145 "-" "Mozilla/5.0 (Windows NT 10.0; WOW64) AppleWebKit/537.36 (KHTML, like Gecko) Chrome/101.0.4951.54 Safari/537.36 Edg/101.0.1210.39"
52.53.212.0 - - [06/Nov/2023:23:01:33 +0100] "GET /assets/rollover.js HTTP/1.1" 200 5145 "-" "Mozilla/5.0 (Windows NT 10.0; Win64; x64) AppleWebKit/537.36 (KHTML, like Gecko) Chrome/97.0.4692.71 Safari/537.36"
45.95.169.0 - - [06/Nov/2023:23:01:36 +0100] "POST /ajax HTTP/1.1" 404 2543 "-" "Mozilla/4.0 (compatible; MSIE 8.0; Windows NT 5.1; Trident/4.0; .NET CLR 1.1.4322; .NET CLR 2.0.50727; .NET CLR 3.0.4506.2152; .NET CLR 3.5.30729)"
81.169.178.0 - - [06/Nov/2023:23:10:20 +0100] "POST /wp-cron.php?doing_wp_cron=1699308620.5091469287872314453125 HTTP/1.1" 200 - "https://www.ipcbusiness.de/wp-cron.php?doing_wp_cron=1699308620.5091469287872314453125" "WordPress/5.8.8; https://www.ipcbusiness.de"
62.138.2.0 - - [06/Nov/2023:23:10:20 +0100] "GET /robots.txt HTTP/1.1" 200 69 "-" "Mozilla/5.0 (Macintosh; Intel Mac OS X 10.15; rv:103.0) Gecko/20100101 Firefox/103.0"
62.138.2.0 - - [06/Nov/2023:23:10:22 +0100] "GET /fr/unsere-produkte-und-services/digitale-loesungen-ueberwachung-der-ladeeinheiten/ HTTP/1.1" 200 11202 "-" "Mozilla/5.0 (Macintosh; Intel Mac OS X 10.15; rv:103.0) Gecko/20100101 Firefox/103.0"
205.210.31.0 - - [06/Nov/2023:23:11:01 +0100] "GET / HTTP/1.1" 200 2691 "-" "Expanse, a Palo Alto Networks company, searches across the global IPv4 space multiple times per day to identify customers' presences on the Internet. If you would like to be excluded from our scans, please send IP addresses/domains to: scaninfo@paloaltonetworks.com"
141.94.247.0 - - [06/Nov/2023:23:11:34 +0100] "POST /wp-login.php HTTP/1.1" 503 7325 "-" "Mozilla/5.0 (Windows NT 6.3; Win64; x64) AppleWebKit/537.36 (KHTML, like Gecko) Chrome/57.0.2987.133 Safari/537.36"
15.204.183.0 - - [06/Nov/2023:23:16:23 +0100] "GET / HTTP/1.1" 403 2435 "-" "-"
81.169.178.0 - - [06/Nov/2023:23:21:29 +0100] "POST /wp-cron.php?doing_wp_cron=1699309289.2573080062866210937500 HTTP/1.1" 200 - "https://www.ipcbusiness.de/wp-cron.php?doing_wp_cron=1699309289.2573080062866210937500" "WordPress/5.8.8; https://www.ipcbusiness.de"
114.119.156.0 - - [06/Nov/2023:23:21:29 +0100] "GET /robots.txt HTTP/1.1" 200 69 "-" "Mozilla/5.0 (compatible;PetalBot;+https://webmaster.petalsearch.com/site/petalbot)"
66.240.236.0 - - [06/Nov/2023:23:24:31 +0100] "GET / HTTP/1.1" 403 2411 "-" "Mozilla/5.0 zgrab/0.x"
62.138.2.0 - - [06/Nov/2023:23:26:19 +0100] "GET /robots.txt HTTP/1.1" 200 69 "-" "Mozilla/5.0 (Macintosh; Intel Mac OS X 10.15; rv:103.0) Gecko/20100101 Firefox/103.0"
62.138.2.0 - - [06/Nov/2023:23:26:20 +0100] "GET /it/unsere-maerkte/drehkreuze-service-partner/ HTTP/1.1" 200 11163 "-" "Mozilla/5.0 (Macintosh; Intel Mac OS X 10.15; rv:103.0) Gecko/20100101 Firefox/103.0"
147.135.218.0 - - [06/Nov/2023:23:27:53 +0100] "GET /wp-content/uploads/ship-1.jpg HTTP/1.1" 200 67260 "-" "python-urllib3/1.26.9"
62.138.2.0 - - [06/Nov/2023:23:27:59 +0100] "GET /en/cookie-richtlinie-eu/ HTTP/1.1" 200 14043 "-" "Mozilla/5.0 (Macintosh; Intel Mac OS X 10.15; rv:103.0) Gecko/20100101 Firefox/103.0"
147.135.218.0 - - [06/Nov/2023:23:28:13 +0100] "GET /wp-content/uploads/trapo-1.jpg HTTP/1.1" 200 177005 "-" "python-urllib3/1.26.9"
147.135.218.0 - - [06/Nov/2023:23:28:33 +0100] "GET /wp-content/uploads/trapo.jpg HTTP/1.1" 200 147071 "-" "python-urllib3/1.26.9"
62.138.2.0 - - [06/Nov/2023:23:33:16 +0100] "GET /fr/ueber-uns/ipc-business-gmbh-firmeninformation/ HTTP/1.1" 200 11243 "-" "Mozilla/5.0 (Macintosh; Intel Mac OS X 10.15; rv:103.0) Gecko/20100101 Firefox/103.0"
62.138.2.0 - - [06/Nov/2023:23:33:22 +0100] "GET /anfrage/ HTTP/1.1" 200 12301 "-" "Mozilla/5.0 (Macintosh; Intel Mac OS X 10.15; rv:103.0) Gecko/20100101 Firefox/103.0"
62.138.2.0 - - [06/Nov/2023:23:37:30 +0100] "GET /en/unsere-maerkte/destinationen/ HTTP/1.1" 200 10951 "-" "Mozilla/5.0 (Macintosh; Intel Mac OS X 10.15; rv:103.0) Gecko/20100101 Firefox/103.0"
62.138.2.0 - - [06/Nov/2023:23:37:40 +0100] "GET /pl/unsere-produkte-und-services/kombiverkehr-gruener-transport/ HTTP/1.1" 200 11353 "-" "Mozilla/5.0 (Macintosh; Intel Mac OS X 10.15; rv:103.0) Gecko/20100101 Firefox/103.0"
205.210.31.0 - - [06/Nov/2023:23:43:15 +0100] "GET / HTTP/1.1" 200 2691 "-" "Expanse, a Palo Alto Networks company, searches across the global IPv4 space multiple times per day to identify customers' presences on the Internet. If you would like to be excluded from our scans, please send IP addresses/domains to: scaninfo@paloaltonetworks.com"
147.135.219.0 - - [06/Nov/2023:23:44:43 +0100] "GET /wp-content/uploads/trapo.jpg HTTP/1.1" 200 147071 "-" "python-urllib3/1.26.9"
147.135.219.0 - - [06/Nov/2023:23:45:03 +0100] "GET /wp-content/uploads/trapo-1.jpg HTTP/1.1" 200 177005 "-" "python-urllib3/1.26.9"
147.135.219.0 - - [06/Nov/2023:23:45:27 +0100] "GET /wp-content/uploads/ship-1.jpg HTTP/1.1" 200 67260 "-" "python-urllib3/1.26.9"
66.249.64.0 - - [06/Nov/2023:23:47:06 +0100] "GET / HTTP/1.1" 200 2590 "-" "Mozilla/5.0 (compatible; Googlebot/2.1; +http://www.google.com/bot.html)"
51.222.253.0 - - [06/Nov/2023:23:57:48 +0100] "GET /robots.txt HTTP/1.1" 200 2691 "-" "Mozilla/5.0 (compatible; AhrefsBot/7.0; +http://ahrefs.com/robot/)"
