54.36.149.0 - - [06/Nov/2023:23:57:51 +0100] "GET / HTTP/1.1" 200 2691 "-" "Mozilla/5.0 (compatible; AhrefsBot/7.0; +http://ahrefs.com/robot/)"
81.169.178.0 - - [07/Nov/2023:00:13:38 +0100] "POST /wp-cron.php?doing_wp_cron=1699312418.5836489200592041015625 HTTP/1.1" 200 - "https://www.computerdoc24.de/wp-cron.php?doing_wp_cron=1699312418.5836489200592041015625" "WordPress/5.2.19; https://www.computerdoc24.de"
89.246.241.0 - - [07/Nov/2023:00:13:38 +0100] "GET /product/logitech-mk270-wireless-desktop-combo/ HTTP/1.1" 200 16455 "-" "Mozilla/5.0 (Windows NT 10.0; Win64; x64; rv:108.0) Gecko/20100101 Firefox/108.0"
81.169.178.0 - - [07/Nov/2023:00:15:08 +0100] "POST /wp-cron.php?doing_wp_cron=1699312508.0598139762878417968750 HTTP/1.1" 200 - "https://www.ipcbusiness.de/wp-cron.php?doing_wp_cron=1699312508.0598139762878417968750" "WordPress/5.8.8; https://www.ipcbusiness.de"
62.138.2.0 - - [07/Nov/2023:00:15:07 +0100] "GET /robots.txt HTTP/1.1" 200 69 "-" "Mozilla/5.0 (Macintosh; Intel Mac OS X 10.15; rv:103.0) Gecko/20100101 Firefox/103.0"
62.138.2.0 - - [07/Nov/2023:00:15:08 +0100] "GET /pl/unsere-produkte-und-services/ HTTP/1.1" 200 11092 "-" "Mozilla/5.0 (Macintosh; Intel Mac OS X 10.15; rv:103.0) Gecko/20100101 Firefox/103.0"
211.140.23.0 - - [07/Nov/2023:00:15:21 +0100] "-" 408 - "-" "-"
114.119.151.0 - - [07/Nov/2023:00:15:27 +0100] "GET /robots.txt HTTP/1.1" 200 69 "-" "Mozilla/5.0 (compatible;PetalBot;+https://webmaster.petalsearch.com/site/petalbot)"
198.235.24.0 - - [07/Nov/2023:00:15:32 +0100] "GET / HTTP/1.1" 200 2691 "-" "-"
35.203.210.0 - - [07/Nov/2023:00:17:46 +0100] "GET / HTTP/1.1" 403 2409 "-" "Expanse, a Palo Alto Networks company, searches across the global IPv4 space multiple times per day to identify customers' presences on the Internet. If you would like to be excluded from our scans, please send IP addresses/domains to: scaninfo@paloaltonetworks.com"
62.233.50.0 - - [07/Nov/2023:00:19:22 +0100] "\x03" 400 226 "-" "-"
81.169.178.0 - - [07/Nov/2023:00:22:38 +0100] "POST /wp-cron.php?doing_wp_cron=1699312958.3516249656677246093750 HTTP/1.1" 200 - "https://www.computerdoc24.de/wp-cron.php?doing_wp_cron=1699312958.3516249656677246093750" "WordPress/5.2.19; https://www.computerdoc24.de"
114.119.146.0 - - [07/Nov/2023:00:22:38 +0100] "GET /robots.txt HTTP/1.1" 200 69 "-" "Mozilla/5.0 (compatible;PetalBot;+https://webmaster.petalsearch.com/site/petalbot)"
81.169.178.0 - - [07/Nov/2023:00:24:19 +0100] "POST /wp-cron.php?doing_wp_cron=1699313059.7071130275726318359375 HTTP/1.1" 200 - "https://www.computerdoc24.de/wp-cron.php?doing_wp_cron=1699313059.7071130275726318359375" "WordPress/5.2.19; https://www.computerdoc24.de"
198.235.24.0 - - [07/Nov/2023:00:24:20 +0100] "GET / HTTP/1.1" 200 2691 "-" "Expanse, a Palo Alto Networks company, searches across the global IPv4 space multiple times per day to identify customers' presences on the Internet. If you would like to be excluded from our scans, please send IP addresses/domains to: scaninfo@paloaltonetworks.com"
89.246.241.0 - - [07/Nov/2023:00:24:19 +0100] "GET /software/ HTTP/1.1" 200 11864 "-" "Mozilla/5.0 (Windows NT 10.0; Win64; x64; rv:108.0) Gecko/20100101 Firefox/108.0"
50.3.85.0 - - [07/Nov/2023:00:24:51 +0100] "POST / HTTP/1.1" 404 2535 "-" "Mozilla/5.0 (Windows NT 6.2; WOW64) AppleWebKit/537.36 (KHTML like Gecko) Chrome/44.0.2403.155 Safari/537.36"
81.169.178.0 - - [07/Nov/2023:00:26:42 +0100] "POST /wp-cron.php?doing_wp_cron=1699313202.3794600963592529296875 HTTP/1.1" 200 - "https://www.ipcbusiness.de/wp-cron.php?doing_wp_cron=1699313202.3794600963592529296875" "WordPress/5.8.8; https://www.ipcbusiness.de"
62.138.2.0 - - [07/Nov/2023:00:26:42 +0100] "GET /robots.txt HTTP/1.1" 200 69 "-" "Mozilla/5.0 (Macintosh; Intel Mac OS X 10.15; rv:103.0) Gecko/20100101 Firefox/103.0"
62.138.2.0 - - [07/Nov/2023:00:26:42 +0100] "GET /en/ HTTP/1.1" 200 16072 "-" "Mozilla/5.0 (Macintosh; Intel Mac OS X 10.15; rv:103.0) Gecko/20100101 Firefox/103.0"
62.138.2.0 - - [07/Nov/2023:00:27:11 +0100] "GET /es/unsere-maerkte/destinationen/ HTTP/1.1" 200 11025 "-" "Mozilla/5.0 (Macintosh; Intel Mac OS X 10.15; rv:103.0) Gecko/20100101 Firefox/103.0"
199.45.155.0 - - [07/Nov/2023:00:29:45 +0100] "GET / HTTP/1.1" 400 226 "-" "-"
199.45.155.0 - - [07/Nov/2023:00:29:47 +0100] "GET / HTTP/1.1" 200 2590 "-" "Mozilla/5.0 (compatible; CensysInspect/1.1; +https://about.censys.io/)"
199.45.155.0 - - [07/Nov/2023:00:29:48 +0100] "PRI * HTTP/2.0" 400 226 "-" "-"
199.45.155.0 - - [07/Nov/2023:00:29:50 +0100] "GET /favicon.ico HTTP/1.1" 404 2613 "-" "Mozilla/5.0 (compatible; CensysInspect/1.1; +https://about.censys.io/)"
94.23.61.0 - - [07/Nov/2023:00:33:47 +0100] "POST /wp-login.php HTTP/1.1" 503 7324 "-" "Mozilla/5.0 (Windows NT 6.3; Win64; x64) AppleWebKit/537.36 (KHTML, like Gecko) Chrome/67.0.3396.99 Safari/537.36"
81.169.178.0 - - [07/Nov/2023:00:41:40 +0100] "POST /wp-cron.php?doing_wp_cron=1699314099.9884018898010253906250 HTTP/1.1" 200 - "https://www.computerdoc24.de/wp-cron.php?doing_wp_cron=1699314099.9884018898010253906250" "WordPress/5.2.19; https://www.computerdoc24.de"
181.43.101.0 - - [07/Nov/2023:00:41:39 +0100] "POST /wp-login.php HTTP/1.1" 503 7312 "-" "Mozilla/5.0 (Windows NT 6.1; Win64; x64) AppleWebKit/537.36 (KHTML, like Gecko) Chrome/79.0.3945.117 Safari/537.36"
81.169.178.0 - - [07/Nov/2023:00:42:46 +0100] "POST /wp-cron.php?doing_wp_cron=1699314166.9049830436706542968750 HTTP/1.1" 200 - "https://www.ipcbusiness.de/wp-cron.php?doing_wp_cron=1699314166.9049830436706542968750" "WordPress/5.8.8; https://www.ipcbusiness.de"
62.138.2.0 - - [07/Nov/2023:00:42:46 +0100] "GET /robots.txt HTTP/1.1" 200 69 "-" "Mozilla/5.0 (Macintosh; Intel Mac OS X 10.15; rv:103.0) Gecko/20100101 Firefox/103.0"
62.138.2.0 - - [07/Nov/2023:00:42:48 +0100] "GET /it/unsere-maerkte/destinationen/ HTTP/1.1" 200 11011 "-" "Mozilla/5.0 (Macintosh; Intel Mac OS X 10.15; rv:103.0) Gecko/20100101 Firefox/103.0"
20.39.244.0 - - [07/Nov/2023:00:44:30 +0100] "GET /.git/config HTTP/1.1" 404 2557 "-" "Mozilla/5.0 (Windows NT 10.0; Win64; x64) AppleWebKit/537.36 (KHTML, like Gecko) Chrome/81.0.4044.138 Safari/537.36"
81.169.178.0 - - [07/Nov/2023:00:50:08 +0100] "POST /wp-cron.php?doing_wp_cron=1699314608.4742000102996826171875 HTTP/1.1" 200 - "http://www.computerdoc24.de/wp-cron.php?doing_wp_cron=1699314608.4742000102996826171875" "WordPress/5.2.19; https://www.computerdoc24.de"
157.90.0.0 - - [07/Nov/2023:00:50:08 +0100] "GET / HTTP/1.1" 301 - "-" "Mozilla/5.0 (Windows NT 10.0; Win64; x64; rv:66.0) Gecko/20100101 Firefox/66.0"
157.90.0.0 - - [07/Nov/2023:00:50:09 +0100] "GET / HTTP/1.1" 200 20481 "http://www.computerdoc24.de/" "Mozilla/5.0 (Windows NT 10.0; Win64; x64; rv:66.0) Gecko/20100101 Firefox/66.0"
198.235.24.0 - - [07/Nov/2023:00:55:30 +0100] "GET / HTTP/1.1" 200 2691 "-" "Expanse, a Palo Alto Networks company, searches across the global IPv4 space multiple times per day to identify customers' presences on the Internet. If you would like to be excluded from our scans, please send IP addresses/domains to: scaninfo@paloaltonetworks.com"
81.169.178.0 - - [07/Nov/2023:01:09:03 +0100] "POST /wp-cron.php?doing_wp_cron=1699315743.5643229484558105468750 HTTP/1.1" 200 - "https://www.ipcbusiness.de/wp-cron.php?doing_wp_cron=1699315743.5643229484558105468750" "WordPress/5.8.8; https://www.ipcbusiness.de"
62.138.2.0 - - [07/Nov/2023:01:09:03 +0100] "GET /robots.txt HTTP/1.1" 200 69 "-" "Mozilla/5.0 (Macintosh; Intel Mac OS X 10.15; rv:103.0) Gecko/20100101 Firefox/103.0"
62.138.2.0 - - [07/Nov/2023:01:09:04 +0100] "GET /fr/unsere-maerkte/ HTTP/1.1" 200 10983 "-" "Mozilla/5.0 (Macintosh; Intel Mac OS X 10.15; rv:103.0) Gecko/20100101 Firefox/103.0"
92.38.162.0 - - [07/Nov/2023:01:12:50 +0100] "GET /PayPal.log HTTP/1.1" 200 2691 "-" "Mozilla/5.0 (Windows NT 10.0; Win64; x64) AppleWebKit/537.36 (KHTML, like Gecko) HeadlessChrome/113.0.5672.93 Safari/537.36"
54.236.36.0 - - [07/Nov/2023:01:13:34 +0100] "GET / HTTP/1.1" 200 2691 "-" "Mozilla/4.0 (compatible; MSIE 6.0; j2me) ReqwirelessWeb/3.5"
23.178.112.0 - - [07/Nov/2023:01:14:40 +0100] "GET /.well-known/acme-challenge/bwbCiiJx4jIQ6DRVr6-jiWeuKpLSV3Ijm-RP_Jq1i9Q HTTP/1.1" 200 2691 "-" "Mozilla/5.0 (compatible; Let's Encrypt validation server; +https://www.letsencrypt.org)"
18.226.164.0 - - [07/Nov/2023:01:14:40 +0100] "GET /.well-known/acme-challenge/bwbCiiJx4jIQ6DRVr6-jiWeuKpLSV3Ijm-RP_Jq1i9Q HTTP/1.1" 200 2691 "-" "Mozilla/5.0 (compatible; Let's Encrypt validation server; +https://www.letsencrypt.org)"
34.222.52.0 - - [07/Nov/2023:01:14:40 +0100] "GET /.well-known/acme-challenge/bwbCiiJx4jIQ6DRVr6-jiWeuKpLSV3Ijm-RP_Jq1i9Q HTTP/1.1" 200 2691 "-" "Mozilla/5.0 (compatible; Let's Encrypt validation server; +https://www.letsencrypt.org)"
213.180.203.0 - - [07/Nov/2023:01:15:31 +0100] "GET /robots.txt HTTP/1.1" 301 297 "-" "Mozilla/5.0 (compatible; YandexBot/3.0; +http://yandex.com/bots)"
213.180.203.0 - - [07/Nov/2023:01:15:32 +0100] "GET /product/office-und-internet-pc/ HTTP/1.1" 301 318 "-" "Mozilla/5.0 (compatible; YandexBot/3.0; +http://yandex.com/bots)"
199.244.88.0 - - [07/Nov/2023:01:21:53 +0100] "GET / HTTP/1.1" 200 2691 "-" "Mozilla/5.0 (X11; Linux x86_64) AppleWebKit/537.36 (KHTML, like Gecko) Chrome/105.0.0.0 Safari/537.36"
54.184.111.0 - - [07/Nov/2023:01:22:53 +0100] "GET /.well-known/acme-challenge/Tyru5pO4gddW9fp9P8M8I-jEx2yQR3OhokkVgIZzraQ HTTP/1.1" 200 2691 "-" "Mozilla/5.0 (compatible; Let's Encrypt validation server; +https://www.letsencrypt.org)"
18.226.164.0 - - [07/Nov/2023:01:22:54 +0100] "GET /.well-known/acme-challenge/Tyru5pO4gddW9fp9P8M8I-jEx2yQR3OhokkVgIZzraQ HTTP/1.1" 200 2691 "-" "Mozilla/5.0 (compatible; Let's Encrypt validation server; +https://www.letsencrypt.org)"
23.178.112.0 - - [07/Nov/2023:01:22:54 +0100] "GET /.well-known/acme-challenge/Tyru5pO4gddW9fp9P8M8I-jEx2yQR3OhokkVgIZzraQ HTTP/1.1" 200 2691 "-" "Mozilla/5.0 (compatible; Let's Encrypt validation server; +https://www.letsencrypt.org)"
18.226.164.0 - - [07/Nov/2023:01:23:03 +0100] "GET /.well-known/acme-challenge/W1FUYocuePtebN4GA7Lt_MxrC8C72fcZOdpNZfuC-J8 HTTP/1.1" 200 2691 "-" "Mozilla/5.0 (compatible; Let's Encrypt validation server; +https://www.letsencrypt.org)"
23.178.112.0 - - [07/Nov/2023:01:23:03 +0100] "GET /.well-known/acme-challenge/W1FUYocuePtebN4GA7Lt_MxrC8C72fcZOdpNZfuC-J8 HTTP/1.1" 200 2691 "-" "Mozilla/5.0 (compatible; Let's Encrypt validation server; +https://www.letsencrypt.org)"
34.222.52.0 - - [07/Nov/2023:01:23:03 +0100] "GET /.well-known/acme-challenge/W1FUYocuePtebN4GA7Lt_MxrC8C72fcZOdpNZfuC-J8 HTTP/1.1" 200 2691 "-" "Mozilla/5.0 (compatible; Let's Encrypt validation server; +https://www.letsencrypt.org)"
67.217.57.0 - - [07/Nov/2023:01:23:05 +0100] "GET / HTTP/1.1" 403 2409 "-" "-"
18.216.14.0 - - [07/Nov/2023:01:23:14 +0100] "GET /.well-known/acme-challenge/MqQLeHopyLjyv_nCNd4ACTBQxeNsiuzf8LSsDmCWIyg HTTP/1.1" 200 2691 "-" "Mozilla/5.0 (compatible; Let's Encrypt validation server; +https://www.letsencrypt.org)"
23.178.112.0 - - [07/Nov/2023:01:23:14 +0100] "GET /.well-known/acme-challenge/MqQLeHopyLjyv_nCNd4ACTBQxeNsiuzf8LSsDmCWIyg HTTP/1.1" 200 2691 "-" "Mozilla/5.0 (compatible; Let's Encrypt validation server; +https://www.letsencrypt.org)"
94.102.61.0 - - [07/Nov/2023:01:28:11 +0100] "GET / HTTP/1.1" 403 2411 "-" "Mozilla/5.0 (Windows NT 10.0; Win64; x64) AppleWebKit/537.36 (KHTML, like Gecko) Chrome/88.0.4324.190 Safari/537.36"
81.169.178.0 - - [07/Nov/2023:01:36:03 +0100] "POST /wp-cron.php?doing_wp_cron=1699317362.8095910549163818359375 HTTP/1.1" 200 - "https://www.ipcbusiness.de/wp-cron.php?doing_wp_cron=1699317362.8095910549163818359375" "WordPress/5.8.8; https://www.ipcbusiness.de"
80.187.101.0 - - [07/Nov/2023:01:36:02 +0100] "GET / HTTP/1.1" 200 16123 "-" "Mozilla/5.0 (iPhone; CPU iPhone OS 16_6_1 like Mac OS X) AppleWebKit/605.1.15 (KHTML, like Gecko) Version/16.6 Mobile/15E148 Safari/604.1"
80.187.101.0 - - [07/Nov/2023:01:36:04 +0100] "GET /wp-content/uploads/smile_fonts/Defaults/Defaults.css HTTP/1.1" 200 4755 "https://www.ipcbusiness.de/" "Mozilla/5.0 (iPhone; CPU iPhone OS 16_6_1 like Mac OS X) AppleWebKit/605.1.15 (KHTML, like Gecko) Version/16.6 Mobile/15E148 Safari/604.1"
80.187.101.0 - - [07/Nov/2023:01:36:04 +0100] "GET /wp-content/plugins/complianz-gdpr/assets/css/cookieconsent.min.css HTTP/1.1" 200 3429 "https://www.ipcbusiness.de/" "Mozilla/5.0 (iPhone; CPU iPhone OS 16_6_1 like Mac OS X) AppleWebKit/605.1.15 (KHTML, like Gecko) Version/16.6 Mobile/15E148 Safari/604.1"
80.187.101.0 - - [07/Nov/2023:01:36:04 +0100] "GET /wp-content/plugins/contact-form-7/includes/css/styles.css HTTP/1.1" 200 932 "https://www.ipcbusiness.de/" "Mozilla/5.0 (iPhone; CPU iPhone OS 16_6_1 like Mac OS X) AppleWebKit/605.1.15 (KHTML, like Gecko) Version/16.6 Mobile/15E148 Safari/604.1"
80.187.101.0 - - [07/Nov/2023:01:36:04 +0100] "GET /wp-content/plugins/easy-fancybox/css/jquery.fancybox.min.css HTTP/1.1" 200 1111 "https://www.ipcbusiness.de/" "Mozilla/5.0 (iPhone; CPU iPhone OS 16_6_1 like Mac OS X) AppleWebKit/605.1.15 (KHTML, like Gecko) Version/16.6 Mobile/15E148 Safari/604.1"
80.187.101.0 - - [07/Nov/2023:01:36:04 +0100] "GET /wp-content/plugins/revslider/public/assets/css/rs6.css HTTP/1.1" 200 12698 "https://www.ipcbusiness.de/" "Mozilla/5.0 (iPhone; CPU iPhone OS 16_6_1 like Mac OS X) AppleWebKit/605.1.15 (KHTML, like Gecko) Version/16.6 Mobile/15E148 Safari/604.1"
80.187.101.0 - - [07/Nov/2023:01:36:04 +0100] "GET /wp-content/themes/lhst/lib/css/style.min.css HTTP/1.1" 200 38395 "https://www.ipcbusiness.de/" "Mozilla/5.0 (iPhone; CPU iPhone OS 16_6_1 like Mac OS X) AppleWebKit/605.1.15 (KHTML, like Gecko) Version/16.6 Mobile/15E148 Safari/604.1"
80.187.101.0 - - [07/Nov/2023:01:36:04 +0100] "GET /wp-includes/css/dist/block-library/style.min.css HTTP/1.1" 200 10523 "https://www.ipcbusiness.de/" "Mozilla/5.0 (iPhone; CPU iPhone OS 16_6_1 like Mac OS X) AppleWebKit/605.1.15 (KHTML, like Gecko) Version/16.6 Mobile/15E148 Safari/604.1"
80.187.101.0 - - [07/Nov/2023:01:36:04 +0100] "GET /wp-content/themes/lhst/lib/css/bootstrap-responsive-1170.min.css HTTP/1.1" 200 1157 "https://www.ipcbusiness.de/" "Mozilla/5.0 (iPhone; CPU iPhone OS 16_6_1 like Mac OS X) AppleWebKit/605.1.15 (KHTML, like Gecko) Version/16.6 Mobile/15E148 Safari/604.1"
80.187.101.0 - - [07/Nov/2023:01:36:04 +0100] "GET /wp-content/themes/lhst/includes/modules/module.fontawesome/source/css/font-awesome.min.css HTTP/1.1" 200 4680 "https://www.ipcbusiness.de/" "Mozilla/5.0 (iPhone; CPU iPhone OS 16_6_1 like Mac OS X) AppleWebKit/605.1.15 (KHTML, like Gecko) Version/16.6 Mobile/15E148 Safari/604.1"
80.187.101.0 - - [07/Nov/2023:01:36:04 +0100] "GET /wp-content/uploads/Default-Skin_54ce98c851b37c14ba88fe891dd1e475.css?lXZVpV0jtP HTTP/1.1" 200 4314 "https://www.ipcbusiness.de/" "Mozilla/5.0 (iPhone; CPU iPhone OS 16_6_1 like Mac OS X) AppleWebKit/605.1.15 (KHTML, like Gecko) Version/16.6 Mobile/15E148 Safari/604.1"
80.187.101.0 - - [07/Nov/2023:01:36:04 +0100] "GET /wp-content/plugins/js_composer/assets/css/js_composer.min.css HTTP/1.1" 200 45790 "https://www.ipcbusiness.de/" "Mozilla/5.0 (iPhone; CPU iPhone OS 16_6_1 like Mac OS X) AppleWebKit/605.1.15 (KHTML, like Gecko) Version/16.6 Mobile/15E148 Safari/604.1"
80.187.101.0 - - [07/Nov/2023:01:36:04 +0100] "GET /wp-content/plugins/wpglobus/includes/css/wpglobus.css HTTP/1.1" 200 501 "https://www.ipcbusiness.de/" "Mozilla/5.0 (iPhone; CPU iPhone OS 16_6_1 like Mac OS X) AppleWebKit/605.1.15 (KHTML, like Gecko) Version/16.6 Mobile/15E148 Safari/604.1"
80.187.101.0 - - [07/Nov/2023:01:36:04 +0100] "GET /wp-content/themes/lhst/includes/modules/module.icomoon/source/css/icomoon.css HTTP/1.1" 200 8420 "https://www.ipcbusiness.de/" "Mozilla/5.0 (iPhone; CPU iPhone OS 16_6_1 like Mac OS X) AppleWebKit/605.1.15 (KHTML, like Gecko) Version/16.6 Mobile/15E148 Safari/604.1"
80.187.101.0 - - [07/Nov/2023:01:36:04 +0100] "GET /wp-includes/js/jquery/jquery-migrate.min.js HTTP/1.1" 200 4169 "https://www.ipcbusiness.de/" "Mozilla/5.0 (iPhone; CPU iPhone OS 16_6_1 like Mac OS X) AppleWebKit/605.1.15 (KHTML, like Gecko) Version/16.6 Mobile/15E148 Safari/604.1"
80.187.101.0 - - [07/Nov/2023:01:36:04 +0100] "GET /wp-includes/js/jquery/jquery.min.js HTTP/1.1" 200 30908 "https://www.ipcbusiness.de/" "Mozilla/5.0 (iPhone; CPU iPhone OS 16_6_1 like Mac OS X) AppleWebKit/605.1.15 (KHTML, like Gecko) Version/16.6 Mobile/15E148 Safari/604.1"
80.187.101.0 - - [07/Nov/2023:01:36:04 +0100] "GET /wp-content/plugins/revslider/public/assets/js/rbtools.min.js HTTP/1.1" 200 46967 "https://www.ipcbusiness.de/" "Mozilla/5.0 (iPhone; CPU iPhone OS 16_6_1 like Mac OS X) AppleWebKit/605.1.15 (KHTML, like Gecko) Version/16.6 Mobile/15E148 Safari/604.1"
80.187.101.0 - - [07/Nov/2023:01:36:04 +0100] "GET /wp-includes/js/utils.min.js HTTP/1.1" 200 828 "https://www.ipcbusiness.de/" "Mozilla/5.0 (iPhone; CPU iPhone OS 16_6_1 like Mac OS X) AppleWebKit/605.1.15 (KHTML, like Gecko) Version/16.6 Mobile/15E148 Safari/604.1"
80.187.101.0 - - [07/Nov/2023:01:36:04 +0100] "GET /wp-content/plugins/revslider/public/assets/js/rs6.min.js HTTP/1.1" 200 86246 "https://www.ipcbusiness.de/" "Mozilla/5.0 (iPhone; CPU iPhone OS 16_6_1 like Mac OS X) AppleWebKit/605.1.15 (KHTML, like Gecko) Version/16.6 Mobile/15E148 Safari/604.1"
80.187.101.0 - - [07/Nov/2023:01:36:04 +0100] "GET /wp-content/plugins/js_composer/assets/lib/prettyphoto/css/prettyPhoto.min.css HTTP/1.1" 200 2797 "https://www.ipcbusiness.de/" "Mozilla/5.0 (iPhone; CPU iPhone OS 16_6_1 like Mac OS X) AppleWebKit/605.1.15 (KHTML, like Gecko) Version/16.6 Mobile/15E148 Safari/604.1"
80.187.101.0 - - [07/Nov/2023:01:36:04 +0100] "GET /wp-content/themes/lhst/lib/js/app.min.js HTTP/1.1" 200 31102 "https://www.ipcbusiness.de/" "Mozilla/5.0 (iPhone; CPU iPhone OS 16_6_1 like Mac OS X) AppleWebKit/605.1.15 (KHTML, like Gecko) Version/16.6 Mobile/15E148 Safari/604.1"
80.187.101.0 - - [07/Nov/2023:01:36:04 +0100] "GET /wp-content/themes/lhst/includes/modules/module.to_top/source/to_top.js HTTP/1.1" 200 758 "https://www.ipcbusiness.de/" "Mozilla/5.0 (iPhone; CPU iPhone OS 16_6_1 like Mac OS X) AppleWebKit/605.1.15 (KHTML, like Gecko) Version/16.6 Mobile/15E148 Safari/604.1"
80.187.101.0 - - [07/Nov/2023:01:36:04 +0100] "GET /wp-includes/js/dist/vendor/regenerator-runtime.min.js HTTP/1.1" 200 2398 "https://www.ipcbusiness.de/" "Mozilla/5.0 (iPhone; CPU iPhone OS 16_6_1 like Mac OS X) AppleWebKit/605.1.15 (KHTML, like Gecko) Version/16.6 Mobile/15E148 Safari/604.1"
80.187.101.0 - - [07/Nov/2023:01:36:04 +0100] "GET /wp-includes/js/dist/vendor/wp-polyfill.min.js HTTP/1.1" 200 6031 "https://www.ipcbusiness.de/" "Mozilla/5.0 (iPhone; CPU iPhone OS 16_6_1 like Mac OS X) AppleWebKit/605.1.15 (KHTML, like Gecko) Version/16.6 Mobile/15E148 Safari/604.1"
80.187.101.0 - - [07/Nov/2023:01:36:04 +0100] "GET /wp-content/plugins/easy-fancybox/js/jquery.fancybox.min.js HTTP/1.1" 200 6330 "https://www.ipcbusiness.de/" "Mozilla/5.0 (iPhone; CPU iPhone OS 16_6_1 like Mac OS X) AppleWebKit/605.1.15 (KHTML, like Gecko) Version/16.6 Mobile/15E148 Safari/604.1"
80.187.101.0 - - [07/Nov/2023:01:36:04 +0100] "GET /wp-content/plugins/contact-form-7/includes/js/index.js HTTP/1.1" 200 4071 "https://www.ipcbusiness.de/" "Mozilla/5.0 (iPhone; CPU iPhone OS 16_6_1 like Mac OS X) AppleWebKit/605.1.15 (KHTML, like Gecko) Version/16.6 Mobile/15E148 Safari/604.1"
80.187.101.0 - - [07/Nov/2023:01:36:04 +0100] "GET /wp-content/plugins/complianz-gdpr/assets/js/cookieconsent.min.js HTTP/1.1" 200 7678 "https://www.ipcbusiness.de/" "Mozilla/5.0 (iPhone; CPU iPhone OS 16_6_1 like Mac OS X) AppleWebKit/605.1.15 (KHTML, like Gecko) Version/16.6 Mobile/15E148 Safari/604.1"
80.187.101.0 - - [07/Nov/2023:01:36:04 +0100] "GET /wp-content/plugins/complianz-gdpr/assets/js/complianz.min.js HTTP/1.1" 200 8645 "https://www.ipcbusiness.de/" "Mozilla/5.0 (iPhone; CPU iPhone OS 16_6_1 like Mac OS X) AppleWebKit/605.1.15 (KHTML, like Gecko) Version/16.6 Mobile/15E148 Safari/604.1"
80.187.101.0 - - [07/Nov/2023:01:36:04 +0100] "GET /wp-content/plugins/wpglobus/includes/js/wpglobus.min.js HTTP/1.1" 200 362 "https://www.ipcbusiness.de/" "Mozilla/5.0 (iPhone; CPU iPhone OS 16_6_1 like Mac OS X) AppleWebKit/605.1.15 (KHTML, like Gecko) Version/16.6 Mobile/15E148 Safari/604.1"
80.187.101.0 - - [07/Nov/2023:01:36:04 +0100] "GET /wp-content/themes/lhst/lib/js/jquery-smoothscroll.min.js HTTP/1.1" 200 2546 "https://www.ipcbusiness.de/" "Mozilla/5.0 (iPhone; CPU iPhone OS 16_6_1 like Mac OS X) AppleWebKit/605.1.15 (KHTML, like Gecko) Version/16.6 Mobile/15E148 Safari/604.1"
80.187.101.0 - - [07/Nov/2023:01:36:04 +0100] "GET /wp-includes/js/wp-embed.min.js HTTP/1.1" 200 804 "https://www.ipcbusiness.de/" "Mozilla/5.0 (iPhone; CPU iPhone OS 16_6_1 like Mac OS X) AppleWebKit/605.1.15 (KHTML, like Gecko) Version/16.6 Mobile/15E148 Safari/604.1"
80.187.101.0 - - [07/Nov/2023:01:36:04 +0100] "GET /wp-content/plugins/js_composer/assets/js/dist/js_composer_front.min.js HTTP/1.1" 200 5816 "https://www.ipcbusiness.de/" "Mozilla/5.0 (iPhone; CPU iPhone OS 16_6_1 like Mac OS X) AppleWebKit/605.1.15 (KHTML, like Gecko) Version/16.6 Mobile/15E148 Safari/604.1"
80.187.101.0 - - [07/Nov/2023:01:36:04 +0100] "GET /wp-content/plugins/js_composer/assets/lib/prettyphoto/js/jquery.prettyPhoto.min.js HTTP/1.1" 200 6209 "https://www.ipcbusiness.de/" "Mozilla/5.0 (iPhone; CPU iPhone OS 16_6_1 like Mac OS X) AppleWebKit/605.1.15 (KHTML, like Gecko) Version/16.6 Mobile/15E148 Safari/604.1"
80.187.101.0 - - [07/Nov/2023:01:36:04 +0100] "GET /wp-content/themes/lhst/includes/modules/module.fontawesome/source/font/fontawesome-webfont.woff?v=3.2.1 HTTP/1.1" 200 43568 "https://www.ipcbusiness.de/" "Mozilla/5.0 (iPhone; CPU iPhone OS 16_6_1 like Mac OS X) AppleWebKit/605.1.15 (KHTML, like Gecko) Version/16.6 Mobile/15E148 Safari/604.1"
80.187.101.0 - - [07/Nov/2023:01:36:04 +0100] "GET /wp-content/uploads/smile_fonts/Defaults/Defaults.woff?rfa9z8 HTTP/1.1" 200 66219 "https://www.ipcbusiness.de/" "Mozilla/5.0 (iPhone; CPU iPhone OS 16_6_1 like Mac OS X) AppleWebKit/605.1.15 (KHTML, like Gecko) Version/16.6 Mobile/15E148 Safari/604.1"
80.187.101.0 - - [07/Nov/2023:01:36:04 +0100] "GET /wp-content/uploads/lhst.png HTTP/1.1" 200 6582 "https://www.ipcbusiness.de/" "Mozilla/5.0 (iPhone; CPU iPhone OS 16_6_1 like Mac OS X) AppleWebKit/605.1.15 (KHTML, like Gecko) Version/16.6 Mobile/15E148 Safari/604.1"
80.187.101.0 - - [07/Nov/2023:01:36:04 +0100] "GET /wp-content/uploads/trapo-1.jpg HTTP/1.1" 200 177005 "https://www.ipcbusiness.de/" "Mozilla/5.0 (iPhone; CPU iPhone OS 16_6_1 like Mac OS X) AppleWebKit/605.1.15 (KHTML, like Gecko) Version/16.6 Mobile/15E148 Safari/604.1"
80.187.101.0 - - [07/Nov/2023:01:36:04 +0100] "GET /wp-content/uploads/slider4.jpg HTTP/1.1" 200 271894 "https://www.ipcbusiness.de/" "Mozilla/5.0 (iPhone; CPU iPhone OS 16_6_1 like Mac OS X) AppleWebKit/605.1.15 (KHTML, like Gecko) Version/16.6 Mobile/15E148 Safari/604.1"
80.187.101.0 - - [07/Nov/2023:01:36:04 +0100] "GET /wp-content/uploads/trapo.jpg HTTP/1.1" 200 147071 "https://www.ipcbusiness.de/" "Mozilla/5.0 (iPhone; CPU iPhone OS 16_6_1 like Mac OS X) AppleWebKit/605.1.15 (KHTML, like Gecko) Version/16.6 Mobile/15E148 Safari/604.1"
80.187.101.0 - - [07/Nov/2023:01:36:04 +0100] "GET /wp-content/plugins/wpglobus/flags/de.png HTTP/1.1" 200 181 "https://www.ipcbusiness.de/" "Mozilla/5.0 (iPhone; CPU iPhone OS 16_6_1 like Mac OS X) AppleWebKit/605.1.15 (KHTML, like Gecko) Version/16.6 Mobile/15E148 Safari/604.1"
80.187.101.0 - - [07/Nov/2023:01:36:04 +0100] "GET /wp-content/uploads/head.png HTTP/1.1" 200 108185 "https://www.ipcbusiness.de/" "Mozilla/5.0 (iPhone; CPU iPhone OS 16_6_1 like Mac OS X) AppleWebKit/605.1.15 (KHTML, like Gecko) Version/16.6 Mobile/15E148 Safari/604.1"
80.187.101.0 - - [07/Nov/2023:01:36:04 +0100] "GET /wp-content/plugins/wpglobus/flags/uk.png HTTP/1.1" 200 412 "https://www.ipcbusiness.de/" "Mozilla/5.0 (iPhone; CPU iPhone OS 16_6_1 like Mac OS X) AppleWebKit/605.1.15 (KHTML, like Gecko) Version/16.6 Mobile/15E148 Safari/604.1"
80.187.101.0 - - [07/Nov/2023:01:36:04 +0100] "GET /wp-content/plugins/wpglobus/flags/fr.png HTTP/1.1" 200 229 "https://www.ipcbusiness.de/" "Mozilla/5.0 (iPhone; CPU iPhone OS 16_6_1 like Mac OS X) AppleWebKit/605.1.15 (KHTML, like Gecko) Version/16.6 Mobile/15E148 Safari/604.1"
80.187.101.0 - - [07/Nov/2023:01:36:04 +0100] "GET /wp-content/plugins/wpglobus/flags/ru.png HTTP/1.1" 200 169 "https://www.ipcbusiness.de/" "Mozilla/5.0 (iPhone; CPU iPhone OS 16_6_1 like Mac OS X) AppleWebKit/605.1.15 (KHTML, like Gecko) Version/16.6 Mobile/15E148 Safari/604.1"
80.187.101.0 - - [07/Nov/2023:01:36:04 +0100] "GET /wp-content/plugins/wpglobus/flags/ua.png HTTP/1.1" 200 210 "https://www.ipcbusiness.de/" "Mozilla/5.0 (iPhone; CPU iPhone OS 16_6_1 like Mac OS X) AppleWebKit/605.1.15 (KHTML, like Gecko) Version/16.6 Mobile/15E148 Safari/604.1"
80.187.101.0 - - [07/Nov/2023:01:36:04 +0100] "GET /wp-content/plugins/wpglobus/flags/it.png HTTP/1.1" 200 228 "https://www.ipcbusiness.de/" "Mozilla/5.0 (iPhone; CPU iPhone OS 16_6_1 like Mac OS X) AppleWebKit/605.1.15 (KHTML, like Gecko) Version/16.6 Mobile/15E148 Safari/604.1"
80.187.101.0 - - [07/Nov/2023:01:36:04 +0100] "GET /wp-content/plugins/wpglobus/flags/pl.png HTTP/1.1" 200 155 "https://www.ipcbusiness.de/" "Mozilla/5.0 (iPhone; CPU iPhone OS 16_6_1 like Mac OS X) AppleWebKit/605.1.15 (KHTML, like Gecko) Version/16.6 Mobile/15E148 Safari/604.1"
80.187.101.0 - - [07/Nov/2023:01:36:04 +0100] "GET /wp-content/plugins/wpglobus/flags/es.png HTTP/1.1" 200 253 "https://www.ipcbusiness.de/" "Mozilla/5.0 (iPhone; CPU iPhone OS 16_6_1 like Mac OS X) AppleWebKit/605.1.15 (KHTML, like Gecko) Version/16.6 Mobile/15E148 Safari/604.1"
80.187.101.0 - - [07/Nov/2023:01:36:04 +0100] "GET /wp-content/uploads/container-1.jpg HTTP/1.1" 200 93576 "https://www.ipcbusiness.de/" "Mozilla/5.0 (iPhone; CPU iPhone OS 16_6_1 like Mac OS X) AppleWebKit/605.1.15 (KHTML, like Gecko) Version/16.6 Mobile/15E148 Safari/604.1"
80.187.101.0 - - [07/Nov/2023:01:36:05 +0100] "GET /wp-content/uploads/favicon.png HTTP/1.1" 200 1240 "https://www.ipcbusiness.de/" "Mozilla/5.0 (iPhone; CPU iPhone OS 16_6_1 like Mac OS X) AppleWebKit/605.1.15 (KHTML, like Gecko) Version/16.6 Mobile/15E148 Safari/604.1"
:: - - [07/Nov/2023:01:36:07 +0100] "OPTIONS * HTTP/1.0" 200 - "-" "Apache/2.4.6 (CentOS) OpenSSL/1.0.2k-fips mod_fcgid/2.3.9 (internal dummy connection)"
198.235.24.0 - - [07/Nov/2023:01:37:32 +0100] "GET / HTTP/1.1" 400 347 "-" "Expanse, a Palo Alto Networks company, searches across the global IPv4 space multiple times per day to identify customers' presences on the Internet. If you would like to be excluded from our scans, please send IP addresses/domains to: scaninfo@paloaltonetworks.com"
157.55.39.0 - - [07/Nov/2023:01:40:01 +0100] "GET /robots.txt HTTP/1.1" 301 293 "-" "Mozilla/5.0 AppleWebKit/537.36 (KHTML, like Gecko; compatible; bingbot/2.0; +http://www.bing.com/bingbot.htm) Chrome/103.0.5060.134 Safari/537.36"
40.77.167.0 - - [07/Nov/2023:01:40:10 +0100] "GET / HTTP/1.1" 301 283 "-" "Mozilla/5.0 AppleWebKit/537.36 (KHTML, like Gecko; compatible; bingbot/2.0; +http://www.bing.com/bingbot.htm) Chrome/103.0.5060.134 Safari/537.36"
81.169.178.0 - - [07/Nov/2023:01:48:39 +0100] "POST /wp-cron.php?doing_wp_cron=1699318118.9885349273681640625000 HTTP/1.1" 200 - "https://www.computerdoc24.de/wp-cron.php?doing_wp_cron=1699318118.9885349273681640625000" "WordPress/5.2.19; https://www.computerdoc24.de"
191.101.126.0 - - [07/Nov/2023:01:48:38 +0100] "HEAD /wp-login.php?action=register HTTP/1.1" 302 - "https://computerdoc24.de/wp-login.php" "Mozilla/5.0 (Macintosh; Intel Mac OS X 10_15_7) AppleWebKit/537.36 (KHTML, like Gecko) Chrome/116.0.0.0 Safari/537.36"
213.136.71.0 - - [07/Nov/2023:01:54:00 +0100] "GET / HTTP/1.1" 301 235 "-" "Mozilla/5.0 (Windows NT 10.0; Win64; x64; rv:84.0) Gecko/20100101 Firefox/84.0"
81.169.178.0 - - [07/Nov/2023:01:54:04 +0100] "POST /wp-cron.php?doing_wp_cron=1699318444.4786710739135742187500 HTTP/1.1" 200 - "https://www.ipcbusiness.de/wp-cron.php?doing_wp_cron=1699318444.4786710739135742187500" "WordPress/5.8.8; https://www.ipcbusiness.de"
213.136.71.0 - - [07/Nov/2023:01:54:04 +0100] "GET / HTTP/1.1" 200 16117 "-" "Mozilla/5.0 (Windows NT 10.0; Win64; x64; rv:84.0) Gecko/20100101 Firefox/84.0"
114.119.151.0 - - [07/Nov/2023:01:57:43 +0100] "GET /robots.txt HTTP/1.1" 200 69 "-" "Mozilla/5.0 (compatible;PetalBot;+https://webmaster.petalsearch.com/site/petalbot)"
199.244.88.0 - - [07/Nov/2023:01:58:45 +0100] "GET / HTTP/1.1" 200 16118 "http://ipc-business.de" "Mozilla/5.0 (X11; Linux x86_64) AppleWebKit/537.36 (KHTML, like Gecko) Chrome/105.0.0.0 Safari/537.36"
62.138.2.0 - - [07/Nov/2023:02:02:42 +0100] "GET /robots.txt HTTP/1.1" 200 69 "-" "Mozilla/5.0 (Macintosh; Intel Mac OS X 10.15; rv:103.0) Gecko/20100101 Firefox/103.0"
62.138.2.0 - - [07/Nov/2023:02:02:42 +0100] "GET /fr/ueber-uns/umweltverantwortung/ HTTP/1.1" 200 11102 "-" "Mozilla/5.0 (Macintosh; Intel Mac OS X 10.15; rv:103.0) Gecko/20100101 Firefox/103.0"
213.136.71.0 - - [07/Nov/2023:02:04:31 +0100] "GET /impressum/ HTTP/1.1" 200 13736 "-" "Mozilla/5.0 (Windows NT 10.0; Win64; x64; rv:84.0) Gecko/20100101 Firefox/84.0"
104.248.208.0 - - [07/Nov/2023:02:04:42 +0100] "GET / HTTP/1.0" 200 2691 "-" "-"
104.140.148.0 - - [07/Nov/2023:02:06:14 +0100] "POST / HTTP/1.1" 404 2535 "-" "Mozilla/5.0 (Windows NT 6.1; WOW64) AppleWebKit/537.36 (KHTML, like Gecko) Chrome/36.0.1985.67 Safari/537.36"
198.235.24.0 - - [07/Nov/2023:02:08:05 +0100] "\x16\x03\x01" 400 226 "-" "-"
198.235.24.0 - - [07/Nov/2023:02:08:05 +0100] "\x16\x03\x01" 400 226 "-" "-"
81.169.178.0 - - [07/Nov/2023:02:10:00 +0100] "POST /wp-cron.php?doing_wp_cron=1699319400.3359670639038085937500 HTTP/1.1" 200 - "https://www.computerdoc24.de/wp-cron.php?doing_wp_cron=1699319400.3359670639038085937500" "WordPress/5.2.19; https://www.computerdoc24.de"
172.111.185.0 - - [07/Nov/2023:02:10:00 +0100] "GET /kontakt/ HTTP/1.1" 200 14138 "-" "Mozilla/5.0 (Windows NT 10.0; Win64; x64) AppleWebKit/537.36 (KHTML, like Gecko) Chrome/114.0.0.0 Safari/537.36"
51.222.253.0 - - [07/Nov/2023:02:11:17 +0100] "GET /robots.txt HTTP/1.1" 200 2691 "-" "Mozilla/5.0 (compatible; AhrefsBot/7.0; +http://ahrefs.com/robot/)"
54.36.148.0 - - [07/Nov/2023:02:11:18 +0100] "GET / HTTP/1.1" 200 2691 "-" "Mozilla/5.0 (compatible; AhrefsBot/7.0; +http://ahrefs.com/robot/)"
62.138.2.0 - - [07/Nov/2023:02:12:36 +0100] "GET /robots.txt HTTP/1.1" 200 69 "-" "Mozilla/5.0 (Macintosh; Intel Mac OS X 10.15; rv:103.0) Gecko/20100101 Firefox/103.0"
62.138.2.0 - - [07/Nov/2023:02:12:37 +0100] "GET /fr HTTP/1.1" 200 - "-" "Mozilla/5.0 (Macintosh; Intel Mac OS X 10.15; rv:103.0) Gecko/20100101 Firefox/103.0"
62.138.2.0 - - [07/Nov/2023:02:17:28 +0100] "GET /fr/unsere-produkte-und-services/innovative-ladeeinheiten/ HTTP/1.1" 200 11183 "-" "Mozilla/5.0 (Macintosh; Intel Mac OS X 10.15; rv:103.0) Gecko/20100101 Firefox/103.0"
42.83.147.0 - - [07/Nov/2023:02:17:32 +0100] "GET / HTTP/1.1" 200 2691 "-" "Mozilla/5.0 (Windows NT 6.1; Win64; x64) AppleWebKit/537.36 (KHTML, like Gecko)Chrome/74.0.3729.169 Safari/537.36"
54.36.148.0 - - [07/Nov/2023:02:20:44 +0100] "GET /robots.txt HTTP/1.1" 200 2691 "-" "Mozilla/5.0 (compatible; AhrefsBot/7.0; +http://ahrefs.com/robot/)"
54.36.148.0 - - [07/Nov/2023:02:21:26 +0100] "GET / HTTP/1.1" 200 2691 "-" "Mozilla/5.0 (compatible; AhrefsBot/7.0; +http://ahrefs.com/robot/)"
81.169.178.0 - - [07/Nov/2023:02:22:12 +0100] "POST /wp-cron.php?doing_wp_cron=1699320132.4414958953857421875000 HTTP/1.1" 200 - "https://www.ipcbusiness.de/wp-cron.php?doing_wp_cron=1699320132.4414958953857421875000" "WordPress/5.8.8; https://www.ipcbusiness.de/fr"
62.138.2.0 - - [07/Nov/2023:02:22:12 +0100] "GET /fr/unsere-maerkte/feste-routen/ HTTP/1.1" 200 11434 "-" "Mozilla/5.0 (Macintosh; Intel Mac OS X 10.15; rv:103.0) Gecko/20100101 Firefox/103.0"
81.169.178.0 - - [07/Nov/2023:02:26:16 +0100] "POST /wp-cron.php?doing_wp_cron=1699320376.4026930332183837890625 HTTP/1.1" 200 - "http://www.computerdoc24.de/wp-cron.php?doing_wp_cron=1699320376.4026930332183837890625" "WordPress/5.2.19; https://www.computerdoc24.de"
37.19.223.0 - - [07/Nov/2023:02:26:16 +0100] "GET / HTTP/1.0" 301 - "http://computerdoc24.de/" "Mozilla/5.0 (Windows NT 6.1; Win64; x64) AppleWebKit/537.36 (KHTML, like Gecko) Chrome/67.0.3396.87 Safari/537.36 OPR/54.0.2952.51"
37.19.223.0 - - [07/Nov/2023:02:26:17 +0100] "GET / HTTP/1.0" 301 - "https://computerdoc24.de/" "Mozilla/5.0 (Windows NT 6.1; Win64; x64) AppleWebKit/537.36 (KHTML, like Gecko) Chrome/67.0.3396.87 Safari/537.36 OPR/54.0.2952.51"
37.19.223.0 - - [07/Nov/2023:02:26:18 +0100] "GET / HTTP/1.0" 200 95740 "https://www.computerdoc24.de/" "Mozilla/5.0 (Windows NT 6.1; Win64; x64) AppleWebKit/537.36 (KHTML, like Gecko) Chrome/67.0.3396.87 Safari/537.36 OPR/54.0.2952.51"
37.19.223.0 - - [07/Nov/2023:02:26:19 +0100] "GET /kontakt/ HTTP/1.0" 200 58156 "https://www.computerdoc24.de/kontakt/" "Mozilla/5.0 (Windows NT 6.1; Win64; x64) AppleWebKit/537.36 (KHTML, like Gecko) Chrome/67.0.3396.87 Safari/537.36 OPR/54.0.2952.51"
81.169.178.0 - - [07/Nov/2023:02:26:51 +0100] "POST /wp-cron.php?doing_wp_cron=1699320411.9385631084442138671875 HTTP/1.1" 200 - "https://www.computerdoc24.de/wp-cron.php?doing_wp_cron=1699320411.9385631084442138671875" "WordPress/5.2.19; https://www.computerdoc24.de"
37.19.223.0 - - [07/Nov/2023:02:26:51 +0100] "POST /kontakt/ HTTP/1.0" 200 59115 "https://www.computerdoc24.de/kontakt/" "Mozilla/5.0 (Windows NT 6.1; Win64; x64) AppleWebKit/537.36 (KHTML, like Gecko) Chrome/67.0.3396.87 Safari/537.36 OPR/54.0.2952.51"
62.138.2.0 - - [07/Nov/2023:02:27:48 +0100] "GET /fr/linieninformationen/ HTTP/1.1" 200 12538 "-" "Mozilla/5.0 (Macintosh; Intel Mac OS X 10.15; rv:103.0) Gecko/20100101 Firefox/103.0"
51.38.45.0 - - [07/Nov/2023:02:27:49 +0100] "GET /wp-content/uploads/trapo-1.jpg HTTP/1.1" 200 177005 "-" "python-urllib3/1.26.9"
51.38.45.0 - - [07/Nov/2023:02:28:08 +0100] "GET /wp-content/uploads/ship-1.jpg HTTP/1.1" 200 67260 "-" "python-urllib3/1.26.9"
51.38.45.0 - - [07/Nov/2023:02:28:27 +0100] "GET /wp-content/uploads/trapo.jpg HTTP/1.1" 200 147071 "-" "python-urllib3/1.26.9"
66.249.64.0 - - [07/Nov/2023:02:35:51 +0100] "GET /robots.txt HTTP/1.1" 301 293 "-" "Mozilla/5.0 (compatible; Googlebot/2.1; +http://www.google.com/bot.html)"
66.249.64.0 - - [07/Nov/2023:02:35:52 +0100] "GET / HTTP/1.1" 301 283 "-" "Mozilla/5.0 (compatible; Googlebot/2.1; +http://www.google.com/bot.html)"
66.249.64.0 - - [07/Nov/2023:02:35:53 +0100] "GET / HTTP/1.1" 301 283 "-" "Mozilla/5.0 (Linux; Android 6.0.1; Nexus 5X Build/MMB29P) AppleWebKit/537.36 (KHTML, like Gecko) Chrome/99.0.4844.84 Mobile Safari/537.36 (compatible; Googlebot/2.1; +http://www.google.com/bot.html)"
54.36.148.0 - - [07/Nov/2023:02:37:15 +0100] "GET /robots.txt HTTP/1.1" 301 245 "-" "Mozilla/5.0 (compatible; AhrefsBot/7.0; +http://ahrefs.com/robot/)"
54.36.148.0 - - [07/Nov/2023:02:37:15 +0100] "GET /robots.txt HTTP/1.1" 200 69 "-" "Mozilla/5.0 (compatible; AhrefsBot/7.0; +http://ahrefs.com/robot/)"
54.36.148.0 - - [07/Nov/2023:02:37:17 +0100] "GET / HTTP/1.1" 301 235 "-" "Mozilla/5.0 (compatible; AhrefsBot/7.0; +http://ahrefs.com/robot/)"
51.38.44.0 - - [07/Nov/2023:02:39:08 +0100] "GET /wp-content/uploads/trapo-1.jpg HTTP/1.1" 200 177005 "-" "python-urllib3/1.26.9"
51.38.44.0 - - [07/Nov/2023:02:39:26 +0100] "GET /wp-content/uploads/ship-1.jpg HTTP/1.1" 200 67260 "-" "python-urllib3/1.26.9"
23.99.229.0 - - [07/Nov/2023:02:39:35 +0100] "POST /wp-login.php HTTP/1.1" 503 7324 "-" "Mozilla/5.0 (Windows NT 5.1) AppleWebKit/537.36 (KHTML, like Gecko) Chrome/47.0.2526.106 Safari/537.36"
51.38.44.0 - - [07/Nov/2023:02:39:45 +0100] "GET /wp-content/uploads/trapo.jpg HTTP/1.1" 200 147071 "-" "python-urllib3/1.26.9"
87.236.176.0 - - [07/Nov/2023:02:42:19 +0100] "GET / HTTP/1.1" 403 2411 "-" "Mozilla/5.0 (compatible; InternetMeasurement/1.0; +https://internet-measurement.com/)"
162.142.125.0 - - [07/Nov/2023:02:45:43 +0100] "GET / HTTP/1.1" 403 2411 "-" "Mozilla/5.0 (compatible; CensysInspect/1.1; +https://about.censys.io/)"
162.142.125.0 - - [07/Nov/2023:02:45:43 +0100] "PRI * HTTP/2.0" 400 226 "-" "-"
81.169.178.0 - - [07/Nov/2023:02:47:24 +0100] "POST /wp-cron.php?doing_wp_cron=1699321644.2489659786224365234375 HTTP/1.1" 200 - "https://www.computerdoc24.de/wp-cron.php?doing_wp_cron=1699321644.2489659786224365234375" "WordPress/5.2.19; https://www.computerdoc24.de"
51.77.53.0 - - [07/Nov/2023:02:47:24 +0100] "POST /wp-login.php HTTP/1.1" 503 7311 "-" "Mozilla/5.0 (Windows NT 10.0; Win64; x64) AppleWebKit/537.36 (KHTML, like Gecko) Chrome/86.0.4240.193 Safari/537.36"
81.169.178.0 - - [07/Nov/2023:02:47:47 +0100] "POST /wp-cron.php?doing_wp_cron=1699321667.5791060924530029296875 HTTP/1.1" 200 - "https://www.computerdoc24.de/wp-cron.php?doing_wp_cron=1699321667.5791060924530029296875" "WordPress/5.2.19; https://www.computerdoc24.de"
178.25.242.0 - - [07/Nov/2023:02:47:47 +0100] "GET /robots.txt HTTP/1.1" 200 67 "-" "Mozilla/5.0 (compatible; MJ12bot/v1.4.8; http://mj12bot.com/)"
178.25.242.0 - - [07/Nov/2023:02:47:50 +0100] "GET /product/156-asus-a53s-top-geraet/feed/ HTTP/1.1" 200 441 "-" "Mozilla/5.0 (compatible; MJ12bot/v1.4.8; http://mj12bot.com/)"
81.169.178.0 - - [07/Nov/2023:02:47:53 +0100] "POST /wp-cron.php?doing_wp_cron=1699321673.4286799430847167968750 HTTP/1.1" 200 - "https://www.ipcbusiness.de/wp-cron.php?doing_wp_cron=1699321673.4286799430847167968750" "WordPress/5.8.8; https://www.ipcbusiness.de"
62.138.2.0 - - [07/Nov/2023:02:47:53 +0100] "GET /robots.txt HTTP/1.1" 200 69 "-" "Mozilla/5.0 (Macintosh; Intel Mac OS X 10.15; rv:103.0) Gecko/20100101 Firefox/103.0"
62.138.2.0 - - [07/Nov/2023:02:47:53 +0100] "GET /fr/unsere-maerkte/gueter/ HTTP/1.1" 200 11110 "-" "Mozilla/5.0 (Macintosh; Intel Mac OS X 10.15; rv:103.0) Gecko/20100101 Firefox/103.0"
81.169.178.0 - - [07/Nov/2023:02:47:58 +0100] "POST /wp-cron.php?doing_wp_cron=1699321678.0366470813751220703125 HTTP/1.1" 200 - "https://www.computerdoc24.de/wp-cron.php?doing_wp_cron=1699321678.0366470813751220703125" "WordPress/5.2.19; https://www.computerdoc24.de"
178.25.242.0 - - [07/Nov/2023:02:47:57 +0100] "GET /product/186-zoll-asus-aspire-laeuft-gut/feed/ HTTP/1.1" 200 446 "-" "Mozilla/5.0 (compatible; MJ12bot/v1.4.8; http://mj12bot.com/)"
81.169.178.0 - - [07/Nov/2023:02:51:56 +0100] "POST /wp-cron.php?doing_wp_cron=1699321916.6492838859558105468750 HTTP/1.1" 200 - "https://www.ipcbusiness.de/wp-cron.php?doing_wp_cron=1699321916.6492838859558105468750" "WordPress/5.8.8; https://www.ipcbusiness.de/fr"
62.138.2.0 - - [07/Nov/2023:02:51:56 +0100] "GET /fr/unsere-produkte-und-services/kombiverkehr-gruener-transport/ HTTP/1.1" 200 11342 "-" "Mozilla/5.0 (Macintosh; Intel Mac OS X 10.15; rv:103.0) Gecko/20100101 Firefox/103.0"
81.209.177.0 - - [07/Nov/2023:02:56:52 +0100] "GET /robots.txt HTTP/1.1" 200 2691 "-" "netEstate NE Crawler (+http://www.website-datenbank.de/)"
81.209.177.0 - - [07/Nov/2023:02:56:55 +0100] "GET / HTTP/1.1" 200 2691 "-" "netEstate NE Crawler (+http://www.website-datenbank.de/)"
81.209.177.0 - - [07/Nov/2023:02:57:04 +0100] "GET / HTTP/1.1" 200 2691 "-" "netEstate NE Crawler (+http://www.website-datenbank.de/)"
62.138.2.0 - - [07/Nov/2023:02:58:01 +0100] "GET /fr/auftraggeber/ HTTP/1.1" 200 11090 "-" "Mozilla/5.0 (Macintosh; Intel Mac OS X 10.15; rv:103.0) Gecko/20100101 Firefox/103.0"
67.217.57.0 - - [07/Nov/2023:03:00:11 +0100] "GET / HTTP/1.1" 403 2409 "-" "-"
182.42.111.0 - - [07/Nov/2023:03:00:19 +0100] "GET / HTTP/1.1" 403 2409 "-" "Mozilla/5.0 (iPhone; CPU iPhone OS 13_2_3 like Mac OS X) AppleWebKit/605.1.15 (KHTML, like Gecko) Version/13.0.3 Mobile/15E148 Safari/604.1"
81.169.178.0 - - [07/Nov/2023:03:01:25 +0100] "POST /wp-cron.php?doing_wp_cron=1699322485.4355859756469726562500 HTTP/1.1" 200 - "https://www.computerdoc24.de/wp-cron.php?doing_wp_cron=1699322485.4355859756469726562500" "WordPress/5.2.19; https://www.computerdoc24.de"
114.119.136.0 - - [07/Nov/2023:03:01:25 +0100] "GET /robots.txt HTTP/1.1" 200 69 "-" "Mozilla/5.0 (compatible;PetalBot;+https://webmaster.petalsearch.com/site/petalbot)"
167.94.138.0 - - [07/Nov/2023:03:01:34 +0100] "GET / HTTP/1.1" 403 2409 "-" "-"
167.94.138.0 - - [07/Nov/2023:03:01:34 +0100] "GET / HTTP/1.1" 403 2409 "-" "Mozilla/5.0 (compatible; CensysInspect/1.1; +https://about.censys.io/)"
167.94.138.0 - - [07/Nov/2023:03:01:35 +0100] "PRI * HTTP/2.0" 400 226 "-" "-"
94.102.61.0 - - [07/Nov/2023:03:10:33 +0100] "GET / HTTP/1.1" 403 2409 "-" "Mozilla/5.0 (Windows NT 10.0; Win64; x64) AppleWebKit/537.36 (KHTML, like Gecko) Chrome/88.0.4324.190 Safari/537.36"
95.108.213.0 - - [07/Nov/2023:03:15:42 +0100] "GET /robots.txt HTTP/1.1" 301 295 "-" "Mozilla/5.0 (compatible; YandexBot/3.0; +http://yandex.com/bots)"
213.180.203.0 - - [07/Nov/2023:03:15:43 +0100] "GET /unsere-produkte-und-services/innovative-ladeeinheiten/ HTTP/1.1" 301 339 "-" "Mozilla/5.0 (compatible; YandexBot/3.0; +http://yandex.com/bots)"
162.216.150.0 - - [07/Nov/2023:03:20:10 +0100] "GET / HTTP/1.1" 403 2411 "-" "Expanse, a Palo Alto Networks company, searches across the global IPv4 space multiple times per day to identify customers' presences on the Internet. If you would like to be excluded from our scans, please send IP addresses/domains to: scaninfo@paloaltonetworks.com"
62.138.3.0 - - [07/Nov/2023:03:21:54 +0100] "GET /robots.txt HTTP/1.1" 200 2691 "-" "Mozilla/5.0 (Macintosh; Intel Mac OS X 10.15; rv:103.0) Gecko/20100101 Firefox/103.0"
62.138.3.0 - - [07/Nov/2023:03:21:54 +0100] "GET /sitemap.xml HTTP/1.1" 200 2691 "-" "Mozilla/5.0 (Macintosh; Intel Mac OS X 10.15; rv:103.0) Gecko/20100101 Firefox/103.0"
62.138.3.0 - - [07/Nov/2023:03:22:03 +0100] "GET / HTTP/1.1" 200 2691 "-" "Mozilla/5.0 (Macintosh; Intel Mac OS X 10.15; rv:103.0) Gecko/20100101 Firefox/103.0"
184.105.247.0 - - [07/Nov/2023:03:22:20 +0100] "\x16\x03\x01" 400 226 "-" "-"
81.169.178.0 - - [07/Nov/2023:03:22:57 +0100] "POST /wp-cron.php?doing_wp_cron=1699323777.2322390079498291015625 HTTP/1.1" 200 - "https://www.ipcbusiness.de/wp-cron.php?doing_wp_cron=1699323777.2322390079498291015625" "WordPress/5.8.8; https://www.ipcbusiness.de"
94.23.61.0 - - [07/Nov/2023:03:22:57 +0100] "POST /wp-login.php HTTP/1.1" 503 7325 "-" "Mozilla/5.0 (Windows NT 10.0; WOW64) AppleWebKit/537.36 (KHTML, like Gecko) Chrome/56.0.2924.87 Safari/537.36"
81.169.178.0 - - [07/Nov/2023:03:25:50 +0100] "POST /wp-cron.php?doing_wp_cron=1699323950.4604930877685546875000 HTTP/1.1" 200 - "https://www.ipcbusiness.de/wp-cron.php?doing_wp_cron=1699323950.4604930877685546875000" "WordPress/5.8.8; https://www.ipcbusiness.de"
62.138.2.0 - - [07/Nov/2023:03:25:50 +0100] "GET /robots.txt HTTP/1.1" 200 69 "-" "Mozilla/5.0 (Macintosh; Intel Mac OS X 10.15; rv:103.0) Gecko/20100101 Firefox/103.0"
62.138.2.0 - - [07/Nov/2023:03:25:50 +0100] "GET /fr/unsere-maerkte/destinationen/ HTTP/1.1" 200 11049 "-" "Mozilla/5.0 (Macintosh; Intel Mac OS X 10.15; rv:103.0) Gecko/20100101 Firefox/103.0"
62.138.2.0 - - [07/Nov/2023:03:26:37 +0100] "GET /en/unsere-produkte-und-services/ HTTP/1.1" 200 10952 "-" "Mozilla/5.0 (Macintosh; Intel Mac OS X 10.15; rv:103.0) Gecko/20100101 Firefox/103.0"
35.175.116.0 - - [07/Nov/2023:03:27:24 +0100] "GET / HTTP/1.1" 200 2691 "-" "Download Demon/3.5.0.11"
81.169.178.0 - - [07/Nov/2023:03:33:48 +0100] "POST /wp-cron.php?doing_wp_cron=1699324428.1951549053192138671875 HTTP/1.1" 200 - "https://www.computerdoc24.de/wp-cron.php?doing_wp_cron=1699324428.1951549053192138671875" "WordPress/5.2.19; https://www.computerdoc24.de"
89.246.241.0 - - [07/Nov/2023:03:33:48 +0100] "GET /product/logitech-keyboard-k120-black-de/ HTTP/1.1" 200 16788 "-" "Mozilla/5.0 (Windows NT 10.0; Win64; x64; rv:108.0) Gecko/20100101 Firefox/108.0"
167.94.146.0 - - [07/Nov/2023:03:35:01 +0100] "GET / HTTP/1.1" 403 2409 "-" "-"
167.94.146.0 - - [07/Nov/2023:03:35:01 +0100] "GET / HTTP/1.1" 403 2409 "-" "Mozilla/5.0 (compatible; CensysInspect/1.1; +https://about.censys.io/)"
167.94.146.0 - - [07/Nov/2023:03:35:01 +0100] "PRI * HTTP/2.0" 400 226 "-" "-"
195.191.219.0 - - [07/Nov/2023:03:38:12 +0100] "GET /robots.txt HTTP/1.1" 301 245 "-" "Mozilla/5.0 (compatible; MJ12bot/v1.4.8; http://mj12bot.com/)"
195.191.219.0 - - [07/Nov/2023:03:38:13 +0100] "GET /robots.txt HTTP/1.1" 200 67 "-" "Mozilla/5.0 (compatible; MJ12bot/v1.4.8; http://mj12bot.com/)"
195.191.219.0 - - [07/Nov/2023:03:38:16 +0100] "GET / HTTP/1.1" 301 235 "-" "Mozilla/5.0 (compatible; MJ12bot/v1.4.8; http://mj12bot.com/)"
195.191.219.0 - - [07/Nov/2023:03:38:19 +0100] "GET / HTTP/1.1" 200 16116 "-" "Mozilla/5.0 (compatible; MJ12bot/v1.4.8; http://mj12bot.com/)"
185.91.69.0 - - [07/Nov/2023:03:38:40 +0100] "GET / HTTP/1.1" 200 2691 "-" "Mozilla/5.0 (Windows NT 10.0; Win64; x64) AppleWebKit/537.36 (KHTML, like Gecko) Chrome/114.0.0.0 Safari/537.36 Vivaldi/5.3.2679.68"
194.38.22.0 - - [07/Nov/2023:03:39:24 +0100] "GET /admin/plugins/blueimp/server/php/index.php HTTP/1.1" 200 2691 "-" "ALittle Client"
51.222.253.0 - - [07/Nov/2023:03:40:10 +0100] "GET /robots.txt HTTP/1.1" 200 2691 "-" "Mozilla/5.0 (compatible; AhrefsBot/7.0; +http://ahrefs.com/robot/)"
54.36.149.0 - - [07/Nov/2023:03:40:12 +0100] "GET / HTTP/1.1" 200 2691 "-" "Mozilla/5.0 (compatible; AhrefsBot/7.0; +http://ahrefs.com/robot/)"
205.210.31.0 - - [07/Nov/2023:03:41:36 +0100] "GET / HTTP/1.1" 403 2435 "-" "Expanse, a Palo Alto Networks company, searches across the global IPv4 space multiple times per day to identify customers' presences on the Internet. If you would like to be excluded from our scans, please send IP addresses/domains to: scaninfo@paloaltonetworks.com"
81.169.178.0 - - [07/Nov/2023:03:44:30 +0100] "POST /wp-cron.php?doing_wp_cron=1699325070.1041669845581054687500 HTTP/1.1" 200 - "https://www.computerdoc24.de/wp-cron.php?doing_wp_cron=1699325070.1041669845581054687500" "WordPress/5.2.19; https://www.computerdoc24.de"
89.246.241.0 - - [07/Nov/2023:03:44:29 +0100] "GET /datenschutzerklaerung/ HTTP/1.1" 200 24463 "-" "Mozilla/5.0 (Windows NT 10.0; Win64; x64; rv:108.0) Gecko/20100101 Firefox/108.0"
80.66.79.0 - - [07/Nov/2023:03:47:11 +0100] "GET / HTTP/1.1" 200 2691 "https://promred.ru/" "Mozilla/4.0 (compatible; MSIE 5.5; Windows NT 5.0; .NET CLR 1.1.4322)"
80.66.79.0 - - [07/Nov/2023:03:47:11 +0100] "GET / HTTP/1.1" 200 2691 "https://promred.ru/" "Mozilla/4.0 (compatible; MSIE 5.5; Windows NT 5.0; .NET CLR 1.1.4322)"
80.66.79.0 - - [07/Nov/2023:03:47:12 +0100] "GET / HTTP/1.1" 200 2691 "https://promred.ru/" "Mozilla/4.0 (compatible; MSIE 5.5; Windows NT 5.0; .NET CLR 1.1.4322)"
208.100.26.0 - - [07/Nov/2023:03:48:31 +0100] "GET / HTTP/1.1" 301 - "-" "Mozilla/5.0 (Windows NT 6.1; WOW64) AppleWebKit/537.36 (KHTML, like Gecko) Chrome/71.0.3578.98 Safari/537.36"
208.100.26.0 - - [07/Nov/2023:03:48:32 +0100] "GET / HTTP/1.1" 200 20480 "https://computerdoc24.de/" "Mozilla/5.0 (Windows NT 6.1; WOW64) AppleWebKit/537.36 (KHTML, like Gecko) Chrome/71.0.3578.98 Safari/537.36"
208.100.26.0 - - [07/Nov/2023:03:48:31 +0100] "GET / HTTP/1.1" 301 - "-" "Mozilla/5.0 (Macintosh; Intel Mac OS X 10_15_6) AppleWebKit/537.36 (KHTML, like Gecko) Chrome/86.0.4216.0 Safari/537.36 Edg/86.0.598.0"
208.100.26.0 - - [07/Nov/2023:03:48:33 +0100] "GET / HTTP/1.1" 301 - "http://computerdoc24.de/" "Mozilla/5.0 (Macintosh; Intel Mac OS X 10_15_6) AppleWebKit/537.36 (KHTML, like Gecko) Chrome/86.0.4216.0 Safari/537.36 Edg/86.0.598.0"
208.100.26.0 - - [07/Nov/2023:03:48:34 +0100] "GET / HTTP/1.1" 200 20479 "https://computerdoc24.de/" "Mozilla/5.0 (Macintosh; Intel Mac OS X 10_15_6) AppleWebKit/537.36 (KHTML, like Gecko) Chrome/86.0.4216.0 Safari/537.36 Edg/86.0.598.0"
81.169.178.0 - - [07/Nov/2023:03:48:31 +0100] "POST /wp-cron.php?doing_wp_cron=1699325311.7248029708862304687500 HTTP/1.1" 200 - "http://www.computerdoc24.de/wp-cron.php?doing_wp_cron=1699325311.7248029708862304687500" "WordPress/5.2.19; https://www.computerdoc24.de"
89.246.241.0 - - [07/Nov/2023:03:49:25 +0100] "GET /impressum/ HTTP/1.1" 200 14283 "-" "Mozilla/5.0 (Windows NT 10.0; Win64; x64; rv:108.0) Gecko/20100101 Firefox/108.0"
62.138.2.0 - - [07/Nov/2023:03:50:42 +0100] "GET /robots.txt HTTP/1.1" 200 69 "-" "Mozilla/5.0 (Macintosh; Intel Mac OS X 10.15; rv:103.0) Gecko/20100101 Firefox/103.0"
62.138.2.0 - - [07/Nov/2023:03:50:43 +0100] "GET /uk/datenschutzerklaerung/ HTTP/1.1" 200 17638 "-" "Mozilla/5.0 (Macintosh; Intel Mac OS X 10.15; rv:103.0) Gecko/20100101 Firefox/103.0"
62.138.2.0 - - [07/Nov/2023:03:51:48 +0100] "GET /en/datenschutzerklaerung/ HTTP/1.1" 200 16879 "-" "Mozilla/5.0 (Macintosh; Intel Mac OS X 10.15; rv:103.0) Gecko/20100101 Firefox/103.0"
81.169.178.0 - - [07/Nov/2023:03:51:52 +0100] "POST /wp-cron.php?doing_wp_cron=1699325512.3830649852752685546875 HTTP/1.1" 200 - "https://www.ipcbusiness.de/wp-cron.php?doing_wp_cron=1699325512.3830649852752685546875" "WordPress/5.8.8; https://www.ipcbusiness.de/en"
81.169.178.0 - - [07/Nov/2023:03:57:42 +0100] "POST /wp-cron.php?doing_wp_cron=1699325861.9862821102142333984375 HTTP/1.1" 200 - "https://www.ipcbusiness.de/wp-cron.php?doing_wp_cron=1699325861.9862821102142333984375" "WordPress/5.8.8; https://www.ipcbusiness.de"
89.188.14.0 - - [07/Nov/2023:03:57:41 +0100] "GET /robots.txt HTTP/1.1" 200 69 "-" "Mozilla/5.0 (compatible; OpenindexSpider; +https://www.openindex.io/saas/about-our-spider/)"
89.188.14.0 - - [07/Nov/2023:03:57:42 +0100] "GET /ueber-uns/firmeninformation/ HTTP/1.1" 200 9946 "-" "Mozilla/5.0 (compatible; OpenindexSpider; +https://www.openindex.io/saas/about-our-spider/)"
185.165.77.0 - - [07/Nov/2023:03:58:18 +0100] "GET /assets/images/accesson.php HTTP/1.1" 200 - "-" "Mozilla/5.0 (Windows NT 10.0; Win64; x64; rv:81.0) Gecko/20100101 Firefox/81.0"
