81.169.178.0 - - [07/Nov/2023:08:16:55 +0100] "POST /wp-cron.php?doing_wp_cron=1699341415.6217930316925048828125 HTTP/1.1" 200 - "https://www.computerdoc24.de/wp-cron.php?doing_wp_cron=1699341415.6217930316925048828125" "WordPress/5.2.19; https://www.computerdoc24.de"
46.246.8.0 - - [07/Nov/2023:08:16:57 +0100] "POST /kontakt/ HTTP/1.0" 200 58728 "https://www.computerdoc24.de/kontakt/" "Mozilla/5.0 (Windows NT 6.3; Win64; x64) AppleWebKit/537.36 (KHTML, like Gecko) Chrome/103.0.0.0 Safari/537.36"
184.105.139.0 - - [07/Nov/2023:08:18:22 +0100] "GET /geoserver/web/ HTTP/1.1" 404 2563 "-" "Mozilla/5.0 (Windows NT 10.0; Win64; x64) AppleWebKit/537.36 (KHTML, like Gecko) Chrome/110.0.0.0 Safari/537.36 Edg/110.0.1587.46"
62.138.2.0 - - [07/Nov/2023:08:18:40 +0100] "GET /robots.txt HTTP/1.1" 200 69 "-" "Mozilla/5.0 (Macintosh; Intel Mac OS X 10.15; rv:103.0) Gecko/20100101 Firefox/103.0"
62.138.2.0 - - [07/Nov/2023:08:18:40 +0100] "GET /uk/unsere-produkte-und-services/innovative-ladeeinheiten/ HTTP/1.1" 200 11579 "-" "Mozilla/5.0 (Macintosh; Intel Mac OS X 10.15; rv:103.0) Gecko/20100101 Firefox/103.0"
184.105.139.0 - - [07/Nov/2023:08:18:59 +0100] "GET /.git/config HTTP/1.1" 404 2557 "-" "Mozilla/5.0 (Macintosh; Intel Mac OS X 10_15_2) AppleWebKit/537.36 (KHTML, like Gecko) Chrome/79.0.3945.88 Safari/537.36"
91.92.246.0 - - [07/Nov/2023:08:20:59 +0100] "GET /wp-content/plugins/royal-elementor-addons/readme.txt HTTP/1.1" 301 283 "-" "Mozilla/5.0 (Windows NT 10.0; Win64; x64) AppleWebKit/537.36 (KHTML, like Gecko) Chrome/90.0.4430.85 Safari/537.36"
81.169.178.0 - - [07/Nov/2023:08:21:15 +0100] "POST /?wordfence_syncAttackData=1699341675.0159 HTTP/1.1" 200 - "https://www.ipcbusiness.de/?wordfence_syncAttackData=1699341675.0159" "WordPress/5.8.8; https://www.ipcbusiness.de"
81.169.178.0 - - [07/Nov/2023:08:21:15 +0100] "POST /wp-cron.php?doing_wp_cron=1699341675.4401450157165527343750 HTTP/1.1" 200 - "https://www.ipcbusiness.de/wp-cron.php?doing_wp_cron=1699341675.4401450157165527343750" "WordPress/5.8.8; https://www.ipcbusiness.de"
91.92.246.0 - - [07/Nov/2023:08:21:14 +0100] "GET /wp-content/plugins/royal-elementor-addons/readme.txt HTTP/1.1" 200 - "-" "Mozilla/5.0 (Windows NT 10.0; Win64; x64) AppleWebKit/537.36 (KHTML, like Gecko) Chrome/90.0.4430.85 Safari/537.36"
81.169.178.0 - - [07/Nov/2023:08:21:24 +0100] "POST /?wordfence_syncAttackData=1699341684.9745 HTTP/1.1" 200 - "https://www.ipcbusiness.de/?wordfence_syncAttackData=1699341684.9745" "WordPress/5.8.8; https://www.ipcbusiness.de"
91.92.246.0 - - [07/Nov/2023:08:21:24 +0100] "GET /wp-content/plugins/royal-elementor-addons/readme.txt HTTP/1.1" 200 9963 "-" "Mozilla/5.0 (Windows NT 10.0; Win64; x64) AppleWebKit/537.36 (KHTML, like Gecko) Chrome/90.0.4430.85 Safari/537.36"
91.92.246.0 - - [07/Nov/2023:08:21:31 +0100] "GET /wp-content/plugins/royal-elementor-addons/assets/js/frontend.js HTTP/1.1" 301 294 "-" "Mozilla/5.0 (Windows NT 10.0; Win64; x64) AppleWebKit/537.36 (KHTML, like Gecko) Chrome/90.0.4430.85 Safari/537.36"
91.92.246.0 - - [07/Nov/2023:08:21:36 +0100] "GET /wp-content/plugins/royal-elementor-addons/assets/js/frontend.js HTTP/1.1" 200 - "-" "Mozilla/5.0 (Windows NT 10.0; Win64; x64) AppleWebKit/537.36 (KHTML, like Gecko) Chrome/90.0.4430.85 Safari/537.36"
91.92.246.0 - - [07/Nov/2023:08:21:44 +0100] "GET /wp-content/plugins/royal-elementor-addons/assets/js/frontend.js HTTP/1.1" 200 9967 "-" "Mozilla/5.0 (Windows NT 10.0; Win64; x64) AppleWebKit/537.36 (KHTML, like Gecko) Chrome/90.0.4430.85 Safari/537.36"
114.119.147.0 - - [07/Nov/2023:08:22:24 +0100] "GET /robots.txt HTTP/1.1" 200 69 "-" "Mozilla/5.0 (compatible;PetalBot;+https://webmaster.petalsearch.com/site/petalbot)"
18.234.27.0 - - [07/Nov/2023:08:25:17 +0100] "GET / HTTP/1.1" 403 2411 "-" "Mozilla/5.0 (Windows NT 6.2;en-US) AppleWebKit/537.32.36 (KHTML, live Gecko) Chrome/52.0.3037.106 Safari/537.32"
91.92.243.0 - - [07/Nov/2023:08:25:55 +0100] "GET /wp-content/plugins/royal-elementor-addons/readme.txt HTTP/1.1" 301 283 "-" "Mozilla/5.0 (Windows NT 10.0; Win64; x64) AppleWebKit/537.36 (KHTML, like Gecko) Chrome/90.0.4430.85 Safari/537.36"
81.169.178.0 - - [07/Nov/2023:08:25:59 +0100] "POST /?wordfence_syncAttackData=1699341959.3354 HTTP/1.1" 200 - "https://www.ipcbusiness.de/?wordfence_syncAttackData=1699341959.3354" "WordPress/5.8.8; https://www.ipcbusiness.de"
91.92.243.0 - - [07/Nov/2023:08:25:59 +0100] "GET /wp-content/plugins/royal-elementor-addons/readme.txt HTTP/1.1" 200 - "-" "Mozilla/5.0 (Windows NT 10.0; Win64; x64) AppleWebKit/537.36 (KHTML, like Gecko) Chrome/90.0.4430.85 Safari/537.36"
81.169.178.0 - - [07/Nov/2023:08:26:08 +0100] "POST /?wordfence_syncAttackData=1699341968.318 HTTP/1.1" 200 - "https://www.ipcbusiness.de/?wordfence_syncAttackData=1699341968.318" "WordPress/5.8.8; https://www.ipcbusiness.de"
91.92.243.0 - - [07/Nov/2023:08:26:08 +0100] "GET /wp-content/plugins/royal-elementor-addons/readme.txt HTTP/1.1" 200 9963 "-" "Mozilla/5.0 (Windows NT 10.0; Win64; x64) AppleWebKit/537.36 (KHTML, like Gecko) Chrome/90.0.4430.85 Safari/537.36"
91.92.243.0 - - [07/Nov/2023:08:26:19 +0100] "GET /wp-content/plugins/royal-elementor-addons/assets/js/frontend.js HTTP/1.1" 301 294 "-" "Mozilla/5.0 (Windows NT 10.0; Win64; x64) AppleWebKit/537.36 (KHTML, like Gecko) Chrome/90.0.4430.85 Safari/537.36"
91.92.243.0 - - [07/Nov/2023:08:26:33 +0100] "GET /wp-content/plugins/royal-elementor-addons/assets/js/frontend.js HTTP/1.1" 200 - "-" "Mozilla/5.0 (Windows NT 10.0; Win64; x64) AppleWebKit/537.36 (KHTML, like Gecko) Chrome/90.0.4430.85 Safari/537.36"
81.169.178.0 - - [07/Nov/2023:08:26:33 +0100] "POST /wp-cron.php?doing_wp_cron=1699341993.7392160892486572265625 HTTP/1.1" 200 - "https://www.ipcbusiness.de/wp-cron.php?doing_wp_cron=1699341993.7392160892486572265625" "WordPress/5.8.8; https://www.ipcbusiness.de"
91.92.243.0 - - [07/Nov/2023:08:26:40 +0100] "GET /wp-content/plugins/royal-elementor-addons/assets/js/frontend.js HTTP/1.1" 200 9967 "-" "Mozilla/5.0 (Windows NT 10.0; Win64; x64) AppleWebKit/537.36 (KHTML, like Gecko) Chrome/90.0.4430.85 Safari/537.36"
205.210.31.0 - - [07/Nov/2023:08:29:56 +0100] "GET / HTTP/1.1" 200 2691 "-" "Expanse, a Palo Alto Networks company, searches across the global IPv4 space multiple times per day to identify customers' presences on the Internet. If you would like to be excluded from our scans, please send IP addresses/domains to: scaninfo@paloaltonetworks.com"
62.138.2.0 - - [07/Nov/2023:08:30:07 +0100] "GET /en/unsere-maerkte/feste-routen/ HTTP/1.1" 200 11353 "-" "Mozilla/5.0 (Macintosh; Intel Mac OS X 10.15; rv:103.0) Gecko/20100101 Firefox/103.0"
81.169.178.0 - - [07/Nov/2023:08:30:35 +0100] "POST /wp-cron.php?doing_wp_cron=1699342235.4264619350433349609375 HTTP/1.1" 200 - "https://www.computerdoc24.de/wp-cron.php?doing_wp_cron=1699342235.4264619350433349609375" "WordPress/5.2.19; https://www.computerdoc24.de"
185.196.9.0 - - [07/Nov/2023:08:30:35 +0100] "GET /adminer-4.2.5.php HTTP/1.1" 200 11026 "-" "Go-http-client/1.1"
81.169.178.0 - - [07/Nov/2023:08:31:02 +0100] "POST /wp-cron.php?doing_wp_cron=1699342262.6781640052795410156250 HTTP/1.1" 200 - "http://www.computerdoc24.de/wp-cron.php?doing_wp_cron=1699342262.6781640052795410156250" "WordPress/5.2.19; https://www.computerdoc24.de"
195.191.219.0 - - [07/Nov/2023:08:31:02 +0100] "GET /robots.txt HTTP/1.1" 200 - "-" "Mozilla/5.0 (compatible; MJ12bot/v1.4.8; http://mj12bot.com/)"
195.191.219.0 - - [07/Nov/2023:08:31:04 +0100] "GET /robots.txt HTTP/1.1" 200 67 "-" "Mozilla/5.0 (compatible; MJ12bot/v1.4.8; http://mj12bot.com/)"
195.191.219.0 - - [07/Nov/2023:08:31:08 +0100] "GET / HTTP/1.1" 301 - "-" "Mozilla/5.0 (compatible; MJ12bot/v1.4.8; http://mj12bot.com/)"
195.191.219.0 - - [07/Nov/2023:08:31:11 +0100] "GET / HTTP/1.1" 301 - "-" "Mozilla/5.0 (compatible; MJ12bot/v1.4.8; http://mj12bot.com/)"
195.191.219.0 - - [07/Nov/2023:08:31:13 +0100] "GET /robots.txt HTTP/1.1" 200 67 "-" "Mozilla/5.0 (compatible; MJ12bot/v1.4.8; http://mj12bot.com/)"
195.191.219.0 - - [07/Nov/2023:08:31:16 +0100] "GET / HTTP/1.1" 200 18931 "-" "Mozilla/5.0 (compatible; MJ12bot/v1.4.8; http://mj12bot.com/)"
35.175.116.0 - - [07/Nov/2023:08:41:53 +0100] "GET / HTTP/1.1" 200 2691 "-" "Mozilla/5.0 (Linux; Android 11; RMX1931) AppleWebKit/537.36 (KHTML, like Gecko) Chrome/101.0.4951.41 Mobile Safari/537.36"
217.21.84.0 - - [07/Nov/2023:08:42:56 +0100] "POST /wp-login.php HTTP/1.1" 503 7324 "-" "Mozilla/5.0 (Windows NT 10.0; Win64; x64) AppleWebKit/537.36 (KHTML, like Gecko) Chrome/54.0.2840.99 Safari/537.36"
50.6.138.0 - - [07/Nov/2023:08:44:48 +0100] "-" 408 - "-" "-"
81.169.178.0 - - [07/Nov/2023:08:45:35 +0100] "GET / HTTP/1.1" 200 5559 "-" "WordPress/6.3.2; https://www.digidok24.de"
44.200.15.0 - - [07/Nov/2023:08:45:33 +0100] "GET / HTTP/1.1" 301 - "-" "Mozilla/5.0 (X11; Linux i686; rv:28.0) Gecko/20100101 Firefox/28.0"
81.169.178.0 - - [07/Nov/2023:08:45:34 +0100] "POST /wp-cron.php?doing_wp_cron=1699343134.5436499118804931640625 HTTP/1.1" 200 - "-" "WordPress/6.3.2; https://www.digidok24.de"
185.189.182.0 - - [07/Nov/2023:08:47:50 +0100] "GET / HTTP/1.0" 400 362 "-" "-"
52.167.144.0 - - [07/Nov/2023:08:49:08 +0100] "GET /robots.txt HTTP/1.1" 404 2611 "-" "Mozilla/5.0 AppleWebKit/537.36 (KHTML, like Gecko; compatible; bingbot/2.0; +http://www.bing.com/bingbot.htm) Chrome/103.0.5060.134 Safari/537.36"
52.167.144.0 - - [07/Nov/2023:08:49:12 +0100] "GET / HTTP/1.1" 200 2590 "-" "Mozilla/5.0 AppleWebKit/537.36 (KHTML, like Gecko; compatible; bingbot/2.0; +http://www.bing.com/bingbot.htm) Chrome/103.0.5060.134 Safari/537.36"
81.169.178.0 - - [07/Nov/2023:08:49:16 +0100] "POST /wp-cron.php?doing_wp_cron=1699343356.2598319053649902343750 HTTP/1.1" 200 - "https://www.ipcbusiness.de/wp-cron.php?doing_wp_cron=1699343356.2598319053649902343750" "WordPress/5.8.8; https://www.ipcbusiness.de"
62.138.2.0 - - [07/Nov/2023:08:49:16 +0100] "GET /robots.txt HTTP/1.1" 200 69 "-" "Mozilla/5.0 (Macintosh; Intel Mac OS X 10.15; rv:103.0) Gecko/20100101 Firefox/103.0"
62.138.2.0 - - [07/Nov/2023:08:49:16 +0100] "GET /en/linieninformationen/ HTTP/1.1" 200 12447 "-" "Mozilla/5.0 (Macintosh; Intel Mac OS X 10.15; rv:103.0) Gecko/20100101 Firefox/103.0"
198.235.24.0 - - [07/Nov/2023:08:49:26 +0100] "GET / HTTP/1.1" 200 2691 "-" "Expanse, a Palo Alto Networks company, searches across the global IPv4 space multiple times per day to identify customers' presences on the Internet. If you would like to be excluded from our scans, please send IP addresses/domains to: scaninfo@paloaltonetworks.com"
52.167.144.0 - - [07/Nov/2023:08:49:52 +0100] "GET /html/style.css HTTP/1.1" 200 458 "-" "Mozilla/5.0 AppleWebKit/537.36 (KHTML, like Gecko; compatible; bingbot/2.0; +http://www.bing.com/bingbot.htm) Chrome/103.0.5060.134 Safari/537.36"
40.77.167.0 - - [07/Nov/2023:08:49:57 +0100] "GET /assets/rollover.js HTTP/1.1" 200 5145 "-" "Mozilla/5.0 AppleWebKit/537.36 (KHTML, like Gecko; compatible; bingbot/2.0; +http://www.bing.com/bingbot.htm) Chrome/103.0.5060.134 Safari/537.36"
40.77.167.0 - - [07/Nov/2023:08:49:57 +0100] "GET /html/fusion.css HTTP/1.1" 200 1161 "-" "Mozilla/5.0 AppleWebKit/537.36 (KHTML, like Gecko; compatible; bingbot/2.0; +http://www.bing.com/bingbot.htm) Chrome/103.0.5060.134 Safari/537.36"
40.77.167.0 - - [07/Nov/2023:08:49:58 +0100] "GET /html/site.css HTTP/1.1" 200 88 "-" "Mozilla/5.0 AppleWebKit/537.36 (KHTML, like Gecko; compatible; bingbot/2.0; +http://www.bing.com/bingbot.htm) Chrome/103.0.5060.134 Safari/537.36"
35.175.116.0 - - [07/Nov/2023:08:52:23 +0100] "GET / HTTP/1.1" 200 2691 "-" "Mozilla/5.0 (SymbianOS/9.1; U; de) AppleWebKit/413 (KHTML, like Gecko) Safari/413"
81.169.178.0 - - [07/Nov/2023:08:53:29 +0100] "POST /wp-cron.php?doing_wp_cron=1699343609.2939710617065429687500 HTTP/1.1" 200 - "https://www.ipcbusiness.de/wp-cron.php?doing_wp_cron=1699343609.2939710617065429687500" "WordPress/5.8.8; https://www.ipcbusiness.de/es"
62.138.2.0 - - [07/Nov/2023:08:53:28 +0100] "GET /es/unsere-produkte-und-services/innovative-ladeeinheiten/ HTTP/1.1" 200 11153 "-" "Mozilla/5.0 (Macintosh; Intel Mac OS X 10.15; rv:103.0) Gecko/20100101 Firefox/103.0"
136.243.92.0 - - [07/Nov/2023:08:55:05 +0100] "POST /wp-login.php HTTP/1.1" 503 7324 "-" "Mozilla/5.0 (Windows NT 6.3; Win64; x64) AppleWebKit/537.36 (KHTML, like Gecko) Chrome/62.0.3202.94 Safari/537.36"
17.241.75.0 - - [07/Nov/2023:08:57:31 +0100] "GET /robots.txt HTTP/1.1" 404 2607 "-" "Mozilla/5.0 (Macintosh; Intel Mac OS X 10_15_5) AppleWebKit/605.1.15 (KHTML, like Gecko) Version/13.1.1 Safari/605.1.15 (Applebot/0.1; +http://www.apple.com/go/applebot)"
17.241.75.0 - - [07/Nov/2023:08:57:31 +0100] "GET /html/kontakt.html HTTP/1.1" 200 2033 "-" "Mozilla/5.0 (Macintosh; Intel Mac OS X 10_15_5) AppleWebKit/605.1.15 (KHTML, like Gecko) Version/13.1.1 Safari/605.1.15 (Applebot/0.1; +http://www.apple.com/go/applebot)"
17.241.75.0 - - [07/Nov/2023:08:57:32 +0100] "GET / HTTP/1.1" 200 2590 "-" "Mozilla/5.0 (Macintosh; Intel Mac OS X 10_15_5) AppleWebKit/605.1.15 (KHTML, like Gecko) Version/13.1.1 Safari/605.1.15 (Applebot/0.1; +http://www.apple.com/go/applebot)"
81.169.178.0 - - [07/Nov/2023:08:57:57 +0100] "POST /wp-cron.php?doing_wp_cron=1699343877.6082661151885986328125 HTTP/1.1" 200 - "https://www.ipcbusiness.de/wp-cron.php?doing_wp_cron=1699343877.6082661151885986328125" "WordPress/5.8.8; https://www.ipcbusiness.de/en"
62.138.2.0 - - [07/Nov/2023:08:57:57 +0100] "GET /en/unsere-produkte-und-services/kombiverkehr-gruener-transport/ HTTP/1.1" 200 11171 "-" "Mozilla/5.0 (Macintosh; Intel Mac OS X 10.15; rv:103.0) Gecko/20100101 Firefox/103.0"
17.241.219.0 - - [07/Nov/2023:08:58:17 +0100] "GET /html/anfahrtskosten.html HTTP/1.1" 200 2353 "-" "Mozilla/5.0 (Macintosh; Intel Mac OS X 10_15_5) AppleWebKit/605.1.15 (KHTML, like Gecko) Version/13.1.1 Safari/605.1.15 (Applebot/0.1; +http://www.apple.com/go/applebot)"
158.69.7.0 - - [07/Nov/2023:08:58:34 +0100] "GET /w00tw00t.at.ISC.SANS.DFind:) HTTP/1.1" 400 226 "-" "-"
106.75.61.0 - - [07/Nov/2023:08:59:01 +0100] "GET / HTTP/1.1" 403 2411 "-" "-"
81.169.178.0 - - [07/Nov/2023:09:00:08 +0100] "POST /wp-cron.php?doing_wp_cron=1699344008.6745550632476806640625 HTTP/1.1" 200 - "http://www.computerdoc24.de/wp-cron.php?doing_wp_cron=1699344008.6745550632476806640625" "WordPress/5.2.19; https://www.computerdoc24.de"
138.201.200.0 - - [07/Nov/2023:09:00:08 +0100] "GET / HTTP/1.1" 301 - "-" "Go-http-client/1.1"
138.201.200.0 - - [07/Nov/2023:09:00:18 +0100] "GET / HTTP/1.1" 200 20476 "-" "Go-http-client/1.1"
138.201.200.0 - - [07/Nov/2023:09:00:20 +0100] "GET / HTTP/1.1" 200 20480 "-" "Go-http-client/1.1"
138.201.200.0 - - [07/Nov/2023:09:00:21 +0100] "GET /fernwartung/ HTTP/1.1" 200 12447 "-" "Go-http-client/1.1"
138.201.200.0 - - [07/Nov/2023:09:00:22 +0100] "GET /service/ HTTP/1.1" 200 16028 "-" "Go-http-client/1.1"
138.201.200.0 - - [07/Nov/2023:09:00:24 +0100] "GET /aktuelle-angebote/ HTTP/1.1" 200 13458 "-" "Go-http-client/1.1"
138.201.200.0 - - [07/Nov/2023:09:00:25 +0100] "GET /pc-ankauf/ HTTP/1.1" 200 13762 "-" "Go-http-client/1.1"
138.201.200.0 - - [07/Nov/2023:09:00:27 +0100] "GET /software/ HTTP/1.1" 200 11864 "-" "Go-http-client/1.1"
138.201.200.0 - - [07/Nov/2023:09:00:28 +0100] "GET /presse/ HTTP/1.1" 200 13391 "-" "Go-http-client/1.1"
138.201.200.0 - - [07/Nov/2023:09:00:30 +0100] "GET /kontakt/ HTTP/1.1" 200 14138 "-" "Go-http-client/1.1"
138.201.200.0 - - [07/Nov/2023:09:00:31 +0100] "GET /impressum/ HTTP/1.1" 200 14283 "-" "Go-http-client/1.1"
138.201.200.0 - - [07/Nov/2023:09:00:33 +0100] "GET /datenschutzerklaerung/ HTTP/1.1" 200 24463 "-" "Go-http-client/1.1"
138.201.200.0 - - [07/Nov/2023:09:00:34 +0100] "GET /allgemeine-geschaeftsbedingungen/ HTTP/1.1" 200 14277 "-" "Go-http-client/1.1"
81.169.178.0 - - [07/Nov/2023:09:00:36 +0100] "POST /wp-cron.php?doing_wp_cron=1699344036.0397579669952392578125 HTTP/1.1" 200 - "https://www.computerdoc24.de/wp-cron.php?doing_wp_cron=1699344036.0397579669952392578125" "WordPress/5.2.19; https://www.computerdoc24.de"
138.201.200.0 - - [07/Nov/2023:09:00:35 +0100] "GET /product/sandisk-usb-sticks-mit-schieber-16gb-10e-32gb-15e-64gb-20e-128gb-30e/ HTTP/1.1" 200 15566 "-" "Go-http-client/1.1"
138.201.200.0 - - [07/Nov/2023:09:00:37 +0100] "GET /product-category/aktuelle-angebote/ HTTP/1.1" 200 13464 "-" "Go-http-client/1.1"
138.201.200.0 - - [07/Nov/2023:09:00:39 +0100] "GET /product/logitech-oem-optical-mouse-b100-black/ HTTP/1.1" 200 15406 "-" "Go-http-client/1.1"
138.201.200.0 - - [07/Nov/2023:09:00:40 +0100] "GET /product/logitech-mk270-wireless-desktop-combo/ HTTP/1.1" 200 16447 "-" "Go-http-client/1.1"
138.201.200.0 - - [07/Nov/2023:09:00:42 +0100] "GET /product/logitech-keyboard-k120-black-de/ HTTP/1.1" 200 16800 "-" "Go-http-client/1.1"
138.201.200.0 - - [07/Nov/2023:09:00:43 +0100] "GET /product/logitech-speaker-s-120-2-0-23w-rms/ HTTP/1.1" 200 15872 "-" "Go-http-client/1.1"
43.153.62.0 - - [07/Nov/2023:09:01:09 +0100] "GET /.env HTTP/1.1" 200 2691 "-" "Mozilla/5.0 (Linux; U; Android 4.4.2; en-US; HM NOTE 1W Build/KOT49H) AppleWebKit/534.30 (KHTML, like Gecko) Version/4.0 UCBrowser/11.0.5.850 U3/0.8.0 Mobile Safari/534.30"
94.134.11.0 - - [07/Nov/2023:09:01:16 +0100] "GET /index.html HTTP/1.1" 200 2590 "-" "Mozilla/5.0 (iPad; CPU OS 12_5_7 like Mac OS X) AppleWebKit/605.1.15 (KHTML, like Gecko) Version/12.1.2 Mobile/15E148 Safari/604.1"
94.134.11.0 - - [07/Nov/2023:09:01:16 +0100] "GET /apple-touch-icon-152x152-precomposed.png HTTP/1.1" 404 2667 "-" "MobileSafari/604.1 CFNetwork/978.0.7 Darwin/18.7.0"
94.134.11.0 - - [07/Nov/2023:09:01:17 +0100] "GET /apple-touch-icon-152x152.png HTTP/1.1" 404 2643 "-" "MobileSafari/604.1 CFNetwork/978.0.7 Darwin/18.7.0"
94.134.11.0 - - [07/Nov/2023:09:01:17 +0100] "GET /apple-touch-icon-precomposed.png HTTP/1.1" 404 2651 "-" "MobileSafari/604.1 CFNetwork/978.0.7 Darwin/18.7.0"
94.134.11.0 - - [07/Nov/2023:09:01:17 +0100] "GET /apple-touch-icon.png HTTP/1.1" 404 2627 "-" "MobileSafari/604.1 CFNetwork/978.0.7 Darwin/18.7.0"
94.134.11.0 - - [07/Nov/2023:09:01:17 +0100] "GET /favicon.ico HTTP/1.1" 404 2609 "-" "MobileSafari/604.1 CFNetwork/978.0.7 Darwin/18.7.0"
94.134.11.0 - - [07/Nov/2023:09:01:17 +0100] "GET /apple-touch-icon-152x152-precomposed.png HTTP/1.1" 404 2667 "-" "MobileSafari/604.1 CFNetwork/978.0.7 Darwin/18.7.0"
94.134.11.0 - - [07/Nov/2023:09:01:17 +0100] "GET /apple-touch-icon-152x152.png HTTP/1.1" 404 2643 "-" "MobileSafari/604.1 CFNetwork/978.0.7 Darwin/18.7.0"
94.134.11.0 - - [07/Nov/2023:09:01:17 +0100] "GET /apple-touch-icon-precomposed.png HTTP/1.1" 404 2651 "-" "MobileSafari/604.1 CFNetwork/978.0.7 Darwin/18.7.0"
94.134.11.0 - - [07/Nov/2023:09:01:17 +0100] "GET /apple-touch-icon.png HTTP/1.1" 404 2627 "-" "MobileSafari/604.1 CFNetwork/978.0.7 Darwin/18.7.0"
94.134.11.0 - - [07/Nov/2023:09:01:17 +0100] "GET /favicon.ico HTTP/1.1" 404 2609 "-" "MobileSafari/604.1 CFNetwork/978.0.7 Darwin/18.7.0"
43.153.62.0 - - [07/Nov/2023:09:01:22 +0100] "POST / HTTP/1.1" 200 2691 "-" "Mozilla/5.0 (Linux; U; Android 4.4.2; en-US; HM NOTE 1W Build/KOT49H) AppleWebKit/534.30 (KHTML, like Gecko) Version/4.0 UCBrowser/11.0.5.850 U3/0.8.0 Mobile Safari/534.30"
43.153.62.0 - - [07/Nov/2023:09:01:34 +0100] "GET /vendor/phpunit/phpunit/src/Util/PHP/eval-stdin.php HTTP/1.1" 200 2691 "-" "python-requests/2.26.0"
43.153.62.0 - - [07/Nov/2023:09:01:44 +0100] "GET /.env HTTP/1.1" 200 2691 "-" "Mozilla/5.0 (Linux; U; Android 4.4.2; en-US; HM NOTE 1W Build/KOT49H) AppleWebKit/534.30 (KHTML, like Gecko) Version/4.0 UCBrowser/11.0.5.850 U3/0.8.0 Mobile Safari/534.30"
43.153.62.0 - - [07/Nov/2023:09:02:00 +0100] "POST / HTTP/1.1" 200 2691 "-" "Mozilla/5.0 (Linux; U; Android 4.4.2; en-US; HM NOTE 1W Build/KOT49H) AppleWebKit/534.30 (KHTML, like Gecko) Version/4.0 UCBrowser/11.0.5.850 U3/0.8.0 Mobile Safari/534.30"
43.153.62.0 - - [07/Nov/2023:09:02:13 +0100] "GET /vendor/phpunit/phpunit/src/Util/PHP/eval-stdin.php HTTP/1.1" 200 2691 "-" "python-requests/2.26.0"
43.153.62.0 - - [07/Nov/2023:09:02:25 +0100] "GET /.env HTTP/1.1" 200 2691 "-" "Mozilla/5.0 (Linux; U; Android 4.4.2; en-US; HM NOTE 1W Build/KOT49H) AppleWebKit/534.30 (KHTML, like Gecko) Version/4.0 UCBrowser/11.0.5.850 U3/0.8.0 Mobile Safari/534.30"
43.153.62.0 - - [07/Nov/2023:09:02:42 +0100] "POST / HTTP/1.1" 200 2691 "-" "Mozilla/5.0 (Linux; U; Android 4.4.2; en-US; HM NOTE 1W Build/KOT49H) AppleWebKit/534.30 (KHTML, like Gecko) Version/4.0 UCBrowser/11.0.5.850 U3/0.8.0 Mobile Safari/534.30"
62.138.2.0 - - [07/Nov/2023:09:02:50 +0100] "GET /ru/unsere-produkte-und-services/innovative-ladeeinheiten/ HTTP/1.1" 200 11594 "-" "Mozilla/5.0 (Macintosh; Intel Mac OS X 10.15; rv:103.0) Gecko/20100101 Firefox/103.0"
43.153.62.0 - - [07/Nov/2023:09:02:58 +0100] "GET /vendor/phpunit/phpunit/src/Util/PHP/eval-stdin.php HTTP/1.1" 200 2691 "-" "python-requests/2.26.0"
43.153.62.0 - - [07/Nov/2023:09:03:10 +0100] "GET /.env HTTP/1.1" 200 - "-" "Mozilla/5.0 (Linux; U; Android 4.4.2; en-US; HM NOTE 1W Build/KOT49H) AppleWebKit/534.30 (KHTML, like Gecko) Version/4.0 UCBrowser/11.0.5.850 U3/0.8.0 Mobile Safari/534.30"
43.153.62.0 - - [07/Nov/2023:09:03:24 +0100] "POST / HTTP/1.1" 200 16127 "-" "Mozilla/5.0 (Linux; U; Android 4.4.2; en-US; HM NOTE 1W Build/KOT49H) AppleWebKit/534.30 (KHTML, like Gecko) Version/4.0 UCBrowser/11.0.5.850 U3/0.8.0 Mobile Safari/534.30"
43.153.62.0 - - [07/Nov/2023:09:03:38 +0100] "GET /vendor/phpunit/phpunit/src/Util/PHP/eval-stdin.php HTTP/1.1" 200 - "-" "python-requests/2.26.0"
43.153.62.0 - - [07/Nov/2023:09:03:51 +0100] "GET /vendor/phpunit/phpunit/src/Util/PHP/eval-stdin.php HTTP/1.1" 200 9977 "-" "python-requests/2.26.0"
43.153.62.0 - - [07/Nov/2023:09:04:04 +0100] "GET /.env HTTP/1.1" 404 2583 "-" "Mozilla/5.0 (Linux; U; Android 4.4.2; en-US; HM NOTE 1W Build/KOT49H) AppleWebKit/534.30 (KHTML, like Gecko) Version/4.0 UCBrowser/11.0.5.850 U3/0.8.0 Mobile Safari/534.30"
43.153.62.0 - - [07/Nov/2023:09:04:14 +0100] "POST / HTTP/1.1" 200 2590 "-" "Mozilla/5.0 (Linux; U; Android 4.4.2; en-US; HM NOTE 1W Build/KOT49H) AppleWebKit/534.30 (KHTML, like Gecko) Version/4.0 UCBrowser/11.0.5.850 U3/0.8.0 Mobile Safari/534.30"
43.153.62.0 - - [07/Nov/2023:09:04:24 +0100] "GET /vendor/phpunit/phpunit/src/Util/PHP/eval-stdin.php HTTP/1.1" 404 2675 "-" "python-requests/2.26.0"
43.153.62.0 - - [07/Nov/2023:09:04:38 +0100] "GET /.env HTTP/1.1" 200 2691 "-" "Mozilla/5.0 (Linux; U; Android 4.4.2; en-US; HM NOTE 1W Build/KOT49H) AppleWebKit/534.30 (KHTML, like Gecko) Version/4.0 UCBrowser/11.0.5.850 U3/0.8.0 Mobile Safari/534.30"
43.153.62.0 - - [07/Nov/2023:09:04:48 +0100] "POST / HTTP/1.1" 200 2691 "-" "Mozilla/5.0 (Linux; U; Android 4.4.2; en-US; HM NOTE 1W Build/KOT49H) AppleWebKit/534.30 (KHTML, like Gecko) Version/4.0 UCBrowser/11.0.5.850 U3/0.8.0 Mobile Safari/534.30"
43.153.62.0 - - [07/Nov/2023:09:04:59 +0100] "GET /vendor/phpunit/phpunit/src/Util/PHP/eval-stdin.php HTTP/1.1" 200 2691 "-" "python-requests/2.26.0"
81.169.178.0 - - [07/Nov/2023:09:05:47 +0100] "POST /wp-cron.php?doing_wp_cron=1699344347.6143980026245117187500 HTTP/1.1" 200 - "https://www.computerdoc24.de/wp-cron.php?doing_wp_cron=1699344347.6143980026245117187500" "WordPress/5.2.19; https://www.computerdoc24.de"
43.153.62.0 - - [07/Nov/2023:09:05:47 +0100] "GET /.env HTTP/1.1" 200 - "-" "Mozilla/5.0 (Linux; U; Android 4.4.2; en-US; HM NOTE 1W Build/KOT49H) AppleWebKit/534.30 (KHTML, like Gecko) Version/4.0 UCBrowser/11.0.5.850 U3/0.8.0 Mobile Safari/534.30"
43.153.62.0 - - [07/Nov/2023:09:06:11 +0100] "GET /.env HTTP/1.1" 200 2691 "-" "Mozilla/5.0 (Linux; U; Android 4.4.2; en-US; HM NOTE 1W Build/KOT49H) AppleWebKit/534.30 (KHTML, like Gecko) Version/4.0 UCBrowser/11.0.5.850 U3/0.8.0 Mobile Safari/534.30"
43.153.62.0 - - [07/Nov/2023:09:06:21 +0100] "POST / HTTP/1.1" 200 2691 "-" "Mozilla/5.0 (Linux; U; Android 4.4.2; en-US; HM NOTE 1W Build/KOT49H) AppleWebKit/534.30 (KHTML, like Gecko) Version/4.0 UCBrowser/11.0.5.850 U3/0.8.0 Mobile Safari/534.30"
43.153.62.0 - - [07/Nov/2023:09:06:31 +0100] "GET /vendor/phpunit/phpunit/src/Util/PHP/eval-stdin.php HTTP/1.1" 200 2691 "-" "python-requests/2.26.0"
43.153.62.0 - - [07/Nov/2023:09:06:47 +0100] "GET /.env HTTP/1.1" 200 2691 "-" "Mozilla/5.0 (Linux; U; Android 4.4.2; en-US; HM NOTE 1W Build/KOT49H) AppleWebKit/534.30 (KHTML, like Gecko) Version/4.0 UCBrowser/11.0.5.850 U3/0.8.0 Mobile Safari/534.30"
43.153.62.0 - - [07/Nov/2023:09:07:02 +0100] "POST / HTTP/1.1" 200 2691 "-" "Mozilla/5.0 (Linux; U; Android 4.4.2; en-US; HM NOTE 1W Build/KOT49H) AppleWebKit/534.30 (KHTML, like Gecko) Version/4.0 UCBrowser/11.0.5.850 U3/0.8.0 Mobile Safari/534.30"
43.153.62.0 - - [07/Nov/2023:09:07:13 +0100] "GET /vendor/phpunit/phpunit/src/Util/PHP/eval-stdin.php HTTP/1.1" 200 2691 "-" "python-requests/2.26.0"
43.153.62.0 - - [07/Nov/2023:09:07:23 +0100] "GET /.env HTTP/1.1" 404 2591 "-" "Mozilla/5.0 (Linux; U; Android 4.4.2; en-US; HM NOTE 1W Build/KOT49H) AppleWebKit/534.30 (KHTML, like Gecko) Version/4.0 UCBrowser/11.0.5.850 U3/0.8.0 Mobile Safari/534.30"
43.153.62.0 - - [07/Nov/2023:09:07:35 +0100] "POST / HTTP/1.1" 404 2583 "-" "Mozilla/5.0 (Linux; U; Android 4.4.2; en-US; HM NOTE 1W Build/KOT49H) AppleWebKit/534.30 (KHTML, like Gecko) Version/4.0 UCBrowser/11.0.5.850 U3/0.8.0 Mobile Safari/534.30"
198.235.24.0 - - [07/Nov/2023:09:07:39 +0100] "GET / HTTP/1.1" 200 16151 "-" "Expanse, a Palo Alto Networks company, searches across the global IPv4 space multiple times per day to identify customers' presences on the Internet. If you would like to be excluded from our scans, please send IP addresses/domains to: scaninfo@paloaltonetworks.com"
43.153.62.0 - - [07/Nov/2023:09:07:49 +0100] "GET /vendor/phpunit/phpunit/src/Util/PHP/eval-stdin.php HTTP/1.1" 404 2683 "-" "python-requests/2.26.0"
43.153.62.0 - - [07/Nov/2023:09:07:59 +0100] "GET /.env HTTP/1.1" 200 2691 "-" "Mozilla/5.0 (Linux; U; Android 4.4.2; en-US; HM NOTE 1W Build/KOT49H) AppleWebKit/534.30 (KHTML, like Gecko) Version/4.0 UCBrowser/11.0.5.850 U3/0.8.0 Mobile Safari/534.30"
43.153.62.0 - - [07/Nov/2023:09:08:11 +0100] "POST / HTTP/1.1" 200 2691 "-" "Mozilla/5.0 (Linux; U; Android 4.4.2; en-US; HM NOTE 1W Build/KOT49H) AppleWebKit/534.30 (KHTML, like Gecko) Version/4.0 UCBrowser/11.0.5.850 U3/0.8.0 Mobile Safari/534.30"
43.153.62.0 - - [07/Nov/2023:09:08:29 +0100] "GET /vendor/phpunit/phpunit/src/Util/PHP/eval-stdin.php HTTP/1.1" 200 2691 "-" "python-requests/2.26.0"
43.153.62.0 - - [07/Nov/2023:09:08:41 +0100] "GET /.env HTTP/1.1" 200 2691 "-" "Mozilla/5.0 (Linux; U; Android 4.4.2; en-US; HM NOTE 1W Build/KOT49H) AppleWebKit/534.30 (KHTML, like Gecko) Version/4.0 UCBrowser/11.0.5.850 U3/0.8.0 Mobile Safari/534.30"
43.153.62.0 - - [07/Nov/2023:09:08:50 +0100] "POST / HTTP/1.1" 200 2691 "-" "Mozilla/5.0 (Linux; U; Android 4.4.2; en-US; HM NOTE 1W Build/KOT49H) AppleWebKit/534.30 (KHTML, like Gecko) Version/4.0 UCBrowser/11.0.5.850 U3/0.8.0 Mobile Safari/534.30"
43.153.62.0 - - [07/Nov/2023:09:09:02 +0100] "GET /vendor/phpunit/phpunit/src/Util/PHP/eval-stdin.php HTTP/1.1" 200 2691 "-" "python-requests/2.26.0"
23.128.248.0 - - [07/Nov/2023:09:15:44 +0100] "GET / HTTP/1.1" 200 2691 "http://retractor.eu" "Mozilla/5.0 (Windows NT 10.0; Win64; x64) AppleWebKit/537.36 (KHTML, like Gecko) Chrome/83.0.4103.61 Safari/537.36"
188.34.160.0 - - [07/Nov/2023:09:17:26 +0100] "GET / HTTP/1.1" 200 70287 "-" "Mozilla/5.0 (Macintosh; Intel Mac OS X 10_15_7) AppleWebKit/537.36 (KHTML, like Gecko) Chrome/108.0.0.0 Safari/537.36"
136.243.92.0 - - [07/Nov/2023:09:18:17 +0100] "POST /wp-login.php HTTP/1.1" 503 7323 "-" "Mozilla/5.0 (Windows NT 10.0; Win64; x64) AppleWebKit/537.36 (KHTML, like Gecko) Chrome/70.0.3538.67 Safari/537.36"
81.169.178.0 - - [07/Nov/2023:09:25:35 +0100] "POST /wp-cron.php?doing_wp_cron=1699345535.3327789306640625000000 HTTP/1.1" 200 - "https://www.computerdoc24.de/wp-cron.php?doing_wp_cron=1699345535.3327789306640625000000" "WordPress/5.2.19; https://www.computerdoc24.de"
89.246.241.0 - - [07/Nov/2023:09:25:35 +0100] "GET /product-category/aktuelle-angebote/ HTTP/1.1" 200 13464 "-" "Mozilla/5.0 (Windows NT 10.0; Win64; x64; rv:108.0) Gecko/20100101 Firefox/108.0"
143.110.209.0 - - [07/Nov/2023:09:26:43 +0100] "GET / HTTP/1.1" 200 2691 "-" "Mozilla/5.0 (Macintosh; Intel Mac OS X 10_15_7) AppleWebKit/537.36 (KHTML, like Gecko) Chrome/114.0.0.0 Safari/537.36"
81.169.178.0 - - [07/Nov/2023:09:29:33 +0100] "POST /wp-cron.php?doing_wp_cron=1699345772.9573678970336914062500 HTTP/1.1" 200 - "https://www.computerdoc24.de/wp-cron.php?doing_wp_cron=1699345772.9573678970336914062500" "WordPress/5.2.19; https://www.computerdoc24.de"
54.36.148.0 - - [07/Nov/2023:09:29:32 +0100] "GET /product/office-geraet-mit-intel-prozessor/ HTTP/1.1" 200 9504 "-" "Mozilla/5.0 (compatible; AhrefsBot/7.0; +http://ahrefs.com/robot/)"
81.169.178.0 - - [07/Nov/2023:09:30:40 +0100] "POST /wp-cron.php?doing_wp_cron=1699345840.3524229526519775390625 HTTP/1.1" 200 - "https://www.ipcbusiness.de/wp-cron.php?doing_wp_cron=1699345840.3524229526519775390625" "WordPress/5.8.8; https://www.ipcbusiness.de"
195.30.108.0 - - [07/Nov/2023:09:30:40 +0100] "POST /wp-login.php HTTP/1.1" 503 7325 "-" "Mozilla/5.0 (Windows NT 6.1) AppleWebKit/537.36 (KHTML, like Gecko) Chrome/56.0.2924.87 Safari/537.36"
157.245.67.0 - - [07/Nov/2023:09:31:02 +0100] "GET /robots.txt HTTP/1.1" 200 2691 "-" "Mozilla/5.0 (Windows NT 6.1; Win64; x64) AppleWebKit/537.36 (KHTML, like Gecko) Chrome/55.0.2883.87 Safari/537.36"
62.138.2.0 - - [07/Nov/2023:09:33:06 +0100] "GET /robots.txt HTTP/1.1" 200 69 "-" "Mozilla/5.0 (Macintosh; Intel Mac OS X 10.15; rv:103.0) Gecko/20100101 Firefox/103.0"
62.138.2.0 - - [07/Nov/2023:09:33:06 +0100] "GET /es/anfrage/ HTTP/1.1" 200 12442 "-" "Mozilla/5.0 (Macintosh; Intel Mac OS X 10.15; rv:103.0) Gecko/20100101 Firefox/103.0"
62.138.2.0 - - [07/Nov/2023:09:33:11 +0100] "GET /ru/ueber-uns/ipc-business-gmbh-firmeninformation/ HTTP/1.1" 200 11608 "-" "Mozilla/5.0 (Macintosh; Intel Mac OS X 10.15; rv:103.0) Gecko/20100101 Firefox/103.0"
52.209.141.0 - - [07/Nov/2023:09:33:55 +0100] "GET / HTTP/1.0" 200 2691 "-" "Mozilla/5.0 (compatible; NetcraftSurveyAgent/1.0; +info@netcraft.com)"
207.154.228.0 - - [07/Nov/2023:09:34:23 +0100] "GET / HTTP/1.1" 200 2691 "-" "Mozilla/5.0 (compatible; AhrefsBot/7.0; +http://ahrefs.com/robot/)"
161.35.185.0 - - [07/Nov/2023:09:36:18 +0100] "GET / HTTP/1.1" 200 2691 "-" "Mozilla/5.0 (compatible; SemrushBot/7~bl; +http://www.semrush.com/bot.html)"
35.175.116.0 - - [07/Nov/2023:09:37:45 +0100] "GET / HTTP/1.1" 200 2691 "-" "Mozilla/5.0 (Linux; Android 10; VOG-L29) AppleWebKit/537.36 (KHTML, like Gecko) Chrome/96.0.4664.45 Mobile Safari/537.36"
35.175.116.0 - - [07/Nov/2023:09:37:47 +0100] "GET / HTTP/1.1" 200 2691 "-" "Mozilla/5.0 (Windows NT 10.0; Win64; x64) AppleWebKit/537.36 (KHTML, like Gecko) Chrome/79.0.3945.0 Safari/537.36"
159.223.144.0 - - [07/Nov/2023:09:39:32 +0100] "GET / HTTP/1.1" 200 2590 "-" "Mozilla/5.0 (X11; Linux x86_64) AppleWebKit/537.36 (KHTML, like Gecko) Chrome/108.0.0.0 Safari/537.36"
159.223.144.0 - - [07/Nov/2023:09:39:32 +0100] "GET / HTTP/1.1" 200 2590 "-" "Mozilla/5.0 (X11; Linux x86_64) AppleWebKit/537.36 (KHTML, like Gecko) Chrome/108.0.0.0 Safari/537.36"
62.138.2.0 - - [07/Nov/2023:09:39:33 +0100] "GET /es/ueber-uns/ipc-business-gmbh-firmeninformation/ HTTP/1.1" 200 11962 "-" "Mozilla/5.0 (Macintosh; Intel Mac OS X 10.15; rv:103.0) Gecko/20100101 Firefox/103.0"
81.169.178.0 - - [07/Nov/2023:09:43:38 +0100] "POST /wp-cron.php?doing_wp_cron=1699346618.4634790420532226562500 HTTP/1.1" 200 - "https://www.computerdoc24.de/wp-cron.php?doing_wp_cron=1699346618.4634790420532226562500" "WordPress/5.2.19; https://www.computerdoc24.de"
161.35.174.0 - - [07/Nov/2023:09:43:38 +0100] "GET /impressum/ HTTP/1.1" 200 14283 "-" "Mozilla/5.0 (Macintosh; Intel Mac OS X 10_15_7) AppleWebKit/537.36 (KHTML, like Gecko) Chrome/114.0.0.0 Safari/537.36"
157.55.39.0 - - [07/Nov/2023:09:44:16 +0100] "GET /robots.txt HTTP/1.1" 301 293 "-" "Mozilla/5.0 AppleWebKit/537.36 (KHTML, like Gecko; compatible; bingbot/2.0; +http://www.bing.com/bingbot.htm) Chrome/103.0.5060.134 Safari/537.36"
40.77.167.0 - - [07/Nov/2023:09:44:24 +0100] "GET / HTTP/1.1" 301 283 "-" "Mozilla/5.0 AppleWebKit/537.36 (KHTML, like Gecko; compatible; bingbot/2.0; +http://www.bing.com/bingbot.htm) Chrome/103.0.5060.134 Safari/537.36"
34.241.11.0 - - [07/Nov/2023:09:44:57 +0100] "GET / HTTP/1.0" 301 - "-" "Mozilla/5.0 (compatible; NetcraftSurveyAgent/1.0; +info@netcraft.com)"
81.169.178.0 - - [07/Nov/2023:09:49:07 +0100] "POST /wp-cron.php?doing_wp_cron=1699346947.5249769687652587890625 HTTP/1.1" 200 - "http://www.computerdoc24.de/wp-cron.php?doing_wp_cron=1699346947.5249769687652587890625" "WordPress/5.2.19; https://www.computerdoc24.de"
93.193.216.0 - - [07/Nov/2023:09:49:07 +0100] "GET / HTTP/1.1" 301 - "-" "Mozilla/5.0 (Windows NT 10.0; Win64; x64; rv:109.0) Gecko/20100101 Firefox/119.0"
93.193.216.0 - - [07/Nov/2023:09:49:08 +0100] "GET / HTTP/1.1" 301 - "-" "Mozilla/5.0 (Windows NT 10.0; Win64; x64; rv:109.0) Gecko/20100101 Firefox/119.0"
93.193.216.0 - - [07/Nov/2023:09:49:09 +0100] "GET / HTTP/1.1" 200 20478 "-" "Mozilla/5.0 (Windows NT 10.0; Win64; x64; rv:109.0) Gecko/20100101 Firefox/119.0"
93.193.216.0 - - [07/Nov/2023:09:49:10 +0100] "GET /wp-includes/css/dist/block-library/style.min.css HTTP/1.1" 200 4788 "https://www.computerdoc24.de/" "Mozilla/5.0 (Windows NT 10.0; Win64; x64; rv:109.0) Gecko/20100101 Firefox/119.0"
93.193.216.0 - - [07/Nov/2023:09:49:10 +0100] "GET /wp-includes/css/dist/block-library/theme.min.css HTTP/1.1" 200 562 "https://www.computerdoc24.de/" "Mozilla/5.0 (Windows NT 10.0; Win64; x64; rv:109.0) Gecko/20100101 Firefox/119.0"
93.193.216.0 - - [07/Nov/2023:09:49:10 +0100] "GET /wp-content/plugins/shapepress-dsgvo/public/css/sp-dsgvo-public.min.css HTTP/1.1" 200 1087 "https://www.computerdoc24.de/" "Mozilla/5.0 (Windows NT 10.0; Win64; x64; rv:109.0) Gecko/20100101 Firefox/119.0"
93.193.216.0 - - [07/Nov/2023:09:49:10 +0100] "GET /wp-content/plugins/revslider/public/assets/fonts/revicons/revicons.woff?5510888 HTTP/1.1" 200 7491 "https://www.computerdoc24.de/" "Mozilla/5.0 (Windows NT 10.0; Win64; x64; rv:109.0) Gecko/20100101 Firefox/119.0"
93.193.216.0 - - [07/Nov/2023:09:49:10 +0100] "GET /wp-content/plugins/woocommerce/packages/woocommerce-blocks/build/style.css HTTP/1.1" 200 2310 "https://www.computerdoc24.de/" "Mozilla/5.0 (Windows NT 10.0; Win64; x64; rv:109.0) Gecko/20100101 Firefox/119.0"
93.193.216.0 - - [07/Nov/2023:09:49:10 +0100] "GET /wp-content/plugins/wpt-login/css/custom-login.css HTTP/1.1" 200 707 "https://www.computerdoc24.de/" "Mozilla/5.0 (Windows NT 10.0; Win64; x64; rv:109.0) Gecko/20100101 Firefox/119.0"
93.193.216.0 - - [07/Nov/2023:09:49:10 +0100] "GET /wp-content/plugins/contact-form-7/includes/css/styles.css HTTP/1.1" 200 651 "https://www.computerdoc24.de/" "Mozilla/5.0 (Windows NT 10.0; Win64; x64; rv:109.0) Gecko/20100101 Firefox/119.0"
93.193.216.0 - - [07/Nov/2023:09:49:10 +0100] "GET /wp-content/plugins/revslider/public/assets/fonts/font-awesome/fonts/fontawesome-webfont.woff2?v=4.7.0 HTTP/1.1" 200 77162 "https://www.computerdoc24.de/" "Mozilla/5.0 (Windows NT 10.0; Win64; x64; rv:109.0) Gecko/20100101 Firefox/119.0"
93.193.216.0 - - [07/Nov/2023:09:49:10 +0100] "GET /wp-content/plugins/shapepress-dsgvo/public/css/bootstrap-grid.min.css HTTP/1.1" 200 6484 "https://www.computerdoc24.de/" "Mozilla/5.0 (Windows NT 10.0; Win64; x64; rv:109.0) Gecko/20100101 Firefox/119.0"
93.193.216.0 - - [07/Nov/2023:09:49:10 +0100] "GET /wp-content/plugins/shapepress-dsgvo/public/css/simplebar.min.css HTTP/1.1" 200 836 "https://www.computerdoc24.de/" "Mozilla/5.0 (Windows NT 10.0; Win64; x64; rv:109.0) Gecko/20100101 Firefox/119.0"
93.193.216.0 - - [07/Nov/2023:09:49:10 +0100] "GET /wp-content/plugins/shapepress-dsgvo/public/css/sp-dsgvo-popup.min.css HTTP/1.1" 200 2375 "https://www.computerdoc24.de/" "Mozilla/5.0 (Windows NT 10.0; Win64; x64; rv:109.0) Gecko/20100101 Firefox/119.0"
93.193.216.0 - - [07/Nov/2023:09:49:10 +0100] "GET /wp-content/uploads/smile_fonts/Defaults/Defaults.css HTTP/1.1" 200 4755 "https://www.computerdoc24.de/" "Mozilla/5.0 (Windows NT 10.0; Win64; x64; rv:109.0) Gecko/20100101 Firefox/119.0"
93.193.216.0 - - [07/Nov/2023:09:49:10 +0100] "GET /wp-content/plugins/js_composer/assets/css/js_composer.min.css HTTP/1.1" 200 45591 "https://www.computerdoc24.de/" "Mozilla/5.0 (Windows NT 10.0; Win64; x64; rv:109.0) Gecko/20100101 Firefox/119.0"
93.193.216.0 - - [07/Nov/2023:09:49:10 +0100] "GET /wp-content/themes/en-vision/lib/css/bootstrap-responsive-1170.min.css HTTP/1.1" 200 1157 "https://www.computerdoc24.de/" "Mozilla/5.0 (Windows NT 10.0; Win64; x64; rv:109.0) Gecko/20100101 Firefox/119.0"
93.193.216.0 - - [07/Nov/2023:09:49:10 +0100] "GET /wp-content/themes/en-vision/lib/css/woocommerce.min.css HTTP/1.1" 200 9641 "https://www.computerdoc24.de/" "Mozilla/5.0 (Windows NT 10.0; Win64; x64; rv:109.0) Gecko/20100101 Firefox/119.0"
93.193.216.0 - - [07/Nov/2023:09:49:10 +0100] "GET /wp-content/plugins/Ultimate_VC_Addons/assets/min-css/ultimate.min.css HTTP/1.1" 200 47736 "https://www.computerdoc24.de/" "Mozilla/5.0 (Windows NT 10.0; Win64; x64; rv:109.0) Gecko/20100101 Firefox/119.0"
93.193.216.0 - - [07/Nov/2023:09:49:10 +0100] "GET /wp-content/themes/en-vision/lib/css/style.min.css HTTP/1.1" 200 38861 "https://www.computerdoc24.de/" "Mozilla/5.0 (Windows NT 10.0; Win64; x64; rv:109.0) Gecko/20100101 Firefox/119.0"
93.193.216.0 - - [07/Nov/2023:09:49:10 +0100] "GET /wp-content/themes/en-vision/includes/modules/module.fontawesome/source/css/font-awesome.min.css HTTP/1.1" 200 4680 "https://www.computerdoc24.de/" "Mozilla/5.0 (Windows NT 10.0; Win64; x64; rv:109.0) Gecko/20100101 Firefox/119.0"
93.193.216.0 - - [07/Nov/2023:09:49:10 +0100] "GET /wp-content/uploads/Dark-Blue-Skin_f11de704061eed4e79d777b4e0c313ab.css?OlJKPnf0ao HTTP/1.1" 200 4393 "https://www.computerdoc24.de/" "Mozilla/5.0 (Windows NT 10.0; Win64; x64; rv:109.0) Gecko/20100101 Firefox/119.0"
93.193.216.0 - - [07/Nov/2023:09:49:10 +0100] "GET /wp-content/themes/en-vision/includes/modules/module.icomoon/source/css/icomoon.css HTTP/1.1" 200 8420 "https://www.computerdoc24.de/" "Mozilla/5.0 (Windows NT 10.0; Win64; x64; rv:109.0) Gecko/20100101 Firefox/119.0"
93.193.216.0 - - [07/Nov/2023:09:49:10 +0100] "GET /wp-includes/js/jquery/jquery.js HTTP/1.1" 200 33776 "https://www.computerdoc24.de/" "Mozilla/5.0 (Windows NT 10.0; Win64; x64; rv:109.0) Gecko/20100101 Firefox/119.0"
93.193.216.0 - - [07/Nov/2023:09:49:10 +0100] "GET /wp-includes/js/jquery/jquery-migrate.min.js HTTP/1.1" 200 4014 "https://www.computerdoc24.de/" "Mozilla/5.0 (Windows NT 10.0; Win64; x64; rv:109.0) Gecko/20100101 Firefox/119.0"
93.193.216.0 - - [07/Nov/2023:09:49:10 +0100] "GET /wp-content/plugins/woocommerce/assets/js/jquery-blockui/jquery.blockUI.min.js HTTP/1.1" 200 3533 "https://www.computerdoc24.de/" "Mozilla/5.0 (Windows NT 10.0; Win64; x64; rv:109.0) Gecko/20100101 Firefox/119.0"
93.193.216.0 - - [07/Nov/2023:09:49:10 +0100] "GET /wp-content/plugins/woocommerce/assets/js/frontend/add-to-cart.min.js HTTP/1.1" 200 1017 "https://www.computerdoc24.de/" "Mozilla/5.0 (Windows NT 10.0; Win64; x64; rv:109.0) Gecko/20100101 Firefox/119.0"
93.193.216.0 - - [07/Nov/2023:09:49:10 +0100] "GET /wp-content/cache/autoptimize/js/autoptimize_single_902b7ca09549975e55e136fb0026df9a.js HTTP/1.1" 200 319 "https://www.computerdoc24.de/" "Mozilla/5.0 (Windows NT 10.0; Win64; x64; rv:109.0) Gecko/20100101 Firefox/119.0"
93.193.216.0 - - [07/Nov/2023:09:49:10 +0100] "GET /wp-content/plugins/shapepress-dsgvo/public/js/sp-dsgvo-public.min.js HTTP/1.1" 200 4590 "https://www.computerdoc24.de/" "Mozilla/5.0 (Windows NT 10.0; Win64; x64; rv:109.0) Gecko/20100101 Firefox/119.0"
93.193.216.0 - - [07/Nov/2023:09:49:10 +0100] "GET /wp-content/plugins/Ultimate_VC_Addons/assets/min-js/ultimate.min.js HTTP/1.1" 200 54140 "https://www.computerdoc24.de/" "Mozilla/5.0 (Windows NT 10.0; Win64; x64; rv:109.0) Gecko/20100101 Firefox/119.0"
93.193.216.0 - - [07/Nov/2023:09:49:10 +0100] "GET /wp-content/plugins/js_composer/assets/lib/bower/font-awesome/css/font-awesome.min.css HTTP/1.1" 200 6970 "https://www.computerdoc24.de/" "Mozilla/5.0 (Windows NT 10.0; Win64; x64; rv:109.0) Gecko/20100101 Firefox/119.0"
93.193.216.0 - - [07/Nov/2023:09:49:10 +0100] "GET /wp-content/plugins/autoptimize/classes/external/js/lazysizes.min.js HTTP/1.1" 200 4122 "https://www.computerdoc24.de/" "Mozilla/5.0 (Windows NT 10.0; Win64; x64; rv:109.0) Gecko/20100101 Firefox/119.0"
93.193.216.0 - - [07/Nov/2023:09:49:10 +0100] "GET /wp-content/plugins/revslider/public/assets/css/rs6.css HTTP/1.1" 200 12282 "https://www.computerdoc24.de/" "Mozilla/5.0 (Windows NT 10.0; Win64; x64; rv:109.0) Gecko/20100101 Firefox/119.0"
93.193.216.0 - - [07/Nov/2023:09:49:10 +0100] "GET /wp-content/plugins/revslider/public/assets/fonts/font-awesome/css/font-awesome.css HTTP/1.1" 200 7235 "https://www.computerdoc24.de/" "Mozilla/5.0 (Windows NT 10.0; Win64; x64; rv:109.0) Gecko/20100101 Firefox/119.0"
93.193.216.0 - - [07/Nov/2023:09:49:10 +0100] "GET /wp-content/themes/en-vision/lib/js/app.min.js HTTP/1.1" 200 31108 "https://www.computerdoc24.de/" "Mozilla/5.0 (Windows NT 10.0; Win64; x64; rv:109.0) Gecko/20100101 Firefox/119.0"
93.193.216.0 - - [07/Nov/2023:09:49:10 +0100] "GET /wp-content/cache/autoptimize/js/autoptimize_single_9ff8e720094fe3a7fa3ab5a2e8fe5919.js HTTP/1.1" 200 587 "https://www.computerdoc24.de/" "Mozilla/5.0 (Windows NT 10.0; Win64; x64; rv:109.0) Gecko/20100101 Firefox/119.0"
93.193.216.0 - - [07/Nov/2023:09:49:10 +0100] "GET /wp-content/cache/autoptimize/js/autoptimize_single_1534f06aa2b1b721a45372f8238e2461.js HTTP/1.1" 200 3352 "https://www.computerdoc24.de/" "Mozilla/5.0 (Windows NT 10.0; Win64; x64; rv:109.0) Gecko/20100101 Firefox/119.0"
93.193.216.0 - - [07/Nov/2023:09:49:10 +0100] "GET /wp-content/plugins/woocommerce/assets/js/js-cookie/js.cookie.min.js HTTP/1.1" 200 981 "https://www.computerdoc24.de/" "Mozilla/5.0 (Windows NT 10.0; Win64; x64; rv:109.0) Gecko/20100101 Firefox/119.0"
93.193.216.0 - - [07/Nov/2023:09:49:10 +0100] "GET /wp-content/plugins/revslider/public/assets/js/rbtools.min.js HTTP/1.1" 200 46966 "https://www.computerdoc24.de/" "Mozilla/5.0 (Windows NT 10.0; Win64; x64; rv:109.0) Gecko/20100101 Firefox/119.0"
93.193.216.0 - - [07/Nov/2023:09:49:10 +0100] "GET /wp-content/plugins/revslider/public/assets/js/rs6.min.js HTTP/1.1" 200 98542 "https://www.computerdoc24.de/" "Mozilla/5.0 (Windows NT 10.0; Win64; x64; rv:109.0) Gecko/20100101 Firefox/119.0"
93.193.216.0 - - [07/Nov/2023:09:49:10 +0100] "GET /wp-content/plugins/woocommerce/assets/js/frontend/woocommerce.min.js HTTP/1.1" 200 619 "https://www.computerdoc24.de/" "Mozilla/5.0 (Windows NT 10.0; Win64; x64; rv:109.0) Gecko/20100101 Firefox/119.0"
93.193.216.0 - - [07/Nov/2023:09:49:10 +0100] "GET /wp-content/plugins/woocommerce/assets/js/frontend/cart-fragments.min.js HTTP/1.1" 200 1042 "https://www.computerdoc24.de/" "Mozilla/5.0 (Windows NT 10.0; Win64; x64; rv:109.0) Gecko/20100101 Firefox/119.0"
93.193.216.0 - - [07/Nov/2023:09:49:10 +0100] "GET /wp-content/plugins/shapepress-dsgvo/public/js/simplebar.min.js HTTP/1.1" 200 18376 "https://www.computerdoc24.de/" "Mozilla/5.0 (Windows NT 10.0; Win64; x64; rv:109.0) Gecko/20100101 Firefox/119.0"
93.193.216.0 - - [07/Nov/2023:09:49:10 +0100] "GET /wp-content/themes/en-vision/lib/js/woocommerce.min.js HTTP/1.1" 200 1122 "https://www.computerdoc24.de/" "Mozilla/5.0 (Windows NT 10.0; Win64; x64; rv:109.0) Gecko/20100101 Firefox/119.0"
93.193.216.0 - - [07/Nov/2023:09:49:10 +0100] "GET /wp-includes/js/comment-reply.min.js HTTP/1.1" 200 1044 "https://www.computerdoc24.de/" "Mozilla/5.0 (Windows NT 10.0; Win64; x64; rv:109.0) Gecko/20100101 Firefox/119.0"
93.193.216.0 - - [07/Nov/2023:09:49:10 +0100] "GET /wp-includes/js/wp-embed.min.js HTTP/1.1" 200 777 "https://www.computerdoc24.de/" "Mozilla/5.0 (Windows NT 10.0; Win64; x64; rv:109.0) Gecko/20100101 Firefox/119.0"
93.193.216.0 - - [07/Nov/2023:09:49:10 +0100] "GET /wp-content/themes/en-vision/lib/js/jquery-smoothscroll.min.js HTTP/1.1" 200 2546 "https://www.computerdoc24.de/" "Mozilla/5.0 (Windows NT 10.0; Win64; x64; rv:109.0) Gecko/20100101 Firefox/119.0"
93.193.216.0 - - [07/Nov/2023:09:49:10 +0100] "GET /wp-content/plugins/js_composer/assets/js/dist/js_composer_front.min.js HTTP/1.1" 200 5653 "https://www.computerdoc24.de/" "Mozilla/5.0 (Windows NT 10.0; Win64; x64; rv:109.0) Gecko/20100101 Firefox/119.0"
93.193.216.0 - - [07/Nov/2023:09:49:10 +0100] "GET /wp-content/themes/en-vision/lib/patterns/escheresque_ste.png HTTP/1.1" 200 423 "-" "Mozilla/5.0 (Windows NT 10.0; Win64; x64; rv:109.0) Gecko/20100101 Firefox/119.0"
93.193.216.0 - - [07/Nov/2023:09:49:10 +0100] "GET /wp-content/plugins/js_composer/assets/lib/bower/font-awesome/fonts/fontawesome-webfont.woff2?v=4.7.0 HTTP/1.1" 200 77160 "https://www.computerdoc24.de/wp-content/plugins/js_composer/assets/lib/bower/font-awesome/css/font-awesome.min.css" "Mozilla/5.0 (Windows NT 10.0; Win64; x64; rv:109.0) Gecko/20100101 Firefox/119.0"
93.193.216.0 - - [07/Nov/2023:09:49:10 +0100] "GET /wp-content/plugins/shapepress-dsgvo/public/css/fonts/roboto/Roboto-Regular-webfont.woff HTTP/1.1" 200 20924 "https://www.computerdoc24.de/" "Mozilla/5.0 (Windows NT 10.0; Win64; x64; rv:109.0) Gecko/20100101 Firefox/119.0"
93.193.216.0 - - [07/Nov/2023:09:49:10 +0100] "GET /wp-content/plugins/revslider/public/assets/assets/dummy.png HTTP/1.1" 200 68 "https://www.computerdoc24.de/" "Mozilla/5.0 (Windows NT 10.0; Win64; x64; rv:109.0) Gecko/20100101 Firefox/119.0"
93.193.216.0 - - [07/Nov/2023:09:49:10 +0100] "GET /wp-content/themes/en-vision/lib/images/sidebar-shadow-right.png HTTP/1.1" 200 534 "https://www.computerdoc24.de/wp-content/themes/en-vision/lib/css/style.min.css" "Mozilla/5.0 (Windows NT 10.0; Win64; x64; rv:109.0) Gecko/20100101 Firefox/119.0"
93.193.216.0 - - [07/Nov/2023:09:49:10 +0100] "GET /wp-content/uploads/smile_fonts/Defaults/Defaults.woff?rfa9z8 HTTP/1.1" 200 144232 "https://www.computerdoc24.de/wp-content/uploads/smile_fonts/Defaults/Defaults.css" "Mozilla/5.0 (Windows NT 10.0; Win64; x64; rv:109.0) Gecko/20100101 Firefox/119.0"
93.193.216.0 - - [07/Nov/2023:09:49:10 +0100] "GET /wp-content/plugins/revslider/public/assets/assets/loader.gif HTTP/1.1" 200 2545 "https://www.computerdoc24.de/wp-content/plugins/revslider/public/assets/css/rs6.css" "Mozilla/5.0 (Windows NT 10.0; Win64; x64; rv:109.0) Gecko/20100101 Firefox/119.0"
93.193.216.0 - - [07/Nov/2023:09:49:10 +0100] "GET /wp-content/uploads/revslider/homepage/bg-1.jpg HTTP/1.1" 200 41555 "https://www.computerdoc24.de/" "Mozilla/5.0 (Windows NT 10.0; Win64; x64; rv:109.0) Gecko/20100101 Firefox/119.0"
93.193.216.0 - - [07/Nov/2023:09:49:10 +0100] "GET /wp-content/uploads/revslider/homepage/computer.png HTTP/1.1" 200 206463 "https://www.computerdoc24.de/" "Mozilla/5.0 (Windows NT 10.0; Win64; x64; rv:109.0) Gecko/20100101 Firefox/119.0"
93.193.216.0 - - [07/Nov/2023:09:49:10 +0100] "GET /wp-content/uploads/revslider/homepage/bg3.jpg HTTP/1.1" 200 189591 "https://www.computerdoc24.de/" "Mozilla/5.0 (Windows NT 10.0; Win64; x64; rv:109.0) Gecko/20100101 Firefox/119.0"
93.193.216.0 - - [07/Nov/2023:09:49:10 +0100] "GET /wp-content/uploads/Network-1.png HTTP/1.1" 200 55283 "https://www.computerdoc24.de/" "Mozilla/5.0 (Windows NT 10.0; Win64; x64; rv:109.0) Gecko/20100101 Firefox/119.0"
93.193.216.0 - - [07/Nov/2023:09:49:10 +0100] "GET /wp-content/uploads/revslider/homepage/hppc-1.png HTTP/1.1" 200 117566 "https://www.computerdoc24.de/" "Mozilla/5.0 (Windows NT 10.0; Win64; x64; rv:109.0) Gecko/20100101 Firefox/119.0"
93.193.216.0 - - [07/Nov/2023:09:49:10 +0100] "GET /wp-content/uploads/bg2-1-1.jpg HTTP/1.1" 200 470201 "https://www.computerdoc24.de/" "Mozilla/5.0 (Windows NT 10.0; Win64; x64; rv:109.0) Gecko/20100101 Firefox/119.0"
93.193.216.0 - - [07/Nov/2023:09:49:10 +0100] "POST /?wc-ajax=get_refreshed_fragments HTTP/1.1" 200 177 "https://www.computerdoc24.de/" "Mozilla/5.0 (Windows NT 10.0; Win64; x64; rv:109.0) Gecko/20100101 Firefox/119.0"
93.193.216.0 - - [07/Nov/2023:09:49:11 +0100] "GET /wp-content/uploads/logo-2-3.png HTTP/1.1" 200 15255 "https://www.computerdoc24.de/" "Mozilla/5.0 (Windows NT 10.0; Win64; x64; rv:109.0) Gecko/20100101 Firefox/119.0"
93.193.216.0 - - [07/Nov/2023:09:49:11 +0100] "GET /wp-content/themes/en-vision/includes/modules/module.shadow/shadows/shadow-6.png HTTP/1.1" 200 5589 "https://www.computerdoc24.de/" "Mozilla/5.0 (Windows NT 10.0; Win64; x64; rv:109.0) Gecko/20100101 Firefox/119.0"
93.193.216.0 - - [07/Nov/2023:09:49:11 +0100] "GET /wp-content/uploads/zwanzigjahrecomputerdoc24-1-300x258.png HTTP/1.1" 200 29230 "https://www.computerdoc24.de/" "Mozilla/5.0 (Windows NT 10.0; Win64; x64; rv:109.0) Gecko/20100101 Firefox/119.0"
93.193.216.0 - - [07/Nov/2023:09:49:11 +0100] "GET /wp-content/uploads/revslider/homepage/slider.png HTTP/1.1" 200 18173 "https://www.computerdoc24.de/" "Mozilla/5.0 (Windows NT 10.0; Win64; x64; rv:109.0) Gecko/20100101 Firefox/119.0"
93.193.216.0 - - [07/Nov/2023:09:49:12 +0100] "GET /wp-content/uploads/favicon-3.png HTTP/1.1" 200 944 "https://www.computerdoc24.de/" "Mozilla/5.0 (Windows NT 10.0; Win64; x64; rv:109.0) Gecko/20100101 Firefox/119.0"
93.193.216.0 - - [07/Nov/2023:09:49:12 +0100] "GET /wp-content/uploads/appleipadretina-6.png HTTP/1.1" 200 7645 "https://www.computerdoc24.de/" "Mozilla/5.0 (Windows NT 10.0; Win64; x64; rv:109.0) Gecko/20100101 Firefox/119.0"
93.193.216.0 - - [07/Nov/2023:09:49:12 +0100] "GET /wp-content/uploads/logitech_mk270-300x300.jpg HTTP/1.1" 200 9007 "https://www.computerdoc24.de/" "Mozilla/5.0 (Windows NT 10.0; Win64; x64; rv:109.0) Gecko/20100101 Firefox/119.0"
