:: - - [06/Nov/2023:04:57:54 +0100] "OPTIONS * HTTP/1.0" 200 - "-" "Apache/2.4.6 (CentOS) OpenSSL/1.0.2k-fips mod_fcgid/2.3.9 (internal dummy connection)"
45.154.98.0 - - [06/Nov/2023:04:57:54 +0100] "GET /wp-content/plugins/kadence-blocks/readme.txt HTTP/1.1" 200 - "-" "Mozilla/5.0 (Linux; Android 11; Lenovo YT-J706X) AppleWebKit/537.36 (KHTML, like Gecko) Chrome/118.0.0.0 Safari/537.36"
:: - - [06/Nov/2023:04:57:55 +0100] "OPTIONS * HTTP/1.0" 200 - "-" "Apache/2.4.6 (CentOS) OpenSSL/1.0.2k-fips mod_fcgid/2.3.9 (internal dummy connection)"
45.154.98.0 - - [06/Nov/2023:04:57:55 +0100] "GET /wp-content/plugins/mstore-api/readme.txt HTTP/1.1" 301 271 "-" "Mozilla/5.0 (Linux; Android 11; Lenovo YT-J706X) AppleWebKit/537.36 (KHTML, like Gecko) Chrome/118.0.0.0 Safari/537.36"
45.154.98.0 - - [06/Nov/2023:04:57:55 +0100] "GET /wp-content/plugins/kadence-blocks/readme.txt HTTP/1.1" 200 11030 "-" "Mozilla/5.0 (Linux; Android 11; Lenovo YT-J706X) AppleWebKit/537.36 (KHTML, like Gecko) Chrome/118.0.0.0 Safari/537.36"
185.196.220.0 - - [06/Nov/2023:04:57:56 +0100] "GET /wp-content/plugins/build-app-online/README.txt HTTP/1.1" 200 9964 "-" "Mozilla/5.0 (Macintosh; Intel Mac OS X 13_1) AppleWebKit/537.36 (KHTML, like Gecko) Chrome/109.0.0.0 Safari/537.36"
45.154.98.0 - - [06/Nov/2023:04:57:56 +0100] "GET /wp-content/plugins/mstore-api/readme.txt HTTP/1.1" 200 - "-" "Mozilla/5.0 (Linux; Android 11; Lenovo YT-J706X) AppleWebKit/537.36 (KHTML, like Gecko) Chrome/118.0.0.0 Safari/537.36"
45.154.98.0 - - [06/Nov/2023:04:57:56 +0100] "GET /wp-content/plugins/mstore-api/readme.txt HTTP/1.1" 200 9960 "-" "Mozilla/5.0 (Linux; Android 11; Lenovo YT-J706X) AppleWebKit/537.36 (KHTML, like Gecko) Chrome/118.0.0.0 Safari/537.36"
45.154.98.0 - - [06/Nov/2023:04:57:57 +0100] "GET /wp-content/plugins/ultimate-member/readme.txt HTTP/1.1" 301 276 "-" "Mozilla/5.0 (Linux; Android 11; Lenovo YT-J706X) AppleWebKit/537.36 (KHTML, like Gecko) Chrome/118.0.0.0 Safari/537.36"
45.154.98.0 - - [06/Nov/2023:04:57:57 +0100] "GET /wp-content/plugins/ultimate-member/readme.txt HTTP/1.1" 200 - "-" "Mozilla/5.0 (Linux; Android 11; Lenovo YT-J706X) AppleWebKit/537.36 (KHTML, like Gecko) Chrome/118.0.0.0 Safari/537.36"
81.169.178.0 - - [06/Nov/2023:04:57:58 +0100] "POST /?wordfence_syncAttackData=1699243078.2888 HTTP/1.1" 200 - "https://www.ipcbusiness.de/?wordfence_syncAttackData=1699243078.2888" "WordPress/5.8.8; https://www.ipcbusiness.de"
45.154.98.0 - - [06/Nov/2023:04:57:58 +0100] "GET /wp-content/plugins/ultimate-member/readme.txt HTTP/1.1" 200 9963 "-" "Mozilla/5.0 (Linux; Android 11; Lenovo YT-J706X) AppleWebKit/537.36 (KHTML, like Gecko) Chrome/118.0.0.0 Safari/537.36"
81.169.178.0 - - [06/Nov/2023:04:57:58 +0100] "POST /?wordfence_syncAttackData=1699243078.1139 HTTP/1.1" 200 - "https://www.computerdoc24.de/?wordfence_syncAttackData=1699243078.1139" "WordPress/5.2.19; https://www.computerdoc24.de"
45.154.98.0 - - [06/Nov/2023:04:57:57 +0100] "GET /wp-content/plugins/jupiterx-core/readme.txt HTTP/1.1" 200 - "-" "Mozilla/5.0 (Linux; Android 11; Lenovo YT-J706X) AppleWebKit/537.36 (KHTML, like Gecko) Chrome/118.0.0.0 Safari/537.36"
45.154.98.0 - - [06/Nov/2023:04:57:59 +0100] "GET /wp-content/plugins/jupiterx-core/readme.txt HTTP/1.1" 200 - "-" "Mozilla/5.0 (Linux; Android 11; Lenovo YT-J706X) AppleWebKit/537.36 (KHTML, like Gecko) Chrome/118.0.0.0 Safari/537.36"
45.154.98.0 - - [06/Nov/2023:04:57:59 +0100] "GET /wp-content/plugins/jupiterx-core/readme.txt HTTP/1.1" 200 11030 "-" "Mozilla/5.0 (Linux; Android 11; Lenovo YT-J706X) AppleWebKit/537.36 (KHTML, like Gecko) Chrome/118.0.0.0 Safari/537.36"
45.154.98.0 - - [06/Nov/2023:04:58:01 +0100] "GET /wp-content/plugins/essential-addons-for-elementor-lite/readme.txt HTTP/1.1" 301 296 "-" "Mozilla/5.0 (Linux; Android 11; Lenovo YT-J706X) AppleWebKit/537.36 (KHTML, like Gecko) Chrome/118.0.0.0 Safari/537.36"
45.154.98.0 - - [06/Nov/2023:04:58:01 +0100] "GET /wp-content/plugins/forminator/readme.txt HTTP/1.1" 200 - "-" "Mozilla/5.0 (Linux; Android 11; Lenovo YT-J706X) AppleWebKit/537.36 (KHTML, like Gecko) Chrome/118.0.0.0 Safari/537.36"
45.154.98.0 - - [06/Nov/2023:04:58:01 +0100] "GET /wp-content/plugins/essential-addons-for-elementor-lite/readme.txt HTTP/1.1" 200 - "-" "Mozilla/5.0 (Linux; Android 11; Lenovo YT-J706X) AppleWebKit/537.36 (KHTML, like Gecko) Chrome/118.0.0.0 Safari/537.36"
45.154.98.0 - - [06/Nov/2023:04:58:01 +0100] "GET /wp-content/plugins/essential-addons-for-elementor-lite/readme.txt HTTP/1.1" 200 9975 "-" "Mozilla/5.0 (Linux; Android 11; Lenovo YT-J706X) AppleWebKit/537.36 (KHTML, like Gecko) Chrome/118.0.0.0 Safari/537.36"
45.154.98.0 - - [06/Nov/2023:04:58:01 +0100] "GET /wp-content/plugins/forminator/readme.txt HTTP/1.1" 200 - "-" "Mozilla/5.0 (Linux; Android 11; Lenovo YT-J706X) AppleWebKit/537.36 (KHTML, like Gecko) Chrome/118.0.0.0 Safari/537.36"
45.154.98.0 - - [06/Nov/2023:04:58:02 +0100] "GET /wp-content/plugins/easy-digital-downloads/readme.txt HTTP/1.1" 301 283 "-" "Mozilla/5.0 (Linux; Android 11; Lenovo YT-J706X) AppleWebKit/537.36 (KHTML, like Gecko) Chrome/118.0.0.0 Safari/537.36"
45.154.98.0 - - [06/Nov/2023:04:58:02 +0100] "GET /wp-content/plugins/easy-digital-downloads/readme.txt HTTP/1.1" 200 - "-" "Mozilla/5.0 (Linux; Android 11; Lenovo YT-J706X) AppleWebKit/537.36 (KHTML, like Gecko) Chrome/118.0.0.0 Safari/537.36"
45.154.98.0 - - [06/Nov/2023:04:58:02 +0100] "GET /wp-content/plugins/forminator/readme.txt HTTP/1.1" 200 11030 "-" "Mozilla/5.0 (Linux; Android 11; Lenovo YT-J706X) AppleWebKit/537.36 (KHTML, like Gecko) Chrome/118.0.0.0 Safari/537.36"
45.154.98.0 - - [06/Nov/2023:04:58:03 +0100] "GET /wp-content/plugins/easy-digital-downloads/readme.txt HTTP/1.1" 200 9964 "-" "Mozilla/5.0 (Linux; Android 11; Lenovo YT-J706X) AppleWebKit/537.36 (KHTML, like Gecko) Chrome/118.0.0.0 Safari/537.36"
:: - - [06/Nov/2023:04:58:03 +0100] "OPTIONS * HTTP/1.0" 200 - "-" "Apache/2.4.6 (CentOS) OpenSSL/1.0.2k-fips mod_fcgid/2.3.9 (internal dummy connection)"
45.154.98.0 - - [06/Nov/2023:04:58:05 +0100] "GET /wp-content/plugins/woocommerce-payments/readme.txt HTTP/1.1" 301 281 "-" "Mozilla/5.0 (Linux; Android 11; Lenovo YT-J706X) AppleWebKit/537.36 (KHTML, like Gecko) Chrome/118.0.0.0 Safari/537.36"
45.154.98.0 - - [06/Nov/2023:04:58:04 +0100] "GET /wp-content/plugins/ht-mega-for-elementor/readme.txt HTTP/1.1" 200 - "-" "Mozilla/5.0 (Linux; Android 11; Lenovo YT-J706X) AppleWebKit/537.36 (KHTML, like Gecko) Chrome/118.0.0.0 Safari/537.36"
45.154.98.0 - - [06/Nov/2023:04:58:05 +0100] "GET /wp-content/plugins/woocommerce-payments/readme.txt HTTP/1.1" 200 - "-" "Mozilla/5.0 (Linux; Android 11; Lenovo YT-J706X) AppleWebKit/537.36 (KHTML, like Gecko) Chrome/118.0.0.0 Safari/537.36"
45.154.98.0 - - [06/Nov/2023:04:58:05 +0100] "GET /wp-content/plugins/woocommerce-payments/readme.txt HTTP/1.1" 200 9968 "-" "Mozilla/5.0 (Linux; Android 11; Lenovo YT-J706X) AppleWebKit/537.36 (KHTML, like Gecko) Chrome/118.0.0.0 Safari/537.36"
45.154.98.0 - - [06/Nov/2023:04:58:05 +0100] "GET /wp-content/plugins/ht-mega-for-elementor/readme.txt HTTP/1.1" 200 - "-" "Mozilla/5.0 (Linux; Android 11; Lenovo YT-J706X) AppleWebKit/537.36 (KHTML, like Gecko) Chrome/118.0.0.0 Safari/537.36"
45.154.98.0 - - [06/Nov/2023:04:58:06 +0100] "GET /wp-content/plugins/ht-mega-for-elementor/readme.txt HTTP/1.1" 200 11030 "-" "Mozilla/5.0 (Linux; Android 11; Lenovo YT-J706X) AppleWebKit/537.36 (KHTML, like Gecko) Chrome/118.0.0.0 Safari/537.36"
45.154.98.0 - - [06/Nov/2023:04:58:09 +0100] "GET /wp-content/plugins/wp-email-capture/readme.txt HTTP/1.1" 301 277 "-" "Mozilla/5.0 (Linux; Android 11; Lenovo YT-J706X) AppleWebKit/537.36 (KHTML, like Gecko) Chrome/118.0.0.0 Safari/537.36"
81.169.178.0 - - [06/Nov/2023:04:58:09 +0100] "POST /?wordfence_syncAttackData=1699243089.5632 HTTP/1.1" 200 - "https://www.ipcbusiness.de/?wordfence_syncAttackData=1699243089.5632" "WordPress/5.8.8; https://www.ipcbusiness.de"
45.154.98.0 - - [06/Nov/2023:04:58:09 +0100] "GET /wp-content/plugins/wp-email-capture/readme.txt HTTP/1.1" 200 - "-" "Mozilla/5.0 (Linux; Android 11; Lenovo YT-J706X) AppleWebKit/537.36 (KHTML, like Gecko) Chrome/118.0.0.0 Safari/537.36"
45.154.98.0 - - [06/Nov/2023:04:58:10 +0100] "GET /wp-content/plugins/wp-email-capture/readme.txt HTTP/1.1" 200 9963 "-" "Mozilla/5.0 (Linux; Android 11; Lenovo YT-J706X) AppleWebKit/537.36 (KHTML, like Gecko) Chrome/118.0.0.0 Safari/537.36"
81.169.178.0 - - [06/Nov/2023:04:58:10 +0100] "POST /?wordfence_syncAttackData=1699243090.5381 HTTP/1.1" 200 - "https://www.computerdoc24.de/?wordfence_syncAttackData=1699243090.5381" "WordPress/5.2.19; https://www.computerdoc24.de"
45.154.98.0 - - [06/Nov/2023:04:58:10 +0100] "GET /wp-content/plugins/wp-post-author/readme.txt HTTP/1.1" 200 - "-" "Mozilla/5.0 (Linux; Android 11; Lenovo YT-J706X) AppleWebKit/537.36 (KHTML, like Gecko) Chrome/118.0.0.0 Safari/537.36"
45.154.98.0 - - [06/Nov/2023:04:58:11 +0100] "GET /wp-content/plugins/wp-post-author/readme.txt HTTP/1.1" 200 - "-" "Mozilla/5.0 (Linux; Android 11; Lenovo YT-J706X) AppleWebKit/537.36 (KHTML, like Gecko) Chrome/118.0.0.0 Safari/537.36"
45.154.98.0 - - [06/Nov/2023:04:58:12 +0100] "GET /wp-content/plugins/wp-post-author/readme.txt HTTP/1.1" 200 11030 "-" "Mozilla/5.0 (Linux; Android 11; Lenovo YT-J706X) AppleWebKit/537.36 (KHTML, like Gecko) Chrome/118.0.0.0 Safari/537.36"
45.154.98.0 - - [06/Nov/2023:04:58:14 +0100] "GET /wp-content/plugins/zendrop-dropshipping-and-fulfillment/readme.txt HTTP/1.1" 301 297 "-" "Mozilla/5.0 (Linux; Android 10; SM-A205U) AppleWebKit/537.36 (KHTML, like Gecko) Chrome/118.0.5993.65 Mobile Safari/537.36"
45.154.98.0 - - [06/Nov/2023:04:58:14 +0100] "GET /wp-content/plugins/zendrop-dropshipping-and-fulfillment/readme.txt HTTP/1.1" 200 - "-" "Mozilla/5.0 (Linux; Android 10; SM-A205U) AppleWebKit/537.36 (KHTML, like Gecko) Chrome/118.0.5993.65 Mobile Safari/537.36"
45.154.98.0 - - [06/Nov/2023:04:58:14 +0100] "GET /wp-content/plugins/zendrop-dropshipping-and-fulfillment/readme.txt HTTP/1.1" 200 9980 "-" "Mozilla/5.0 (Linux; Android 10; SM-A205U) AppleWebKit/537.36 (KHTML, like Gecko) Chrome/118.0.5993.65 Mobile Safari/537.36"
45.154.98.0 - - [06/Nov/2023:04:58:16 +0100] "GET /complete-order/?selected_package=1 HTTP/1.1" 301 265 "-" "Mozilla/5.0 (Macintosh; Intel Mac OS X 14_0) AppleWebKit/537.36 (KHTML, like Gecko) Chrome/118.0.0.0 Safari/537.36"
45.154.98.0 - - [06/Nov/2023:04:58:16 +0100] "GET /wp-content/plugins/mstore-api/readme.txt HTTP/1.1" 200 - "-" "Mozilla/5.0 (Macintosh; Intel Mac OS X 14_0) AppleWebKit/537.36 (KHTML, like Gecko) Chrome/118.0.0.0 Safari/537.36"
45.154.98.0 - - [06/Nov/2023:04:58:16 +0100] "GET /complete-order/?selected_package=1 HTTP/1.1" 200 - "-" "Mozilla/5.0 (Macintosh; Intel Mac OS X 14_0) AppleWebKit/537.36 (KHTML, like Gecko) Chrome/118.0.0.0 Safari/537.36"
45.154.98.0 - - [06/Nov/2023:04:58:17 +0100] "GET /complete-order/?selected_package=1 HTTP/1.1" 200 9965 "-" "Mozilla/5.0 (Macintosh; Intel Mac OS X 14_0) AppleWebKit/537.36 (KHTML, like Gecko) Chrome/118.0.0.0 Safari/537.36"
45.154.98.0 - - [06/Nov/2023:04:58:20 +0100] "GET / HTTP/1.1" 301 231 "-" "Mozilla/5.0 (Linux; Android 11; ONEPLUS A6013) AppleWebKit/537.36 (KHTML, like Gecko) Chrome/118.0.0.0 Mobile Safari/537.36"
81.169.178.0 - - [06/Nov/2023:04:58:20 +0100] "POST /?wordfence_syncAttackData=1699243100.9041 HTTP/1.1" 200 - "https://www.ipcbusiness.de/?wordfence_syncAttackData=1699243100.9041" "WordPress/5.8.8; https://www.ipcbusiness.de"
45.154.98.0 - - [06/Nov/2023:04:58:20 +0100] "GET / HTTP/1.1" 301 - "-" "Mozilla/5.0 (Linux; Android 11; ONEPLUS A6013) AppleWebKit/537.36 (KHTML, like Gecko) Chrome/118.0.0.0 Mobile Safari/537.36"
45.154.98.0 - - [06/Nov/2023:04:58:16 +0100] "GET /wp-content/plugins/mstore-api/readme.txt HTTP/1.1" 200 - "-" "Mozilla/5.0 (Macintosh; Intel Mac OS X 14_0) AppleWebKit/537.36 (KHTML, like Gecko) Chrome/118.0.0.0 Safari/537.36"
45.154.98.0 - - [06/Nov/2023:04:58:21 +0100] "GET / HTTP/1.1" 200 16119 "-" "Mozilla/5.0 (Linux; Android 11; ONEPLUS A6013) AppleWebKit/537.36 (KHTML, like Gecko) Chrome/118.0.0.0 Mobile Safari/537.36"
81.169.178.0 - - [06/Nov/2023:04:58:21 +0100] "POST /?wordfence_syncAttackData=1699243101.9874 HTTP/1.1" 200 - "https://www.computerdoc24.de/?wordfence_syncAttackData=1699243101.9874" "WordPress/5.2.19; https://www.computerdoc24.de"
45.154.98.0 - - [06/Nov/2023:04:58:21 +0100] "GET /wp-content/plugins/mstore-api/readme.txt HTTP/1.1" 200 11026 "-" "Mozilla/5.0 (Macintosh; Intel Mac OS X 14_0) AppleWebKit/537.36 (KHTML, like Gecko) Chrome/118.0.0.0 Safari/537.36"
45.154.98.0 - - [06/Nov/2023:04:58:23 +0100] "GET /wp-content/plugins/ultimate-member/readme.txt HTTP/1.1" 200 - "-" "Mozilla/5.0 (Linux; Android 11; ONEPLUS A6013) AppleWebKit/537.36 (KHTML, like Gecko) Chrome/118.0.0.0 Mobile Safari/537.36"
45.154.98.0 - - [06/Nov/2023:04:58:24 +0100] "GET /wp-content/plugins/ultimate-member/readme.txt HTTP/1.1" 200 - "-" "Mozilla/5.0 (Linux; Android 11; ONEPLUS A6013) AppleWebKit/537.36 (KHTML, like Gecko) Chrome/118.0.0.0 Mobile Safari/537.36"
45.154.98.0 - - [06/Nov/2023:04:58:25 +0100] "GET /wp-content/plugins/ultimate-member/readme.txt HTTP/1.1" 200 11030 "-" "Mozilla/5.0 (Linux; Android 11; ONEPLUS A6013) AppleWebKit/537.36 (KHTML, like Gecko) Chrome/118.0.0.0 Mobile Safari/537.36"
45.154.98.0 - - [06/Nov/2023:04:58:26 +0100] "GET /wp-content/plugins/wp-sms/readme.txt HTTP/1.1" 301 267 "-" "Mozilla/5.0 (Linux; Android 11; ONEPLUS A6013) AppleWebKit/537.36 (KHTML, like Gecko) Chrome/118.0.0.0 Mobile Safari/537.36"
45.154.98.0 - - [06/Nov/2023:04:58:26 +0100] "GET /wp-content/plugins/wp-sms/readme.txt HTTP/1.1" 200 - "-" "Mozilla/5.0 (Linux; Android 11; ONEPLUS A6013) AppleWebKit/537.36 (KHTML, like Gecko) Chrome/118.0.0.0 Mobile Safari/537.36"
45.154.98.0 - - [06/Nov/2023:04:58:26 +0100] "GET /wp-content/plugins/wp-sms/readme.txt HTTP/1.1" 200 9956 "-" "Mozilla/5.0 (Linux; Android 11; ONEPLUS A6013) AppleWebKit/537.36 (KHTML, like Gecko) Chrome/118.0.0.0 Mobile Safari/537.36"
45.154.98.0 - - [06/Nov/2023:04:58:28 +0100] "GET /wp-content/plugins/essential-addons-for-elementor-lite/readme.txt HTTP/1.1" 200 - "-" "Mozilla/5.0 (Linux; Android 11; ONEPLUS A6013) AppleWebKit/537.36 (KHTML, like Gecko) Chrome/118.0.0.0 Mobile Safari/537.36"
45.154.98.0 - - [06/Nov/2023:04:58:29 +0100] "GET /wp-content/plugins/essential-addons-for-elementor-lite/readme.txt HTTP/1.1" 200 - "-" "Mozilla/5.0 (Linux; Android 11; ONEPLUS A6013) AppleWebKit/537.36 (KHTML, like Gecko) Chrome/118.0.0.0 Mobile Safari/537.36"
45.154.98.0 - - [06/Nov/2023:04:58:29 +0100] "GET /wp-content/plugins/n-media-woocommerce-checkout-fields/readme.txt HTTP/1.1" 301 296 "-" "Mozilla/5.0 (Linux; Android 11; ONEPLUS A6013) AppleWebKit/537.36 (KHTML, like Gecko) Chrome/118.0.0.0 Mobile Safari/537.36"
45.154.98.0 - - [06/Nov/2023:04:58:30 +0100] "GET /wp-content/plugins/essential-addons-for-elementor-lite/readme.txt HTTP/1.1" 200 11030 "-" "Mozilla/5.0 (Linux; Android 11; ONEPLUS A6013) AppleWebKit/537.36 (KHTML, like Gecko) Chrome/118.0.0.0 Mobile Safari/537.36"
45.154.98.0 - - [06/Nov/2023:04:58:30 +0100] "GET /wp-content/plugins/n-media-woocommerce-checkout-fields/readme.txt HTTP/1.1" 200 - "-" "Mozilla/5.0 (Linux; Android 11; ONEPLUS A6013) AppleWebKit/537.36 (KHTML, like Gecko) Chrome/118.0.0.0 Mobile Safari/537.36"
45.154.98.0 - - [06/Nov/2023:04:58:31 +0100] "GET /wp-content/plugins/n-media-woocommerce-checkout-fields/readme.txt HTTP/1.1" 200 9979 "-" "Mozilla/5.0 (Linux; Android 11; ONEPLUS A6013) AppleWebKit/537.36 (KHTML, like Gecko) Chrome/118.0.0.0 Mobile Safari/537.36"
81.169.178.0 - - [06/Nov/2023:04:58:30 +0100] "POST /?wordfence_syncAttackData=1699243110.2451 HTTP/1.1" 200 - "https://www.ipcbusiness.de/?wordfence_syncAttackData=1699243110.2451" "WordPress/5.8.8; https://www.ipcbusiness.de"
81.169.178.0 - - [06/Nov/2023:04:58:32 +0100] "POST /?wordfence_syncAttackData=1699243112.0034 HTTP/1.1" 200 - "https://www.computerdoc24.de/?wordfence_syncAttackData=1699243112.0034" "WordPress/5.2.19; https://www.computerdoc24.de"
45.154.98.0 - - [06/Nov/2023:04:58:31 +0100] "GET /wp-content/plugins/easy-digital-downloads/readme.txt HTTP/1.1" 200 - "-" "Mozilla/5.0 (Linux; Android 11; ONEPLUS A6013) AppleWebKit/537.36 (KHTML, like Gecko) Chrome/118.0.0.0 Mobile Safari/537.36"
45.154.98.0 - - [06/Nov/2023:04:58:34 +0100] "GET /wp-content/plugins/videowhisper-live-streaming-integration/readme.txt HTTP/1.1" 301 300 "-" "Mozilla/5.0 (Linux; Android 10; SM-A205U) AppleWebKit/537.36 (KHTML, like Gecko) Chrome/118.0.5993.65 Mobile Safari/537.36"
45.154.98.0 - - [06/Nov/2023:04:58:34 +0100] "GET /wp-content/plugins/videowhisper-live-streaming-integration/readme.txt HTTP/1.1" 200 - "-" "Mozilla/5.0 (Linux; Android 10; SM-A205U) AppleWebKit/537.36 (KHTML, like Gecko) Chrome/118.0.5993.65 Mobile Safari/537.36"
45.154.98.0 - - [06/Nov/2023:04:58:34 +0100] "GET /wp-content/plugins/easy-digital-downloads/readme.txt HTTP/1.1" 200 - "-" "Mozilla/5.0 (Linux; Android 11; ONEPLUS A6013) AppleWebKit/537.36 (KHTML, like Gecko) Chrome/118.0.0.0 Mobile Safari/537.36"
45.154.98.0 - - [06/Nov/2023:04:58:35 +0100] "GET /wp-content/plugins/videowhisper-live-streaming-integration/readme.txt HTTP/1.1" 200 9982 "-" "Mozilla/5.0 (Linux; Android 10; SM-A205U) AppleWebKit/537.36 (KHTML, like Gecko) Chrome/118.0.5993.65 Mobile Safari/537.36"
81.169.178.0 - - [06/Nov/2023:04:58:36 +0100] "POST /wp-cron.php?doing_wp_cron=1699243116.6802539825439453125000 HTTP/1.1" 200 - "https://www.computerdoc24.de/wp-cron.php?doing_wp_cron=1699243116.6802539825439453125000" "WordPress/5.2.19; https://www.computerdoc24.de"
45.154.98.0 - - [06/Nov/2023:04:58:36 +0100] "GET /wp-content/plugins/easy-digital-downloads/readme.txt HTTP/1.1" 200 11030 "-" "Mozilla/5.0 (Linux; Android 11; ONEPLUS A6013) AppleWebKit/537.36 (KHTML, like Gecko) Chrome/118.0.0.0 Mobile Safari/537.36"
45.154.98.0 - - [06/Nov/2023:04:58:38 +0100] "GET /wp-content/plugins/woocommerce-payments/readme.txt HTTP/1.1" 200 - "-" "Mozilla/5.0 (Linux; Android 11; Lenovo YT-J706X) AppleWebKit/537.36 (KHTML, like Gecko) Chrome/118.0.0.0 Safari/537.36"
45.154.98.0 - - [06/Nov/2023:04:58:39 +0100] "GET /wp-content/plugins/woocommerce-payments/readme.txt HTTP/1.1" 200 - "-" "Mozilla/5.0 (Linux; Android 11; Lenovo YT-J706X) AppleWebKit/537.36 (KHTML, like Gecko) Chrome/118.0.0.0 Safari/537.36"
45.154.98.0 - - [06/Nov/2023:04:58:39 +0100] "GET /wp-content/plugins/woocommerce-payments/readme.txt HTTP/1.1" 200 11030 "-" "Mozilla/5.0 (Linux; Android 11; Lenovo YT-J706X) AppleWebKit/537.36 (KHTML, like Gecko) Chrome/118.0.0.0 Safari/537.36"
45.154.98.0 - - [06/Nov/2023:04:58:40 +0100] "GET /wp-content/plugins/learnpress/readme.txt HTTP/1.1" 301 271 "-" "Mozilla/5.0 (Linux; Android 10; SM-A205U) AppleWebKit/537.36 (KHTML, like Gecko) Chrome/118.0.5993.65 Mobile Safari/537.36"
81.169.178.0 - - [06/Nov/2023:04:58:40 +0100] "POST /?wordfence_syncAttackData=1699243120.9195 HTTP/1.1" 200 - "https://www.ipcbusiness.de/?wordfence_syncAttackData=1699243120.9195" "WordPress/5.8.8; https://www.ipcbusiness.de"
45.154.98.0 - - [06/Nov/2023:04:58:40 +0100] "GET /wp-content/plugins/learnpress/readme.txt HTTP/1.1" 200 - "-" "Mozilla/5.0 (Linux; Android 10; SM-A205U) AppleWebKit/537.36 (KHTML, like Gecko) Chrome/118.0.5993.65 Mobile Safari/537.36"
45.154.98.0 - - [06/Nov/2023:04:58:41 +0100] "GET /wp-content/plugins/learnpress/readme.txt HTTP/1.1" 200 9958 "-" "Mozilla/5.0 (Linux; Android 10; SM-A205U) AppleWebKit/537.36 (KHTML, like Gecko) Chrome/118.0.5993.65 Mobile Safari/537.36"
81.169.178.0 - - [06/Nov/2023:04:58:42 +0100] "POST /?wordfence_syncAttackData=1699243122.1334 HTTP/1.1" 200 - "https://www.computerdoc24.de/?wordfence_syncAttackData=1699243122.1334" "WordPress/5.2.19; https://www.computerdoc24.de"
45.154.98.0 - - [06/Nov/2023:04:58:42 +0100] "GET /wp-content/plugins/wp-email-capture/readme.txt HTTP/1.1" 200 - "-" "Mozilla/5.0 (Linux; Android 10; SM-A205U) AppleWebKit/537.36 (KHTML, like Gecko) Chrome/118.0.5993.65 Mobile Safari/537.36"
45.154.98.0 - - [06/Nov/2023:04:58:43 +0100] "GET /wp-content/plugins/wp-email-capture/readme.txt HTTP/1.1" 200 - "-" "Mozilla/5.0 (Linux; Android 10; SM-A205U) AppleWebKit/537.36 (KHTML, like Gecko) Chrome/118.0.5993.65 Mobile Safari/537.36"
45.154.98.0 - - [06/Nov/2023:04:58:44 +0100] "GET /wp-content/plugins/extensive-vc-addon/readme.txt HTTP/1.1" 301 279 "-" "Mozilla/5.0 (Linux; Android 11; ONEPLUS A6013) AppleWebKit/537.36 (KHTML, like Gecko) Chrome/118.0.0.0 Mobile Safari/537.36"
45.154.98.0 - - [06/Nov/2023:04:58:43 +0100] "GET /wp-content/plugins/wp-email-capture/readme.txt HTTP/1.1" 200 11030 "-" "Mozilla/5.0 (Linux; Android 10; SM-A205U) AppleWebKit/537.36 (KHTML, like Gecko) Chrome/118.0.5993.65 Mobile Safari/537.36"
45.154.98.0 - - [06/Nov/2023:04:58:44 +0100] "GET /wp-content/plugins/extensive-vc-addon/readme.txt HTTP/1.1" 200 - "-" "Mozilla/5.0 (Linux; Android 11; ONEPLUS A6013) AppleWebKit/537.36 (KHTML, like Gecko) Chrome/118.0.0.0 Mobile Safari/537.36"
45.154.98.0 - - [06/Nov/2023:04:58:44 +0100] "GET /wp-content/plugins/extensive-vc-addon/readme.txt HTTP/1.1" 200 9966 "-" "Mozilla/5.0 (Linux; Android 11; ONEPLUS A6013) AppleWebKit/537.36 (KHTML, like Gecko) Chrome/118.0.0.0 Mobile Safari/537.36"
45.154.98.0 - - [06/Nov/2023:04:58:44 +0100] "GET /wp-content/plugins/zendrop-dropshipping-and-fulfillment/readme.txt HTTP/1.1" 200 - "-" "Mozilla/5.0 (Linux; Android 11; ONEPLUS A6013) AppleWebKit/537.36 (KHTML, like Gecko) Chrome/118.0.0.0 Mobile Safari/537.36"
45.154.98.0 - - [06/Nov/2023:04:58:45 +0100] "GET /wp-content/plugins/zendrop-dropshipping-and-fulfillment/readme.txt HTTP/1.1" 200 - "-" "Mozilla/5.0 (Linux; Android 11; ONEPLUS A6013) AppleWebKit/537.36 (KHTML, like Gecko) Chrome/118.0.0.0 Mobile Safari/537.36"
45.154.98.0 - - [06/Nov/2023:04:58:46 +0100] "GET /wp-content/plugins/zendrop-dropshipping-and-fulfillment/readme.txt HTTP/1.1" 200 11030 "-" "Mozilla/5.0 (Linux; Android 11; ONEPLUS A6013) AppleWebKit/537.36 (KHTML, like Gecko) Chrome/118.0.0.0 Mobile Safari/537.36"
45.154.98.0 - - [06/Nov/2023:04:58:47 +0100] "GET /complete-order/?selected_package=1 HTTP/1.1" 200 - "-" "Mozilla/5.0 (Linux; Android 11; ONEPLUS A6013) AppleWebKit/537.36 (KHTML, like Gecko) Chrome/118.0.0.0 Mobile Safari/537.36"
45.154.98.0 - - [06/Nov/2023:04:58:48 +0100] "GET /complete-order/?selected_package=1 HTTP/1.1" 200 - "-" "Mozilla/5.0 (Linux; Android 11; ONEPLUS A6013) AppleWebKit/537.36 (KHTML, like Gecko) Chrome/118.0.0.0 Mobile Safari/537.36"
45.154.98.0 - - [06/Nov/2023:04:58:48 +0100] "GET /wp-content/plugins/js-support-ticket/readme.txt HTTP/1.1" 301 278 "-" "Mozilla/5.0 (Linux; Android 11; ONEPLUS A6013) AppleWebKit/537.36 (KHTML, like Gecko) Chrome/118.0.0.0 Mobile Safari/537.36"
45.154.98.0 - - [06/Nov/2023:04:58:48 +0100] "GET /wp-content/plugins/js-support-ticket/readme.txt HTTP/1.1" 200 - "-" "Mozilla/5.0 (Linux; Android 11; ONEPLUS A6013) AppleWebKit/537.36 (KHTML, like Gecko) Chrome/118.0.0.0 Mobile Safari/537.36"
45.154.98.0 - - [06/Nov/2023:04:58:48 +0100] "GET /complete-order/?selected_package=1 HTTP/1.1" 200 11030 "-" "Mozilla/5.0 (Linux; Android 11; ONEPLUS A6013) AppleWebKit/537.36 (KHTML, like Gecko) Chrome/118.0.0.0 Mobile Safari/537.36"
45.154.98.0 - - [06/Nov/2023:04:58:49 +0100] "GET /wp-content/plugins/js-support-ticket/readme.txt HTTP/1.1" 200 9966 "-" "Mozilla/5.0 (Linux; Android 11; ONEPLUS A6013) AppleWebKit/537.36 (KHTML, like Gecko) Chrome/118.0.0.0 Mobile Safari/537.36"
45.154.98.0 - - [06/Nov/2023:04:58:50 +0100] "GET /wp-content/themes/statfort-new/include/lang_upload.php HTTP/1.1" 301 285 "-" "Mozilla/5.0 (Linux; Android 11; ONEPLUS A6013) AppleWebKit/537.36 (KHTML, like Gecko) Chrome/118.0.0.0 Mobile Safari/537.36"
45.154.98.0 - - [06/Nov/2023:04:58:50 +0100] "GET / HTTP/1.1" 301 - "-" "Mozilla/5.0 (Linux; Android 11; ONEPLUS A6013) AppleWebKit/537.36 (KHTML, like Gecko) Chrome/118.0.0.0 Mobile Safari/537.36"
45.95.146.0 - - [06/Nov/2023:04:58:51 +0100] "GET /cgi-bin/luci HTTP/1.1" 404 2559 "-" "Mozilla/5.0 (Windows; U; Windows NT 5.1; rv:1.7.3) Gecko/20041001 Firefox/0.10.1"
45.154.98.0 - - [06/Nov/2023:04:58:50 +0100] "GET /wp-content/themes/statfort-new/include/lang_upload.php HTTP/1.1" 200 - "-" "Mozilla/5.0 (Linux; Android 11; ONEPLUS A6013) AppleWebKit/537.36 (KHTML, like Gecko) Chrome/118.0.0.0 Mobile Safari/537.36"
45.154.98.0 - - [06/Nov/2023:04:58:51 +0100] "GET / HTTP/1.1" 301 - "-" "Mozilla/5.0 (Linux; Android 11; ONEPLUS A6013) AppleWebKit/537.36 (KHTML, like Gecko) Chrome/118.0.0.0 Mobile Safari/537.36"
81.169.178.0 - - [06/Nov/2023:04:58:51 +0100] "POST /?wordfence_syncAttackData=1699243131.0911 HTTP/1.1" 200 - "https://www.computerdoc24.de/?wordfence_syncAttackData=1699243131.0911" "WordPress/5.2.19; https://www.computerdoc24.de"
45.154.98.0 - - [06/Nov/2023:04:58:52 +0100] "GET / HTTP/1.1" 200 20483 "-" "Mozilla/5.0 (Linux; Android 11; ONEPLUS A6013) AppleWebKit/537.36 (KHTML, like Gecko) Chrome/118.0.0.0 Mobile Safari/537.36"
81.169.178.0 - - [06/Nov/2023:04:58:51 +0100] "POST /?wordfence_syncAttackData=1699243130.8855 HTTP/1.1" 200 - "https://www.ipcbusiness.de/?wordfence_syncAttackData=1699243130.8855" "WordPress/5.8.8; https://www.ipcbusiness.de"
45.154.98.0 - - [06/Nov/2023:04:58:52 +0100] "GET /wp-content/themes/statfort-new/include/lang_upload.php HTTP/1.1" 200 9968 "-" "Mozilla/5.0 (Linux; Android 11; ONEPLUS A6013) AppleWebKit/537.36 (KHTML, like Gecko) Chrome/118.0.0.0 Mobile Safari/537.36"
:: - - [06/Nov/2023:04:58:54 +0100] "OPTIONS * HTTP/1.0" 200 - "-" "Apache/2.4.6 (CentOS) OpenSSL/1.0.2k-fips mod_fcgid/2.3.9 (internal dummy connection)"
45.154.98.0 - - [06/Nov/2023:04:58:55 +0100] "GET /wp-content/themes/faith-theme/include/lang_upload.php HTTP/1.1" 301 284 "-" "Mozilla/5.0 (Linux; Android 11; ONEPLUS A6013) AppleWebKit/537.36 (KHTML, like Gecko) Chrome/118.0.0.0 Mobile Safari/537.36"
45.154.98.0 - - [06/Nov/2023:04:58:55 +0100] "GET /wp-content/plugins/wp-sms/readme.txt HTTP/1.1" 200 - "-" "Mozilla/5.0 (Linux; Android 11; ONEPLUS A6013) AppleWebKit/537.36 (KHTML, like Gecko) Chrome/118.0.0.0 Mobile Safari/537.36"
45.154.98.0 - - [06/Nov/2023:04:58:56 +0100] "GET /wp-content/themes/faith-theme/include/lang_upload.php HTTP/1.1" 200 - "-" "Mozilla/5.0 (Linux; Android 11; ONEPLUS A6013) AppleWebKit/537.36 (KHTML, like Gecko) Chrome/118.0.0.0 Mobile Safari/537.36"
45.154.98.0 - - [06/Nov/2023:04:58:56 +0100] "GET /wp-content/themes/faith-theme/include/lang_upload.php HTTP/1.1" 200 9964 "-" "Mozilla/5.0 (Linux; Android 11; ONEPLUS A6013) AppleWebKit/537.36 (KHTML, like Gecko) Chrome/118.0.0.0 Mobile Safari/537.36"
45.154.98.0 - - [06/Nov/2023:04:58:56 +0100] "GET /wp-content/plugins/wp-sms/readme.txt HTTP/1.1" 200 - "-" "Mozilla/5.0 (Linux; Android 11; ONEPLUS A6013) AppleWebKit/537.36 (KHTML, like Gecko) Chrome/118.0.0.0 Mobile Safari/537.36"
45.154.98.0 - - [06/Nov/2023:04:58:58 +0100] "GET /wp-content/plugins/wp-sms/readme.txt HTTP/1.1" 200 11030 "-" "Mozilla/5.0 (Linux; Android 11; ONEPLUS A6013) AppleWebKit/537.36 (KHTML, like Gecko) Chrome/118.0.0.0 Mobile Safari/537.36"
45.154.98.0 - - [06/Nov/2023:04:58:59 +0100] "GET /wp-content/plugins/n-media-woocommerce-checkout-fields/readme.txt HTTP/1.1" 200 - "-" "Mozilla/5.0 (Linux; Android 11; ONEPLUS A6013) AppleWebKit/537.36 (KHTML, like Gecko) Chrome/118.0.0.0 Mobile Safari/537.36"
45.154.98.0 - - [06/Nov/2023:04:59:00 +0100] "GET /wp-content/plugins/n-media-woocommerce-checkout-fields/readme.txt HTTP/1.1" 200 - "-" "Mozilla/5.0 (Linux; Android 11; ONEPLUS A6013) AppleWebKit/537.36 (KHTML, like Gecko) Chrome/118.0.0.0 Mobile Safari/537.36"
45.154.98.0 - - [06/Nov/2023:04:59:01 +0100] "GET /wp-content/themes/soccer-theme/include/lang_upload.php HTTP/1.1" 301 285 "-" "Mozilla/5.0 (Linux; Android 11; Lenovo YT-J706X) AppleWebKit/537.36 (KHTML, like Gecko) Chrome/118.0.0.0 Safari/537.36"
45.154.98.0 - - [06/Nov/2023:04:59:01 +0100] "GET /wp-content/themes/soccer-theme/include/lang_upload.php HTTP/1.1" 200 - "-" "Mozilla/5.0 (Linux; Android 11; Lenovo YT-J706X) AppleWebKit/537.36 (KHTML, like Gecko) Chrome/118.0.0.0 Safari/537.36"
45.154.98.0 - - [06/Nov/2023:04:59:01 +0100] "GET /wp-content/themes/soccer-theme/include/lang_upload.php HTTP/1.1" 200 9966 "-" "Mozilla/5.0 (Linux; Android 11; Lenovo YT-J706X) AppleWebKit/537.36 (KHTML, like Gecko) Chrome/118.0.0.0 Safari/537.36"
81.169.178.0 - - [06/Nov/2023:04:59:01 +0100] "POST /?wordfence_syncAttackData=1699243141.618 HTTP/1.1" 200 - "https://www.computerdoc24.de/?wordfence_syncAttackData=1699243141.618" "WordPress/5.2.19; https://www.computerdoc24.de"
45.154.98.0 - - [06/Nov/2023:04:59:02 +0100] "GET /wp-content/themes/churchlife/include/lang_upload.php HTTP/1.1" 301 283 "-" "Mozilla/5.0 (Macintosh; Intel Mac OS X 14_0) AppleWebKit/537.36 (KHTML, like Gecko) Chrome/118.0.0.0 Safari/537.36"
45.154.98.0 - - [06/Nov/2023:04:59:02 +0100] "GET /wp-content/themes/churchlife/include/lang_upload.php HTTP/1.1" 200 - "-" "Mozilla/5.0 (Macintosh; Intel Mac OS X 14_0) AppleWebKit/537.36 (KHTML, like Gecko) Chrome/118.0.0.0 Safari/537.36"
45.154.98.0 - - [06/Nov/2023:04:59:01 +0100] "GET /wp-content/plugins/n-media-woocommerce-checkout-fields/readme.txt HTTP/1.1" 200 11030 "-" "Mozilla/5.0 (Linux; Android 11; ONEPLUS A6013) AppleWebKit/537.36 (KHTML, like Gecko) Chrome/118.0.0.0 Mobile Safari/537.36"
45.154.98.0 - - [06/Nov/2023:04:59:02 +0100] "GET /wp-content/themes/churchlife/include/lang_upload.php HTTP/1.1" 200 9965 "-" "Mozilla/5.0 (Macintosh; Intel Mac OS X 14_0) AppleWebKit/537.36 (KHTML, like Gecko) Chrome/118.0.0.0 Safari/537.36"
45.154.98.0 - - [06/Nov/2023:04:59:06 +0100] "GET /wp-content/themes/onelife/include/lang_upload.php HTTP/1.1" 301 280 "-" "Mozilla/5.0 (Linux; Android 10; SM-A205U) AppleWebKit/537.36 (KHTML, like Gecko) Chrome/118.0.5993.65 Mobile Safari/537.36"
45.154.98.0 - - [06/Nov/2023:04:59:06 +0100] "GET /wp-content/plugins/videowhisper-live-streaming-integration/readme.txt HTTP/1.1" 200 - "-" "Mozilla/5.0 (Linux; Android 10; SM-A205U) AppleWebKit/537.36 (KHTML, like Gecko) Chrome/118.0.5993.65 Mobile Safari/537.36"
45.154.98.0 - - [06/Nov/2023:04:59:07 +0100] "GET /wp-content/themes/onelife/include/lang_upload.php HTTP/1.1" 200 - "-" "Mozilla/5.0 (Linux; Android 10; SM-A205U) AppleWebKit/537.36 (KHTML, like Gecko) Chrome/118.0.5993.65 Mobile Safari/537.36"
45.154.98.0 - - [06/Nov/2023:04:59:07 +0100] "GET /wp-content/themes/onelife/include/lang_upload.php HTTP/1.1" 200 9964 "-" "Mozilla/5.0 (Linux; Android 10; SM-A205U) AppleWebKit/537.36 (KHTML, like Gecko) Chrome/118.0.5993.65 Mobile Safari/537.36"
45.154.98.0 - - [06/Nov/2023:04:59:07 +0100] "GET /wp-content/plugins/videowhisper-live-streaming-integration/readme.txt HTTP/1.1" 200 - "-" "Mozilla/5.0 (Linux; Android 10; SM-A205U) AppleWebKit/537.36 (KHTML, like Gecko) Chrome/118.0.5993.65 Mobile Safari/537.36"
45.154.98.0 - - [06/Nov/2023:04:59:08 +0100] "GET /wp-content/themes/snapture/include/lang_upload.php HTTP/1.1" 301 281 "-" "Mozilla/5.0 (Linux; Android 10; SM-A205U) AppleWebKit/537.36 (KHTML, like Gecko) Chrome/118.0.5993.65 Mobile Safari/537.36"
45.154.98.0 - - [06/Nov/2023:04:59:08 +0100] "GET /wp-content/themes/snapture/include/lang_upload.php HTTP/1.1" 200 - "-" "Mozilla/5.0 (Linux; Android 10; SM-A205U) AppleWebKit/537.36 (KHTML, like Gecko) Chrome/118.0.5993.65 Mobile Safari/537.36"
45.154.98.0 - - [06/Nov/2023:04:59:08 +0100] "GET /wp-content/plugins/videowhisper-live-streaming-integration/readme.txt HTTP/1.1" 200 11030 "-" "Mozilla/5.0 (Linux; Android 10; SM-A205U) AppleWebKit/537.36 (KHTML, like Gecko) Chrome/118.0.5993.65 Mobile Safari/537.36"
45.154.98.0 - - [06/Nov/2023:04:59:09 +0100] "GET /wp-content/themes/snapture/include/lang_upload.php HTTP/1.1" 200 9964 "-" "Mozilla/5.0 (Linux; Android 10; SM-A205U) AppleWebKit/537.36 (KHTML, like Gecko) Chrome/118.0.5993.65 Mobile Safari/537.36"
45.154.98.0 - - [06/Nov/2023:04:59:11 +0100] "GET /wp-content/themes/theme-deejay/include/lang_upload.php HTTP/1.1" 301 285 "-" "Mozilla/5.0 (Linux; Android 10; SM-A205U) AppleWebKit/537.36 (KHTML, like Gecko) Chrome/118.0.5993.65 Mobile Safari/537.36"
45.154.98.0 - - [06/Nov/2023:04:59:11 +0100] "GET /wp-content/themes/theme-deejay/include/lang_upload.php HTTP/1.1" 200 - "-" "Mozilla/5.0 (Linux; Android 10; SM-A205U) AppleWebKit/537.36 (KHTML, like Gecko) Chrome/118.0.5993.65 Mobile Safari/537.36"
45.154.98.0 - - [06/Nov/2023:04:59:11 +0100] "GET /wp-content/themes/theme-deejay/include/lang_upload.php HTTP/1.1" 200 9967 "-" "Mozilla/5.0 (Linux; Android 10; SM-A205U) AppleWebKit/537.36 (KHTML, like Gecko) Chrome/118.0.5993.65 Mobile Safari/537.36"
81.169.178.0 - - [06/Nov/2023:04:59:11 +0100] "POST /?wordfence_syncAttackData=1699243151.3756 HTTP/1.1" 200 - "https://www.computerdoc24.de/?wordfence_syncAttackData=1699243151.3756" "WordPress/5.2.19; https://www.computerdoc24.de"
45.154.98.0 - - [06/Nov/2023:04:59:11 +0100] "GET /wp-content/plugins/learnpress/readme.txt HTTP/1.1" 200 - "-" "Mozilla/5.0 (Linux; Android 10; SM-A205U) AppleWebKit/537.36 (KHTML, like Gecko) Chrome/118.0.5993.65 Mobile Safari/537.36"
45.154.98.0 - - [06/Nov/2023:04:59:12 +0100] "GET /wp-content/plugins/learnpress/readme.txt HTTP/1.1" 200 - "-" "Mozilla/5.0 (Linux; Android 10; SM-A205U) AppleWebKit/537.36 (KHTML, like Gecko) Chrome/118.0.5993.65 Mobile Safari/537.36"
45.154.98.0 - - [06/Nov/2023:04:59:13 +0100] "GET /wp-content/plugins/learnpress/readme.txt HTTP/1.1" 200 11030 "-" "Mozilla/5.0 (Linux; Android 10; SM-A205U) AppleWebKit/537.36 (KHTML, like Gecko) Chrome/118.0.5993.65 Mobile Safari/537.36"
45.154.98.0 - - [06/Nov/2023:04:59:16 +0100] "GET /wp-content/plugins/extensive-vc-addon/readme.txt HTTP/1.1" 200 - "-" "Mozilla/5.0 (Macintosh; Intel Mac OS X 14_0) AppleWebKit/537.36 (KHTML, like Gecko) Chrome/118.0.0.0 Safari/537.36"
45.154.98.0 - - [06/Nov/2023:04:59:16 +0100] "GET /wp-content/themes/bolster-theme/include/lang_upload.php HTTP/1.1" 301 286 "-" "Mozilla/5.0 (Macintosh; Intel Mac OS X 14_0) AppleWebKit/537.36 (KHTML, like Gecko) Chrome/118.0.0.0 Safari/537.36"
45.154.98.0 - - [06/Nov/2023:04:59:17 +0100] "GET /wp-content/themes/bolster-theme/include/lang_upload.php HTTP/1.1" 200 - "-" "Mozilla/5.0 (Macintosh; Intel Mac OS X 14_0) AppleWebKit/537.36 (KHTML, like Gecko) Chrome/118.0.0.0 Safari/537.36"
45.154.98.0 - - [06/Nov/2023:04:59:17 +0100] "GET /wp-content/plugins/extensive-vc-addon/readme.txt HTTP/1.1" 200 - "-" "Mozilla/5.0 (Macintosh; Intel Mac OS X 14_0) AppleWebKit/537.36 (KHTML, like Gecko) Chrome/118.0.0.0 Safari/537.36"
45.154.98.0 - - [06/Nov/2023:04:59:18 +0100] "GET /wp-content/themes/bolster-theme/include/lang_upload.php HTTP/1.1" 200 9965 "-" "Mozilla/5.0 (Macintosh; Intel Mac OS X 14_0) AppleWebKit/537.36 (KHTML, like Gecko) Chrome/118.0.0.0 Safari/537.36"
45.154.98.0 - - [06/Nov/2023:04:59:18 +0100] "GET /wp-content/plugins/extensive-vc-addon/readme.txt HTTP/1.1" 200 11026 "-" "Mozilla/5.0 (Macintosh; Intel Mac OS X 14_0) AppleWebKit/537.36 (KHTML, like Gecko) Chrome/118.0.0.0 Safari/537.36"
81.169.178.0 - - [06/Nov/2023:04:59:20 +0100] "POST /?wordfence_syncAttackData=1699243160.2916 HTTP/1.1" 200 - "https://www.computerdoc24.de/?wordfence_syncAttackData=1699243160.2916" "WordPress/5.2.19; https://www.computerdoc24.de"
45.154.98.0 - - [06/Nov/2023:04:59:20 +0100] "GET /wp-content/plugins/js-support-ticket/readme.txt HTTP/1.1" 200 - "-" "Mozilla/5.0 (Linux; Android 10; SM-A205U) AppleWebKit/537.36 (KHTML, like Gecko) Chrome/118.0.5993.65 Mobile Safari/537.36"
45.154.98.0 - - [06/Nov/2023:04:59:21 +0100] "GET /wp-content/themes/rocky-theme/include/lang_upload.php HTTP/1.1" 301 284 "-" "Mozilla/5.0 (Windows NT 10.0; Win64; x64) AppleWebKit/537.36 (KHTML, like Gecko) Chrome/118.0.0.0 Safari/537.36"
45.154.98.0 - - [06/Nov/2023:04:59:21 +0100] "GET /wp-content/themes/rocky-theme/include/lang_upload.php HTTP/1.1" 200 - "-" "Mozilla/5.0 (Windows NT 10.0; Win64; x64) AppleWebKit/537.36 (KHTML, like Gecko) Chrome/118.0.0.0 Safari/537.36"
45.154.98.0 - - [06/Nov/2023:04:59:21 +0100] "GET /wp-content/plugins/js-support-ticket/readme.txt HTTP/1.1" 200 - "-" "Mozilla/5.0 (Linux; Android 10; SM-A205U) AppleWebKit/537.36 (KHTML, like Gecko) Chrome/118.0.5993.65 Mobile Safari/537.36"
45.154.98.0 - - [06/Nov/2023:04:59:22 +0100] "GET /wp-content/themes/rocky-theme/include/lang_upload.php HTTP/1.1" 200 9961 "-" "Mozilla/5.0 (Windows NT 10.0; Win64; x64) AppleWebKit/537.36 (KHTML, like Gecko) Chrome/118.0.0.0 Safari/537.36"
45.154.98.0 - - [06/Nov/2023:04:59:22 +0100] "GET /wp-content/plugins/js-support-ticket/readme.txt HTTP/1.1" 200 11030 "-" "Mozilla/5.0 (Linux; Android 10; SM-A205U) AppleWebKit/537.36 (KHTML, like Gecko) Chrome/118.0.5993.65 Mobile Safari/537.36"
45.154.98.0 - - [06/Nov/2023:04:59:23 +0100] "GET /wp-content/themes/bolster/include/lang_upload.php HTTP/1.1" 301 280 "-" "Mozilla/5.0 (Windows NT 10.0; Win64; x64) AppleWebKit/537.36 (KHTML, like Gecko) Chrome/118.0.0.0 Safari/537.36"
45.154.98.0 - - [06/Nov/2023:04:59:23 +0100] "GET /wp-content/themes/bolster/include/lang_upload.php HTTP/1.1" 200 - "-" "Mozilla/5.0 (Windows NT 10.0; Win64; x64) AppleWebKit/537.36 (KHTML, like Gecko) Chrome/118.0.0.0 Safari/537.36"
45.154.98.0 - - [06/Nov/2023:04:59:23 +0100] "GET /wp-content/themes/statfort-new/include/lang_upload.php HTTP/1.1" 200 - "-" "Mozilla/5.0 (Windows NT 10.0; Win64; x64) AppleWebKit/537.36 (KHTML, like Gecko) Chrome/118.0.0.0 Safari/537.36"
45.154.98.0 - - [06/Nov/2023:04:59:23 +0100] "GET /wp-content/themes/bolster/include/lang_upload.php HTTP/1.1" 200 9960 "-" "Mozilla/5.0 (Windows NT 10.0; Win64; x64) AppleWebKit/537.36 (KHTML, like Gecko) Chrome/118.0.0.0 Safari/537.36"
45.154.98.0 - - [06/Nov/2023:04:59:24 +0100] "GET /wp-content/themes/statfort-new/include/lang_upload.php HTTP/1.1" 200 - "-" "Mozilla/5.0 (Windows NT 10.0; Win64; x64) AppleWebKit/537.36 (KHTML, like Gecko) Chrome/118.0.0.0 Safari/537.36"
45.154.98.0 - - [06/Nov/2023:04:59:24 +0100] "GET /wp-content/themes/statfort-new/include/lang_upload.php HTTP/1.1" 200 11026 "-" "Mozilla/5.0 (Windows NT 10.0; Win64; x64) AppleWebKit/537.36 (KHTML, like Gecko) Chrome/118.0.0.0 Safari/537.36"
45.154.98.0 - - [06/Nov/2023:04:59:26 +0100] "GET /wp-content/themes/faith-theme/include/lang_upload.php HTTP/1.1" 200 - "-" "Mozilla/5.0 (Macintosh; Intel Mac OS X 14_0) AppleWebKit/537.36 (KHTML, like Gecko) Chrome/118.0.0.0 Safari/537.36"
45.154.98.0 - - [06/Nov/2023:04:59:27 +0100] "GET /wp-content/themes/soundblast/include/lang_upload.php HTTP/1.1" 301 283 "-" "Mozilla/5.0 (iPhone; CPU iPhone OS 17_0 like Mac OS X) AppleWebKit/605.1.15 (KHTML, like Gecko) CriOS/118.0.5993.69 Mobile/15E148 Safari/604.1"
45.154.98.0 - - [06/Nov/2023:04:59:26 +0100] "GET /wp-content/themes/faith-theme/include/lang_upload.php HTTP/1.1" 200 - "-" "Mozilla/5.0 (Macintosh; Intel Mac OS X 14_0) AppleWebKit/537.36 (KHTML, like Gecko) Chrome/118.0.0.0 Safari/537.36"
45.154.98.0 - - [06/Nov/2023:04:59:27 +0100] "GET /wp-content/themes/soundblast/include/lang_upload.php HTTP/1.1" 200 - "-" "Mozilla/5.0 (iPhone; CPU iPhone OS 17_0 like Mac OS X) AppleWebKit/605.1.15 (KHTML, like Gecko) CriOS/118.0.5993.69 Mobile/15E148 Safari/604.1"
45.154.98.0 - - [06/Nov/2023:04:59:28 +0100] "GET /wp-content/themes/soundblast/include/lang_upload.php HTTP/1.1" 200 9963 "-" "Mozilla/5.0 (iPhone; CPU iPhone OS 17_0 like Mac OS X) AppleWebKit/605.1.15 (KHTML, like Gecko) CriOS/118.0.5993.69 Mobile/15E148 Safari/604.1"
45.154.98.0 - - [06/Nov/2023:04:59:27 +0100] "GET /wp-content/themes/faith-theme/include/lang_upload.php HTTP/1.1" 200 11026 "-" "Mozilla/5.0 (Macintosh; Intel Mac OS X 14_0) AppleWebKit/537.36 (KHTML, like Gecko) Chrome/118.0.0.0 Safari/537.36"
45.154.98.0 - - [06/Nov/2023:04:59:33 +0100] "GET /wp-content/themes/spikes-black/include/lang_upload.php HTTP/1.1" 301 285 "-" "Mozilla/5.0 (Linux; Android 11; ONEPLUS A6013) AppleWebKit/537.36 (KHTML, like Gecko) Chrome/118.0.0.0 Mobile Safari/537.36"
81.169.178.0 - - [06/Nov/2023:04:59:32 +0100] "POST /?wordfence_syncAttackData=1699243172.6073 HTTP/1.1" 200 - "https://www.computerdoc24.de/?wordfence_syncAttackData=1699243172.6073" "WordPress/5.2.19; https://www.computerdoc24.de"
45.154.98.0 - - [06/Nov/2023:04:59:33 +0100] "GET /wp-content/themes/spikes-black/include/lang_upload.php HTTP/1.1" 200 - "-" "Mozilla/5.0 (Linux; Android 11; ONEPLUS A6013) AppleWebKit/537.36 (KHTML, like Gecko) Chrome/118.0.0.0 Mobile Safari/537.36"
45.154.98.0 - - [06/Nov/2023:04:59:32 +0100] "GET /wp-content/themes/soccer-theme/include/lang_upload.php HTTP/1.1" 200 - "-" "Mozilla/5.0 (Linux; Android 10; SM-A205U) AppleWebKit/537.36 (KHTML, like Gecko) Chrome/118.0.5993.65 Mobile Safari/537.36"
45.154.98.0 - - [06/Nov/2023:04:59:33 +0100] "GET /wp-content/themes/spikes-black/include/lang_upload.php HTTP/1.1" 200 9968 "-" "Mozilla/5.0 (Linux; Android 11; ONEPLUS A6013) AppleWebKit/537.36 (KHTML, like Gecko) Chrome/118.0.0.0 Mobile Safari/537.36"
45.154.98.0 - - [06/Nov/2023:04:59:33 +0100] "GET /wp-content/themes/soccer-theme/include/lang_upload.php HTTP/1.1" 200 - "-" "Mozilla/5.0 (Linux; Android 10; SM-A205U) AppleWebKit/537.36 (KHTML, like Gecko) Chrome/118.0.5993.65 Mobile Safari/537.36"
45.154.98.0 - - [06/Nov/2023:04:59:34 +0100] "GET /wp-content/themes/soccer-theme/include/lang_upload.php HTTP/1.1" 200 11030 "-" "Mozilla/5.0 (Linux; Android 10; SM-A205U) AppleWebKit/537.36 (KHTML, like Gecko) Chrome/118.0.5993.65 Mobile Safari/537.36"
45.154.98.0 - - [06/Nov/2023:04:59:36 +0100] "GET /wp-content/themes/spikes/include/lang_upload.php HTTP/1.1" 301 279 "-" "Mozilla/5.0 (Macintosh; Intel Mac OS X 14_0) AppleWebKit/537.36 (KHTML, like Gecko) Chrome/118.0.0.0 Safari/537.36"
45.154.98.0 - - [06/Nov/2023:04:59:37 +0100] "GET /wp-content/themes/spikes/include/lang_upload.php HTTP/1.1" 200 - "-" "Mozilla/5.0 (Macintosh; Intel Mac OS X 14_0) AppleWebKit/537.36 (KHTML, like Gecko) Chrome/118.0.0.0 Safari/537.36"
45.154.98.0 - - [06/Nov/2023:04:59:37 +0100] "GET /wp-content/themes/spikes/include/lang_upload.php HTTP/1.1" 200 9960 "-" "Mozilla/5.0 (Macintosh; Intel Mac OS X 14_0) AppleWebKit/537.36 (KHTML, like Gecko) Chrome/118.0.0.0 Safari/537.36"
45.154.98.0 - - [06/Nov/2023:04:59:38 +0100] "GET /wp-content/themes/kingclub-theme/include/lang_upload.php HTTP/1.1" 301 287 "-" "Mozilla/5.0 (Linux; Android 11; Lenovo YT-J706X) AppleWebKit/537.36 (KHTML, like Gecko) Chrome/118.0.0.0 Safari/537.36"
45.154.98.0 - - [06/Nov/2023:04:59:38 +0100] "GET /wp-content/themes/kingclub-theme/include/lang_upload.php HTTP/1.1" 200 - "-" "Mozilla/5.0 (Linux; Android 11; Lenovo YT-J706X) AppleWebKit/537.36 (KHTML, like Gecko) Chrome/118.0.0.0 Safari/537.36"
66.249.74.0 - - [06/Nov/2023:04:59:39 +0100] "GET /impressum/feed/ HTTP/1.1" 301 302 "-" "Mozilla/5.0 (Linux; Android 6.0.1; Nexus 5X Build/MMB29P) AppleWebKit/537.36 (KHTML, like Gecko) Chrome/119.0.6045.105 Mobile Safari/537.36 (compatible; Googlebot/2.1; +http://www.google.com/bot.html)"
45.154.98.0 - - [06/Nov/2023:04:59:41 +0100] "GET /wp-content/themes/kingclub-theme/include/lang_upload.php HTTP/1.1" 200 9969 "-" "Mozilla/5.0 (Linux; Android 11; Lenovo YT-J706X) AppleWebKit/537.36 (KHTML, like Gecko) Chrome/118.0.0.0 Safari/537.36"
81.169.178.0 - - [06/Nov/2023:04:59:41 +0100] "POST /wp-cron.php?doing_wp_cron=1699243181.8036999702453613281250 HTTP/1.1" 200 - "http://www.computerdoc24.de/wp-cron.php?doing_wp_cron=1699243181.8036999702453613281250" "WordPress/5.2.19; https://www.computerdoc24.de"
45.154.98.0 - - [06/Nov/2023:04:59:41 +0100] "GET /wp-content/themes/churchlife/include/lang_upload.php HTTP/1.1" 200 - "-" "Mozilla/5.0 (Linux; Android 11; Lenovo YT-J706X) AppleWebKit/537.36 (KHTML, like Gecko) Chrome/118.0.0.0 Safari/537.36"
45.154.98.0 - - [06/Nov/2023:04:59:42 +0100] "GET /wp-content/themes/churchlife/include/lang_upload.php HTTP/1.1" 200 - "-" "Mozilla/5.0 (Linux; Android 11; Lenovo YT-J706X) AppleWebKit/537.36 (KHTML, like Gecko) Chrome/118.0.0.0 Safari/537.36"
45.154.98.0 - - [06/Nov/2023:04:59:43 +0100] "GET /wp-content/themes/club-theme/include/lang_upload.php HTTP/1.1" 301 283 "-" "Mozilla/5.0 (iPhone; CPU iPhone OS 17_0 like Mac OS X) AppleWebKit/605.1.15 (KHTML, like Gecko) CriOS/118.0.5993.69 Mobile/15E148 Safari/604.1"
45.154.98.0 - - [06/Nov/2023:04:59:43 +0100] "GET /wp-content/themes/club-theme/include/lang_upload.php HTTP/1.1" 200 - "-" "Mozilla/5.0 (iPhone; CPU iPhone OS 17_0 like Mac OS X) AppleWebKit/605.1.15 (KHTML, like Gecko) CriOS/118.0.5993.69 Mobile/15E148 Safari/604.1"
45.154.98.0 - - [06/Nov/2023:04:59:43 +0100] "GET /wp-content/themes/churchlife/include/lang_upload.php HTTP/1.1" 200 11030 "-" "Mozilla/5.0 (Linux; Android 11; Lenovo YT-J706X) AppleWebKit/537.36 (KHTML, like Gecko) Chrome/118.0.0.0 Safari/537.36"
45.154.98.0 - - [06/Nov/2023:04:59:44 +0100] "GET /wp-content/themes/club-theme/include/lang_upload.php HTTP/1.1" 200 9965 "-" "Mozilla/5.0 (iPhone; CPU iPhone OS 17_0 like Mac OS X) AppleWebKit/605.1.15 (KHTML, like Gecko) CriOS/118.0.5993.69 Mobile/15E148 Safari/604.1"
45.154.98.0 - - [06/Nov/2023:04:59:49 +0100] "GET /wp-content/themes/onelife/include/lang_upload.php HTTP/1.1" 200 - "-" "Mozilla/5.0 (iPhone; CPU iPhone OS 17_0 like Mac OS X) AppleWebKit/605.1.15 (KHTML, like Gecko) CriOS/118.0.5993.69 Mobile/15E148 Safari/604.1"
45.154.98.0 - - [06/Nov/2023:04:59:50 +0100] "GET /wp-content/themes/statfort/include/lang_upload.php HTTP/1.1" 301 281 "-" "Mozilla/5.0 (iPhone; CPU iPhone OS 17_0 like Mac OS X) AppleWebKit/605.1.15 (KHTML, like Gecko) CriOS/118.0.5993.69 Mobile/15E148 Safari/604.1"
45.154.98.0 - - [06/Nov/2023:04:59:50 +0100] "GET /wp-content/themes/statfort/include/lang_upload.php HTTP/1.1" 200 - "-" "Mozilla/5.0 (iPhone; CPU iPhone OS 17_0 like Mac OS X) AppleWebKit/605.1.15 (KHTML, like Gecko) CriOS/118.0.5993.69 Mobile/15E148 Safari/604.1"
45.154.98.0 - - [06/Nov/2023:04:59:50 +0100] "GET /wp-content/themes/onelife/include/lang_upload.php HTTP/1.1" 200 - "-" "Mozilla/5.0 (iPhone; CPU iPhone OS 17_0 like Mac OS X) AppleWebKit/605.1.15 (KHTML, like Gecko) CriOS/118.0.5993.69 Mobile/15E148 Safari/604.1"
45.154.98.0 - - [06/Nov/2023:04:59:50 +0100] "GET /wp-content/themes/statfort/include/lang_upload.php HTTP/1.1" 200 9963 "-" "Mozilla/5.0 (iPhone; CPU iPhone OS 17_0 like Mac OS X) AppleWebKit/605.1.15 (KHTML, like Gecko) CriOS/118.0.5993.69 Mobile/15E148 Safari/604.1"
45.154.98.0 - - [06/Nov/2023:04:59:50 +0100] "GET /wp-content/themes/onelife/include/lang_upload.php HTTP/1.1" 200 11030 "-" "Mozilla/5.0 (iPhone; CPU iPhone OS 17_0 like Mac OS X) AppleWebKit/605.1.15 (KHTML, like Gecko) CriOS/118.0.5993.69 Mobile/15E148 Safari/604.1"
45.154.98.0 - - [06/Nov/2023:04:59:51 +0100] "GET /wp-content/themes/aidreform/include/lang_upload.php HTTP/1.1" 301 282 "-" "Mozilla/5.0 (iPhone; CPU iPhone OS 17_0 like Mac OS X) AppleWebKit/605.1.15 (KHTML, like Gecko) CriOS/118.0.5993.69 Mobile/15E148 Safari/604.1"
:: - - [06/Nov/2023:04:59:51 +0100] "OPTIONS * HTTP/1.0" 200 - "-" "Apache/2.4.6 (CentOS) OpenSSL/1.0.2k-fips mod_fcgid/2.3.9 (internal dummy connection)"
45.154.98.0 - - [06/Nov/2023:04:59:51 +0100] "GET /wp-content/themes/aidreform/include/lang_upload.php HTTP/1.1" 200 - "-" "Mozilla/5.0 (iPhone; CPU iPhone OS 17_0 like Mac OS X) AppleWebKit/605.1.15 (KHTML, like Gecko) CriOS/118.0.5993.69 Mobile/15E148 Safari/604.1"
45.154.98.0 - - [06/Nov/2023:04:59:51 +0100] "GET /wp-content/themes/aidreform/include/lang_upload.php HTTP/1.1" 200 9965 "-" "Mozilla/5.0 (iPhone; CPU iPhone OS 17_0 like Mac OS X) AppleWebKit/605.1.15 (KHTML, like Gecko) CriOS/118.0.5993.69 Mobile/15E148 Safari/604.1"
45.154.98.0 - - [06/Nov/2023:04:59:53 +0100] "GET /wp-content/themes/snapture/include/lang_upload.php HTTP/1.1" 200 - "-" "Mozilla/5.0 (iPhone; CPU iPhone OS 17_0 like Mac OS X) AppleWebKit/605.1.15 (KHTML, like Gecko) CriOS/118.0.5993.69 Mobile/15E148 Safari/604.1"
45.154.98.0 - - [06/Nov/2023:04:59:55 +0100] "GET /wp-content/themes/snapture/include/lang_upload.php HTTP/1.1" 200 - "-" "Mozilla/5.0 (iPhone; CPU iPhone OS 17_0 like Mac OS X) AppleWebKit/605.1.15 (KHTML, like Gecko) CriOS/118.0.5993.69 Mobile/15E148 Safari/604.1"
45.154.98.0 - - [06/Nov/2023:04:59:56 +0100] "GET /wp-content/themes/snapture/include/lang_upload.php HTTP/1.1" 200 11030 "-" "Mozilla/5.0 (iPhone; CPU iPhone OS 17_0 like Mac OS X) AppleWebKit/605.1.15 (KHTML, like Gecko) CriOS/118.0.5993.69 Mobile/15E148 Safari/604.1"
45.154.98.0 - - [06/Nov/2023:04:59:57 +0100] "GET /wp-content/themes/footysquare/include/lang_upload.php HTTP/1.1" 301 284 "-" "Mozilla/5.0 (Linux; Android 11; Lenovo YT-J706X) AppleWebKit/537.36 (KHTML, like Gecko) Chrome/118.0.0.0 Safari/537.36"
45.154.98.0 - - [06/Nov/2023:04:59:57 +0100] "GET /wp-content/themes/footysquare/include/lang_upload.php HTTP/1.1" 200 - "-" "Mozilla/5.0 (Linux; Android 11; Lenovo YT-J706X) AppleWebKit/537.36 (KHTML, like Gecko) Chrome/118.0.0.0 Safari/537.36"
45.154.98.0 - - [06/Nov/2023:04:59:57 +0100] "GET /wp-content/themes/footysquare/include/lang_upload.php HTTP/1.1" 200 9966 "-" "Mozilla/5.0 (Linux; Android 11; Lenovo YT-J706X) AppleWebKit/537.36 (KHTML, like Gecko) Chrome/118.0.0.0 Safari/537.36"
45.154.98.0 - - [06/Nov/2023:04:59:59 +0100] "GET /wp-content/themes/westand/include/lang_upload.php HTTP/1.1" 301 280 "-" "Mozilla/5.0 (Windows NT 10.0; Win64; x64) AppleWebKit/537.36 (KHTML, like Gecko) Chrome/118.0.0.0 Safari/537.36"
45.154.98.0 - - [06/Nov/2023:04:59:58 +0100] "GET /wp-content/themes/theme-deejay/include/lang_upload.php HTTP/1.1" 200 - "-" "Mozilla/5.0 (Windows NT 10.0; Win64; x64) AppleWebKit/537.36 (KHTML, like Gecko) Chrome/118.0.0.0 Safari/537.36"
45.154.98.0 - - [06/Nov/2023:05:00:00 +0100] "GET /wp-content/themes/westand/include/lang_upload.php HTTP/1.1" 200 - "-" "Mozilla/5.0 (Windows NT 10.0; Win64; x64) AppleWebKit/537.36 (KHTML, like Gecko) Chrome/118.0.0.0 Safari/537.36"
