147.185.242.0 - - [07/Nov/2023:15:14:17 +0100] "GET /f.php HTTP/1.1" 200 2691 "-" "Mozilla/5.0 (Macintosh; Intel Mac OS X 10_15_7) AppleWebKit/605.1.15 (KHTML, like Gecko) Version/16.4 Safari/605.1.15"
147.185.242.0 - - [07/Nov/2023:15:14:18 +0100] "GET /xx.php HTTP/1.1" 200 2691 "-" "Mozilla/5.0 (Macintosh; Intel Mac OS X 10_15_7) AppleWebKit/605.1.15 (KHTML, like Gecko) Version/16.4 Safari/605.1.15"
147.185.242.0 - - [07/Nov/2023:15:14:20 +0100] "GET /.well-known/class.api.php HTTP/1.1" 200 2691 "-" "Mozilla/5.0 (Macintosh; Intel Mac OS X 10_15_7) AppleWebKit/605.1.15 (KHTML, like Gecko) Version/16.4 Safari/605.1.15"
147.185.242.0 - - [07/Nov/2023:15:14:21 +0100] "GET /wp-admin/ajax-actions.php HTTP/1.1" 200 2691 "-" "Mozilla/5.0 (Macintosh; Intel Mac OS X 10_15_7) AppleWebKit/605.1.15 (KHTML, like Gecko) Version/16.6 Safari/605.1.15"
147.185.242.0 - - [07/Nov/2023:15:14:22 +0100] "GET /shell20211028.php HTTP/1.1" 200 2691 "-" "Mozilla/5.0 (Macintosh; Intel Mac OS X 10_15_7) AppleWebKit/605.1.15 (KHTML, like Gecko) Version/16.5.2 Safari/605.1.15"
147.185.242.0 - - [07/Nov/2023:15:14:23 +0100] "GET /fox.php HTTP/1.1" 200 2691 "-" "Mozilla/5.0 (Macintosh; Intel Mac OS X 10_15_7) AppleWebKit/605.1.15 (KHTML, like Gecko) Version/16.4 Safari/605.1.15"
147.185.242.0 - - [07/Nov/2023:15:14:24 +0100] "GET /wp-file.php HTTP/1.1" 200 2691 "-" "Mozilla/5.0 (Macintosh; Intel Mac OS X 10_15_7) AppleWebKit/605.1.15 (KHTML, like Gecko) Version/16.5.2 Safari/605.1.15"
147.185.242.0 - - [07/Nov/2023:15:14:25 +0100] "GET /.well-known/pki-validation/cloud.php HTTP/1.1" 200 2691 "-" "Mozilla/5.0 (Macintosh; Intel Mac OS X 10_15_7) AppleWebKit/605.1.15 (KHTML, like Gecko) Version/16.6 Safari/605.1.15"
147.185.242.0 - - [07/Nov/2023:15:14:26 +0100] "GET /nf_tracking.php HTTP/1.1" 200 2691 "-" "Mozilla/5.0 (Macintosh; Intel Mac OS X 10_15_7) AppleWebKit/605.1.15 (KHTML, like Gecko) Version/17.0 Safari/605.1.15"
147.185.242.0 - - [07/Nov/2023:15:14:27 +0100] "GET /fm1.php HTTP/1.1" 200 2691 "-" "Mozilla/5.0 (Macintosh; Intel Mac OS X 10_15_7) AppleWebKit/605.1.15 (KHTML, like Gecko) Version/16.5.2 Safari/605.1.15"
147.185.242.0 - - [07/Nov/2023:15:14:28 +0100] "GET /wp-blog.php HTTP/1.1" 200 2691 "-" "Mozilla/5.0 (Macintosh; Intel Mac OS X 10_15_7) AppleWebKit/605.1.15 (KHTML, like Gecko) Version/16.5 Safari/605.1.15"
147.185.242.0 - - [07/Nov/2023:15:14:30 +0100] "GET /images/about.php HTTP/1.1" 200 2691 "-" "Mozilla/5.0 (Macintosh; Intel Mac OS X 10_15_7) AppleWebKit/605.1.15 (KHTML, like Gecko) Version/17.0 Safari/605.1.15"
54.36.148.0 - - [07/Nov/2023:15:14:30 +0100] "GET /en/auftraggeber/ HTTP/1.1" 200 10985 "-" "Mozilla/5.0 (compatible; AhrefsBot/7.0; +http://ahrefs.com/robot/)"
147.185.242.0 - - [07/Nov/2023:15:14:31 +0100] "GET /wp-blog.php HTTP/1.1" 200 2691 "-" "Mozilla/5.0 (Macintosh; Intel Mac OS X 10_15_7) AppleWebKit/605.1.15 (KHTML, like Gecko) Version/16.5 Safari/605.1.15"
147.185.242.0 - - [07/Nov/2023:15:14:32 +0100] "GET /wp-admin/css/colors/coffee/index.php HTTP/1.1" 200 2691 "-" "Mozilla/5.0 (Macintosh; Intel Mac OS X 10_15_7) AppleWebKit/605.1.15 (KHTML, like Gecko) Version/16.5.2 Safari/605.1.15"
147.185.242.0 - - [07/Nov/2023:15:14:33 +0100] "GET /wp-content/shell20211028.php HTTP/1.1" 200 2691 "-" "Mozilla/5.0 (Macintosh; Intel Mac OS X 10_15_7) AppleWebKit/605.1.15 (KHTML, like Gecko) Version/16.6 Safari/605.1.15"
147.185.242.0 - - [07/Nov/2023:15:14:34 +0100] "GET /wp-includes/widgets/about.php HTTP/1.1" 200 2691 "-" "Mozilla/5.0 (Macintosh; Intel Mac OS X 10_15_7) AppleWebKit/605.1.15 (KHTML, like Gecko) Version/16.6 Safari/605.1.15"
147.185.242.0 - - [07/Nov/2023:15:14:35 +0100] "GET /M1.php HTTP/1.1" 200 2691 "-" "Mozilla/5.0 (Macintosh; Intel Mac OS X 10_15_7) AppleWebKit/605.1.15 (KHTML, like Gecko) Version/16.5.2 Safari/605.1.15"
147.185.242.0 - - [07/Nov/2023:15:14:36 +0100] "GET /ws.php HTTP/1.1" 200 2691 "-" "Mozilla/5.0 (Macintosh; Intel Mac OS X 10_15_7) AppleWebKit/605.1.15 (KHTML, like Gecko) Version/16.5 Safari/605.1.15"
147.185.242.0 - - [07/Nov/2023:15:14:37 +0100] "GET /million.php HTTP/1.1" 200 2691 "-" "Mozilla/5.0 (Macintosh; Intel Mac OS X 10_15_7) AppleWebKit/605.1.15 (KHTML, like Gecko) Version/16.5.2 Safari/605.1.15"
147.185.242.0 - - [07/Nov/2023:15:14:39 +0100] "GET /repeater.php HTTP/1.1" 200 2691 "-" "Mozilla/5.0 (Macintosh; Intel Mac OS X 10_15_7) AppleWebKit/605.1.15 (KHTML, like Gecko) Version/16.5.2 Safari/605.1.15"
81.169.178.0 - - [07/Nov/2023:15:20:33 +0100] "POST /wp-cron.php?doing_wp_cron=1699366833.2411570549011230468750 HTTP/1.1" 200 - "https://www.ipcbusiness.de/wp-cron.php?doing_wp_cron=1699366833.2411570549011230468750" "WordPress/5.8.8; https://www.ipcbusiness.de"
62.138.2.0 - - [07/Nov/2023:15:20:33 +0100] "GET /robots.txt HTTP/1.1" 200 69 "-" "Mozilla/5.0 (Macintosh; Intel Mac OS X 10.15; rv:103.0) Gecko/20100101 Firefox/103.0"
62.138.2.0 - - [07/Nov/2023:15:20:33 +0100] "GET /it/unsere-maerkte/feste-routen/ HTTP/1.1" 200 11396 "-" "Mozilla/5.0 (Macintosh; Intel Mac OS X 10.15; rv:103.0) Gecko/20100101 Firefox/103.0"
62.138.2.0 - - [07/Nov/2023:15:22:50 +0100] "GET /ru/unsere-produkte-und-services/kombiverkehr-gruener-transport/ HTTP/1.1" 200 11718 "-" "Mozilla/5.0 (Macintosh; Intel Mac OS X 10.15; rv:103.0) Gecko/20100101 Firefox/103.0"
66.249.64.0 - - [07/Nov/2023:15:25:44 +0100] "GET / HTTP/1.1" 301 287 "-" "Mozilla/5.0 (compatible; Googlebot/2.1; +http://www.google.com/bot.html)"
183.136.225.0 - - [07/Nov/2023:15:27:16 +0100] "GET / HTTP/1.1" 200 2691 "-" "Mozilla/5.0 (Macintosh; Intel Mac OS X 10.11; rv:47.0) Gecko/20100101 Firefox/47.0"
179.43.191.0 - - [07/Nov/2023:15:35:17 +0100] "GET /.well-known/pki-validation/cloud.php HTTP/1.1" 301 267 "-" "Go-http-client/1.1"
179.43.191.0 - - [07/Nov/2023:15:35:17 +0100] "GET /.well-known/pki-validation/cloud.php HTTP/1.1" 200 - "http://ipcbusiness.de/.well-known/pki-validation/cloud.php" "Go-http-client/1.1"
179.43.191.0 - - [07/Nov/2023:15:35:17 +0100] "GET /.well-known/acme-challenge/cloud.php HTTP/1.1" 301 267 "-" "Go-http-client/1.1"
179.43.191.0 - - [07/Nov/2023:15:35:17 +0100] "GET /.well-known/acme-challenge/cloud.php HTTP/1.1" 200 - "http://ipcbusiness.de/.well-known/acme-challenge/cloud.php" "Go-http-client/1.1"
179.43.191.0 - - [07/Nov/2023:15:35:18 +0100] "GET /wp-admin/network/cloud.php HTTP/1.1" 301 257 "-" "Go-http-client/1.1"
179.43.191.0 - - [07/Nov/2023:15:35:18 +0100] "GET /wp-admin/network/cloud.php HTTP/1.1" 200 - "http://ipcbusiness.de/wp-admin/network/cloud.php" "Go-http-client/1.1"
179.43.191.0 - - [07/Nov/2023:15:35:18 +0100] "GET /cloud.php HTTP/1.1" 301 240 "-" "Go-http-client/1.1"
179.43.191.0 - - [07/Nov/2023:15:35:18 +0100] "GET /cloud.php HTTP/1.1" 200 - "http://ipcbusiness.de/cloud.php" "Go-http-client/1.1"
179.43.191.0 - - [07/Nov/2023:15:35:18 +0100] "GET /cgi-bin/cloud.php HTTP/1.1" 301 248 "-" "Go-http-client/1.1"
179.43.191.0 - - [07/Nov/2023:15:35:18 +0100] "GET /cgi-bin/cloud.php HTTP/1.1" 200 - "http://ipcbusiness.de/cgi-bin/cloud.php" "Go-http-client/1.1"
179.43.191.0 - - [07/Nov/2023:15:35:18 +0100] "GET /css/cloud.php HTTP/1.1" 301 244 "-" "Go-http-client/1.1"
179.43.191.0 - - [07/Nov/2023:15:35:19 +0100] "GET /css/cloud.php HTTP/1.1" 200 - "http://ipcbusiness.de/css/cloud.php" "Go-http-client/1.1"
179.43.191.0 - - [07/Nov/2023:15:35:19 +0100] "GET /wp-admin/user/cloud.php HTTP/1.1" 301 254 "-" "Go-http-client/1.1"
179.43.191.0 - - [07/Nov/2023:15:35:19 +0100] "GET /wp-admin/user/cloud.php HTTP/1.1" 200 - "http://ipcbusiness.de/wp-admin/user/cloud.php" "Go-http-client/1.1"
179.43.191.0 - - [07/Nov/2023:15:35:19 +0100] "GET /img/cloud.php HTTP/1.1" 301 244 "-" "Go-http-client/1.1"
179.43.191.0 - - [07/Nov/2023:15:35:19 +0100] "GET /img/cloud.php HTTP/1.1" 200 - "http://ipcbusiness.de/img/cloud.php" "Go-http-client/1.1"
179.43.191.0 - - [07/Nov/2023:15:35:19 +0100] "GET /wp-admin/css/colors/coffee/cloud.php HTTP/1.1" 301 267 "-" "Go-http-client/1.1"
179.43.191.0 - - [07/Nov/2023:15:35:20 +0100] "GET /wp-admin/css/colors/coffee/cloud.php HTTP/1.1" 200 - "http://ipcbusiness.de/wp-admin/css/colors/coffee/cloud.php" "Go-http-client/1.1"
179.43.191.0 - - [07/Nov/2023:15:35:20 +0100] "GET /wp-admin/images/cloud.php HTTP/1.1" 301 256 "-" "Go-http-client/1.1"
179.43.191.0 - - [07/Nov/2023:15:35:20 +0100] "GET /wp-admin/images/cloud.php HTTP/1.1" 200 - "http://ipcbusiness.de/wp-admin/images/cloud.php" "Go-http-client/1.1"
179.43.191.0 - - [07/Nov/2023:15:35:20 +0100] "GET /images/cloud.php HTTP/1.1" 301 247 "-" "Go-http-client/1.1"
179.43.191.0 - - [07/Nov/2023:15:35:20 +0100] "GET /images/cloud.php HTTP/1.1" 200 - "http://ipcbusiness.de/images/cloud.php" "Go-http-client/1.1"
179.43.191.0 - - [07/Nov/2023:15:35:20 +0100] "GET /wp-admin/js/widgets/cloud.php HTTP/1.1" 301 260 "-" "Go-http-client/1.1"
179.43.191.0 - - [07/Nov/2023:15:35:20 +0100] "GET /wp-admin/js/widgets/cloud.php HTTP/1.1" 200 - "http://ipcbusiness.de/wp-admin/js/widgets/cloud.php" "Go-http-client/1.1"
179.43.191.0 - - [07/Nov/2023:15:35:21 +0100] "GET /wp-admin/css/colors/cloud.php HTTP/1.1" 301 260 "-" "Go-http-client/1.1"
179.43.191.0 - - [07/Nov/2023:15:35:21 +0100] "GET /wp-admin/css/colors/cloud.php HTTP/1.1" 200 - "http://ipcbusiness.de/wp-admin/css/colors/cloud.php" "Go-http-client/1.1"
179.43.191.0 - - [07/Nov/2023:15:35:21 +0100] "GET /wp-admin/includes/cloud.php HTTP/1.1" 301 258 "-" "Go-http-client/1.1"
179.43.191.0 - - [07/Nov/2023:15:35:21 +0100] "GET /wp-admin/includes/cloud.php HTTP/1.1" 200 - "http://ipcbusiness.de/wp-admin/includes/cloud.php" "Go-http-client/1.1"
179.43.191.0 - - [07/Nov/2023:15:35:21 +0100] "GET /wp-admin/css/colors/blue/cloud.php HTTP/1.1" 301 265 "-" "Go-http-client/1.1"
179.43.191.0 - - [07/Nov/2023:15:35:21 +0100] "GET /wp-admin/css/colors/blue/cloud.php HTTP/1.1" 200 - "http://ipcbusiness.de/wp-admin/css/colors/blue/cloud.php" "Go-http-client/1.1"
179.43.191.0 - - [07/Nov/2023:15:35:21 +0100] "GET /wp-admin/cloud.php HTTP/1.1" 301 249 "-" "Go-http-client/1.1"
179.43.191.0 - - [07/Nov/2023:15:35:22 +0100] "GET /wp-admin/cloud.php HTTP/1.1" 200 - "http://ipcbusiness.de/wp-admin/cloud.php" "Go-http-client/1.1"
198.235.24.0 - - [07/Nov/2023:15:40:23 +0100] "GET / HTTP/1.1" 200 16151 "-" "Expanse, a Palo Alto Networks company, searches across the global IPv4 space multiple times per day to identify customers' presences on the Internet. If you would like to be excluded from our scans, please send IP addresses/domains to: scaninfo@paloaltonetworks.com"
62.138.2.0 - - [07/Nov/2023:15:40:53 +0100] "GET /ru/impressum/ HTTP/1.1" 200 14140 "-" "Mozilla/5.0 (Macintosh; Intel Mac OS X 10.15; rv:103.0) Gecko/20100101 Firefox/103.0"
172.233.131.0 - - [07/Nov/2023:15:43:12 +0100] "GET /wp-head.php HTTP/1.1" 200 9946 "-" "Mozilla/5.0 (Windows NT 10.0; Win64; x64) AppleWebKit/537.36 (KHTML, like Gecko) Chrome/85.0.4183.102 Safari/537.36"
172.233.131.0 - - [07/Nov/2023:15:43:12 +0100] "GET /dropdown.php HTTP/1.1" 200 9948 "-" "Mozilla/5.0 (Windows NT 10.0; Win64; x64) AppleWebKit/537.36 (KHTML, like Gecko) Chrome/85.0.4183.102 Safari/537.36"
172.233.131.0 - - [07/Nov/2023:15:43:13 +0100] "GET /install.php HTTP/1.1" 200 9948 "-" "Mozilla/5.0 (Windows NT 10.0; Win64; x64) AppleWebKit/537.36 (KHTML, like Gecko) Chrome/85.0.4183.102 Safari/537.36"
172.233.131.0 - - [07/Nov/2023:15:43:13 +0100] "GET /wp-admin/install.php HTTP/1.1" 200 524 "-" "Mozilla/5.0 (Windows NT 10.0; Win64; x64) AppleWebKit/537.36 (KHTML, like Gecko) Chrome/85.0.4183.102 Safari/537.36"
172.233.131.0 - - [07/Nov/2023:15:43:14 +0100] "GET /wp-content/install.php HTTP/1.1" 200 9949 "-" "Mozilla/5.0 (Windows NT 10.0; Win64; x64) AppleWebKit/537.36 (KHTML, like Gecko) Chrome/85.0.4183.102 Safari/537.36"
172.233.131.0 - - [07/Nov/2023:15:43:14 +0100] "GET /wp-includes/install.php HTTP/1.1" 200 9949 "-" "Mozilla/5.0 (Windows NT 10.0; Win64; x64) AppleWebKit/537.36 (KHTML, like Gecko) Chrome/85.0.4183.102 Safari/537.36"
172.233.131.0 - - [07/Nov/2023:15:43:15 +0100] "GET /wp-admin/images/install.php HTTP/1.1" 200 9956 "-" "Mozilla/5.0 (Windows NT 10.0; Win64; x64) AppleWebKit/537.36 (KHTML, like Gecko) Chrome/85.0.4183.102 Safari/537.36"
172.233.131.0 - - [07/Nov/2023:15:43:15 +0100] "GET /.well-known/acme-challenge/install.php HTTP/1.1" 200 9970 "-" "Mozilla/5.0 (Windows NT 10.0; Win64; x64) AppleWebKit/537.36 (KHTML, like Gecko) Chrome/85.0.4183.102 Safari/537.36"
172.233.131.0 - - [07/Nov/2023:15:43:16 +0100] "GET /simple.php HTTP/1.1" 200 9948 "-" "Mozilla/5.0 (Windows NT 10.0; Win64; x64) AppleWebKit/537.36 (KHTML, like Gecko) Chrome/85.0.4183.102 Safari/537.36"
172.233.131.0 - - [07/Nov/2023:15:43:16 +0100] "GET /repeater.php HTTP/1.1" 200 9947 "-" "Mozilla/5.0 (Windows NT 10.0; Win64; x64) AppleWebKit/537.36 (KHTML, like Gecko) Chrome/85.0.4183.102 Safari/537.36"
172.233.131.0 - - [07/Nov/2023:15:43:17 +0100] "GET /wp-content/themes/sketch/404.php HTTP/1.1" 200 10101 "-" "Mozilla/5.0 (Windows NT 10.0; Win64; x64) AppleWebKit/537.36 (KHTML, like Gecko) Chrome/85.0.4183.102 Safari/537.36"
172.233.131.0 - - [07/Nov/2023:15:43:17 +0100] "GET /bala.php HTTP/1.1" 200 9945 "-" "Mozilla/5.0 (Windows NT 10.0; Win64; x64) AppleWebKit/537.36 (KHTML, like Gecko) Chrome/85.0.4183.102 Safari/537.36"
172.233.131.0 - - [07/Nov/2023:15:43:18 +0100] "GET /wp-admin/css/wp-login.php HTTP/1.1" 200 9955 "-" "Mozilla/5.0 (Windows NT 10.0; Win64; x64) AppleWebKit/537.36 (KHTML, like Gecko) Chrome/85.0.4183.102 Safari/537.36"
172.233.131.0 - - [07/Nov/2023:15:43:18 +0100] "GET /simple.php HTTP/1.1" 200 9948 "-" "Mozilla/5.0 (Windows NT 10.0; Win64; x64) AppleWebKit/537.36 (KHTML, like Gecko) Chrome/85.0.4183.102 Safari/537.36"
172.233.131.0 - - [07/Nov/2023:15:43:19 +0100] "GET /radio.php HTTP/1.1" 200 9946 "-" "Mozilla/5.0 (Windows NT 10.0; Win64; x64) AppleWebKit/537.36 (KHTML, like Gecko) Chrome/85.0.4183.102 Safari/537.36"
172.233.131.0 - - [07/Nov/2023:15:43:20 +0100] "GET /wp-head.php HTTP/1.1" 200 9945 "-" "Mozilla/5.0 (Windows NT 10.0; Win64; x64) AppleWebKit/537.36 (KHTML, like Gecko) Chrome/85.0.4183.102 Safari/537.36"
172.233.131.0 - - [07/Nov/2023:15:43:21 +0100] "GET /dropdown.php HTTP/1.1" 200 9948 "-" "Mozilla/5.0 (Windows NT 10.0; Win64; x64) AppleWebKit/537.36 (KHTML, like Gecko) Chrome/85.0.4183.102 Safari/537.36"
172.233.131.0 - - [07/Nov/2023:15:43:21 +0100] "GET /install.php HTTP/1.1" 200 9948 "-" "Mozilla/5.0 (Windows NT 10.0; Win64; x64) AppleWebKit/537.36 (KHTML, like Gecko) Chrome/85.0.4183.102 Safari/537.36"
172.233.131.0 - - [07/Nov/2023:15:43:22 +0100] "GET /wp-admin/install.php HTTP/1.1" 200 524 "-" "Mozilla/5.0 (Windows NT 10.0; Win64; x64) AppleWebKit/537.36 (KHTML, like Gecko) Chrome/85.0.4183.102 Safari/537.36"
172.233.131.0 - - [07/Nov/2023:15:43:23 +0100] "GET /wp-content/install.php HTTP/1.1" 200 9949 "-" "Mozilla/5.0 (Windows NT 10.0; Win64; x64) AppleWebKit/537.36 (KHTML, like Gecko) Chrome/85.0.4183.102 Safari/537.36"
172.233.131.0 - - [07/Nov/2023:15:43:23 +0100] "GET /wp-includes/install.php HTTP/1.1" 200 9949 "-" "Mozilla/5.0 (Windows NT 10.0; Win64; x64) AppleWebKit/537.36 (KHTML, like Gecko) Chrome/85.0.4183.102 Safari/537.36"
172.233.131.0 - - [07/Nov/2023:15:43:23 +0100] "GET /wp-admin/images/install.php HTTP/1.1" 200 9956 "-" "Mozilla/5.0 (Windows NT 10.0; Win64; x64) AppleWebKit/537.36 (KHTML, like Gecko) Chrome/85.0.4183.102 Safari/537.36"
172.233.131.0 - - [07/Nov/2023:15:43:24 +0100] "GET /.well-known/acme-challenge/install.php HTTP/1.1" 200 9969 "-" "Mozilla/5.0 (Windows NT 10.0; Win64; x64) AppleWebKit/537.36 (KHTML, like Gecko) Chrome/85.0.4183.102 Safari/537.36"
172.233.131.0 - - [07/Nov/2023:15:43:24 +0100] "GET /simple.php HTTP/1.1" 200 9948 "-" "Mozilla/5.0 (Windows NT 10.0; Win64; x64) AppleWebKit/537.36 (KHTML, like Gecko) Chrome/85.0.4183.102 Safari/537.36"
172.233.131.0 - - [07/Nov/2023:15:43:25 +0100] "GET /repeater.php HTTP/1.1" 200 9947 "-" "Mozilla/5.0 (Windows NT 10.0; Win64; x64) AppleWebKit/537.36 (KHTML, like Gecko) Chrome/85.0.4183.102 Safari/537.36"
172.233.131.0 - - [07/Nov/2023:15:43:25 +0100] "GET /wp-content/themes/sketch/404.php HTTP/1.1" 200 10101 "-" "Mozilla/5.0 (Windows NT 10.0; Win64; x64) AppleWebKit/537.36 (KHTML, like Gecko) Chrome/85.0.4183.102 Safari/537.36"
172.233.131.0 - - [07/Nov/2023:15:43:26 +0100] "GET /bala.php HTTP/1.1" 200 9945 "-" "Mozilla/5.0 (Windows NT 10.0; Win64; x64) AppleWebKit/537.36 (KHTML, like Gecko) Chrome/85.0.4183.102 Safari/537.36"
172.233.131.0 - - [07/Nov/2023:15:43:26 +0100] "GET /wp-admin/css/wp-login.php HTTP/1.1" 200 9955 "-" "Mozilla/5.0 (Windows NT 10.0; Win64; x64) AppleWebKit/537.36 (KHTML, like Gecko) Chrome/85.0.4183.102 Safari/537.36"
172.233.131.0 - - [07/Nov/2023:15:43:27 +0100] "GET /simple.php HTTP/1.1" 200 9948 "-" "Mozilla/5.0 (Windows NT 10.0; Win64; x64) AppleWebKit/537.36 (KHTML, like Gecko) Chrome/85.0.4183.102 Safari/537.36"
172.233.131.0 - - [07/Nov/2023:15:43:27 +0100] "GET /radio.php HTTP/1.1" 200 9946 "-" "Mozilla/5.0 (Windows NT 10.0; Win64; x64) AppleWebKit/537.36 (KHTML, like Gecko) Chrome/85.0.4183.102 Safari/537.36"
62.138.2.0 - - [07/Nov/2023:15:45:57 +0100] "GET /ru/unsere-produkte-und-services/digitale-loesungen-ueberwachung-der-ladeeinheiten/ HTTP/1.1" 200 11605 "-" "Mozilla/5.0 (Macintosh; Intel Mac OS X 10.15; rv:103.0) Gecko/20100101 Firefox/103.0"
62.138.2.0 - - [07/Nov/2023:15:52:12 +0100] "GET /it/impressum/ HTTP/1.1" 200 13832 "-" "Mozilla/5.0 (Macintosh; Intel Mac OS X 10.15; rv:103.0) Gecko/20100101 Firefox/103.0"
81.169.178.0 - - [07/Nov/2023:15:52:12 +0100] "POST /wp-cron.php?doing_wp_cron=1699368732.7986500263214111328125 HTTP/1.1" 200 - "https://www.ipcbusiness.de/wp-cron.php?doing_wp_cron=1699368732.7986500263214111328125" "WordPress/5.8.8; https://www.ipcbusiness.de/it"
81.169.178.0 - - [07/Nov/2023:15:54:14 +0100] "POST /wp-cron.php?doing_wp_cron=1699368853.9925000667572021484375 HTTP/1.1" 200 - "https://www.computerdoc24.de/wp-cron.php?doing_wp_cron=1699368853.9925000667572021484375" "WordPress/5.2.19; https://www.computerdoc24.de"
81.169.178.0 - - [07/Nov/2023:15:54:13 +0100] "POST /?wordfence_syncAttackData=1699368853.8138 HTTP/1.1" 200 - "https://www.computerdoc24.de/?wordfence_syncAttackData=1699368853.8138" "WordPress/5.2.19; https://www.computerdoc24.de"
81.169.178.0 - - [07/Nov/2023:15:54:14 +0100] "POST /wp-cron.php?doing_wp_cron=1699368854.8746709823608398437500 HTTP/1.1" 200 - "https://www.computerdoc24.de/wp-cron.php?doing_wp_cron=1699368854.8746709823608398437500" "WordPress/5.2.19; https://www.computerdoc24.de"
114.119.132.0 - - [07/Nov/2023:15:54:13 +0100] "GET /robots.txt HTTP/1.1" 200 69 "-" "Mozilla/5.0 (compatible;PetalBot;+https://webmaster.petalsearch.com/site/petalbot)"
79.198.155.0 - - [07/Nov/2023:15:55:23 +0100] "GET /favicon.ico HTTP/1.1" 404 2850 "https://www.reinigungsprofi-weck.de/html/kontakt.html" "Mozilla/5.0 (X11; Linux x86_64) AppleWebKit/537.36 (KHTML, like Gecko) SamsungBrowser/23.0 Chrome/115.0.0.0 Safari/537.36"
79.198.155.0 - - [07/Nov/2023:15:55:42 +0100] "-" 408 - "-" "-"
104.250.238.0 - - [07/Nov/2023:15:59:54 +0100] "GET / HTTP/1.1" 301 - "-" "-"
81.169.178.0 - - [07/Nov/2023:15:59:54 +0100] "POST /wp-cron.php?doing_wp_cron=1699369194.2478289604187011718750 HTTP/1.1" 200 - "http://www.computerdoc24.de/wp-cron.php?doing_wp_cron=1699369194.2478289604187011718750" "WordPress/5.2.19; https://www.computerdoc24.de"
180.149.125.0 - - [07/Nov/2023:16:07:32 +0100] "GET / HTTP/1.1" 403 2411 "-" "Mozilla/5.0 (Windows NT 5.1; Win64; x64) AppleWebKit/537.36 (KHTML, like Gecko) Chrome/60.0.3112.90 Safari/537.36"
212.129.13.0 - - [07/Nov/2023:16:09:49 +0100] "GET /wp-cc.php HTTP/1.1" 200 2691 "-" "Mozilla/5.0 (iPad; CPU OS 12_4_8 like Mac OS X) AppleWebKit/605.1.15 (KHTML, like Gecko) Version/12.1.2 Mobile/15E148 Safari/604.1"
212.129.13.0 - - [07/Nov/2023:16:09:49 +0100] "GET /wp-commentin.php HTTP/1.1" 200 2691 "-" "Mozilla/5.0 (iPhone; CPU iPhone OS 13_3_1 like Mac OS X) AppleWebKit/605.1.15 (KHTML, like Gecko) Version/13.0.5 Mobile/15E148 Safari/604.1"
15.204.183.0 - - [07/Nov/2023:16:11:09 +0100] "GET / HTTP/1.1" 200 2691 "-" "-"
81.169.178.0 - - [07/Nov/2023:16:12:57 +0100] "POST /wp-cron.php?doing_wp_cron=1699369977.4252979755401611328125 HTTP/1.1" 200 - "https://www.ipcbusiness.de/wp-cron.php?doing_wp_cron=1699369977.4252979755401611328125" "WordPress/5.8.8; https://www.ipcbusiness.de"
62.138.2.0 - - [07/Nov/2023:16:12:57 +0100] "GET /robots.txt HTTP/1.1" 200 69 "-" "Mozilla/5.0 (Macintosh; Intel Mac OS X 10.15; rv:103.0) Gecko/20100101 Firefox/103.0"
62.138.2.0 - - [07/Nov/2023:16:12:57 +0100] "GET /uk/unsere-produkte-und-services/kombiverkehr-gruener-transport/ HTTP/1.1" 200 11711 "-" "Mozilla/5.0 (Macintosh; Intel Mac OS X 10.15; rv:103.0) Gecko/20100101 Firefox/103.0"
195.179.239.0 - - [07/Nov/2023:16:14:06 +0100] "GET /style.php?sig=rename HTTP/1.1" 200 2691 "-" "Mozilla/5.0 (iPhone; CPU iPhone OS 13_5 like Mac OS X) AppleWebKit/605.1.15 (KHTML, like Gecko) Version/13.1.1 Mobile/15E148 Safari/604.1"
195.179.239.0 - - [07/Nov/2023:16:14:06 +0100] "GET /style.php?sig=rename HTTP/1.1" 200 2691 "-" "Mozilla/5.0 (Windows NT 10.0; Win64; x64) AppleWebKit/537.36 (KHTML, like Gecko) Chrome/89.0.4389.90 Safari/537.36"
195.179.239.0 - - [07/Nov/2023:16:14:06 +0100] "GET /style.php?sig=rename HTTP/1.1" 200 2691 "-" "Mozilla/5.0 (Linux; arm_64; Android 8.0.0; ZE520KL) AppleWebKit/537.36 (KHTML, like Gecko) Chrome/88.0.4324.182 YaBrowser/21.2.0.223.00 SA/3 Mobile Safari/537.36"
195.179.239.0 - - [07/Nov/2023:16:14:06 +0100] "GET /style.php?sig=rename HTTP/1.1" 200 2691 "-" "Mozilla/5.0 (Android 10; Mobile; rv:81.0) Gecko/81.0 Firefox/81.0"
195.179.239.0 - - [07/Nov/2023:16:14:09 +0100] "GET /style.php?sig=rename HTTP/1.1" 200 2691 "-" "Mozilla/5.0 (Linux; Android 11; SM-A125F) AppleWebKit/537.36 (KHTML, like Gecko) Chrome/89.0.4389.105 Mobile Safari/537.36 OPR/63.3.3216.58675"
195.179.239.0 - - [07/Nov/2023:16:14:11 +0100] "GET /style.php?sig=rename HTTP/1.1" 200 2691 "-" "Mozilla/5.0 (Windows NT 10.0; Win64; x64) AppleWebKit/537.36 (KHTML, like Gecko) Chrome/86.0.4240.111 Safari/537.36"
195.179.239.0 - - [07/Nov/2023:16:14:12 +0100] "GET /style.php?sig=rename HTTP/1.1" 200 2691 "-" "Mozilla/5.0 (Linux; Android 9; Redmi Note 7) AppleWebKit/537.36 (KHTML, like Gecko) Chrome/83.0.4103.106 Mobile Safari/537.36"
195.179.239.0 - - [07/Nov/2023:16:14:13 +0100] "GET /style.php?sig=rename HTTP/1.1" 200 2691 "-" "Mozilla/5.0 (Windows NT 10.0; Win64; x64) AppleWebKit/537.36 (KHTML, like Gecko) Chrome/88.0.4324.150 Safari/537.36"
195.179.239.0 - - [07/Nov/2023:16:14:14 +0100] "GET /style.php?sig=rename HTTP/1.1" 200 2691 "-" "Mozilla/5.0 (Linux; Android 9; SAMSUNG SM-G950F) AppleWebKit/537.36 (KHTML, like Gecko) SamsungBrowser/12.1 Chrome/79.0.3945.136 Mobile Safari/537.36"
81.169.178.0 - - [07/Nov/2023:16:14:14 +0100] "POST /wp-cron.php?doing_wp_cron=1699370054.6643021106719970703125 HTTP/1.1" 200 - "https://www.computerdoc24.de/wp-cron.php?doing_wp_cron=1699370054.6643021106719970703125" "WordPress/5.2.19; https://www.computerdoc24.de"
161.35.166.0 - - [07/Nov/2023:16:14:14 +0100] "GET /datenschutzerklaerung/ HTTP/1.1" 200 24464 "-" "Mozilla/5.0 (Macintosh; Intel Mac OS X 10_15_7) AppleWebKit/537.36 (KHTML, like Gecko) Chrome/114.0.0.0 Safari/537.36"
195.179.239.0 - - [07/Nov/2023:16:14:16 +0100] "GET /style.php?sig=rename HTTP/1.1" 200 2691 "-" "Mozilla/5.0 (Windows NT 10.0; Win64; x64) AppleWebKit/537.36 (KHTML, like Gecko) Chrome/84.0.4147.89 Safari/537.36"
195.179.239.0 - - [07/Nov/2023:16:14:16 +0100] "GET /style.php?sig=rename HTTP/1.1" 200 2691 "-" "Mozilla/5.0 (Windows NT 10.0; Win64; x64) AppleWebKit/537.36 (KHTML, like Gecko) Chrome/81.0.4044.138 Safari/537.36"
195.179.239.0 - - [07/Nov/2023:16:14:17 +0100] "GET /style.php?sig=rename HTTP/1.1" 200 2691 "-" "Mozilla/5.0 (Linux; Android 11; SM-A125F) AppleWebKit/537.36 (KHTML, like Gecko) Chrome/89.0.4389.105 Mobile Safari/537.36 OPR/63.3.3216.58675"
195.179.239.0 - - [07/Nov/2023:16:14:17 +0100] "GET /style.php?sig=rename HTTP/1.1" 200 2691 "-" "Mozilla/5.0 (Windows NT 10.0; Win64; x64) AppleWebKit/537.36 (KHTML, like Gecko) Chrome/89.0.4389.105 YaBrowser/21.3.3.230 Yowser/2.5 Safari/537.36"
195.179.239.0 - - [07/Nov/2023:16:14:17 +0100] "GET /style.php?sig=rename HTTP/1.1" 200 2691 "-" "Mozilla/5.0 (iPad; CPU OS 12_4_8 like Mac OS X) AppleWebKit/605.1.15 (KHTML, like Gecko) Version/12.1.2 Mobile/15E148 Safari/604.1"
195.179.239.0 - - [07/Nov/2023:16:14:18 +0100] "GET /style.php?sig=rename HTTP/1.1" 200 2691 "-" "Mozilla/5.0 (Linux; Android 9; Redmi Note 7) AppleWebKit/537.36 (KHTML, like Gecko) Chrome/84.0.4147.111 Mobile Safari/537.36"
195.179.239.0 - - [07/Nov/2023:16:14:18 +0100] "GET /style.php?sig=rename HTTP/1.1" 200 2691 "-" "Mozilla/5.0 (X11; Linux x86_64) AppleWebKit/537.36 (KHTML, like Gecko) HeadlessChrome/88.0.4298.0 Safari/537.36"
:: - - [07/Nov/2023:16:14:23 +0100] "OPTIONS * HTTP/1.0" 200 - "-" "Apache/2.4.6 (CentOS) OpenSSL/1.0.2k-fips mod_fcgid/2.3.9 (internal dummy connection)"
:: - - [07/Nov/2023:16:14:24 +0100] "OPTIONS * HTTP/1.0" 200 - "-" "Apache/2.4.6 (CentOS) OpenSSL/1.0.2k-fips mod_fcgid/2.3.9 (internal dummy connection)"
:: - - [07/Nov/2023:16:14:25 +0100] "OPTIONS * HTTP/1.0" 200 - "-" "Apache/2.4.6 (CentOS) OpenSSL/1.0.2k-fips mod_fcgid/2.3.9 (internal dummy connection)"
:: - - [07/Nov/2023:16:14:26 +0100] "OPTIONS * HTTP/1.0" 200 - "-" "Apache/2.4.6 (CentOS) OpenSSL/1.0.2k-fips mod_fcgid/2.3.9 (internal dummy connection)"
5.102.173.0 - - [07/Nov/2023:16:15:27 +0100] "GET /robots.txt HTTP/1.1" 200 69 "-" "Mozilla/5.0 (compatible; MojeekBot/0.11; +https://www.mojeek.com/bot.html)"
5.102.173.0 - - [07/Nov/2023:16:15:27 +0100] "GET /ru/unsere-maerkte/ HTTP/1.1" 200 11294 "-" "Mozilla/5.0 (compatible; MojeekBot/0.11; +https://www.mojeek.com/bot.html)"
81.169.178.0 - - [07/Nov/2023:16:16:32 +0100] "POST /wp-cron.php?doing_wp_cron=1699370192.3558580875396728515625 HTTP/1.1" 200 - "http://www.computerdoc24.de/wp-cron.php?doing_wp_cron=1699370192.3558580875396728515625" "WordPress/5.2.19; https://www.computerdoc24.de"
31.171.152.0 - - [07/Nov/2023:16:16:32 +0100] "GET / HTTP/1.0" 301 - "http://computerdoc24.de/" "Mozilla/5.0 (Windows NT 10.0; Win64; x64) AppleWebKit/537.36 (KHTML, like Gecko) Chrome/64.0.3282.140 Safari/537.36 Edge/17.17134"
31.171.152.0 - - [07/Nov/2023:16:16:33 +0100] "GET / HTTP/1.0" 301 - "https://computerdoc24.de/" "Mozilla/5.0 (Windows NT 10.0; Win64; x64) AppleWebKit/537.36 (KHTML, like Gecko) Chrome/64.0.3282.140 Safari/537.36 Edge/17.17134"
31.171.152.0 - - [07/Nov/2023:16:16:34 +0100] "GET / HTTP/1.0" 200 95740 "https://www.computerdoc24.de/" "Mozilla/5.0 (Windows NT 10.0; Win64; x64) AppleWebKit/537.36 (KHTML, like Gecko) Chrome/64.0.3282.140 Safari/537.36 Edge/17.17134"
81.169.178.0 - - [07/Nov/2023:16:16:36 +0100] "POST /wp-cron.php?doing_wp_cron=1699370196.3205471038818359375000 HTTP/1.1" 200 - "https://www.computerdoc24.de/wp-cron.php?doing_wp_cron=1699370196.3205471038818359375000" "WordPress/5.2.19; https://www.computerdoc24.de"
31.171.152.0 - - [07/Nov/2023:16:16:36 +0100] "GET /kontakt/ HTTP/1.0" 200 58156 "https://www.computerdoc24.de/kontakt/" "Mozilla/5.0 (Windows NT 10.0; Win64; x64) AppleWebKit/537.36 (KHTML, like Gecko) Chrome/64.0.3282.140 Safari/537.36 Edge/17.17134"
31.171.152.0 - - [07/Nov/2023:16:16:41 +0100] "POST /kontakt/ HTTP/1.0" 200 59465 "https://www.computerdoc24.de/kontakt/" "Mozilla/5.0 (Windows NT 10.0; Win64; x64) AppleWebKit/537.36 (KHTML, like Gecko) Chrome/64.0.3282.140 Safari/537.36 Edge/17.17134"
198.98.57.0 - - [07/Nov/2023:16:16:45 +0100] "GET / HTTP/1.1" 403 2578 "https://wenvpn.com" "Mozilla/5.0 (Windows NT 10.0; Win64; x64) AppleWebKit/537.36 (KHTML, like Gecko) Chrome/111.0.0.0 Safari/537.36"
81.169.178.0 - - [07/Nov/2023:16:19:45 +0100] "POST /wp-cron.php?doing_wp_cron=1699370385.6789588928222656250000 HTTP/1.1" 200 - "https://www.ipcbusiness.de/wp-cron.php?doing_wp_cron=1699370385.6789588928222656250000" "WordPress/5.8.8; https://www.ipcbusiness.de/it"
62.138.2.0 - - [07/Nov/2023:16:19:45 +0100] "GET /it HTTP/1.1" 200 - "-" "Mozilla/5.0 (Macintosh; Intel Mac OS X 10.15; rv:103.0) Gecko/20100101 Firefox/103.0"
167.71.185.0 - - [07/Nov/2023:16:20:39 +0100] "GET / HTTP/1.1" 200 2691 "-" "Mozilla/5.0 (Macintosh; Intel Mac OS X 10_15_7) AppleWebKit/537.36 (KHTML, like Gecko) Chrome/114.0.0.0 Safari/537.36"
87.250.224.0 - - [07/Nov/2023:16:23:23 +0100] "GET /robots.txt HTTP/1.1" 301 295 "-" "Mozilla/5.0 (compatible; YandexBot/3.0; +http://yandex.com/bots)"
95.108.213.0 - - [07/Nov/2023:16:23:24 +0100] "GET /en/ueber-uns/soziale-verantwortung/ HTTP/1.1" 301 320 "-" "Mozilla/5.0 (compatible; YandexBot/3.0; +http://yandex.com/bots)"
62.138.2.0 - - [07/Nov/2023:16:25:01 +0100] "GET /en/anfrage/ HTTP/1.1" 200 12271 "-" "Mozilla/5.0 (Macintosh; Intel Mac OS X 10.15; rv:103.0) Gecko/20100101 Firefox/103.0"
81.169.178.0 - - [07/Nov/2023:16:25:08 +0100] "POST /wp-admin/admin-ajax.php?action=wordfence_testAjax HTTP/1.1" 200 32 "https://www.ipcbusiness.de/wp-admin/admin-ajax.php?action=wordfence_testAjax" "WordPress/5.8.8; https://www.ipcbusiness.de"
81.169.178.0 - - [07/Nov/2023:16:25:09 +0100] "GET /wp-admin/admin-ajax.php?action=wordfence_doScan&isFork=0&scanMode=quick&cronKey=de1002dd2c7ae8ae5bcde819cd09b622&signature=0f56c23775911c52ddcd610cebf49945867534e974f7f32b5bfc6bbdbbdba9f0 HTTP/1.1" 200 - "-" "WordPress/5.8.8; https://www.ipcbusiness.de"
81.169.178.0 - - [07/Nov/2023:16:25:01 +0100] "POST /wp-cron.php?doing_wp_cron=1699370701.5046169757843017578125 HTTP/1.1" 200 - "https://www.ipcbusiness.de/wp-cron.php?doing_wp_cron=1699370701.5046169757843017578125" "WordPress/5.8.8; https://www.ipcbusiness.de/en"
81.169.178.0 - - [07/Nov/2023:16:28:59 +0100] "POST /wp-cron.php?doing_wp_cron=1699370939.7016530036926269531250 HTTP/1.1" 200 - "https://www.ipcbusiness.de/wp-cron.php?doing_wp_cron=1699370939.7016530036926269531250" "WordPress/5.8.8; https://www.ipcbusiness.de/it"
62.138.2.0 - - [07/Nov/2023:16:28:59 +0100] "GET /it/unsere-produkte-und-services/digitale-loesungen-ueberwachung-der-ladeeinheiten/ HTTP/1.1" 200 11157 "-" "Mozilla/5.0 (Macintosh; Intel Mac OS X 10.15; rv:103.0) Gecko/20100101 Firefox/103.0"
146.190.166.0 - - [07/Nov/2023:16:30:52 +0100] "GET /robots.txt HTTP/1.1" 200 2691 "-" "Mozilla/5.0 (X11; Linux x86_64) AppleWebKit/537.36 (KHTML, like Gecko) Chrome/55.0.2883.87 Safari/537.36"
161.35.174.0 - - [07/Nov/2023:16:32:58 +0100] "GET / HTTP/1.1" 200 2691 "-" "Mozilla/5.0 (compatible; AhrefsBot/7.0; +http://ahrefs.com/robot/)"
207.154.239.0 - - [07/Nov/2023:16:34:58 +0100] "GET / HTTP/1.1" 200 2691 "-" "Mozilla/5.0 (compatible; SemrushBot/7~bl; +http://www.semrush.com/bot.html)"
62.138.2.0 - - [07/Nov/2023:16:35:13 +0100] "GET /it/ueber-uns/ipc-business-gmbh-firmeninformation/ HTTP/1.1" 200 11186 "-" "Mozilla/5.0 (Macintosh; Intel Mac OS X 10.15; rv:103.0) Gecko/20100101 Firefox/103.0"
206.189.11.0 - - [07/Nov/2023:16:38:22 +0100] "GET / HTTP/1.1" 200 2691 "-" "Mozilla/5.0 AppleWebKit/537.36 (KHTML, like Gecko; compatible; GPTBot/1.0; +https://openai.com/gptbot)"
185.233.19.0 - - [07/Nov/2023:16:42:35 +0100] "GET / HTTP/1.1" 403 2409 "-" "-"
152.32.198.0 - - [07/Nov/2023:16:56:05 +0100] "\x16\x03\x01\x01\x17\x01" 400 226 "-" "-"
152.32.198.0 - - [07/Nov/2023:16:56:16 +0100] "GET / HTTP/1.1" 403 2409 "-" "-"
152.32.198.0 - - [07/Nov/2023:16:56:22 +0100] "GET /favicon.ico HTTP/1.1" 404 2553 "-" "Mozilla/5.0 (Macintosh; Intel Mac OS X 10_7_0) AppleWebKit/535.11 (KHTML, like Gecko) Chrome/17.0.963.56 Safari/535.11"
152.32.198.0 - - [07/Nov/2023:16:56:22 +0100] "GET /robots.txt HTTP/1.1" 404 2551 "-" "Mozilla/5.0 (Macintosh; Intel Mac OS X 10_7_0) AppleWebKit/535.11 (KHTML, like Gecko) Chrome/17.0.963.56 Safari/535.11"
152.32.198.0 - - [07/Nov/2023:16:56:23 +0100] "GET /sitemap.xml HTTP/1.1" 404 2553 "-" "Mozilla/5.0 (Macintosh; Intel Mac OS X 10_7_0) AppleWebKit/535.11 (KHTML, like Gecko) Chrome/17.0.963.56 Safari/535.11"
182.239.114.0 - - [07/Nov/2023:17:00:24 +0100] "GET /wp-admin/admin-ajax.php HTTP/1.1" 400 21 "-" "Mozilla/5.0 (Windows NT 10.0; WOW64; x64) AppleWebKit/537.36 (KHTML, like Gecko) Chrome/113.0.5666.197 Safari/537.36"
182.239.114.0 - - [07/Nov/2023:17:00:26 +0100] "POST /wp-admin/admin-ajax.php HTTP/1.1" 400 21 "-" "Mozilla/5.0 (Windows NT 10.0; WOW64; x64) AppleWebKit/537.36 (KHTML, like Gecko) Chrome/113.0.5666.197 Safari/537.36"
182.239.114.0 - - [07/Nov/2023:17:00:28 +0100] "POST /wp-admin/admin-ajax.php HTTP/1.1" 400 21 "-" "Mozilla/5.0 (Windows NT 10.0; WOW64; x64) AppleWebKit/537.36 (KHTML, like Gecko) Chrome/113.0.5666.197 Safari/537.36"
81.169.178.0 - - [07/Nov/2023:17:00:24 +0100] "POST /wp-cron.php?doing_wp_cron=1699372824.9009859561920166015625 HTTP/1.1" 200 - "http://www.computerdoc24.de/wp-cron.php?doing_wp_cron=1699372824.9009859561920166015625" "WordPress/5.2.19; https://www.computerdoc24.de"
81.169.178.0 - - [07/Nov/2023:17:01:25 +0100] "POST /wp-cron.php?doing_wp_cron=1699372885.6849861145019531250000 HTTP/1.1" 200 - "https://www.computerdoc24.de/wp-cron.php?doing_wp_cron=1699372885.6849861145019531250000" "WordPress/5.2.19; https://www.computerdoc24.de"
182.239.114.0 - - [07/Nov/2023:17:01:25 +0100] "GET /wp-admin/admin-ajax.php HTTP/1.1" 400 21 "-" "Mozilla/5.0 (Windows NT 10.0; WOW64; x64) AppleWebKit/537.36 (KHTML, like Gecko) Chrome/113.0.5666.197 Safari/537.36"
182.239.114.0 - - [07/Nov/2023:17:01:27 +0100] "POST /wp-admin/admin-ajax.php HTTP/1.1" 400 21 "-" "Mozilla/5.0 (Windows NT 10.0; WOW64; x64) AppleWebKit/537.36 (KHTML, like Gecko) Chrome/113.0.5666.197 Safari/537.36"
182.239.114.0 - - [07/Nov/2023:17:01:29 +0100] "GET /wp-admin/admin-ajax.php HTTP/1.1" 400 21 "-" "Mozilla/5.0 (Windows NT 10.0; WOW64; x64) AppleWebKit/537.36 (KHTML, like Gecko) Chrome/113.0.5666.197 Safari/537.36"
182.239.114.0 - - [07/Nov/2023:17:01:29 +0100] "GET /wp-admin/admin-ajax.php HTTP/1.1" 400 21 "-" "Mozilla/5.0 (Windows NT 10.0; WOW64; x64) AppleWebKit/537.36 (KHTML, like Gecko) Chrome/113.0.5666.197 Safari/537.36"
182.239.114.0 - - [07/Nov/2023:17:01:29 +0100] "POST /wp-admin/admin-ajax.php HTTP/1.1" 400 21 "-" "Mozilla/5.0 (Windows NT 10.0; WOW64; x64) AppleWebKit/537.36 (KHTML, like Gecko) Chrome/113.0.5666.197 Safari/537.36"
182.239.114.0 - - [07/Nov/2023:17:01:30 +0100] "POST /wp-admin/admin-ajax.php HTTP/1.1" 400 21 "-" "Mozilla/5.0 (Windows NT 10.0; WOW64; x64) AppleWebKit/537.36 (KHTML, like Gecko) Chrome/113.0.5666.197 Safari/537.36"
182.239.114.0 - - [07/Nov/2023:17:01:31 +0100] "POST /wp-admin/admin-ajax.php HTTP/1.1" 400 21 "-" "Mozilla/5.0 (Windows NT 10.0; WOW64; x64) AppleWebKit/537.36 (KHTML, like Gecko) Chrome/113.0.5666.197 Safari/537.36"
182.239.114.0 - - [07/Nov/2023:17:01:31 +0100] "POST /wp-admin/admin-ajax.php HTTP/1.1" 400 21 "-" "Mozilla/5.0 (Windows NT 10.0; WOW64; x64) AppleWebKit/537.36 (KHTML, like Gecko) Chrome/113.0.5666.197 Safari/537.36"
182.239.114.0 - - [07/Nov/2023:17:01:33 +0100] "POST /wp-admin/admin-ajax.php HTTP/1.1" 400 21 "-" "Mozilla/5.0 (Windows NT 10.0; WOW64; x64) AppleWebKit/537.36 (KHTML, like Gecko) Chrome/113.0.5666.197 Safari/537.36"
207.180.201.0 - - [07/Nov/2023:17:04:07 +0100] "GET /.env HTTP/1.1" 404 2583 "-" "Mozilla/5.0 (X11; Linux x86_64; rv:83.0) Gecko/20100101 Firefox/83.0"
207.180.201.0 - - [07/Nov/2023:17:04:07 +0100] "POST / HTTP/1.1" 200 2590 "-" "Mozilla/5.0 (X11; Linux x86_64; rv:83.0) Gecko/20100101 Firefox/83.0"
81.169.178.0 - - [07/Nov/2023:17:10:20 +0100] "GET / HTTP/1.1" 200 16117 "https://www.ipcbusiness.de/" "WordPress/5.8.8; https://www.ipcbusiness.de"
81.169.178.0 - - [07/Nov/2023:17:10:20 +0100] "POST /wp-cron.php?doing_wp_cron=1699373420.5803580284118652343750 HTTP/1.1" 200 - "https://www.ipcbusiness.de/wp-cron.php?doing_wp_cron=1699373420.5803580284118652343750" "WordPress/5.8.8; https://www.ipcbusiness.de"
14.251.40.0 - - [07/Nov/2023:17:10:19 +0100] "GET / HTTP/1.1" 200 16117 "-" "Mozilla/5.0 (Windows NT 6.1; WOW64) AppleWebKit/537.36 (KHTML, like Gecko) Chrome/100.0.4758.11 Safari/537.36"
123.27.46.0 - - [07/Nov/2023:17:10:30 +0100] "GET /wp-login.php HTTP/1.1" 200 2767 "-" "Mozilla/5.0 (Windows NT 10.0; Win64; x64) AppleWebKit/537.36 (KHTML, like Gecko) Chrome/100.0.4896.127 Safari/537.36"
14.251.40.0 - - [07/Nov/2023:17:10:37 +0100] "GET /wp-json/wp/v2/users/ HTTP/1.1" 200 110 "-" "Mozilla/5.0 (Windows NT 6.1; WOW64) AppleWebKit/537.36 (KHTML, like Gecko) Chrome/99.0.4844.84 Safari/537.36"
14.251.40.0 - - [07/Nov/2023:17:10:44 +0100] "GET /?author=1 HTTP/1.1" 404 9600 "-" "Mozilla/5.0 (Windows NT 10.0; Win64; x64) AppleWebKit/537.36 (KHTML, like Gecko) Chrome/100.0.4895.86 Safari/537.36"
188.166.146.0 - - [07/Nov/2023:17:10:49 +0100] "GET /en/unsere-produkte-und-services/kombiverkehr-gruener-transport/ HTTP/1.1" 200 11170 "-" "Mozilla/5.0 (Macintosh; Intel Mac OS X 10_15_7) AppleWebKit/537.36 (KHTML, like Gecko) Chrome/114.0.0.0 Safari/537.36"
14.251.40.0 - - [07/Nov/2023:17:10:59 +0100] "GET /?author=2 HTTP/1.1" 404 9599 "-" "Mozilla/5.0 (Windows NT 10.0; Win64; x64) AppleWebKit/537.36 (KHTML, like Gecko) Chrome/100.0.4896.127 Safari/537.36"
41.60.235.0 - - [07/Nov/2023:17:11:39 +0100] "GET /sitemap.xml HTTP/1.1" 200 - "-" "Mozilla/5.0 (Windows NT 6.1; WOW64) AppleWebKit/537.36 (KHTML, like Gecko) Chrome/100.0.4758.11 Safari/537.36"
87.252.98.0 - - [07/Nov/2023:17:12:45 +0100] "GET /sitemap.xml HTTP/1.1" 200 - "-" "Mozilla/5.0 (Windows NT 6.1; WOW64) AppleWebKit/537.36 (KHTML, like Gecko) Chrome/100.0.4758.11 Safari/537.36"
87.252.98.0 - - [07/Nov/2023:17:12:46 +0100] "GET /sitemap_index.xml HTTP/1.1" 200 285 "-" "Mozilla/5.0 (Windows NT 6.1; WOW64) AppleWebKit/537.36 (KHTML, like Gecko) Chrome/100.0.4758.11 Safari/537.36"
203.99.56.0 - - [07/Nov/2023:17:13:04 +0100] "GET / HTTP/1.1" 200 16119 "-" "Mozilla/5.0 (Windows NT 6.1; WOW64) AppleWebKit/537.36 (KHTML, like Gecko) Chrome/100.0.4758.11 Safari/537.36"
14.251.40.0 - - [07/Nov/2023:17:13:11 +0100] "GET / HTTP/1.1" 200 16119 "-" "Mozilla/5.0 (Windows NT 10.0; Win64; x64) AppleWebKit/537.36 (KHTML, like Gecko) Chrome/100.0.4896.127 Safari/537.36"
14.251.40.0 - - [07/Nov/2023:17:13:16 +0100] "GET /author/castrol4urj/ HTTP/1.1" 200 9957 "-" "Mozilla/5.0 (Windows NT 10.0; Win64; x64) AppleWebKit/537.36 (KHTML, like Gecko) Chrome/99.0.4844.84 Safari/537.36"
89.247.254.0 - - [07/Nov/2023:17:13:17 +0100] "GET / HTTP/1.1" 200 2590 "-" "Mozilla/5.0 (Linux; Android 10; K) AppleWebKit/537.36 (KHTML, like Gecko) Chrome/119.0.0.0 Mobile Safari/537.36"
89.247.254.0 - - [07/Nov/2023:17:13:17 +0100] "GET /assets/rollover.js HTTP/1.1" 200 5145 "https://www.reinigungsprofi-weck.de/" "Mozilla/5.0 (Linux; Android 10; K) AppleWebKit/537.36 (KHTML, like Gecko) Chrome/119.0.0.0 Mobile Safari/537.36"
89.247.254.0 - - [07/Nov/2023:17:13:18 +0100] "GET /html/fusion.css HTTP/1.1" 200 1161 "https://www.reinigungsprofi-weck.de/" "Mozilla/5.0 (Linux; Android 10; K) AppleWebKit/537.36 (KHTML, like Gecko) Chrome/119.0.0.0 Mobile Safari/537.36"
89.247.254.0 - - [07/Nov/2023:17:13:18 +0100] "GET /html/style.css HTTP/1.1" 200 458 "https://www.reinigungsprofi-weck.de/" "Mozilla/5.0 (Linux; Android 10; K) AppleWebKit/537.36 (KHTML, like Gecko) Chrome/119.0.0.0 Mobile Safari/537.36"
89.247.254.0 - - [07/Nov/2023:17:13:18 +0100] "GET /html/site.css HTTP/1.1" 200 88 "https://www.reinigungsprofi-weck.de/" "Mozilla/5.0 (Linux; Android 10; K) AppleWebKit/537.36 (KHTML, like Gecko) Chrome/119.0.0.0 Mobile Safari/537.36"
89.247.254.0 - - [07/Nov/2023:17:13:18 +0100] "GET /header_l.gif HTTP/1.1" 200 7358 "https://www.reinigungsprofi-weck.de/" "Mozilla/5.0 (Linux; Android 10; K) AppleWebKit/537.36 (KHTML, like Gecko) Chrome/119.0.0.0 Mobile Safari/537.36"
89.247.254.0 - - [07/Nov/2023:17:13:18 +0100] "GET /subheader_l.gif HTTP/1.1" 200 2832 "https://www.reinigungsprofi-weck.de/" "Mozilla/5.0 (Linux; Android 10; K) AppleWebKit/537.36 (KHTML, like Gecko) Chrome/119.0.0.0 Mobile Safari/537.36"
89.247.254.0 - - [07/Nov/2023:17:13:18 +0100] "GET /kv_none_poetic_cream_none_1.gif HTTP/1.1" 200 248 "https://www.reinigungsprofi-weck.de/" "Mozilla/5.0 (Linux; Android 10; K) AppleWebKit/537.36 (KHTML, like Gecko) Chrome/119.0.0.0 Mobile Safari/537.36"
89.247.254.0 - - [07/Nov/2023:17:13:18 +0100] "GET /subheader_bl.gif HTTP/1.1" 200 1883 "https://www.reinigungsprofi-weck.de/" "Mozilla/5.0 (Linux; Android 10; K) AppleWebKit/537.36 (KHTML, like Gecko) Chrome/119.0.0.0 Mobile Safari/537.36"
89.247.254.0 - - [07/Nov/2023:17:13:18 +0100] "GET /subheader_br.gif HTTP/1.1" 200 1693 "https://www.reinigungsprofi-weck.de/" "Mozilla/5.0 (Linux; Android 10; K) AppleWebKit/537.36 (KHTML, like Gecko) Chrome/119.0.0.0 Mobile Safari/537.36"
89.247.254.0 - - [07/Nov/2023:17:13:18 +0100] "GET /subheader_r.gif HTTP/1.1" 200 1036 "https://www.reinigungsprofi-weck.de/" "Mozilla/5.0 (Linux; Android 10; K) AppleWebKit/537.36 (KHTML, like Gecko) Chrome/119.0.0.0 Mobile Safari/537.36"
89.247.254.0 - - [07/Nov/2023:17:13:18 +0100] "GET /assets/images/autogen/Spezialreinigung-_Hhighlighted_1_1.gif HTTP/1.1" 200 1750 "https://www.reinigungsprofi-weck.de/" "Mozilla/5.0 (Linux; Android 10; K) AppleWebKit/537.36 (KHTML, like Gecko) Chrome/119.0.0.0 Mobile Safari/537.36"
89.247.254.0 - - [07/Nov/2023:17:13:18 +0100] "GET /assets/images/autogen/Kontakt_Nregular_1_1.gif HTTP/1.1" 200 1596 "https://www.reinigungsprofi-weck.de/" "Mozilla/5.0 (Linux; Android 10; K) AppleWebKit/537.36 (KHTML, like Gecko) Chrome/119.0.0.0 Mobile Safari/537.36"
89.247.254.0 - - [07/Nov/2023:17:13:18 +0100] "GET /assets/images/autogen/Referenzen_Nregular_1_1.gif HTTP/1.1" 200 1249 "https://www.reinigungsprofi-weck.de/" "Mozilla/5.0 (Linux; Android 10; K) AppleWebKit/537.36 (KHTML, like Gecko) Chrome/119.0.0.0 Mobile Safari/537.36"
89.247.254.0 - - [07/Nov/2023:17:13:18 +0100] "GET /assets/images/autogen/Impressum_Nregular_1_1.gif HTTP/1.1" 200 1218 "https://www.reinigungsprofi-weck.de/" "Mozilla/5.0 (Linux; Android 10; K) AppleWebKit/537.36 (KHTML, like Gecko) Chrome/119.0.0.0 Mobile Safari/537.36"
89.247.254.0 - - [07/Nov/2023:17:13:18 +0100] "GET /assets/images/autogen/Anfahrtskosten_Nregular_1_1.gif HTTP/1.1" 200 1732 "https://www.reinigungsprofi-weck.de/" "Mozilla/5.0 (Linux; Android 10; K) AppleWebKit/537.36 (KHTML, like Gecko) Chrome/119.0.0.0 Mobile Safari/537.36"
89.247.254.0 - - [07/Nov/2023:17:13:18 +0100] "GET /assets/images/autogen/Vorher-Nachher_Nregular_1_1.gif HTTP/1.1" 200 1718 "https://www.reinigungsprofi-weck.de/" "Mozilla/5.0 (Linux; Android 10; K) AppleWebKit/537.36 (KHTML, like Gecko) Chrome/119.0.0.0 Mobile Safari/537.36"
89.247.254.0 - - [07/Nov/2023:17:13:18 +0100] "GET /assets/images/body_bak.gif HTTP/1.1" 200 49 "https://www.reinigungsprofi-weck.de/html/style.css" "Mozilla/5.0 (Linux; Android 10; K) AppleWebKit/537.36 (KHTML, like Gecko) Chrome/119.0.0.0 Mobile Safari/537.36"
89.247.254.0 - - [07/Nov/2023:17:13:18 +0100] "GET /assets/images/body_bak1.gif HTTP/1.1" 200 49 "https://www.reinigungsprofi-weck.de/" "Mozilla/5.0 (Linux; Android 10; K) AppleWebKit/537.36 (KHTML, like Gecko) Chrome/119.0.0.0 Mobile Safari/537.36"
89.247.254.0 - - [07/Nov/2023:17:13:18 +0100] "GET /assets/images/autogen/clearpixel.gif HTTP/1.1" 200 43 "https://www.reinigungsprofi-weck.de/" "Mozilla/5.0 (Linux; Android 10; K) AppleWebKit/537.36 (KHTML, like Gecko) Chrome/119.0.0.0 Mobile Safari/537.36"
89.247.254.0 - - [07/Nov/2023:17:13:18 +0100] "GET /assets/images/subheader_bak.gif HTTP/1.1" 200 44 "https://www.reinigungsprofi-weck.de/" "Mozilla/5.0 (Linux; Android 10; K) AppleWebKit/537.36 (KHTML, like Gecko) Chrome/119.0.0.0 Mobile Safari/537.36"
89.247.254.0 - - [07/Nov/2023:17:13:18 +0100] "GET /favicon.ico HTTP/1.1" 404 2816 "https://www.reinigungsprofi-weck.de/" "Mozilla/5.0 (Linux; Android 10; K) AppleWebKit/537.36 (KHTML, like Gecko) Chrome/119.0.0.0 Mobile Safari/537.36"
201.208.45.0 - - [07/Nov/2023:17:13:24 +0100] "GET /author/admin/ HTTP/1.1" 200 9949 "-" "Mozilla/5.0 (Windows NT 10.0; Win64; x64) AppleWebKit/537.36 (KHTML, like Gecko) Chrome/99.0.4844.84 Safari/537.36"
:: - - [07/Nov/2023:17:13:26 +0100] "OPTIONS * HTTP/1.0" 200 - "-" "Apache/2.4.6 (CentOS) OpenSSL/1.0.2k-fips mod_fcgid/2.3.9 (internal dummy connection)"
201.208.45.0 - - [07/Nov/2023:17:13:27 +0100] "GET /author/ipcbusiness HTTP/1.1" 200 - "-" "Mozilla/5.0 (Windows NT 10.0; Win64; x64) AppleWebKit/537.36 (KHTML, like Gecko) Chrome/99.0.4844.84 Safari/537.36"
201.208.45.0 - - [07/Nov/2023:17:13:28 +0100] "GET /author/ipcbusiness/ HTTP/1.1" 200 10190 "-" "Mozilla/5.0 (Windows NT 10.0; Win64; x64) AppleWebKit/537.36 (KHTML, like Gecko) Chrome/99.0.4844.84 Safari/537.36"
:: - - [07/Nov/2023:17:13:30 +0100] "OPTIONS * HTTP/1.0" 200 - "-" "Apache/2.4.6 (CentOS) OpenSSL/1.0.2k-fips mod_fcgid/2.3.9 (internal dummy connection)"
89.247.254.0 - - [07/Nov/2023:17:14:10 +0100] "-" 408 - "-" "-"
89.247.254.0 - - [07/Nov/2023:17:14:10 +0100] "-" 408 - "-" "-"
62.138.2.0 - - [07/Nov/2023:17:14:19 +0100] "GET /robots.txt HTTP/1.1" 200 69 "-" "Mozilla/5.0 (Macintosh; Intel Mac OS X 10.15; rv:103.0) Gecko/20100101 Firefox/103.0"
62.138.2.0 - - [07/Nov/2023:17:14:19 +0100] "GET /it/ueber-uns/ipc-business-gmbh-firmeninformation/ HTTP/1.1" 200 11186 "-" "Mozilla/5.0 (Macintosh; Intel Mac OS X 10.15; rv:103.0) Gecko/20100101 Firefox/103.0"
167.71.185.0 - - [07/Nov/2023:17:20:06 +0100] "GET / HTTP/1.1" 200 2691 "-" "Mozilla/5.0 (Macintosh; Intel Mac OS X 10_15_7) AppleWebKit/537.36 (KHTML, like Gecko) Chrome/114.0.0.0 Safari/537.36"
81.169.178.0 - - [07/Nov/2023:17:20:24 +0100] "POST /wp-cron.php?doing_wp_cron=1699374024.2154250144958496093750 HTTP/1.1" 200 - "https://www.ipcbusiness.de/wp-cron.php?doing_wp_cron=1699374024.2154250144958496093750" "WordPress/5.8.8; https://www.ipcbusiness.de/en"
62.138.2.0 - - [07/Nov/2023:17:20:24 +0100] "GET /en HTTP/1.1" 200 - "-" "Mozilla/5.0 (Macintosh; Intel Mac OS X 10.15; rv:103.0) Gecko/20100101 Firefox/103.0"
91.92.246.0 - - [07/Nov/2023:17:21:54 +0100] "GET /wp-content/plugins/royal-elementor-addons/readme.txt HTTP/1.1" 301 283 "-" "Mozilla/5.0 (Windows NT 10.0; Win64; x64) AppleWebKit/537.36 (KHTML, like Gecko) Chrome/90.0.4430.85 Safari/537.36"
81.169.178.0 - - [07/Nov/2023:17:21:58 +0100] "POST /?wordfence_syncAttackData=1699374118.9685 HTTP/1.1" 200 - "https://www.ipcbusiness.de/?wordfence_syncAttackData=1699374118.9685" "WordPress/5.8.8; https://www.ipcbusiness.de"
91.92.246.0 - - [07/Nov/2023:17:21:58 +0100] "GET /wp-content/plugins/royal-elementor-addons/readme.txt HTTP/1.1" 200 - "-" "Mozilla/5.0 (Windows NT 10.0; Win64; x64) AppleWebKit/537.36 (KHTML, like Gecko) Chrome/90.0.4430.85 Safari/537.36"
91.92.246.0 - - [07/Nov/2023:17:22:02 +0100] "GET /wp-content/plugins/royal-elementor-addons/readme.txt HTTP/1.1" 200 9964 "-" "Mozilla/5.0 (Windows NT 10.0; Win64; x64) AppleWebKit/537.36 (KHTML, like Gecko) Chrome/90.0.4430.85 Safari/537.36"
91.92.246.0 - - [07/Nov/2023:17:22:07 +0100] "GET /wp-content/plugins/royal-elementor-addons/assets/js/frontend.js HTTP/1.1" 301 294 "-" "Mozilla/5.0 (Windows NT 10.0; Win64; x64) AppleWebKit/537.36 (KHTML, like Gecko) Chrome/90.0.4430.85 Safari/537.36"
81.169.178.0 - - [07/Nov/2023:17:22:11 +0100] "POST /?wordfence_syncAttackData=1699374131.0841 HTTP/1.1" 200 - "https://www.ipcbusiness.de/?wordfence_syncAttackData=1699374131.0841" "WordPress/5.8.8; https://www.ipcbusiness.de"
91.92.246.0 - - [07/Nov/2023:17:22:10 +0100] "GET /wp-content/plugins/royal-elementor-addons/assets/js/frontend.js HTTP/1.1" 200 - "-" "Mozilla/5.0 (Windows NT 10.0; Win64; x64) AppleWebKit/537.36 (KHTML, like Gecko) Chrome/90.0.4430.85 Safari/537.36"
91.92.246.0 - - [07/Nov/2023:17:22:17 +0100] "GET /wp-content/plugins/royal-elementor-addons/assets/js/frontend.js HTTP/1.1" 200 9967 "-" "Mozilla/5.0 (Windows NT 10.0; Win64; x64) AppleWebKit/537.36 (KHTML, like Gecko) Chrome/90.0.4430.85 Safari/537.36"
161.35.166.0 - - [07/Nov/2023:17:22:19 +0100] "GET / HTTP/1.1" 200 2691 "-" "Mozilla/5.0 AppleWebKit/537.36 (KHTML, like Gecko; compatible; GPTBot/1.0; +https://openai.com/gptbot)"
161.35.185.0 - - [07/Nov/2023:17:26:11 +0100] "GET /robots.txt HTTP/1.1" 200 2691 "-" "Mozilla/5.0 (Windows NT 6.1; WOW64) AppleWebKit/537.36 (KHTML, like Gecko) Chrome/55.0.2883.87 Safari/537.36"
62.138.2.0 - - [07/Nov/2023:17:28:28 +0100] "GET /it/cookie-richtlinie-eu/ HTTP/1.1" 200 12973 "-" "Mozilla/5.0 (Macintosh; Intel Mac OS X 10.15; rv:103.0) Gecko/20100101 Firefox/103.0"
81.169.178.0 - - [07/Nov/2023:17:28:29 +0100] "POST /wp-cron.php?doing_wp_cron=1699374509.0483601093292236328125 HTTP/1.1" 200 - "https://www.ipcbusiness.de/wp-cron.php?doing_wp_cron=1699374509.0483601093292236328125" "WordPress/5.8.8; https://www.ipcbusiness.de/it"
44.200.49.0 - - [07/Nov/2023:17:28:36 +0100] "GET /robots.txt HTTP/1.1" 200 69 "-" "ClaudeBot"
44.200.49.0 - - [07/Nov/2023:17:28:56 +0100] "GET /pl/unsere-produkte-und-services/innovative-ladeeinheiten/ HTTP/1.1" 200 11259 "-" "ClaudeBot"
159.223.80.0 - - [07/Nov/2023:17:29:26 +0100] "GET / HTTP/1.1" 200 2691 "-" "Mozilla/5.0 (compatible; AhrefsBot/7.0; +http://ahrefs.com/robot/)"
62.138.2.0 - - [07/Nov/2023:17:31:12 +0100] "GET /it/cookie-richtlinie-eu/ HTTP/1.1" 200 12980 "-" "Mozilla/5.0 (Macintosh; Intel Mac OS X 10.15; rv:103.0) Gecko/20100101 Firefox/103.0"
165.227.114.0 - - [07/Nov/2023:17:31:45 +0100] "GET / HTTP/1.1" 200 2691 "-" "Mozilla/5.0 (compatible; SemrushBot/7~bl; +http://www.semrush.com/bot.html)"
62.138.2.0 - - [07/Nov/2023:17:36:43 +0100] "GET /en HTTP/1.1" 200 - "-" "Mozilla/5.0 (Macintosh; Intel Mac OS X 10.15; rv:103.0) Gecko/20100101 Firefox/103.0"
3.6.204.0 - - [07/Nov/2023:17:44:39 +0100] "GET /style.php?sig=rename HTTP/1.1" 200 2691 "-" "Mozlila/5.0 (Linux; Android 7.0; SM-G892A Bulid/NRD90M; wv) AppleWebKit/537.36 (KHTML, like Gecko) Version/4.0 Chrome/60.0.3112.107 Moblie Safari/537.36"
3.6.204.0 - - [07/Nov/2023:17:44:40 +0100] "GET /style.php?sig=rename HTTP/1.1" 200 2691 "-" "Mozilla/5.0 (Linux; Android 7.0; Moto G (4)) AppleWebKit/537.36 (KHTML, like Gecko) Chrome/84.0.4143.7 Mobile Safari/537.36 Chrome-Lighthouse"
