93.243.70.0 - - [06/Nov/2023:11:50:37 +0100] "GET /wp-content/plugins/revslider/public/assets/js/rs6.min.js HTTP/1.1" 200 98542 "https://www.computerdoc24.de/" "Mozilla/5.0 (Macintosh; Intel Mac OS X 10_13_6) AppleWebKit/605.1.15 (KHTML, like Gecko) Version/13.1.2 Safari/605.1.15"
93.243.70.0 - - [06/Nov/2023:11:50:37 +0100] "GET /wp-content/themes/en-vision/lib/js/woocommerce.min.js HTTP/1.1" 200 1122 "https://www.computerdoc24.de/" "Mozilla/5.0 (Macintosh; Intel Mac OS X 10_13_6) AppleWebKit/605.1.15 (KHTML, like Gecko) Version/13.1.2 Safari/605.1.15"
93.243.70.0 - - [06/Nov/2023:11:50:37 +0100] "GET /wp-includes/js/comment-reply.min.js HTTP/1.1" 200 1044 "https://www.computerdoc24.de/" "Mozilla/5.0 (Macintosh; Intel Mac OS X 10_13_6) AppleWebKit/605.1.15 (KHTML, like Gecko) Version/13.1.2 Safari/605.1.15"
93.243.70.0 - - [06/Nov/2023:11:50:37 +0100] "GET /wp-content/themes/en-vision/lib/js/jquery-smoothscroll.min.js HTTP/1.1" 200 2546 "https://www.computerdoc24.de/" "Mozilla/5.0 (Macintosh; Intel Mac OS X 10_13_6) AppleWebKit/605.1.15 (KHTML, like Gecko) Version/13.1.2 Safari/605.1.15"
93.243.70.0 - - [06/Nov/2023:11:50:37 +0100] "GET /wp-content/plugins/js_composer/assets/js/dist/js_composer_front.min.js HTTP/1.1" 200 5653 "https://www.computerdoc24.de/" "Mozilla/5.0 (Macintosh; Intel Mac OS X 10_13_6) AppleWebKit/605.1.15 (KHTML, like Gecko) Version/13.1.2 Safari/605.1.15"
93.243.70.0 - - [06/Nov/2023:11:50:37 +0100] "GET /wp-includes/js/wp-embed.min.js HTTP/1.1" 200 777 "https://www.computerdoc24.de/" "Mozilla/5.0 (Macintosh; Intel Mac OS X 10_13_6) AppleWebKit/605.1.15 (KHTML, like Gecko) Version/13.1.2 Safari/605.1.15"
93.243.70.0 - - [06/Nov/2023:11:50:37 +0100] "GET /wp-content/plugins/revslider/public/assets/assets/dummy.png HTTP/1.1" 200 68 "https://www.computerdoc24.de/" "Mozilla/5.0 (Macintosh; Intel Mac OS X 10_13_6) AppleWebKit/605.1.15 (KHTML, like Gecko) Version/13.1.2 Safari/605.1.15"
93.243.70.0 - - [06/Nov/2023:11:50:37 +0100] "GET /wp-content/themes/en-vision/lib/images/sidebar-shadow-right.png HTTP/1.1" 200 534 "https://www.computerdoc24.de/" "Mozilla/5.0 (Macintosh; Intel Mac OS X 10_13_6) AppleWebKit/605.1.15 (KHTML, like Gecko) Version/13.1.2 Safari/605.1.15"
93.243.70.0 - - [06/Nov/2023:11:50:37 +0100] "GET /wp-content/themes/en-vision/lib/patterns/escheresque_ste.png HTTP/1.1" 200 423 "-" "Mozilla/5.0 (Macintosh; Intel Mac OS X 10_13_6) AppleWebKit/605.1.15 (KHTML, like Gecko) Version/13.1.2 Safari/605.1.15"
93.243.70.0 - - [06/Nov/2023:11:50:37 +0100] "GET /wp-content/plugins/revslider/public/assets/assets/loader.gif HTTP/1.1" 200 2545 "https://www.computerdoc24.de/" "Mozilla/5.0 (Macintosh; Intel Mac OS X 10_13_6) AppleWebKit/605.1.15 (KHTML, like Gecko) Version/13.1.2 Safari/605.1.15"
93.243.70.0 - - [06/Nov/2023:11:50:37 +0100] "GET /wp-content/uploads/revslider/homepage/bg-1.jpg HTTP/1.1" 200 41555 "https://www.computerdoc24.de/" "Mozilla/5.0 (Macintosh; Intel Mac OS X 10_13_6) AppleWebKit/605.1.15 (KHTML, like Gecko) Version/13.1.2 Safari/605.1.15"
93.243.70.0 - - [06/Nov/2023:11:50:37 +0100] "GET /wp-content/uploads/revslider/homepage/hppc-1.png HTTP/1.1" 200 117566 "https://www.computerdoc24.de/" "Mozilla/5.0 (Macintosh; Intel Mac OS X 10_13_6) AppleWebKit/605.1.15 (KHTML, like Gecko) Version/13.1.2 Safari/605.1.15"
93.243.70.0 - - [06/Nov/2023:11:50:37 +0100] "GET /wp-content/uploads/bg2-1-1.jpg HTTP/1.1" 200 470201 "https://www.computerdoc24.de/" "Mozilla/5.0 (Macintosh; Intel Mac OS X 10_13_6) AppleWebKit/605.1.15 (KHTML, like Gecko) Version/13.1.2 Safari/605.1.15"
93.243.70.0 - - [06/Nov/2023:11:50:37 +0100] "GET /wp-content/uploads/revslider/homepage/computer.png HTTP/1.1" 200 206463 "https://www.computerdoc24.de/" "Mozilla/5.0 (Macintosh; Intel Mac OS X 10_13_6) AppleWebKit/605.1.15 (KHTML, like Gecko) Version/13.1.2 Safari/605.1.15"
93.243.70.0 - - [06/Nov/2023:11:50:38 +0100] "GET /wp-content/uploads/revslider/homepage/bg3.jpg HTTP/1.1" 200 189591 "https://www.computerdoc24.de/" "Mozilla/5.0 (Macintosh; Intel Mac OS X 10_13_6) AppleWebKit/605.1.15 (KHTML, like Gecko) Version/13.1.2 Safari/605.1.15"
93.243.70.0 - - [06/Nov/2023:11:50:38 +0100] "GET /wp-content/uploads/Network-1.png HTTP/1.1" 200 55283 "https://www.computerdoc24.de/" "Mozilla/5.0 (Macintosh; Intel Mac OS X 10_13_6) AppleWebKit/605.1.15 (KHTML, like Gecko) Version/13.1.2 Safari/605.1.15"
93.243.70.0 - - [06/Nov/2023:11:50:38 +0100] "GET /wp-content/uploads/logo-2-3.png HTTP/1.1" 200 15255 "https://www.computerdoc24.de/" "Mozilla/5.0 (Macintosh; Intel Mac OS X 10_13_6) AppleWebKit/605.1.15 (KHTML, like Gecko) Version/13.1.2 Safari/605.1.15"
93.243.70.0 - - [06/Nov/2023:11:50:38 +0100] "GET /wp-content/uploads/revslider/homepage/slider.png HTTP/1.1" 200 18173 "https://www.computerdoc24.de/" "Mozilla/5.0 (Macintosh; Intel Mac OS X 10_13_6) AppleWebKit/605.1.15 (KHTML, like Gecko) Version/13.1.2 Safari/605.1.15"
93.243.70.0 - - [06/Nov/2023:11:50:38 +0100] "GET /wp-content/themes/en-vision/includes/modules/module.shadow/shadows/shadow-6.png HTTP/1.1" 200 5589 "https://www.computerdoc24.de/" "Mozilla/5.0 (Macintosh; Intel Mac OS X 10_13_6) AppleWebKit/605.1.15 (KHTML, like Gecko) Version/13.1.2 Safari/605.1.15"
93.243.70.0 - - [06/Nov/2023:11:50:38 +0100] "GET /wp-content/uploads/zwanzigjahrecomputerdoc24-1-300x258.png HTTP/1.1" 200 29230 "https://www.computerdoc24.de/" "Mozilla/5.0 (Macintosh; Intel Mac OS X 10_13_6) AppleWebKit/605.1.15 (KHTML, like Gecko) Version/13.1.2 Safari/605.1.15"
93.243.70.0 - - [06/Nov/2023:11:50:39 +0100] "GET /wp-content/plugins/js_composer/assets/lib/bower/font-awesome/fonts/fontawesome-webfont.woff2?v=4.7.0 HTTP/1.1" 200 77162 "https://www.computerdoc24.de/" "Mozilla/5.0 (Macintosh; Intel Mac OS X 10_13_6) AppleWebKit/605.1.15 (KHTML, like Gecko) Version/13.1.2 Safari/605.1.15"
93.243.70.0 - - [06/Nov/2023:11:50:39 +0100] "GET /wp-content/plugins/shapepress-dsgvo/public/css/fonts/roboto/Roboto-Regular-webfont.woff HTTP/1.1" 200 20862 "https://www.computerdoc24.de/" "Mozilla/5.0 (Macintosh; Intel Mac OS X 10_13_6) AppleWebKit/605.1.15 (KHTML, like Gecko) Version/13.1.2 Safari/605.1.15"
93.243.70.0 - - [06/Nov/2023:11:50:39 +0100] "GET /wp-content/uploads/smile_fonts/Defaults/Defaults.woff?rfa9z8 HTTP/1.1" 200 66219 "https://www.computerdoc24.de/" "Mozilla/5.0 (Macintosh; Intel Mac OS X 10_13_6) AppleWebKit/605.1.15 (KHTML, like Gecko) Version/13.1.2 Safari/605.1.15"
81.169.178.0 - - [06/Nov/2023:11:50:38 +0100] "POST /wp-cron.php?doing_wp_cron=1699267838.5897459983825683593750 HTTP/1.1" 200 - "https://www.computerdoc24.de/wp-cron.php?doing_wp_cron=1699267838.5897459983825683593750" "WordPress/5.2.19; https://www.computerdoc24.de"
93.243.70.0 - - [06/Nov/2023:11:50:38 +0100] "POST /?wc-ajax=get_refreshed_fragments HTTP/1.1" 200 177 "https://www.computerdoc24.de/" "Mozilla/5.0 (Macintosh; Intel Mac OS X 10_13_6) AppleWebKit/605.1.15 (KHTML, like Gecko) Version/13.1.2 Safari/605.1.15"
93.243.70.0 - - [06/Nov/2023:11:50:40 +0100] "GET /wp-content/uploads/favicon-3.png HTTP/1.1" 200 944 "https://www.computerdoc24.de/" "Mozilla/5.0 (Macintosh; Intel Mac OS X 10_13_6) AppleWebKit/605.1.15 (KHTML, like Gecko) Version/13.1.2 Safari/605.1.15"
93.243.70.0 - - [06/Nov/2023:11:50:40 +0100] "GET /wp-content/uploads/20200603_115624-300x300.jpg HTTP/1.1" 200 22167 "https://www.computerdoc24.de/" "Mozilla/5.0 (Macintosh; Intel Mac OS X 10_13_6) AppleWebKit/605.1.15 (KHTML, like Gecko) Version/13.1.2 Safari/605.1.15"
93.243.70.0 - - [06/Nov/2023:11:50:40 +0100] "GET /wp-content/uploads/logitech_mk270-300x300.jpg HTTP/1.1" 200 9007 "https://www.computerdoc24.de/" "Mozilla/5.0 (Macintosh; Intel Mac OS X 10_13_6) AppleWebKit/605.1.15 (KHTML, like Gecko) Version/13.1.2 Safari/605.1.15"
93.243.70.0 - - [06/Nov/2023:11:50:40 +0100] "GET /wp-content/uploads/logitech_s-120-300x300.jpg HTTP/1.1" 200 14390 "https://www.computerdoc24.de/" "Mozilla/5.0 (Macintosh; Intel Mac OS X 10_13_6) AppleWebKit/605.1.15 (KHTML, like Gecko) Version/13.1.2 Safari/605.1.15"
93.243.70.0 - - [06/Nov/2023:11:50:40 +0100] "GET /wp-content/uploads/logitech_k120-300x300.jpg HTTP/1.1" 200 10179 "https://www.computerdoc24.de/" "Mozilla/5.0 (Macintosh; Intel Mac OS X 10_13_6) AppleWebKit/605.1.15 (KHTML, like Gecko) Version/13.1.2 Safari/605.1.15"
93.243.70.0 - - [06/Nov/2023:11:50:40 +0100] "GET /wp-content/uploads/logitech_maus-300x300.jpg HTTP/1.1" 200 5286 "https://www.computerdoc24.de/" "Mozilla/5.0 (Macintosh; Intel Mac OS X 10_13_6) AppleWebKit/605.1.15 (KHTML, like Gecko) Version/13.1.2 Safari/605.1.15"
:: - - [06/Nov/2023:11:50:44 +0100] "OPTIONS * HTTP/1.0" 200 - "-" "Apache/2.4.6 (CentOS) OpenSSL/1.0.2k-fips mod_fcgid/2.3.9 (internal dummy connection)"
:: - - [06/Nov/2023:11:50:45 +0100] "OPTIONS * HTTP/1.0" 200 - "-" "Apache/2.4.6 (CentOS) OpenSSL/1.0.2k-fips mod_fcgid/2.3.9 (internal dummy connection)"
:: - - [06/Nov/2023:11:50:46 +0100] "OPTIONS * HTTP/1.0" 200 - "-" "Apache/2.4.6 (CentOS) OpenSSL/1.0.2k-fips mod_fcgid/2.3.9 (internal dummy connection)"
54.36.148.0 - - [06/Nov/2023:11:50:46 +0100] "GET /es/anfrage/ HTTP/1.1" 200 12441 "-" "Mozilla/5.0 (compatible; AhrefsBot/7.0; +http://ahrefs.com/robot/)"
:: - - [06/Nov/2023:11:50:47 +0100] "OPTIONS * HTTP/1.0" 200 - "-" "Apache/2.4.6 (CentOS) OpenSSL/1.0.2k-fips mod_fcgid/2.3.9 (internal dummy connection)"
:: - - [06/Nov/2023:11:50:48 +0100] "OPTIONS * HTTP/1.0" 200 - "-" "Apache/2.4.6 (CentOS) OpenSSL/1.0.2k-fips mod_fcgid/2.3.9 (internal dummy connection)"
:: - - [06/Nov/2023:11:50:49 +0100] "OPTIONS * HTTP/1.0" 200 - "-" "Apache/2.4.6 (CentOS) OpenSSL/1.0.2k-fips mod_fcgid/2.3.9 (internal dummy connection)"
93.243.70.0 - - [06/Nov/2023:11:50:50 +0100] "POST /wp-admin/admin-ajax.php HTTP/1.1" 200 4778 "https://www.computerdoc24.de/" "Mozilla/5.0 (Macintosh; Intel Mac OS X 10_13_6) AppleWebKit/605.1.15 (KHTML, like Gecko) Version/13.1.2 Safari/605.1.15"
:: - - [06/Nov/2023:11:50:57 +0100] "OPTIONS * HTTP/1.0" 200 - "-" "Apache/2.4.6 (CentOS) OpenSSL/1.0.2k-fips mod_fcgid/2.3.9 (internal dummy connection)"
35.86.175.0 - - [06/Nov/2023:11:51:11 +0100] "GET / HTTP/1.1" 200 2691 "-" "Mozilla/5.0 (X11; Linux x86_64) AppleWebKit/537.36 (KHTML, like Gecko) Chrome/83.0.4103.97 Safari/537.36"
93.243.70.0 - - [06/Nov/2023:11:51:30 +0100] "GET /pc-ankauf/ HTTP/1.1" 200 13760 "https://www.computerdoc24.de/" "Mozilla/5.0 (Macintosh; Intel Mac OS X 10_13_6) AppleWebKit/605.1.15 (KHTML, like Gecko) Version/13.1.2 Safari/605.1.15"
93.243.70.0 - - [06/Nov/2023:11:51:30 +0100] "GET /wp-content/plugins/offen/templates/assets/widget/css/style.css HTTP/1.1" 200 2139 "https://www.computerdoc24.de/pc-ankauf/" "Mozilla/5.0 (Macintosh; Intel Mac OS X 10_13_6) AppleWebKit/605.1.15 (KHTML, like Gecko) Version/13.1.2 Safari/605.1.15"
93.243.70.0 - - [06/Nov/2023:11:51:30 +0100] "GET /wp-content/plugins/offen/templates/assets/widget/css/fonts.css HTTP/1.1" 200 158 "https://www.computerdoc24.de/pc-ankauf/" "Mozilla/5.0 (Macintosh; Intel Mac OS X 10_13_6) AppleWebKit/605.1.15 (KHTML, like Gecko) Version/13.1.2 Safari/605.1.15"
93.243.70.0 - - [06/Nov/2023:11:51:30 +0100] "GET /wp-content/plugins/offen/templates/assets/widget/css/strappy.css HTTP/1.1" 200 21794 "https://www.computerdoc24.de/pc-ankauf/" "Mozilla/5.0 (Macintosh; Intel Mac OS X 10_13_6) AppleWebKit/605.1.15 (KHTML, like Gecko) Version/13.1.2 Safari/605.1.15"
93.243.70.0 - - [06/Nov/2023:11:51:31 +0100] "GET /wp-content/plugins/offen/templates/assets/widget/fonts/OpenSans-Regular.ttf HTTP/1.1" 200 116490 "https://www.computerdoc24.de/pc-ankauf/" "Mozilla/5.0 (Macintosh; Intel Mac OS X 10_13_6) AppleWebKit/605.1.15 (KHTML, like Gecko) Version/13.1.2 Safari/605.1.15"
93.243.70.0 - - [06/Nov/2023:11:51:31 +0100] "GET /wp-content/plugins/offen/templates/assets/widget/fonts/OpenSans-Bold.ttf HTTP/1.1" 200 119570 "https://www.computerdoc24.de/pc-ankauf/" "Mozilla/5.0 (Macintosh; Intel Mac OS X 10_13_6) AppleWebKit/605.1.15 (KHTML, like Gecko) Version/13.1.2 Safari/605.1.15"
35.165.220.0 - - [06/Nov/2023:11:51:37 +0100] "GET /favicon.ico HTTP/1.1" 200 2691 "-" "Mozilla/5.0 (X11; Linux x86_64) AppleWebKit/537.36 (KHTML, like Gecko) Chrome/83.0.4103.97 Safari/537.36"
93.243.70.0 - - [06/Nov/2023:11:52:24 +0100] "GET /wp-content/uploads/pc-ankauf.pdf HTTP/1.1" 200 287915 "-" "Mozilla/5.0 (Macintosh; Intel Mac OS X 10_13_6) AppleWebKit/605.1.15 (KHTML, like Gecko) Version/13.1.2 Safari/605.1.15"
93.243.70.0 - - [06/Nov/2023:11:52:25 +0100] "GET /favicon.ico HTTP/1.1" 200 - "https://www.computerdoc24.de/wp-content/uploads/pc-ankauf.pdf" "Mozilla/5.0 (Macintosh; Intel Mac OS X 10_13_6) AppleWebKit/605.1.15 (KHTML, like Gecko) Version/13.1.2 Safari/605.1.15"
81.169.178.0 - - [06/Nov/2023:11:52:26 +0100] "POST /wp-cron.php?doing_wp_cron=1699267946.7482309341430664062500 HTTP/1.1" 200 - "https://www.computerdoc24.de/wp-cron.php?doing_wp_cron=1699267946.7482309341430664062500" "WordPress/5.2.19; https://www.computerdoc24.de"
114.119.131.0 - - [06/Nov/2023:11:52:26 +0100] "GET /robots.txt HTTP/1.1" 200 69 "-" "Mozilla/5.0 (compatible;PetalBot;+https://webmaster.petalsearch.com/site/petalbot)"
81.169.178.0 - - [06/Nov/2023:11:52:45 +0100] "POST /wp-cron.php?doing_wp_cron=1699267965.2111430168151855468750 HTTP/1.1" 200 - "https://www.computerdoc24.de/wp-cron.php?doing_wp_cron=1699267965.2111430168151855468750" "WordPress/5.2.19; https://www.computerdoc24.de"
93.243.70.0 - - [06/Nov/2023:11:52:45 +0100] "POST /?wc-ajax=get_refreshed_fragments HTTP/1.1" 200 177 "https://www.computerdoc24.de/" "Mozilla/5.0 (Macintosh; Intel Mac OS X 10_13_6) AppleWebKit/605.1.15 (KHTML, like Gecko) Version/13.1.2 Safari/605.1.15"
81.169.178.0 - - [06/Nov/2023:11:57:03 +0100] "POST /wp-cron.php?doing_wp_cron=1699268223.4959630966186523437500 HTTP/1.1" 200 - "https://www.ipcbusiness.de/wp-cron.php?doing_wp_cron=1699268223.4959630966186523437500" "WordPress/5.8.8; https://www.ipcbusiness.de/uk"
62.138.2.0 - - [06/Nov/2023:11:57:03 +0100] "GET /uk/unsere-produkte-und-services/kranbare-auflieger/ HTTP/1.1" 200 11465 "-" "Mozilla/5.0 (Macintosh; Intel Mac OS X 10.15; rv:103.0) Gecko/20100101 Firefox/103.0"
62.138.2.0 - - [06/Nov/2023:11:57:27 +0100] "GET /pl/unsere-maerkte/ HTTP/1.1" 200 11032 "-" "Mozilla/5.0 (Macintosh; Intel Mac OS X 10.15; rv:103.0) Gecko/20100101 Firefox/103.0"
135.125.1.0 - - [06/Nov/2023:11:59:39 +0100] "POST /wp-login.php HTTP/1.1" 503 7324 "-" "Mozilla/5.0 (Windows NT 10.0; WOW64) AppleWebKit/537.36 (KHTML, like Gecko) Chrome/56.0.2924.87 Safari/537.36"
81.169.178.0 - - [06/Nov/2023:12:01:55 +0100] "POST /wp-cron.php?doing_wp_cron=1699268515.1460380554199218750000 HTTP/1.1" 200 - "http://www.computerdoc24.de/wp-cron.php?doing_wp_cron=1699268515.1460380554199218750000" "WordPress/5.2.19; https://www.computerdoc24.de"
69.55.60.0 - - [06/Nov/2023:12:01:54 +0100] "GET / HTTP/1.1" 301 - "-" "-"
81.169.178.0 - - [06/Nov/2023:12:06:42 +0100] "POST /wp-cron.php?doing_wp_cron=1699268802.5445010662078857421875 HTTP/1.1" 200 - "https://www.ipcbusiness.de/wp-cron.php?doing_wp_cron=1699268802.5445010662078857421875" "WordPress/5.8.8; https://www.ipcbusiness.de"
62.138.2.0 - - [06/Nov/2023:12:06:42 +0100] "GET /robots.txt HTTP/1.1" 200 69 "-" "Mozilla/5.0 (Macintosh; Intel Mac OS X 10.15; rv:103.0) Gecko/20100101 Firefox/103.0"
52.167.144.0 - - [06/Nov/2023:12:08:36 +0100] "GET /ads/displaynetwork/success-stories.html HTTP/1.1" 200 2691 "-" "Mozilla/5.0 AppleWebKit/537.36 (KHTML, like Gecko; compatible; bingbot/2.0; +http://www.bing.com/bingbot.htm) Chrome/103.0.5060.134 Safari/537.36"
84.54.51.0 - - [06/Nov/2023:12:13:31 +0100] "CONNECT google.com:443 HTTP/1.1" 405 225 "-" "Go-http-client/1.1"
81.169.178.0 - - [06/Nov/2023:12:20:36 +0100] "POST /wp-cron.php?doing_wp_cron=1699269635.8578529357910156250000 HTTP/1.1" 200 - "https://www.ipcbusiness.de/wp-cron.php?doing_wp_cron=1699269635.8578529357910156250000" "WordPress/5.8.8; https://www.ipcbusiness.de/es"
54.36.149.0 - - [06/Nov/2023:12:20:35 +0100] "GET /es/auftraggeber/ HTTP/1.1" 200 11102 "-" "Mozilla/5.0 (compatible; AhrefsBot/7.0; +http://ahrefs.com/robot/)"
52.34.125.0 - - [06/Nov/2023:12:20:35 +0100] "GET / HTTP/1.1" 301 - "-" "-"
81.169.178.0 - - [06/Nov/2023:12:20:36 +0100] "POST /wp-cron.php?doing_wp_cron=1699269636.6401019096374511718750 HTTP/1.1" 200 - "http://www.computerdoc24.de/wp-cron.php?doing_wp_cron=1699269636.6401019096374511718750" "WordPress/5.2.19; https://www.computerdoc24.de"
52.34.125.0 - - [06/Nov/2023:12:20:39 +0100] "GET / HTTP/1.1" 200 95740 "http://www.computerdoc24.de/" "-"
81.169.178.0 - - [06/Nov/2023:12:26:37 +0100] "POST /wp-cron.php?doing_wp_cron=1699269997.4530990123748779296875 HTTP/1.1" 200 - "https://www.computerdoc24.de/wp-cron.php?doing_wp_cron=1699269997.4530990123748779296875" "WordPress/5.2.19; https://www.computerdoc24.de"
82.157.16.0 - - [06/Nov/2023:12:26:37 +0100] "POST /wp-login.php HTTP/1.1" 503 7309 "-" "Mozilla/5.0 (Windows NT 10.0; Win64; x64) AppleWebKit/537.36 (KHTML, like Gecko) Chrome/62.0.3202.89 Safari/537.36"
81.169.178.0 - - [06/Nov/2023:12:32:59 +0100] "POST /wp-cron.php?doing_wp_cron=1699270378.8859739303588867187500 HTTP/1.1" 200 - "https://www.computerdoc24.de/wp-cron.php?doing_wp_cron=1699270378.8859739303588867187500" "WordPress/5.2.19; https://www.computerdoc24.de"
89.246.241.0 - - [06/Nov/2023:12:32:58 +0100] "GET /kontakt/ HTTP/1.1" 200 14138 "-" "Mozilla/5.0 (Windows NT 10.0; Win64; x64; rv:108.0) Gecko/20100101 Firefox/108.0"
62.138.2.0 - - [06/Nov/2023:12:34:38 +0100] "GET /pl HTTP/1.1" 200 - "-" "Mozilla/5.0 (Macintosh; Intel Mac OS X 10.15; rv:103.0) Gecko/20100101 Firefox/103.0"
5.255.231.0 - - [06/Nov/2023:12:39:19 +0100] "GET /robots.txt HTTP/1.1" 301 295 "-" "Mozilla/5.0 (compatible; YandexBot/3.0; +http://yandex.com/bots)"
87.250.224.0 - - [06/Nov/2023:12:39:20 +0100] "GET /uk/unsere-maerkte/drehkreuze-service-partner/ HTTP/1.1" 301 330 "-" "Mozilla/5.0 (compatible; YandexBot/3.0; +http://yandex.com/bots)"
35.187.98.0 - - [06/Nov/2023:12:42:28 +0100] "GET / HTTP/1.1" 403 2409 "-" "python-requests/2.31.0"
46.114.207.0 - - [06/Nov/2023:12:52:18 +0100] "GET /favicon.ico HTTP/1.1" 404 2864 "https://www.reinigungsprofi-weck.de/html/vorher_nachher.html" "Mozilla/5.0 (Linux; Android 10; K) AppleWebKit/537.36 (KHTML, like Gecko) Chrome/119.0.0.0 Mobile Safari/537.36"
46.114.207.0 - - [06/Nov/2023:12:52:39 +0100] "-" 408 - "-" "-"
81.169.178.0 - - [06/Nov/2023:12:53:25 +0100] "POST /wp-cron.php?doing_wp_cron=1699271605.6487030982971191406250 HTTP/1.1" 200 - "https://www.ipcbusiness.de/wp-cron.php?doing_wp_cron=1699271605.6487030982971191406250" "WordPress/5.8.8; https://www.ipcbusiness.de/es"
54.36.148.0 - - [06/Nov/2023:12:53:25 +0100] "GET /es/unsere-produkte-und-services/kranbare-auflieger/ HTTP/1.1" 200 11075 "-" "Mozilla/5.0 (compatible; AhrefsBot/7.0; +http://ahrefs.com/robot/)"
199.45.155.0 - - [06/Nov/2023:12:53:46 +0100] "GET / HTTP/1.1" 301 235 "-" "Mozilla/5.0 (compatible; CensysInspect/1.1; +https://about.censys.io/)"
199.45.155.0 - - [06/Nov/2023:12:53:47 +0100] "PRI * HTTP/2.0" 400 226 "-" "-"
199.45.155.0 - - [06/Nov/2023:12:53:47 +0100] "GET / HTTP/1.1" 200 16118 "-" "Mozilla/5.0 (compatible; CensysInspect/1.1; +https://about.censys.io/)"
199.45.155.0 - - [06/Nov/2023:12:53:49 +0100] "PRI * HTTP/2.0" 400 226 "-" "-"
199.45.155.0 - - [06/Nov/2023:12:53:50 +0100] "GET /wp-content/uploads/favicon.png HTTP/1.1" 200 1240 "-" "Mozilla/5.0 (compatible; CensysInspect/1.1; +https://about.censys.io/)"
199.45.155.0 - - [06/Nov/2023:12:53:51 +0100] "GET /wp-content/uploads/appleiphone.png HTTP/1.1" 200 5642 "-" "Mozilla/5.0 (compatible; CensysInspect/1.1; +https://about.censys.io/)"
199.45.155.0 - - [06/Nov/2023:12:53:52 +0100] "GET /wp-content/uploads/appleiphoneret.png HTTP/1.1" 200 13449 "-" "Mozilla/5.0 (compatible; CensysInspect/1.1; +https://about.censys.io/)"
199.45.155.0 - - [06/Nov/2023:12:53:53 +0100] "GET /wp-content/uploads/applaipad.png HTTP/1.1" 200 7401 "-" "Mozilla/5.0 (compatible; CensysInspect/1.1; +https://about.censys.io/)"
199.45.155.0 - - [06/Nov/2023:12:53:54 +0100] "GET /wp-content/uploads/applaipadret.png HTTP/1.1" 200 17805 "-" "Mozilla/5.0 (compatible; CensysInspect/1.1; +https://about.censys.io/)"
199.45.155.0 - - [06/Nov/2023:12:53:55 +0100] "GET /favicon.ico HTTP/1.1" 200 - "-" "Mozilla/5.0 (compatible; CensysInspect/1.1; +https://about.censys.io/)"
62.138.2.0 - - [06/Nov/2023:12:55:30 +0100] "GET /robots.txt HTTP/1.1" 200 69 "-" "Mozilla/5.0 (Macintosh; Intel Mac OS X 10.15; rv:103.0) Gecko/20100101 Firefox/103.0"
62.138.2.0 - - [06/Nov/2023:12:55:30 +0100] "GET /pl/unsere-produkte-und-services/digitale-loesungen-ueberwachung-der-ladeeinheiten/ HTTP/1.1" 200 11239 "-" "Mozilla/5.0 (Macintosh; Intel Mac OS X 10.15; rv:103.0) Gecko/20100101 Firefox/103.0"
71.6.134.0 - - [06/Nov/2023:12:59:07 +0100] "GET / HTTP/1.0" 400 362 "-" "-"
51.222.253.0 - - [06/Nov/2023:12:59:51 +0100] "GET /robots.txt HTTP/1.1" 200 2691 "-" "Mozilla/5.0 (compatible; AhrefsBot/7.0; +http://ahrefs.com/robot/)"
54.36.148.0 - - [06/Nov/2023:12:59:53 +0100] "GET / HTTP/1.1" 200 2691 "-" "Mozilla/5.0 (compatible; AhrefsBot/7.0; +http://ahrefs.com/robot/)"
81.169.178.0 - - [06/Nov/2023:13:00:57 +0100] "POST /wp-cron.php?doing_wp_cron=1699272057.6292788982391357421875 HTTP/1.1" 200 - "http://www.computerdoc24.de/wp-cron.php?doing_wp_cron=1699272057.6292788982391357421875" "WordPress/5.2.19; https://www.computerdoc24.de"
162.55.85.0 - - [06/Nov/2023:13:00:56 +0100] "GET /robots.txt HTTP/1.1" 200 - "-" "Mozilla/5.0 (compatible; BLEXBot/1.0; +http://webmeup-crawler.com/)"
162.55.85.0 - - [06/Nov/2023:13:00:59 +0100] "GET /robots.txt HTTP/1.1" 200 69 "-" "Mozilla/5.0 (compatible; BLEXBot/1.0; +http://webmeup-crawler.com/)"
162.55.85.0 - - [06/Nov/2023:13:01:03 +0100] "GET /sitemap HTTP/1.1" 200 - "-" "Mozilla/5.0 (compatible; BLEXBot/1.0; +http://webmeup-crawler.com/)"
162.55.85.0 - - [06/Nov/2023:13:01:03 +0100] "GET /robots.txt HTTP/1.1" 200 69 "-" "Mozilla/5.0 (compatible; BLEXBot/1.0; +http://webmeup-crawler.com/)"
162.55.85.0 - - [06/Nov/2023:13:01:07 +0100] "GET /sitemap HTTP/1.1" 200 - "-" "Mozilla/5.0 (compatible; BLEXBot/1.0; +http://webmeup-crawler.com/)"
162.55.85.0 - - [06/Nov/2023:13:01:08 +0100] "GET /robots.txt HTTP/1.1" 200 69 "-" "Mozilla/5.0 (compatible; BLEXBot/1.0; +http://webmeup-crawler.com/)"
162.55.85.0 - - [06/Nov/2023:13:01:09 +0100] "GET /sitemap HTTP/1.1" 200 9504 "-" "Mozilla/5.0 (compatible; BLEXBot/1.0; +http://webmeup-crawler.com/)"
162.55.85.0 - - [06/Nov/2023:13:01:12 +0100] "GET /sitemap HTTP/1.1" 200 - "-" "Mozilla/5.0 (compatible; BLEXBot/1.0; +http://webmeup-crawler.com/)"
162.55.85.0 - - [06/Nov/2023:13:01:13 +0100] "GET /sitemap HTTP/1.1" 200 9504 "-" "Mozilla/5.0 (compatible; BLEXBot/1.0; +http://webmeup-crawler.com/)"
162.55.85.0 - - [06/Nov/2023:13:01:17 +0100] "GET /sitemap HTTP/1.1" 200 9504 "-" "Mozilla/5.0 (compatible; BLEXBot/1.0; +http://webmeup-crawler.com/)"
162.55.85.0 - - [06/Nov/2023:13:01:20 +0100] "GET /sitemap.txt HTTP/1.1" 200 - "-" "Mozilla/5.0 (compatible; BLEXBot/1.0; +http://webmeup-crawler.com/)"
162.55.85.0 - - [06/Nov/2023:13:01:21 +0100] "GET /sitemap.txt HTTP/1.1" 200 - "-" "Mozilla/5.0 (compatible; BLEXBot/1.0; +http://webmeup-crawler.com/)"
162.55.85.0 - - [06/Nov/2023:13:01:22 +0100] "GET /sitemap.txt HTTP/1.1" 200 9504 "-" "Mozilla/5.0 (compatible; BLEXBot/1.0; +http://webmeup-crawler.com/)"
162.55.85.0 - - [06/Nov/2023:13:01:25 +0100] "GET /sitemap.txt HTTP/1.1" 200 - "-" "Mozilla/5.0 (compatible; BLEXBot/1.0; +http://webmeup-crawler.com/)"
162.55.85.0 - - [06/Nov/2023:13:01:27 +0100] "GET /sitemap.txt HTTP/1.1" 200 9504 "-" "Mozilla/5.0 (compatible; BLEXBot/1.0; +http://webmeup-crawler.com/)"
162.55.85.0 - - [06/Nov/2023:13:01:31 +0100] "GET /sitemap.txt HTTP/1.1" 200 9504 "-" "Mozilla/5.0 (compatible; BLEXBot/1.0; +http://webmeup-crawler.com/)"
138.91.106.0 - - [06/Nov/2023:13:04:20 +0100] "GET /.env HTTP/1.1" 404 2539 "-" "Mozilla/5.0 (X11; Linux x86_64) AppleWebKit/537.36 (KHTML, like Gecko) Chrome/81.0.4044.129 Safari/537.36"
93.158.91.0 - - [06/Nov/2023:13:06:02 +0100] "GET / HTTP/1.1" 200 16117 "-" "Mozilla/5.0 (Windows NT 10.0; Win64; x64) AppleWebKit/537.36 (KHTML, like Gecko) Chrome/105.0.0.0 Safari/537.36"
93.158.91.0 - - [06/Nov/2023:13:06:03 +0100] "GET /wp-content/uploads/favicon.png HTTP/1.1" 200 1240 "-" "Mozilla/5.0 (Windows NT 10.0; Win64; x64) AppleWebKit/537.36 (KHTML, like Gecko) Chrome/105.0.0.0 Safari/537.36"
198.199.95.0 - - [06/Nov/2023:13:12:21 +0100] "GET /portal/redlion HTTP/1.1" 404 2559 "-" "Mozilla/5.0 zgrab/0.x"
114.119.158.0 - - [06/Nov/2023:13:12:46 +0100] "GET /robots.txt HTTP/1.1" 200 69 "-" "Mozilla/5.0 (compatible;PetalBot;+https://webmaster.petalsearch.com/site/petalbot)"
71.6.134.0 - - [06/Nov/2023:13:15:04 +0100] "GET / HTTP/1.1" 403 2411 "-" "Mozilla/5.0 (Windows NT 10.0; Win64; x64) AppleWebKit/537.36 (KHTML, like Gecko) Chrome/102.0.0.0 Safari/537.36"
124.158.12.0 - - [06/Nov/2023:13:15:57 +0100] "GET /wp-login.php HTTP/1.1" 200 2766 "-" "Mozilla/5.0 (X11; Fedora; Linux x86_64; rv:94.0) Gecko/20100101 Firefox/95.0"
124.158.12.0 - - [06/Nov/2023:13:15:59 +0100] "POST /wp-login.php HTTP/1.1" 503 7324 "-" "Mozilla/5.0 (X11; Fedora; Linux x86_64; rv:94.0) Gecko/20100101 Firefox/95.0"
198.235.24.0 - - [06/Nov/2023:13:17:28 +0100] "GET / HTTP/1.1" 200 2691 "-" "-"
81.169.178.0 - - [06/Nov/2023:13:23:05 +0100] "POST /wp-cron.php?doing_wp_cron=1699273384.8690779209136962890625 HTTP/1.1" 200 - "https://www.ipcbusiness.de/wp-cron.php?doing_wp_cron=1699273384.8690779209136962890625" "WordPress/5.8.8; https://www.ipcbusiness.de"
62.138.2.0 - - [06/Nov/2023:13:23:04 +0100] "GET /robots.txt HTTP/1.1" 200 69 "-" "Mozilla/5.0 (Macintosh; Intel Mac OS X 10.15; rv:103.0) Gecko/20100101 Firefox/103.0"
62.138.2.0 - - [06/Nov/2023:13:23:05 +0100] "GET /pl/unsere-maerkte/destinationen/ HTTP/1.1" 200 11087 "-" "Mozilla/5.0 (Macintosh; Intel Mac OS X 10.15; rv:103.0) Gecko/20100101 Firefox/103.0"
5.133.192.0 - - [06/Nov/2023:13:28:17 +0100] "GET / HTTP/1.1" 200 2691 "-" "Mozilla/5.0 (Windows NT 10.0; Win64; x64) AppleWebKit/537.36 (KHTML, like Gecko) Chrome/105.0.0.0 Safari/537.36"
5.133.192.0 - - [06/Nov/2023:13:28:17 +0100] "GET /favicon.ico HTTP/1.1" 200 2691 "-" "Mozilla/5.0 (Windows NT 10.0; Win64; x64) AppleWebKit/537.36 (KHTML, like Gecko) Chrome/105.0.0.0 Safari/537.36"
205.210.31.0 - - [06/Nov/2023:13:29:15 +0100] "GET / HTTP/1.1" 200 2691 "-" "-"
35.195.93.0 - - [06/Nov/2023:13:29:34 +0100] "GET / HTTP/1.0" 200 2691 "-" "-"
35.195.93.0 - - [06/Nov/2023:13:29:40 +0100] "GET / HTTP/1.0" 200 2691 "-" "-"
35.195.93.0 - - [06/Nov/2023:13:29:40 +0100] "GET / HTTP/1.0" 200 2691 "-" "-"
35.195.93.0 - - [06/Nov/2023:13:29:40 +0100] "POST /sdk HTTP/1.1" 404 2537 "-" "Mozilla/5.0 (compatible; Nmap Scripting Engine; https://nmap.org/book/nse.html)"
35.195.93.0 - - [06/Nov/2023:13:29:40 +0100] "GET /nmaplowercheck1699273780 HTTP/1.1" 404 2579 "-" "Mozilla/5.0 (compatible; Nmap Scripting Engine; https://nmap.org/book/nse.html)"
35.195.93.0 - - [06/Nov/2023:13:29:40 +0100] "GET /nmaplowercheck1699273780 HTTP/1.1" 404 2583 "-" "Mozilla/5.0 (compatible; Nmap Scripting Engine; https://nmap.org/book/nse.html)"
35.195.93.0 - - [06/Nov/2023:13:29:40 +0100] "POST /sdk HTTP/1.1" 404 2541 "-" "Mozilla/5.0 (compatible; Nmap Scripting Engine; https://nmap.org/book/nse.html)"
35.195.93.0 - - [06/Nov/2023:13:29:40 +0100] "GET /evox/about HTTP/1.1" 404 2551 "-" "Mozilla/5.0 (compatible; Nmap Scripting Engine; https://nmap.org/book/nse.html)"
35.195.93.0 - - [06/Nov/2023:13:29:41 +0100] "GET /HNAP1 HTTP/1.1" 404 2541 "-" "Mozilla/5.0 (compatible; Nmap Scripting Engine; https://nmap.org/book/nse.html)"
35.195.93.0 - - [06/Nov/2023:13:29:41 +0100] "GET /evox/about HTTP/1.1" 404 2555 "-" "Mozilla/5.0 (compatible; Nmap Scripting Engine; https://nmap.org/book/nse.html)"
35.195.93.0 - - [06/Nov/2023:13:29:41 +0100] "GET /HNAP1 HTTP/1.1" 404 2545 "-" "Mozilla/5.0 (compatible; Nmap Scripting Engine; https://nmap.org/book/nse.html)"
35.195.93.0 - - [06/Nov/2023:13:29:41 +0100] "GET / HTTP/1.0" 200 2691 "-" "-"
35.195.93.0 - - [06/Nov/2023:13:29:41 +0100] "GET / HTTP/1.0" 200 2691 "-" "-"
35.195.93.0 - - [06/Nov/2023:13:29:41 +0100] "GET / HTTP/1.1" 403 2409 "-" "-"
35.195.93.0 - - [06/Nov/2023:13:29:41 +0100] "GET / HTTP/1.1" 403 2411 "-" "-"
62.138.2.0 - - [06/Nov/2023:13:35:25 +0100] "GET /robots.txt HTTP/1.1" 200 69 "-" "Mozilla/5.0 (Macintosh; Intel Mac OS X 10.15; rv:103.0) Gecko/20100101 Firefox/103.0"
62.138.2.0 - - [06/Nov/2023:13:35:26 +0100] "GET /uk/linieninformationen/ HTTP/1.1" 200 12848 "-" "Mozilla/5.0 (Macintosh; Intel Mac OS X 10.15; rv:103.0) Gecko/20100101 Firefox/103.0"
64.226.108.0 - - [06/Nov/2023:13:37:16 +0100] "GET / HTTP/1.1" 200 2691 "-" "Mozilla/5.0 (X11; Linux x86_64) AppleWebKit/537.36 (KHTML, like Gecko) Chrome/108.0.0.0 Safari/537.36"
64.226.108.0 - - [06/Nov/2023:13:37:16 +0100] "GET / HTTP/1.1" 200 2691 "-" "Mozilla/5.0 (X11; Linux x86_64) AppleWebKit/537.36 (KHTML, like Gecko) Chrome/108.0.0.0 Safari/537.36"
205.210.31.0 - - [06/Nov/2023:13:38:12 +0100] "GET / HTTP/1.1" 200 2691 "-" "-"
43.153.70.0 - - [06/Nov/2023:13:42:56 +0100] "GET / HTTP/1.1" 403 2409 "-" "Mozilla/5.0 (iPhone; CPU iPhone OS 13_2_3 like Mac OS X) AppleWebKit/605.1.15 (KHTML, like Gecko) Version/13.0.3 Mobile/15E148 Safari/604.1"
107.170.229.0 - - [06/Nov/2023:13:45:00 +0100] "GET /ReportServer HTTP/1.1" 404 2555 "-" "Mozilla/5.0 zgrab/0.x"
198.98.49.0 - - [06/Nov/2023:13:48:30 +0100] "GET /wp-login.php HTTP/1.1" 302 - "-" "Mozilla/5.0 (iPad; CPU OS 7_1_1 like Mac OS X) AppleWebKit/537.51.2 (KHTML, like Gecko) Version/7.0 Mobile/11D201 Safari/9537.53"
198.98.49.0 - - [06/Nov/2023:13:48:33 +0100] "GET /wp-admin/ HTTP/1.1" 302 - "-" "Mozilla/5.0 (iPad; CPU OS 7_1_1 like Mac OS X) AppleWebKit/537.51.2 (KHTML, like Gecko) Version/7.0 Mobile/11D201 Safari/9537.53"
198.98.49.0 - - [06/Nov/2023:13:48:34 +0100] "GET /wp-login.php?redirect_to=https%3A%2F%2Fwww.computerdoc24.de%2Fwp-admin%2F&reauth=1 HTTP/1.1" 200 7477 "-" "Mozilla/5.0 (iPad; CPU OS 7_1_1 like Mac OS X) AppleWebKit/537.51.2 (KHTML, like Gecko) Version/7.0 Mobile/11D201 Safari/9537.53"
198.98.49.0 - - [06/Nov/2023:13:48:35 +0100] "POST /wp-login.php HTTP/1.1" 302 - "-" "Mozilla/5.0 (iPad; CPU OS 7_1_1 like Mac OS X) AppleWebKit/537.51.2 (KHTML, like Gecko) Version/7.0 Mobile/11D201 Safari/9537.53"
198.98.49.0 - - [06/Nov/2023:13:48:36 +0100] "GET /wp-admin/ HTTP/1.1" 302 - "-" "Mozilla/5.0 (iPad; CPU OS 7_1_1 like Mac OS X) AppleWebKit/537.51.2 (KHTML, like Gecko) Version/7.0 Mobile/11D201 Safari/9537.53"
198.98.49.0 - - [06/Nov/2023:13:48:36 +0100] "GET /wp-login.php?redirect_to=https%3A%2F%2Fwww.computerdoc24.de%2Fwp-admin%2F&reauth=1 HTTP/1.1" 200 7477 "-" "Mozilla/5.0 (iPad; CPU OS 7_1_1 like Mac OS X) AppleWebKit/537.51.2 (KHTML, like Gecko) Version/7.0 Mobile/11D201 Safari/9537.53"
198.98.49.0 - - [06/Nov/2023:13:48:37 +0100] "GET /wp-admin/plugin-install.php?tab=upload HTTP/1.1" 302 - "-" "python-requests/2.27.1"
198.98.49.0 - - [06/Nov/2023:13:48:38 +0100] "GET /wp-admin/plugin-install.php?tab=upload HTTP/1.1" 302 - "-" "python-requests/2.27.1"
198.98.49.0 - - [06/Nov/2023:13:48:38 +0100] "GET /wp-login.php?redirect_to=https%3A%2F%2Fcomputerdoc24.de%2Fwp-admin%2Fplugin-install.php%3Ftab%3Dupload&reauth=1 HTTP/1.1" 200 2169 "-" "python-requests/2.27.1"
81.169.178.0 - - [06/Nov/2023:13:48:46 +0100] "POST /wp-admin/admin-ajax.php?action=wordfence_testAjax HTTP/1.1" 200 32 "https://www.computerdoc24.de/wp-admin/admin-ajax.php?action=wordfence_testAjax" "WordPress/5.2.19; https://www.computerdoc24.de"
81.169.178.0 - - [06/Nov/2023:13:48:31 +0100] "POST /wp-cron.php?doing_wp_cron=1699274911.0872170925140380859375 HTTP/1.1" 200 - "http://www.computerdoc24.de/wp-cron.php?doing_wp_cron=1699274911.0872170925140380859375" "WordPress/5.2.19; https://www.computerdoc24.de"
81.169.178.0 - - [06/Nov/2023:13:48:47 +0100] "GET /wp-admin/admin-ajax.php?action=wordfence_doScan&isFork=0&scanMode=quick&cronKey=15d9bebd3d67728a5daff56a4aa8299c&signature=64fb9506d9bf5558a2ddaddcde31db11e5600379a4b4e96d164338d9a1b87f66 HTTP/1.1" 200 - "-" "WordPress/5.2.19; https://www.computerdoc24.de"
62.138.2.0 - - [06/Nov/2023:13:51:06 +0100] "GET /ru/anfrage/ HTTP/1.1" 200 12946 "-" "Mozilla/5.0 (Macintosh; Intel Mac OS X 10.15; rv:103.0) Gecko/20100101 Firefox/103.0"
81.169.178.0 - - [06/Nov/2023:13:55:22 +0100] "POST /wp-cron.php?doing_wp_cron=1699275322.5795640945434570312500 HTTP/1.1" 200 - "https://www.ipcbusiness.de/wp-cron.php?doing_wp_cron=1699275322.5795640945434570312500" "WordPress/5.8.8; https://www.ipcbusiness.de"
182.43.230.0 - - [06/Nov/2023:13:55:22 +0100] "POST /wp-login.php HTTP/1.1" 503 7323 "-" "Mozilla/5.0 (Windows NT 10.0; Win64; x64) AppleWebKit/537.36 (KHTML, like Gecko) Chrome/73.0.3683.86 Safari/537.36"
81.169.178.0 - - [06/Nov/2023:14:00:04 +0100] "POST /wp-cron.php?doing_wp_cron=1699275604.0729579925537109375000 HTTP/1.1" 200 - "https://www.ipcbusiness.de/wp-cron.php?doing_wp_cron=1699275604.0729579925537109375000" "WordPress/5.8.8; https://www.ipcbusiness.de/ru"
62.138.2.0 - - [06/Nov/2023:14:00:03 +0100] "GET /ru/unsere-maerkte/gueter/ HTTP/1.1" 200 11455 "-" "Mozilla/5.0 (Macintosh; Intel Mac OS X 10.15; rv:103.0) Gecko/20100101 Firefox/103.0"
51.222.253.0 - - [06/Nov/2023:14:02:01 +0100] "GET /robots.txt HTTP/1.1" 200 2691 "-" "Mozilla/5.0 (compatible; AhrefsBot/7.0; +http://ahrefs.com/robot/)"
54.36.148.0 - - [06/Nov/2023:14:02:02 +0100] "GET / HTTP/1.1" 200 2691 "-" "Mozilla/5.0 (compatible; AhrefsBot/7.0; +http://ahrefs.com/robot/)"
62.138.2.0 - - [06/Nov/2023:14:03:41 +0100] "GET /it/unsere-maerkte/gueter/ HTTP/1.1" 200 11077 "-" "Mozilla/5.0 (Macintosh; Intel Mac OS X 10.15; rv:103.0) Gecko/20100101 Firefox/103.0"
46.101.199.0 - - [06/Nov/2023:14:04:29 +0100] "GET / HTTP/1.1" 301 - "-" "Mozilla/5.0 (X11; Linux x86_64) AppleWebKit/537.36 (KHTML, like Gecko) Chrome/108.0.0.0 Safari/537.36"
46.101.199.0 - - [06/Nov/2023:14:04:30 +0100] "GET / HTTP/1.1" 301 - "-" "Mozilla/5.0 (X11; Linux x86_64) AppleWebKit/537.36 (KHTML, like Gecko) Chrome/108.0.0.0 Safari/537.36"
81.169.178.0 - - [06/Nov/2023:14:04:29 +0100] "POST /wp-cron.php?doing_wp_cron=1699275869.5583889484405517578125 HTTP/1.1" 200 - "-" "WordPress/6.3.2; https://www.digidok24.de"
81.169.178.0 - - [06/Nov/2023:14:06:00 +0100] "POST /wp-cron.php?doing_wp_cron=1699275960.4284369945526123046875 HTTP/1.1" 200 - "https://www.computerdoc24.de/wp-cron.php?doing_wp_cron=1699275960.4284369945526123046875" "WordPress/5.2.19; https://www.computerdoc24.de"
78.46.48.0 - - [06/Nov/2023:14:05:58 +0100] "HEAD / HTTP/1.1" 200 - "https://chemnitz.freifunk.net" "Mozilla/5.0 (Windows NT 10.0; Win64; x64) AppleWebKit/537.36 (KHTML, like Gecko) Chrome/104.0.5112.34 Safari/537.36"
67.205.60.0 - - [06/Nov/2023:14:07:04 +0100] "POST /xmlrpc.php HTTP/1.1" 200 247 "-" "Mozilla/5.0 (X11; Fedora; Linux x86_64; rv:94.0) Gecko/20100101 Firefox/95.0"
81.169.178.0 - - [06/Nov/2023:14:09:11 +0100] "POST /wp-cron.php?doing_wp_cron=1699276151.5578548908233642578125 HTTP/1.1" 200 - "https://www.computerdoc24.de/wp-cron.php?doing_wp_cron=1699276151.5578548908233642578125" "WordPress/5.2.19; https://www.computerdoc24.de"
114.119.151.0 - - [06/Nov/2023:14:09:11 +0100] "GET /robots.txt HTTP/1.1" 200 69 "-" "Mozilla/5.0 (compatible;PetalBot;+https://webmaster.petalsearch.com/site/petalbot)"
62.138.2.0 - - [06/Nov/2023:14:09:29 +0100] "GET /ru/ueber-uns/umweltverantwortung/ HTTP/1.1" 200 11454 "-" "Mozilla/5.0 (Macintosh; Intel Mac OS X 10.15; rv:103.0) Gecko/20100101 Firefox/103.0"
194.38.22.0 - - [06/Nov/2023:14:14:42 +0100] "GET /admin/plugins/blueimp/package.json HTTP/1.1" 200 2691 "-" "ALittle Client"
38.242.140.0 - - [06/Nov/2023:14:16:07 +0100] "POST /xmlrpc.php HTTP/1.1" 200 247 "-" "Mozilla/5.0 (X11; Fedora; Linux x86_64; rv:94.0) Gecko/20100101 Firefox/95.0"
35.89.36.0 - - [06/Nov/2023:14:18:11 +0100] "GET / HTTP/1.1" 200 16151 "-" "-"
62.138.2.0 - - [06/Nov/2023:14:19:05 +0100] "GET /robots.txt HTTP/1.1" 200 69 "-" "Mozilla/5.0 (Macintosh; Intel Mac OS X 10.15; rv:103.0) Gecko/20100101 Firefox/103.0"
62.138.2.0 - - [06/Nov/2023:14:19:05 +0100] "GET /ru/auftraggeber/ HTTP/1.1" 200 11434 "-" "Mozilla/5.0 (Macintosh; Intel Mac OS X 10.15; rv:103.0) Gecko/20100101 Firefox/103.0"
81.169.178.0 - - [06/Nov/2023:14:20:58 +0100] "POST /wp-cron.php?doing_wp_cron=1699276858.6327419281005859375000 HTTP/1.1" 200 - "https://www.ipcbusiness.de/wp-cron.php?doing_wp_cron=1699276858.6327419281005859375000" "WordPress/5.8.8; https://www.ipcbusiness.de"
47.128.46.0 - - [06/Nov/2023:14:20:58 +0100] "GET /robots.txt HTTP/1.1" 200 69 "-" "Mozilla/5.0 (Linux; Android 5.0) AppleWebKit/537.36 (KHTML, like Gecko) Mobile Safari/537.36 (compatible; Bytespider; spider-feedback@bytedance.com)"
47.128.27.0 - - [06/Nov/2023:14:21:18 +0100] "GET /en/ HTTP/1.1" 200 16076 "-" "Mozilla/5.0 (Linux; Android 5.0) AppleWebKit/537.36 (KHTML, like Gecko) Mobile Safari/537.36 (compatible; Bytespider; spider-feedback@bytedance.com)"
47.128.27.0 - - [06/Nov/2023:14:21:21 +0100] "GET /wp-content/uploads/lhst.png HTTP/1.1" 200 6582 "https://www.ipcbusiness.de/en/" "Mozilla/5.0 (Linux; Android 5.0) AppleWebKit/537.36 (KHTML, like Gecko) Mobile Safari/537.36 (compatible; Bytespider; spider-feedback@bytedance.com)"
47.128.27.0 - - [06/Nov/2023:14:21:22 +0100] "GET /wp-content/uploads/container-1.jpg HTTP/1.1" 200 93576 "https://www.ipcbusiness.de/en/" "Mozilla/5.0 (Linux; Android 5.0) AppleWebKit/537.36 (KHTML, like Gecko) Mobile Safari/537.36 (compatible; Bytespider; spider-feedback@bytedance.com)"
47.128.27.0 - - [06/Nov/2023:14:21:22 +0100] "GET /wp-content/uploads/zug.jpg HTTP/1.1" 200 88217 "https://www.ipcbusiness.de/en/" "Mozilla/5.0 (Linux; Android 5.0) AppleWebKit/537.36 (KHTML, like Gecko) Mobile Safari/537.36 (compatible; Bytespider; spider-feedback@bytedance.com)"
47.128.27.0 - - [06/Nov/2023:14:21:21 +0100] "GET /wp-content/uploads/trapo.jpg HTTP/1.1" 200 147071 "https://www.ipcbusiness.de/en/" "Mozilla/5.0 (Linux; Android 5.0) AppleWebKit/537.36 (KHTML, like Gecko) Mobile Safari/537.36 (compatible; Bytespider; spider-feedback@bytedance.com)"
47.128.27.0 - - [06/Nov/2023:14:21:21 +0100] "GET /wp-content/uploads/trapo-1.jpg HTTP/1.1" 200 177005 "https://www.ipcbusiness.de/en/" "Mozilla/5.0 (Linux; Android 5.0) AppleWebKit/537.36 (KHTML, like Gecko) Mobile Safari/537.36 (compatible; Bytespider; spider-feedback@bytedance.com)"
47.128.27.0 - - [06/Nov/2023:14:21:21 +0100] "GET /wp-content/uploads/slider4.jpg HTTP/1.1" 200 271894 "https://www.ipcbusiness.de/en/" "Mozilla/5.0 (Linux; Android 5.0) AppleWebKit/537.36 (KHTML, like Gecko) Mobile Safari/537.36 (compatible; Bytespider; spider-feedback@bytedance.com)"
:: - - [06/Nov/2023:14:21:53 +0100] "OPTIONS * HTTP/1.0" 200 - "-" "Apache/2.4.6 (CentOS) OpenSSL/1.0.2k-fips mod_fcgid/2.3.9 (internal dummy connection)"
54.36.148.0 - - [06/Nov/2023:14:22:50 +0100] "GET /html/anfahrtskosten.html HTTP/1.1" 200 2353 "-" "Mozilla/5.0 (compatible; AhrefsBot/7.0; +http://ahrefs.com/robot/)"
54.36.149.0 - - [06/Nov/2023:14:22:52 +0100] "GET /assets/images/autogen/Anfahrtskosten_Hhighlighted_1_1.gif HTTP/1.1" 200 1761 "-" "Mozilla/5.0 (compatible; AhrefsBot/7.0; +http://ahrefs.com/robot/)"
81.169.178.0 - - [06/Nov/2023:14:22:55 +0100] "POST /wp-cron.php?doing_wp_cron=1699276975.0757339000701904296875 HTTP/1.1" 200 - "https://www.computerdoc24.de/wp-cron.php?doing_wp_cron=1699276975.0757339000701904296875" "WordPress/5.2.19; https://www.computerdoc24.de"
125.212.209.0 - - [06/Nov/2023:14:22:54 +0100] "POST /wp-login.php HTTP/1.1" 503 7311 "-" "Mozilla/5.0 (Windows NT 5.1) AppleWebKit/537.36 (KHTML, like Gecko) Chrome/47.0.2526.106 Safari/537.36"
66.249.89.0 - - [06/Nov/2023:14:23:56 +0100] "GET /html/anfahrtskosten.html HTTP/1.1" 200 2353 "-" "Mozilla/5.0 (Linux; Android 6.0.1; Nexus 5X Build/MMB29P) AppleWebKit/537.36 (KHTML, like Gecko) Chrome/119.0.6045.105 Mobile Safari/537.36 (compatible; AdsBot-Google-Mobile; +http://www.google.com/mobile/adsbot.html)"
66.249.89.0 - - [06/Nov/2023:14:24:13 +0100] "GET /assets/rollover.js HTTP/1.1" 200 5145 "https://www.reinigungsprofi-weck.de/html/anfahrtskosten.html" "AdsBot-Google (+http://www.google.com/adsbot.html)"
66.249.89.0 - - [06/Nov/2023:14:24:13 +0100] "GET /html/site.css HTTP/1.1" 200 88 "https://www.reinigungsprofi-weck.de/html/anfahrtskosten.html" "AdsBot-Google (+http://www.google.com/adsbot.html)"
66.249.89.0 - - [06/Nov/2023:14:24:14 +0100] "GET /html/fusion.css HTTP/1.1" 200 1161 "https://www.reinigungsprofi-weck.de/html/anfahrtskosten.html" "AdsBot-Google (+http://www.google.com/adsbot.html)"
66.249.89.0 - - [06/Nov/2023:14:24:14 +0100] "GET /html/style.css HTTP/1.1" 200 458 "https://www.reinigungsprofi-weck.de/html/anfahrtskosten.html" "AdsBot-Google (+http://www.google.com/adsbot.html)"
198.235.24.0 - - [06/Nov/2023:14:29:37 +0100] "GET / HTTP/1.1" 301 - "-" "-"
198.235.24.0 - - [06/Nov/2023:14:29:40 +0100] "GET / HTTP/1.1" 200 21800 "-" "-"
64.62.197.0 - - [06/Nov/2023:14:31:14 +0100] "GET / HTTP/1.1" 403 2409 "-" "Mozilla/5.0 (X11; Linux x86_64; rv:102.0) Gecko/20100101 Firefox/102.0"
51.222.253.0 - - [06/Nov/2023:14:32:16 +0100] "GET /robots.txt HTTP/1.1" 404 2607 "-" "Mozilla/5.0 (compatible; AhrefsBot/7.0; +http://ahrefs.com/robot/)"
54.36.149.0 - - [06/Nov/2023:14:32:16 +0100] "GET / HTTP/1.1" 200 2590 "-" "Mozilla/5.0 (compatible; AhrefsBot/7.0; +http://ahrefs.com/robot/)"
89.247.161.0 - - [06/Nov/2023:14:32:46 +0100] "GET / HTTP/1.1" 200 2590 "https://www.google.de/" "Mozilla/5.0 (iPhone; CPU iPhone OS 16_5_1 like Mac OS X) AppleWebKit/605.1.15 (KHTML, like Gecko) Version/16.5.1 Mobile/15E148 Safari/604.1"
89.247.161.0 - - [06/Nov/2023:14:32:46 +0100] "GET /assets/rollover.js HTTP/1.1" 200 5145 "http://www.reinigungsprofi-weck.de/" "Mozilla/5.0 (iPhone; CPU iPhone OS 16_5_1 like Mac OS X) AppleWebKit/605.1.15 (KHTML, like Gecko) Version/16.5.1 Mobile/15E148 Safari/604.1"
89.247.161.0 - - [06/Nov/2023:14:32:46 +0100] "GET /html/fusion.css HTTP/1.1" 200 1161 "http://www.reinigungsprofi-weck.de/" "Mozilla/5.0 (iPhone; CPU iPhone OS 16_5_1 like Mac OS X) AppleWebKit/605.1.15 (KHTML, like Gecko) Version/16.5.1 Mobile/15E148 Safari/604.1"
89.247.161.0 - - [06/Nov/2023:14:32:46 +0100] "GET /html/style.css HTTP/1.1" 200 458 "http://www.reinigungsprofi-weck.de/" "Mozilla/5.0 (iPhone; CPU iPhone OS 16_5_1 like Mac OS X) AppleWebKit/605.1.15 (KHTML, like Gecko) Version/16.5.1 Mobile/15E148 Safari/604.1"
89.247.161.0 - - [06/Nov/2023:14:32:46 +0100] "GET /html/site.css HTTP/1.1" 200 88 "http://www.reinigungsprofi-weck.de/" "Mozilla/5.0 (iPhone; CPU iPhone OS 16_5_1 like Mac OS X) AppleWebKit/605.1.15 (KHTML, like Gecko) Version/16.5.1 Mobile/15E148 Safari/604.1"
89.247.161.0 - - [06/Nov/2023:14:32:46 +0100] "GET /header_l.gif HTTP/1.1" 200 7358 "http://www.reinigungsprofi-weck.de/" "Mozilla/5.0 (iPhone; CPU iPhone OS 16_5_1 like Mac OS X) AppleWebKit/605.1.15 (KHTML, like Gecko) Version/16.5.1 Mobile/15E148 Safari/604.1"
89.247.161.0 - - [06/Nov/2023:14:32:46 +0100] "GET /assets/images/autogen/Anfahrtskosten_Nregular_1_1.gif HTTP/1.1" 200 1732 "http://www.reinigungsprofi-weck.de/" "Mozilla/5.0 (iPhone; CPU iPhone OS 16_5_1 like Mac OS X) AppleWebKit/605.1.15 (KHTML, like Gecko) Version/16.5.1 Mobile/15E148 Safari/604.1"
89.247.161.0 - - [06/Nov/2023:14:32:46 +0100] "GET /subheader_l.gif HTTP/1.1" 200 2832 "http://www.reinigungsprofi-weck.de/" "Mozilla/5.0 (iPhone; CPU iPhone OS 16_5_1 like Mac OS X) AppleWebKit/605.1.15 (KHTML, like Gecko) Version/16.5.1 Mobile/15E148 Safari/604.1"
89.247.161.0 - - [06/Nov/2023:14:32:46 +0100] "GET /assets/images/autogen/clearpixel.gif HTTP/1.1" 200 43 "http://www.reinigungsprofi-weck.de/" "Mozilla/5.0 (iPhone; CPU iPhone OS 16_5_1 like Mac OS X) AppleWebKit/605.1.15 (KHTML, like Gecko) Version/16.5.1 Mobile/15E148 Safari/604.1"
89.247.161.0 - - [06/Nov/2023:14:32:46 +0100] "GET /assets/images/autogen/Referenzen_Nregular_1_1.gif HTTP/1.1" 200 1249 "http://www.reinigungsprofi-weck.de/" "Mozilla/5.0 (iPhone; CPU iPhone OS 16_5_1 like Mac OS X) AppleWebKit/605.1.15 (KHTML, like Gecko) Version/16.5.1 Mobile/15E148 Safari/604.1"
89.247.161.0 - - [06/Nov/2023:14:32:46 +0100] "GET /assets/images/body_bak1.gif HTTP/1.1" 200 49 "http://www.reinigungsprofi-weck.de/" "Mozilla/5.0 (iPhone; CPU iPhone OS 16_5_1 like Mac OS X) AppleWebKit/605.1.15 (KHTML, like Gecko) Version/16.5.1 Mobile/15E148 Safari/604.1"
89.247.161.0 - - [06/Nov/2023:14:32:46 +0100] "GET /assets/images/autogen/Spezialreinigung-_Hhighlighted_1_1.gif HTTP/1.1" 200 1750 "http://www.reinigungsprofi-weck.de/" "Mozilla/5.0 (iPhone; CPU iPhone OS 16_5_1 like Mac OS X) AppleWebKit/605.1.15 (KHTML, like Gecko) Version/16.5.1 Mobile/15E148 Safari/604.1"
89.247.161.0 - - [06/Nov/2023:14:32:46 +0100] "GET /assets/images/autogen/Kontakt_Nregular_1_1.gif HTTP/1.1" 200 1596 "http://www.reinigungsprofi-weck.de/" "Mozilla/5.0 (iPhone; CPU iPhone OS 16_5_1 like Mac OS X) AppleWebKit/605.1.15 (KHTML, like Gecko) Version/16.5.1 Mobile/15E148 Safari/604.1"
89.247.161.0 - - [06/Nov/2023:14:32:46 +0100] "GET /assets/images/body_bak.gif HTTP/1.1" 200 49 "http://www.reinigungsprofi-weck.de/" "Mozilla/5.0 (iPhone; CPU iPhone OS 16_5_1 like Mac OS X) AppleWebKit/605.1.15 (KHTML, like Gecko) Version/16.5.1 Mobile/15E148 Safari/604.1"
89.247.161.0 - - [06/Nov/2023:14:32:46 +0100] "GET /subheader_bl.gif HTTP/1.1" 200 1883 "http://www.reinigungsprofi-weck.de/" "Mozilla/5.0 (iPhone; CPU iPhone OS 16_5_1 like Mac OS X) AppleWebKit/605.1.15 (KHTML, like Gecko) Version/16.5.1 Mobile/15E148 Safari/604.1"
89.247.161.0 - - [06/Nov/2023:14:32:46 +0100] "GET /assets/images/subheader_bak.gif HTTP/1.1" 200 44 "http://www.reinigungsprofi-weck.de/" "Mozilla/5.0 (iPhone; CPU iPhone OS 16_5_1 like Mac OS X) AppleWebKit/605.1.15 (KHTML, like Gecko) Version/16.5.1 Mobile/15E148 Safari/604.1"
89.247.161.0 - - [06/Nov/2023:14:32:46 +0100] "GET /kv_none_poetic_cream_none_1.gif HTTP/1.1" 200 248 "http://www.reinigungsprofi-weck.de/" "Mozilla/5.0 (iPhone; CPU iPhone OS 16_5_1 like Mac OS X) AppleWebKit/605.1.15 (KHTML, like Gecko) Version/16.5.1 Mobile/15E148 Safari/604.1"
89.247.161.0 - - [06/Nov/2023:14:32:46 +0100] "GET /assets/images/autogen/Vorher-Nachher_Nregular_1_1.gif HTTP/1.1" 200 1718 "http://www.reinigungsprofi-weck.de/" "Mozilla/5.0 (iPhone; CPU iPhone OS 16_5_1 like Mac OS X) AppleWebKit/605.1.15 (KHTML, like Gecko) Version/16.5.1 Mobile/15E148 Safari/604.1"
89.247.161.0 - - [06/Nov/2023:14:32:46 +0100] "GET /subheader_br.gif HTTP/1.1" 200 1693 "http://www.reinigungsprofi-weck.de/" "Mozilla/5.0 (iPhone; CPU iPhone OS 16_5_1 like Mac OS X) AppleWebKit/605.1.15 (KHTML, like Gecko) Version/16.5.1 Mobile/15E148 Safari/604.1"
89.247.161.0 - - [06/Nov/2023:14:32:46 +0100] "GET /assets/images/autogen/Impressum_Nregular_1_1.gif HTTP/1.1" 200 1218 "http://www.reinigungsprofi-weck.de/" "Mozilla/5.0 (iPhone; CPU iPhone OS 16_5_1 like Mac OS X) AppleWebKit/605.1.15 (KHTML, like Gecko) Version/16.5.1 Mobile/15E148 Safari/604.1"
89.247.161.0 - - [06/Nov/2023:14:32:46 +0100] "GET /subheader_r.gif HTTP/1.1" 200 1036 "http://www.reinigungsprofi-weck.de/" "Mozilla/5.0 (iPhone; CPU iPhone OS 16_5_1 like Mac OS X) AppleWebKit/605.1.15 (KHTML, like Gecko) Version/16.5.1 Mobile/15E148 Safari/604.1"
89.247.161.0 - - [06/Nov/2023:14:32:46 +0100] "GET /favicon.ico HTTP/1.1" 404 2810 "http://www.reinigungsprofi-weck.de/" "Mozilla/5.0 (iPhone; CPU iPhone OS 16_5_1 like Mac OS X) AppleWebKit/605.1.15 (KHTML, like Gecko) Version/16.5.1 Mobile/15E148 Safari/604.1"
:: - - [06/Nov/2023:14:32:52 +0100] "OPTIONS * HTTP/1.0" 200 - "-" "Apache/2.4.6 (CentOS) OpenSSL/1.0.2k-fips mod_fcgid/2.3.9 (internal dummy connection)"
89.247.161.0 - - [06/Nov/2023:14:33:29 +0100] "GET / HTTP/1.1" 200 2590 "-" "Mozilla/5.0 (iPhone; CPU iPhone OS 16_5_1 like Mac OS X) AppleWebKit/605.1.15 (KHTML, like Gecko) Version/16.5.1 Mobile/15E148 Safari/604.1"
89.247.161.0 - - [06/Nov/2023:14:33:29 +0100] "GET /apple-touch-icon-120x120-precomposed.png HTTP/1.1" 404 2667 "-" "MobileSafari/8615.2.9.10.4 CFNetwork/1408.0.4 Darwin/22.5.0"
89.247.161.0 - - [06/Nov/2023:14:33:29 +0100] "GET /apple-touch-icon-120x120.png HTTP/1.1" 404 2643 "-" "MobileSafari/8615.2.9.10.4 CFNetwork/1408.0.4 Darwin/22.5.0"
89.247.161.0 - - [06/Nov/2023:14:33:29 +0100] "GET /apple-touch-icon-precomposed.png HTTP/1.1" 404 2651 "-" "MobileSafari/8615.2.9.10.4 CFNetwork/1408.0.4 Darwin/22.5.0"
89.247.161.0 - - [06/Nov/2023:14:33:29 +0100] "GET /apple-touch-icon.png HTTP/1.1" 404 2627 "-" "MobileSafari/8615.2.9.10.4 CFNetwork/1408.0.4 Darwin/22.5.0"
89.247.161.0 - - [06/Nov/2023:14:33:29 +0100] "GET /favicon.ico HTTP/1.1" 404 2609 "-" "MobileSafari/8615.2.9.10.4 CFNetwork/1408.0.4 Darwin/22.5.0"
89.247.161.0 - - [06/Nov/2023:14:33:29 +0100] "GET /apple-touch-icon-120x120-precomposed.png HTTP/1.1" 404 2667 "-" "MobileSafari/8615.2.9.10.4 CFNetwork/1408.0.4 Darwin/22.5.0"
89.247.161.0 - - [06/Nov/2023:14:33:30 +0100] "GET /apple-touch-icon-120x120.png HTTP/1.1" 404 2643 "-" "MobileSafari/8615.2.9.10.4 CFNetwork/1408.0.4 Darwin/22.5.0"
89.247.161.0 - - [06/Nov/2023:14:33:30 +0100] "GET /apple-touch-icon-precomposed.png HTTP/1.1" 404 2651 "-" "MobileSafari/8615.2.9.10.4 CFNetwork/1408.0.4 Darwin/22.5.0"
89.247.161.0 - - [06/Nov/2023:14:33:30 +0100] "GET /apple-touch-icon.png HTTP/1.1" 404 2627 "-" "MobileSafari/8615.2.9.10.4 CFNetwork/1408.0.4 Darwin/22.5.0"
89.247.161.0 - - [06/Nov/2023:14:33:30 +0100] "GET /favicon.ico HTTP/1.1" 404 2609 "-" "MobileSafari/8615.2.9.10.4 CFNetwork/1408.0.4 Darwin/22.5.0"
64.62.197.0 - - [06/Nov/2023:14:33:42 +0100] "GET /geoserver/web/ HTTP/1.1" 404 2559 "-" "Mozilla/5.0 (X11; Linux x86_64; rv:102.0) Gecko/20100101 Firefox/102.0"
