Current File : /pages/54/47/d0016649/home/private/htdocs_200_server/logs/access.log.45
62.138.2.0 - - [06/Nov/2023:00:00:28 +0100] "GET /unsere-produkte-und-services/kranbare-auflieger/ HTTP/1.1" 200 10985 "-" "Mozilla/5.0 (Macintosh; Intel Mac OS X 10.15; rv:103.0) Gecko/20100101 Firefox/103.0"
81.169.178.0 - - [06/Nov/2023:00:06:46 +0100] "POST /wp-cron.php?doing_wp_cron=1699225606.7801699638366699218750 HTTP/1.1" 200 - "https://www.computerdoc24.de/wp-cron.php?doing_wp_cron=1699225606.7801699638366699218750" "WordPress/5.2.19; https://www.computerdoc24.de"
62.138.2.0 - - [06/Nov/2023:00:06:45 +0100] "GET /fernwartung/ HTTP/1.1" 200 12447 "-" "Mozilla/5.0 (Macintosh; Intel Mac OS X 10.15; rv:103.0) Gecko/20100101 Firefox/103.0"
192.71.126.0 - - [06/Nov/2023:00:09:42 +0100] "GET /robots.txt HTTP/1.1" 200 2691 "-" "Mozilla/5.0 (Windows NT 10.0; Win64; x64) AppleWebKit/537.36 (KHTML, like Gecko) Chrome/100.0.4896.127 Safari/537.36"
192.71.142.0 - - [06/Nov/2023:00:09:42 +0100] "GET /humans.txt HTTP/1.1" 200 2691 "-" "Mozilla/5.0 (Windows NT 10.0; Win64; x64) AppleWebKit/537.36 (KHTML, like Gecko) Chrome/100.0.4896.127 Safari/537.36"
192.71.2.0 - - [06/Nov/2023:00:09:42 +0100] "GET /ads.txt HTTP/1.1" 200 2691 "-" "Mozilla/5.0 (Windows NT 10.0; Win64; x64) AppleWebKit/537.36 (KHTML, like Gecko) Chrome/100.0.4896.127 Safari/537.36"
192.71.12.0 - - [06/Nov/2023:00:09:42 +0100] "GET / HTTP/1.1" 200 2691 "-" "Mozilla/5.0 (Windows NT 10.0; Win64; x64) AppleWebKit/537.36 (KHTML, like Gecko) Chrome/100.0.4896.127 Safari/537.36"
62.138.2.0 - - [06/Nov/2023:00:18:50 +0100] "GET /robots.txt HTTP/1.1" 200 69 "-" "Mozilla/5.0 (Macintosh; Intel Mac OS X 10.15; rv:103.0) Gecko/20100101 Firefox/103.0"
62.138.2.0 - - [06/Nov/2023:00:18:51 +0100] "GET /auftraggeber/ HTTP/1.1" 200 11024 "-" "Mozilla/5.0 (Macintosh; Intel Mac OS X 10.15; rv:103.0) Gecko/20100101 Firefox/103.0"
205.210.31.0 - - [06/Nov/2023:00:22:53 +0100] "\x16\x03\x01" 400 226 "-" "-"
205.210.31.0 - - [06/Nov/2023:00:22:54 +0100] "\x16\x03\x01" 400 226 "-" "-"
81.169.178.0 - - [06/Nov/2023:00:25:20 +0100] "POST /wp-cron.php?doing_wp_cron=1699226720.1000161170959472656250 HTTP/1.1" 200 - "https://www.computerdoc24.de/wp-cron.php?doing_wp_cron=1699226720.1000161170959472656250" "WordPress/5.2.19; https://www.computerdoc24.de"
62.138.2.0 - - [06/Nov/2023:00:25:19 +0100] "GET /robots.txt HTTP/1.1" 200 69 "-" "Mozilla/5.0 (Macintosh; Intel Mac OS X 10.15; rv:103.0) Gecko/20100101 Firefox/103.0"
62.138.2.0 - - [06/Nov/2023:00:25:21 +0100] "GET /impressum/ HTTP/1.1" 200 14283 "-" "Mozilla/5.0 (Macintosh; Intel Mac OS X 10.15; rv:103.0) Gecko/20100101 Firefox/103.0"
205.210.31.0 - - [06/Nov/2023:00:30:44 +0100] "GET / HTTP/1.0" 200 2691 "-" "Expanse, a Palo Alto Networks company, searches across the global IPv4 space multiple times per day to identify customers' presences on the Internet. If you would like to be excluded from our scans, please send IP addresses/domains to: scaninfo@paloaltonetworks.com"
81.169.178.0 - - [06/Nov/2023:00:36:35 +0100] "POST /wp-cron.php?doing_wp_cron=1699227395.4594531059265136718750 HTTP/1.1" 200 - "https://www.computerdoc24.de/wp-cron.php?doing_wp_cron=1699227395.4594531059265136718750" "WordPress/5.2.19; https://www.computerdoc24.de"
62.138.2.0 - - [06/Nov/2023:00:36:35 +0100] "GET /robots.txt HTTP/1.1" 200 69 "-" "Mozilla/5.0 (Macintosh; Intel Mac OS X 10.15; rv:103.0) Gecko/20100101 Firefox/103.0"
81.169.178.0 - - [06/Nov/2023:00:36:36 +0100] "POST /wp-cron.php?doing_wp_cron=1699227396.7069590091705322265625 HTTP/1.1" 200 - "https://www.computerdoc24.de/wp-cron.php?doing_wp_cron=1699227396.7069590091705322265625" "WordPress/5.2.19; https://www.computerdoc24.de"
62.138.2.0 - - [06/Nov/2023:00:36:36 +0100] "GET /software/ HTTP/1.1" 200 11864 "-" "Mozilla/5.0 (Macintosh; Intel Mac OS X 10.15; rv:103.0) Gecko/20100101 Firefox/103.0"
81.169.178.0 - - [06/Nov/2023:00:40:04 +0100] "POST /wp-cron.php?doing_wp_cron=1699227604.1862270832061767578125 HTTP/1.1" 200 - "https://www.computerdoc24.de/wp-cron.php?doing_wp_cron=1699227604.1862270832061767578125" "WordPress/5.2.19; https://www.computerdoc24.de"
62.138.2.0 - - [06/Nov/2023:00:40:04 +0100] "GET /allgemeine-geschaeftsbedingungen/ HTTP/1.1" 200 14277 "-" "Mozilla/5.0 (Macintosh; Intel Mac OS X 10.15; rv:103.0) Gecko/20100101 Firefox/103.0"
104.250.238.0 - - [06/Nov/2023:00:43:21 +0100] "GET //wp-content/plugins/fix/up.php HTTP/1.1" 301 260 "-" "Mozilla/5.0 (Windows NT 10.0; Win64; x64) AppleWebKit/537.36 (KHTML, like Gecko) Chrome/85.0.4183.102 Safari/537.36"
81.169.178.0 - - [06/Nov/2023:00:43:22 +0100] "POST /wp-cron.php?doing_wp_cron=1699227802.7385129928588867187500 HTTP/1.1" 200 - "https://www.ipcbusiness.de/wp-cron.php?doing_wp_cron=1699227802.7385129928588867187500" "WordPress/5.8.8; https://www.ipcbusiness.de"
104.250.238.0 - - [06/Nov/2023:00:43:22 +0100] "GET /wp-content/plugins/fix/up.php HTTP/1.1" 200 - "-" "Mozilla/5.0 (Windows NT 10.0; Win64; x64) AppleWebKit/537.36 (KHTML, like Gecko) Chrome/85.0.4183.102 Safari/537.36"
104.250.238.0 - - [06/Nov/2023:00:43:24 +0100] "GET /wp-content/plugins/fix/up.php HTTP/1.1" 200 9949 "-" "Mozilla/5.0 (Windows NT 10.0; Win64; x64) AppleWebKit/537.36 (KHTML, like Gecko) Chrome/85.0.4183.102 Safari/537.36"
192.241.208.0 - - [06/Nov/2023:00:44:28 +0100] "GET /actuator/health HTTP/1.1" 404 2561 "-" "Mozilla/5.0 zgrab/0.x"
81.169.178.0 - - [06/Nov/2023:00:45:05 +0100] "POST /wp-cron.php?doing_wp_cron=1699227904.9636380672454833984375 HTTP/1.1" 200 - "https://www.computerdoc24.de/wp-cron.php?doing_wp_cron=1699227904.9636380672454833984375" "WordPress/5.2.19; https://www.computerdoc24.de"
91.92.246.0 - - [06/Nov/2023:00:45:03 +0100] "GET /wp-content/plugins/royal-elementor-addons/readme.txt HTTP/1.1" 200 - "-" "Mozilla/5.0 (Windows NT 10.0; Win64; x64) AppleWebKit/537.36 (KHTML, like Gecko) Chrome/90.0.4430.85 Safari/537.36"
81.169.178.0 - - [06/Nov/2023:00:45:04 +0100] "POST /?wordfence_syncAttackData=1699227904.5641 HTTP/1.1" 200 - "https://www.computerdoc24.de/?wordfence_syncAttackData=1699227904.5641" "WordPress/5.2.19; https://www.computerdoc24.de"
81.169.178.0 - - [06/Nov/2023:00:45:10 +0100] "POST /wp-cron.php?doing_wp_cron=1699227910.5896179676055908203125 HTTP/1.1" 200 - "https://www.computerdoc24.de/wp-cron.php?doing_wp_cron=1699227910.5896179676055908203125" "WordPress/5.2.19; https://www.computerdoc24.de"
91.92.246.0 - - [06/Nov/2023:00:45:10 +0100] "GET /wp-content/plugins/royal-elementor-addons/readme.txt HTTP/1.1" 200 - "-" "Mozilla/5.0 (Windows NT 10.0; Win64; x64) AppleWebKit/537.36 (KHTML, like Gecko) Chrome/90.0.4430.85 Safari/537.36"
81.169.178.0 - - [06/Nov/2023:00:45:18 +0100] "POST /?wordfence_syncAttackData=1699227918.9216 HTTP/1.1" 200 - "https://www.computerdoc24.de/?wordfence_syncAttackData=1699227918.9216" "WordPress/5.2.19; https://www.computerdoc24.de"
91.92.246.0 - - [06/Nov/2023:00:45:18 +0100] "GET /wp-content/plugins/royal-elementor-addons/readme.txt HTTP/1.1" 200 11026 "-" "Mozilla/5.0 (Windows NT 10.0; Win64; x64) AppleWebKit/537.36 (KHTML, like Gecko) Chrome/90.0.4430.85 Safari/537.36"
91.92.246.0 - - [06/Nov/2023:00:45:26 +0100] "GET /wp-content/plugins/royal-elementor-addons/assets/js/frontend.js HTTP/1.1" 200 - "-" "Mozilla/5.0 (Windows NT 10.0; Win64; x64) AppleWebKit/537.36 (KHTML, like Gecko) Chrome/90.0.4430.85 Safari/537.36"
91.92.246.0 - - [06/Nov/2023:00:45:31 +0100] "GET /wp-content/plugins/royal-elementor-addons/assets/js/frontend.js HTTP/1.1" 200 - "-" "Mozilla/5.0 (Windows NT 10.0; Win64; x64) AppleWebKit/537.36 (KHTML, like Gecko) Chrome/90.0.4430.85 Safari/537.36"
81.169.178.0 - - [06/Nov/2023:00:45:37 +0100] "POST /wp-cron.php?doing_wp_cron=1699227937.0262999534606933593750 HTTP/1.1" 200 - "https://www.computerdoc24.de/wp-cron.php?doing_wp_cron=1699227937.0262999534606933593750" "WordPress/5.2.19; https://www.computerdoc24.de"
91.92.246.0 - - [06/Nov/2023:00:45:36 +0100] "GET /wp-content/plugins/royal-elementor-addons/assets/js/frontend.js HTTP/1.1" 200 11026 "-" "Mozilla/5.0 (Windows NT 10.0; Win64; x64) AppleWebKit/537.36 (KHTML, like Gecko) Chrome/90.0.4430.85 Safari/537.36"
185.146.212.0 - - [06/Nov/2023:00:45:50 +0100] "GET / HTTP/1.1" 403 2409 "-" "Mozilla/5.0 (Windows NT 10.0; WOW64) AppleWebKit/537.36 (KHTML, like Gecko) Chrome/52.0.2743.116 Safari/537.36"
45.95.147.0 - - [06/Nov/2023:00:48:19 +0100] "POST /boaform/admin/formLogin HTTP/1.1" 404 2786 "http://81.169.178.78:80/admin/login.asp" "Mozilla/5.0 (X11; Ubuntu; Linux x86_64; rv:71.0) Gecko/20100101 Firefox/71.0"
188.34.157.0 - - [06/Nov/2023:00:49:24 +0100] "GET / HTTP/1.1" 200 70287 "-" "Mozilla/5.0 (Macintosh; Intel Mac OS X 10_15_7) AppleWebKit/537.36 (KHTML, like Gecko) Chrome/108.0.0.0 Safari/537.36"
62.138.2.0 - - [06/Nov/2023:00:55:26 +0100] "GET /robots.txt HTTP/1.1" 200 69 "-" "Mozilla/5.0 (Macintosh; Intel Mac OS X 10.15; rv:103.0) Gecko/20100101 Firefox/103.0"
81.169.178.0 - - [06/Nov/2023:00:55:26 +0100] "POST /wp-cron.php?doing_wp_cron=1699228526.6485829353332519531250 HTTP/1.1" 200 - "https://www.computerdoc24.de/wp-cron.php?doing_wp_cron=1699228526.6485829353332519531250" "WordPress/5.2.19; https://www.computerdoc24.de"
62.138.2.0 - - [06/Nov/2023:00:55:29 +0100] "GET /product/logitech-mk270-wireless-desktop-combo/ HTTP/1.1" 200 16455 "-" "Mozilla/5.0 (Macintosh; Intel Mac OS X 10.15; rv:103.0) Gecko/20100101 Firefox/103.0"
81.169.178.0 - - [06/Nov/2023:00:56:53 +0100] "POST /wp-cron.php?doing_wp_cron=1699228613.2383029460906982421875 HTTP/1.1" 200 - "https://www.ipcbusiness.de/wp-cron.php?doing_wp_cron=1699228613.2383029460906982421875" "WordPress/5.8.8; https://www.ipcbusiness.de"
128.199.197.0 - - [06/Nov/2023:00:56:52 +0100] "GET /sftp-config.json HTTP/1.1" 200 9950 "-" "Mozilla/5.0 (Macintosh; Intel Mac OS X 10.15; rv:77.0) Gecko/20100101 Firefox/77.0"
128.199.197.0 - - [06/Nov/2023:00:56:55 +0100] "GET /.vscode/sftp.json HTTP/1.1" 200 9954 "-" "Mozilla/5.0 (Macintosh; Intel Mac OS X 10.15; rv:77.0) Gecko/20100101 Firefox/77.0"
51.222.253.0 - - [06/Nov/2023:00:57:52 +0100] "GET /es/datenschutzerklaerung/ HTTP/1.1" 200 16938 "-" "Mozilla/5.0 (compatible; AhrefsBot/7.0; +http://ahrefs.com/robot/)"
176.99.135.0 - - [06/Nov/2023:00:59:20 +0100] "POST /wp-content/admin.php HTTP/1.1" 200 9924 "-" "Mozilla/4.0 (compatible; MSIE 6.0; Windows NT 5.1; SV1)"
81.169.178.0 - - [06/Nov/2023:00:59:51 +0100] "POST /wp-cron.php?doing_wp_cron=1699228791.0232880115509033203125 HTTP/1.1" 200 - "http://www.computerdoc24.de/wp-cron.php?doing_wp_cron=1699228791.0232880115509033203125" "WordPress/5.2.19; https://www.computerdoc24.de"
157.90.0.0 - - [06/Nov/2023:00:59:50 +0100] "GET / HTTP/1.1" 301 - "-" "Mozilla/5.0 (Windows NT 10.0; Win64; x64) AppleWebKit/537.36 (KHTML, like Gecko) Chrome/64.0.3282.140 Safari/537.36 Edge/17.17134"
157.90.0.0 - - [06/Nov/2023:00:59:52 +0100] "GET / HTTP/1.1" 200 20479 "http://www.computerdoc24.de/" "Mozilla/5.0 (Windows NT 10.0; Win64; x64) AppleWebKit/537.36 (KHTML, like Gecko) Chrome/64.0.3282.140 Safari/537.36 Edge/17.17134"
188.166.146.0 - - [06/Nov/2023:01:07:04 +0100] "GET /pl/ HTTP/1.1" 200 16335 "-" "Mozilla/5.0 (Macintosh; Intel Mac OS X 10_15_7) AppleWebKit/537.36 (KHTML, like Gecko) Chrome/114.0.0.0 Safari/537.36"
81.169.178.0 - - [06/Nov/2023:01:07:52 +0100] "POST /wp-cron.php?doing_wp_cron=1699229272.5141999721527099609375 HTTP/1.1" 200 - "https://www.computerdoc24.de/wp-cron.php?doing_wp_cron=1699229272.5141999721527099609375" "WordPress/5.2.19; https://www.computerdoc24.de"
62.138.2.0 - - [06/Nov/2023:01:07:52 +0100] "GET /robots.txt HTTP/1.1" 200 69 "-" "Mozilla/5.0 (Macintosh; Intel Mac OS X 10.15; rv:103.0) Gecko/20100101 Firefox/103.0"
62.138.2.0 - - [06/Nov/2023:01:07:53 +0100] "GET /datenschutzerklaerung/ HTTP/1.1" 200 24463 "-" "Mozilla/5.0 (Macintosh; Intel Mac OS X 10.15; rv:103.0) Gecko/20100101 Firefox/103.0"
114.119.157.0 - - [06/Nov/2023:01:09:26 +0100] "GET /robots.txt HTTP/1.1" 200 69 "-" "Mozilla/5.0 (compatible;PetalBot;+https://webmaster.petalsearch.com/site/petalbot)"
51.83.238.0 - - [06/Nov/2023:01:09:41 +0100] "GET / HTTP/1.1" 200 2691 "-" "cpp-httplib/0.10.9"
81.169.178.0 - - [06/Nov/2023:01:11:35 +0100] "POST /wp-cron.php?doing_wp_cron=1699229495.1557569503784179687500 HTTP/1.1" 200 - "http://www.computerdoc24.de/wp-cron.php?doing_wp_cron=1699229495.1557569503784179687500" "WordPress/5.2.19; https://www.computerdoc24.de"
34.173.177.0 - - [06/Nov/2023:01:11:34 +0100] "GET / HTTP/1.1" 301 - "-" "Ruby"
81.169.178.0 - - [06/Nov/2023:01:11:36 +0100] "POST /wp-cron.php?doing_wp_cron=1699229496.2452130317687988281250 HTTP/1.1" 200 - "http://www.computerdoc24.de/wp-cron.php?doing_wp_cron=1699229496.2452130317687988281250" "WordPress/5.2.19; https://www.computerdoc24.de"
34.173.177.0 - - [06/Nov/2023:01:11:36 +0100] "GET / HTTP/1.1" 301 - "-" "Ruby"
81.169.178.0 - - [06/Nov/2023:01:17:46 +0100] "POST /wp-cron.php?doing_wp_cron=1699229866.1540400981903076171875 HTTP/1.1" 200 - "http://www.computerdoc24.de/wp-cron.php?doing_wp_cron=1699229866.1540400981903076171875" "WordPress/5.2.19; https://www.computerdoc24.de"
54.93.115.0 - - [06/Nov/2023:01:17:45 +0100] "GET / HTTP/1.1" 301 - "-" "Mozilla/5.0 (X11; Linux x86_64) AppleWebKit/537.36 (KHTML, like Gecko) Chrome/111.0.5563.146  Safari/537.36"
54.93.115.0 - - [06/Nov/2023:01:17:47 +0100] "GET / HTTP/1.1" 200 20477 "-" "Mozilla/5.0 (X11; Linux x86_64) AppleWebKit/537.36 (KHTML, like Gecko) Chrome/111.0.5563.146  Safari/537.36"
54.93.115.0 - - [06/Nov/2023:01:17:48 +0100] "GET / HTTP/1.1" 200 20479 "-" "Mozilla/5.0 (X11; Linux x86_64) AppleWebKit/537.36 (KHTML, like Gecko) Chrome/111.0.5563.146  Safari/537.36"
54.93.115.0 - - [06/Nov/2023:01:17:51 +0100] "GET / HTTP/1.1" 200 20477 "-" "Mozilla/5.0 (X11; Linux x86_64) AppleWebKit/537.36 (KHTML, like Gecko) HeadlessChrome/109.0.5414.119 Safari/537.36"
54.93.115.0 - - [06/Nov/2023:01:17:52 +0100] "GET /wp-includes/css/dist/block-library/theme.min.css HTTP/1.1" 200 562 "https://www.computerdoc24.de/" "Mozilla/5.0 (X11; Linux x86_64) AppleWebKit/537.36 (KHTML, like Gecko) HeadlessChrome/109.0.5414.119 Safari/537.36"
54.93.115.0 - - [06/Nov/2023:01:17:52 +0100] "GET /wp-content/plugins/contact-form-7/includes/css/styles.css HTTP/1.1" 200 651 "https://www.computerdoc24.de/" "Mozilla/5.0 (X11; Linux x86_64) AppleWebKit/537.36 (KHTML, like Gecko) HeadlessChrome/109.0.5414.119 Safari/537.36"
54.93.115.0 - - [06/Nov/2023:01:17:51 +0100] "GET /wp-includes/css/dist/block-library/style.min.css HTTP/1.1" 200 4788 "https://www.computerdoc24.de/" "Mozilla/5.0 (X11; Linux x86_64) AppleWebKit/537.36 (KHTML, like Gecko) HeadlessChrome/109.0.5414.119 Safari/537.36"
54.93.115.0 - - [06/Nov/2023:01:17:52 +0100] "GET /wp-content/plugins/woocommerce/packages/woocommerce-blocks/build/style.css HTTP/1.1" 200 2310 "https://www.computerdoc24.de/" "Mozilla/5.0 (X11; Linux x86_64) AppleWebKit/537.36 (KHTML, like Gecko) HeadlessChrome/109.0.5414.119 Safari/537.36"
54.93.115.0 - - [06/Nov/2023:01:17:52 +0100] "GET /wp-content/plugins/shapepress-dsgvo/public/css/sp-dsgvo-public.min.css HTTP/1.1" 200 1087 "https://www.computerdoc24.de/" "Mozilla/5.0 (X11; Linux x86_64) AppleWebKit/537.36 (KHTML, like Gecko) HeadlessChrome/109.0.5414.119 Safari/537.36"
54.93.115.0 - - [06/Nov/2023:01:17:52 +0100] "GET /wp-content/plugins/shapepress-dsgvo/public/css/sp-dsgvo-popup.min.css HTTP/1.1" 200 2375 "https://www.computerdoc24.de/" "Mozilla/5.0 (X11; Linux x86_64) AppleWebKit/537.36 (KHTML, like Gecko) HeadlessChrome/109.0.5414.119 Safari/537.36"
54.93.115.0 - - [06/Nov/2023:01:17:52 +0100] "GET /wp-content/plugins/wpt-login/css/custom-login.css HTTP/1.1" 200 707 "https://www.computerdoc24.de/" "Mozilla/5.0 (X11; Linux x86_64) AppleWebKit/537.36 (KHTML, like Gecko) HeadlessChrome/109.0.5414.119 Safari/537.36"
54.93.115.0 - - [06/Nov/2023:01:17:52 +0100] "GET /wp-content/plugins/shapepress-dsgvo/public/css/simplebar.min.css HTTP/1.1" 200 836 "https://www.computerdoc24.de/" "Mozilla/5.0 (X11; Linux x86_64) AppleWebKit/537.36 (KHTML, like Gecko) HeadlessChrome/109.0.5414.119 Safari/537.36"
54.93.115.0 - - [06/Nov/2023:01:17:52 +0100] "GET /wp-content/plugins/shapepress-dsgvo/public/css/bootstrap-grid.min.css HTTP/1.1" 200 6484 "https://www.computerdoc24.de/" "Mozilla/5.0 (X11; Linux x86_64) AppleWebKit/537.36 (KHTML, like Gecko) HeadlessChrome/109.0.5414.119 Safari/537.36"
54.93.115.0 - - [06/Nov/2023:01:17:52 +0100] "GET /wp-content/uploads/smile_fonts/Defaults/Defaults.css HTTP/1.1" 200 4755 "https://www.computerdoc24.de/" "Mozilla/5.0 (X11; Linux x86_64) AppleWebKit/537.36 (KHTML, like Gecko) HeadlessChrome/109.0.5414.119 Safari/537.36"
54.93.115.0 - - [06/Nov/2023:01:17:52 +0100] "GET /wp-content/themes/en-vision/lib/css/bootstrap-responsive-1170.min.css HTTP/1.1" 200 1157 "https://www.computerdoc24.de/" "Mozilla/5.0 (X11; Linux x86_64) AppleWebKit/537.36 (KHTML, like Gecko) HeadlessChrome/109.0.5414.119 Safari/537.36"
54.93.115.0 - - [06/Nov/2023:01:17:52 +0100] "GET /wp-content/plugins/js_composer/assets/css/js_composer.min.css HTTP/1.1" 200 45591 "https://www.computerdoc24.de/" "Mozilla/5.0 (X11; Linux x86_64) AppleWebKit/537.36 (KHTML, like Gecko) HeadlessChrome/109.0.5414.119 Safari/537.36"
54.93.115.0 - - [06/Nov/2023:01:17:52 +0100] "GET /wp-content/themes/en-vision/lib/css/woocommerce.min.css HTTP/1.1" 200 9641 "https://www.computerdoc24.de/" "Mozilla/5.0 (X11; Linux x86_64) AppleWebKit/537.36 (KHTML, like Gecko) HeadlessChrome/109.0.5414.119 Safari/537.36"
54.93.115.0 - - [06/Nov/2023:01:17:52 +0100] "GET /wp-content/plugins/Ultimate_VC_Addons/assets/min-css/ultimate.min.css HTTP/1.1" 200 47736 "https://www.computerdoc24.de/" "Mozilla/5.0 (X11; Linux x86_64) AppleWebKit/537.36 (KHTML, like Gecko) HeadlessChrome/109.0.5414.119 Safari/537.36"
54.93.115.0 - - [06/Nov/2023:01:17:52 +0100] "GET /wp-content/themes/en-vision/lib/css/style.min.css HTTP/1.1" 200 38861 "https://www.computerdoc24.de/" "Mozilla/5.0 (X11; Linux x86_64) AppleWebKit/537.36 (KHTML, like Gecko) HeadlessChrome/109.0.5414.119 Safari/537.36"
54.93.115.0 - - [06/Nov/2023:01:17:52 +0100] "GET /wp-content/themes/en-vision/includes/modules/module.fontawesome/source/css/font-awesome.min.css HTTP/1.1" 200 4680 "https://www.computerdoc24.de/" "Mozilla/5.0 (X11; Linux x86_64) AppleWebKit/537.36 (KHTML, like Gecko) HeadlessChrome/109.0.5414.119 Safari/537.36"
54.93.115.0 - - [06/Nov/2023:01:17:52 +0100] "GET /wp-content/uploads/Dark-Blue-Skin_f11de704061eed4e79d777b4e0c313ab.css?OlJKPnf0ao HTTP/1.1" 200 4393 "https://www.computerdoc24.de/" "Mozilla/5.0 (X11; Linux x86_64) AppleWebKit/537.36 (KHTML, like Gecko) HeadlessChrome/109.0.5414.119 Safari/537.36"
54.93.115.0 - - [06/Nov/2023:01:17:52 +0100] "GET /wp-content/themes/en-vision/includes/modules/module.icomoon/source/css/icomoon.css HTTP/1.1" 200 8420 "https://www.computerdoc24.de/" "Mozilla/5.0 (X11; Linux x86_64) AppleWebKit/537.36 (KHTML, like Gecko) HeadlessChrome/109.0.5414.119 Safari/537.36"
54.93.115.0 - - [06/Nov/2023:01:17:52 +0100] "GET /wp-content/plugins/revslider/public/assets/css/rs6.css HTTP/1.1" 200 12282 "https://www.computerdoc24.de/" "Mozilla/5.0 (X11; Linux x86_64) AppleWebKit/537.36 (KHTML, like Gecko) HeadlessChrome/109.0.5414.119 Safari/537.36"
54.93.115.0 - - [06/Nov/2023:01:17:52 +0100] "GET /wp-includes/js/jquery/jquery.js HTTP/1.1" 200 33776 "https://www.computerdoc24.de/" "Mozilla/5.0 (X11; Linux x86_64) AppleWebKit/537.36 (KHTML, like Gecko) HeadlessChrome/109.0.5414.119 Safari/537.36"
54.93.115.0 - - [06/Nov/2023:01:17:52 +0100] "GET /wp-content/plugins/revslider/public/assets/fonts/revicons/revicons.woff?5510888 HTTP/1.1" 200 7491 "https://www.computerdoc24.de/" "Mozilla/5.0 (X11; Linux x86_64) AppleWebKit/537.36 (KHTML, like Gecko) HeadlessChrome/109.0.5414.119 Safari/537.36"
54.93.115.0 - - [06/Nov/2023:01:17:52 +0100] "GET /wp-content/plugins/revslider/public/assets/fonts/font-awesome/fonts/fontawesome-webfont.woff2?v=4.7.0 HTTP/1.1" 200 77162 "https://www.computerdoc24.de/" "Mozilla/5.0 (X11; Linux x86_64) AppleWebKit/537.36 (KHTML, like Gecko) HeadlessChrome/109.0.5414.119 Safari/537.36"
54.93.115.0 - - [06/Nov/2023:01:17:52 +0100] "GET /wp-content/plugins/js_composer/assets/lib/bower/font-awesome/css/font-awesome.min.css HTTP/1.1" 200 6970 "https://www.computerdoc24.de/" "Mozilla/5.0 (X11; Linux x86_64) AppleWebKit/537.36 (KHTML, like Gecko) HeadlessChrome/109.0.5414.119 Safari/537.36"
54.93.115.0 - - [06/Nov/2023:01:17:52 +0100] "GET /wp-content/plugins/revslider/public/assets/fonts/font-awesome/css/font-awesome.css HTTP/1.1" 200 7235 "https://www.computerdoc24.de/" "Mozilla/5.0 (X11; Linux x86_64) AppleWebKit/537.36 (KHTML, like Gecko) HeadlessChrome/109.0.5414.119 Safari/537.36"
54.93.115.0 - - [06/Nov/2023:01:17:52 +0100] "GET /wp-content/plugins/revslider/public/assets/js/rbtools.min.js HTTP/1.1" 200 46966 "https://www.computerdoc24.de/" "Mozilla/5.0 (X11; Linux x86_64) AppleWebKit/537.36 (KHTML, like Gecko) HeadlessChrome/109.0.5414.119 Safari/537.36"
54.93.115.0 - - [06/Nov/2023:01:17:52 +0100] "GET /wp-includes/js/jquery/jquery-migrate.min.js HTTP/1.1" 200 4014 "https://www.computerdoc24.de/" "Mozilla/5.0 (X11; Linux x86_64) AppleWebKit/537.36 (KHTML, like Gecko) HeadlessChrome/109.0.5414.119 Safari/537.36"
54.93.115.0 - - [06/Nov/2023:01:17:52 +0100] "GET /wp-content/cache/autoptimize/js/autoptimize_single_902b7ca09549975e55e136fb0026df9a.js HTTP/1.1" 200 319 "https://www.computerdoc24.de/" "Mozilla/5.0 (X11; Linux x86_64) AppleWebKit/537.36 (KHTML, like Gecko) HeadlessChrome/109.0.5414.119 Safari/537.36"
54.93.115.0 - - [06/Nov/2023:01:17:52 +0100] "GET /wp-content/plugins/woocommerce/assets/js/frontend/add-to-cart.min.js HTTP/1.1" 200 1017 "https://www.computerdoc24.de/" "Mozilla/5.0 (X11; Linux x86_64) AppleWebKit/537.36 (KHTML, like Gecko) HeadlessChrome/109.0.5414.119 Safari/537.36"
54.93.115.0 - - [06/Nov/2023:01:17:52 +0100] "GET /wp-content/plugins/revslider/public/assets/js/rs6.min.js HTTP/1.1" 200 98542 "https://www.computerdoc24.de/" "Mozilla/5.0 (X11; Linux x86_64) AppleWebKit/537.36 (KHTML, like Gecko) HeadlessChrome/109.0.5414.119 Safari/537.36"
54.93.115.0 - - [06/Nov/2023:01:17:52 +0100] "GET /wp-content/plugins/woocommerce/assets/js/jquery-blockui/jquery.blockUI.min.js HTTP/1.1" 200 3533 "https://www.computerdoc24.de/" "Mozilla/5.0 (X11; Linux x86_64) AppleWebKit/537.36 (KHTML, like Gecko) HeadlessChrome/109.0.5414.119 Safari/537.36"
54.93.115.0 - - [06/Nov/2023:01:17:52 +0100] "GET /wp-content/plugins/shapepress-dsgvo/public/js/sp-dsgvo-public.min.js HTTP/1.1" 200 4590 "https://www.computerdoc24.de/" "Mozilla/5.0 (X11; Linux x86_64) AppleWebKit/537.36 (KHTML, like Gecko) HeadlessChrome/109.0.5414.119 Safari/537.36"
54.93.115.0 - - [06/Nov/2023:01:17:52 +0100] "GET /wp-content/plugins/revslider/public/assets/assets/dummy.png HTTP/1.1" 200 68 "https://www.computerdoc24.de/" "Mozilla/5.0 (X11; Linux x86_64) AppleWebKit/537.36 (KHTML, like Gecko) HeadlessChrome/109.0.5414.119 Safari/537.36"
54.93.115.0 - - [06/Nov/2023:01:17:52 +0100] "GET /wp-content/themes/en-vision/lib/js/app.min.js HTTP/1.1" 200 31108 "https://www.computerdoc24.de/" "Mozilla/5.0 (X11; Linux x86_64) AppleWebKit/537.36 (KHTML, like Gecko) HeadlessChrome/109.0.5414.119 Safari/537.36"
54.93.115.0 - - [06/Nov/2023:01:17:52 +0100] "GET /wp-content/plugins/autoptimize/classes/external/js/lazysizes.min.js HTTP/1.1" 200 4122 "https://www.computerdoc24.de/" "Mozilla/5.0 (X11; Linux x86_64) AppleWebKit/537.36 (KHTML, like Gecko) HeadlessChrome/109.0.5414.119 Safari/537.36"
54.93.115.0 - - [06/Nov/2023:01:17:52 +0100] "GET /wp-content/plugins/Ultimate_VC_Addons/assets/min-js/ultimate.min.js HTTP/1.1" 200 54140 "https://www.computerdoc24.de/" "Mozilla/5.0 (X11; Linux x86_64) AppleWebKit/537.36 (KHTML, like Gecko) HeadlessChrome/109.0.5414.119 Safari/537.36"
54.93.115.0 - - [06/Nov/2023:01:17:52 +0100] "GET /wp-content/cache/autoptimize/js/autoptimize_single_9ff8e720094fe3a7fa3ab5a2e8fe5919.js HTTP/1.1" 200 587 "https://www.computerdoc24.de/" "Mozilla/5.0 (X11; Linux x86_64) AppleWebKit/537.36 (KHTML, like Gecko) HeadlessChrome/109.0.5414.119 Safari/537.36"
54.93.115.0 - - [06/Nov/2023:01:17:52 +0100] "GET /wp-content/cache/autoptimize/js/autoptimize_single_1534f06aa2b1b721a45372f8238e2461.js HTTP/1.1" 200 3352 "https://www.computerdoc24.de/" "Mozilla/5.0 (X11; Linux x86_64) AppleWebKit/537.36 (KHTML, like Gecko) HeadlessChrome/109.0.5414.119 Safari/537.36"
54.93.115.0 - - [06/Nov/2023:01:17:52 +0100] "GET /wp-content/plugins/woocommerce/assets/js/frontend/woocommerce.min.js HTTP/1.1" 200 619 "https://www.computerdoc24.de/" "Mozilla/5.0 (X11; Linux x86_64) AppleWebKit/537.36 (KHTML, like Gecko) HeadlessChrome/109.0.5414.119 Safari/537.36"
54.93.115.0 - - [06/Nov/2023:01:17:52 +0100] "GET /wp-content/plugins/woocommerce/assets/js/js-cookie/js.cookie.min.js HTTP/1.1" 200 981 "https://www.computerdoc24.de/" "Mozilla/5.0 (X11; Linux x86_64) AppleWebKit/537.36 (KHTML, like Gecko) HeadlessChrome/109.0.5414.119 Safari/537.36"
54.93.115.0 - - [06/Nov/2023:01:17:52 +0100] "GET /wp-content/plugins/woocommerce/assets/js/frontend/cart-fragments.min.js HTTP/1.1" 200 1042 "https://www.computerdoc24.de/" "Mozilla/5.0 (X11; Linux x86_64) AppleWebKit/537.36 (KHTML, like Gecko) HeadlessChrome/109.0.5414.119 Safari/537.36"
54.93.115.0 - - [06/Nov/2023:01:17:52 +0100] "GET /wp-content/plugins/shapepress-dsgvo/public/js/simplebar.min.js HTTP/1.1" 200 18376 "https://www.computerdoc24.de/" "Mozilla/5.0 (X11; Linux x86_64) AppleWebKit/537.36 (KHTML, like Gecko) HeadlessChrome/109.0.5414.119 Safari/537.36"
54.93.115.0 - - [06/Nov/2023:01:17:52 +0100] "GET /wp-content/themes/en-vision/lib/js/woocommerce.min.js HTTP/1.1" 200 1122 "https://www.computerdoc24.de/" "Mozilla/5.0 (X11; Linux x86_64) AppleWebKit/537.36 (KHTML, like Gecko) HeadlessChrome/109.0.5414.119 Safari/537.36"
54.93.115.0 - - [06/Nov/2023:01:17:52 +0100] "GET /wp-includes/js/comment-reply.min.js HTTP/1.1" 200 1044 "https://www.computerdoc24.de/" "Mozilla/5.0 (X11; Linux x86_64) AppleWebKit/537.36 (KHTML, like Gecko) HeadlessChrome/109.0.5414.119 Safari/537.36"
54.93.115.0 - - [06/Nov/2023:01:17:52 +0100] "GET /wp-content/themes/en-vision/lib/js/jquery-smoothscroll.min.js HTTP/1.1" 200 2546 "https://www.computerdoc24.de/" "Mozilla/5.0 (X11; Linux x86_64) AppleWebKit/537.36 (KHTML, like Gecko) HeadlessChrome/109.0.5414.119 Safari/537.36"
54.93.115.0 - - [06/Nov/2023:01:17:52 +0100] "GET /wp-content/plugins/js_composer/assets/lib/bower/font-awesome/fonts/fontawesome-webfont.woff2?v=4.7.0 HTTP/1.1" 200 77162 "https://www.computerdoc24.de/wp-content/plugins/js_composer/assets/lib/bower/font-awesome/css/font-awesome.min.css" "Mozilla/5.0 (X11; Linux x86_64) AppleWebKit/537.36 (KHTML, like Gecko) HeadlessChrome/109.0.5414.119 Safari/537.36"
54.93.115.0 - - [06/Nov/2023:01:17:52 +0100] "GET /wp-includes/js/wp-embed.min.js HTTP/1.1" 200 777 "https://www.computerdoc24.de/" "Mozilla/5.0 (X11; Linux x86_64) AppleWebKit/537.36 (KHTML, like Gecko) HeadlessChrome/109.0.5414.119 Safari/537.36"
54.93.115.0 - - [06/Nov/2023:01:17:52 +0100] "GET /wp-content/plugins/shapepress-dsgvo/public/css/fonts/roboto/Roboto-Regular-webfont.woff HTTP/1.1" 200 20862 "https://www.computerdoc24.de/" "Mozilla/5.0 (X11; Linux x86_64) AppleWebKit/537.36 (KHTML, like Gecko) HeadlessChrome/109.0.5414.119 Safari/537.36"
54.93.115.0 - - [06/Nov/2023:01:17:52 +0100] "GET /wp-content/plugins/js_composer/assets/js/dist/js_composer_front.min.js HTTP/1.1" 200 5653 "https://www.computerdoc24.de/" "Mozilla/5.0 (X11; Linux x86_64) AppleWebKit/537.36 (KHTML, like Gecko) HeadlessChrome/109.0.5414.119 Safari/537.36"
54.93.115.0 - - [06/Nov/2023:01:17:52 +0100] "GET /wp-content/themes/en-vision/lib/images/sidebar-shadow-right.png HTTP/1.1" 200 534 "https://www.computerdoc24.de/wp-content/themes/en-vision/lib/css/style.min.css" "Mozilla/5.0 (X11; Linux x86_64) AppleWebKit/537.36 (KHTML, like Gecko) HeadlessChrome/109.0.5414.119 Safari/537.36"
54.93.115.0 - - [06/Nov/2023:01:17:52 +0100] "GET /wp-content/themes/en-vision/lib/patterns/escheresque_ste.png HTTP/1.1" 200 423 "https://www.computerdoc24.de/wp-content/uploads/Dark-Blue-Skin_f11de704061eed4e79d777b4e0c313ab.css?OlJKPnf0ao" "Mozilla/5.0 (X11; Linux x86_64) AppleWebKit/537.36 (KHTML, like Gecko) HeadlessChrome/109.0.5414.119 Safari/537.36"
54.93.115.0 - - [06/Nov/2023:01:17:52 +0100] "GET /wp-content/uploads/smile_fonts/Defaults/Defaults.woff?rfa9z8 HTTP/1.1" 200 66219 "https://www.computerdoc24.de/wp-content/uploads/smile_fonts/Defaults/Defaults.css" "Mozilla/5.0 (X11; Linux x86_64) AppleWebKit/537.36 (KHTML, like Gecko) HeadlessChrome/109.0.5414.119 Safari/537.36"
54.93.115.0 - - [06/Nov/2023:01:17:52 +0100] "GET /wp-content/plugins/revslider/public/assets/assets/loader.gif HTTP/1.1" 200 2545 "https://www.computerdoc24.de/wp-content/plugins/revslider/public/assets/css/rs6.css" "Mozilla/5.0 (X11; Linux x86_64) AppleWebKit/537.36 (KHTML, like Gecko) HeadlessChrome/109.0.5414.119 Safari/537.36"
54.93.115.0 - - [06/Nov/2023:01:17:52 +0100] "GET /wp-content/uploads/revslider/homepage/slider.png HTTP/1.1" 200 18173 "https://www.computerdoc24.de/" "Mozilla/5.0 (X11; Linux x86_64) AppleWebKit/537.36 (KHTML, like Gecko) HeadlessChrome/109.0.5414.119 Safari/537.36"
54.93.115.0 - - [06/Nov/2023:01:17:52 +0100] "GET /wp-content/uploads/revslider/homepage/hppc-1.png HTTP/1.1" 200 117566 "https://www.computerdoc24.de/" "Mozilla/5.0 (X11; Linux x86_64) AppleWebKit/537.36 (KHTML, like Gecko) HeadlessChrome/109.0.5414.119 Safari/537.36"
54.93.115.0 - - [06/Nov/2023:01:17:52 +0100] "GET /wp-content/uploads/revslider/homepage/bg-1.jpg HTTP/1.1" 200 41555 "https://www.computerdoc24.de/" "Mozilla/5.0 (X11; Linux x86_64) AppleWebKit/537.36 (KHTML, like Gecko) HeadlessChrome/109.0.5414.119 Safari/537.36"
54.93.115.0 - - [06/Nov/2023:01:17:52 +0100] "GET /wp-content/uploads/bg2-1-1.jpg HTTP/1.1" 200 470201 "https://www.computerdoc24.de/" "Mozilla/5.0 (X11; Linux x86_64) AppleWebKit/537.36 (KHTML, like Gecko) HeadlessChrome/109.0.5414.119 Safari/537.36"
54.93.115.0 - - [06/Nov/2023:01:17:52 +0100] "GET /wp-content/uploads/revslider/homepage/bg3.jpg HTTP/1.1" 200 189591 "https://www.computerdoc24.de/" "Mozilla/5.0 (X11; Linux x86_64) AppleWebKit/537.36 (KHTML, like Gecko) HeadlessChrome/109.0.5414.119 Safari/537.36"
54.93.115.0 - - [06/Nov/2023:01:17:52 +0100] "GET /wp-content/uploads/revslider/homepage/computer.png HTTP/1.1" 200 206463 "https://www.computerdoc24.de/" "Mozilla/5.0 (X11; Linux x86_64) AppleWebKit/537.36 (KHTML, like Gecko) HeadlessChrome/109.0.5414.119 Safari/537.36"
54.93.115.0 - - [06/Nov/2023:01:17:52 +0100] "GET /wp-content/themes/en-vision/includes/modules/module.shadow/shadows/shadow-6.png HTTP/1.1" 200 5589 "https://www.computerdoc24.de/" "Mozilla/5.0 (X11; Linux x86_64) AppleWebKit/537.36 (KHTML, like Gecko) HeadlessChrome/109.0.5414.119 Safari/537.36"
54.93.115.0 - - [06/Nov/2023:01:17:52 +0100] "GET /wp-content/uploads/Network-1.png HTTP/1.1" 200 55283 "https://www.computerdoc24.de/" "Mozilla/5.0 (X11; Linux x86_64) AppleWebKit/537.36 (KHTML, like Gecko) HeadlessChrome/109.0.5414.119 Safari/537.36"
54.93.115.0 - - [06/Nov/2023:01:17:52 +0100] "GET /wp-content/uploads/logo-2-3.png HTTP/1.1" 200 15255 "https://www.computerdoc24.de/" "Mozilla/5.0 (X11; Linux x86_64) AppleWebKit/537.36 (KHTML, like Gecko) HeadlessChrome/109.0.5414.119 Safari/537.36"
54.93.115.0 - - [06/Nov/2023:01:17:52 +0100] "GET /wp-content/uploads/zwanzigjahrecomputerdoc24-1-300x258.png HTTP/1.1" 200 29230 "https://www.computerdoc24.de/" "Mozilla/5.0 (X11; Linux x86_64) AppleWebKit/537.36 (KHTML, like Gecko) HeadlessChrome/109.0.5414.119 Safari/537.36"
54.93.115.0 - - [06/Nov/2023:01:17:52 +0100] "POST /?wc-ajax=get_refreshed_fragments HTTP/1.1" 200 177 "https://www.computerdoc24.de/" "Mozilla/5.0 (X11; Linux x86_64) AppleWebKit/537.36 (KHTML, like Gecko) HeadlessChrome/109.0.5414.119 Safari/537.36"
54.93.115.0 - - [06/Nov/2023:01:17:53 +0100] "GET /wp-content/uploads/20200603_115624-300x300.jpg HTTP/1.1" 200 22167 "https://www.computerdoc24.de/" "Mozilla/5.0 (X11; Linux x86_64) AppleWebKit/537.36 (KHTML, like Gecko) HeadlessChrome/109.0.5414.119 Safari/537.36"
54.93.115.0 - - [06/Nov/2023:01:17:53 +0100] "GET /wp-content/uploads/logitech_mk270-300x300.jpg HTTP/1.1" 200 9007 "https://www.computerdoc24.de/" "Mozilla/5.0 (X11; Linux x86_64) AppleWebKit/537.36 (KHTML, like Gecko) HeadlessChrome/109.0.5414.119 Safari/537.36"
54.93.115.0 - - [06/Nov/2023:01:17:53 +0100] "GET /wp-content/uploads/logitech_s-120-300x300.jpg HTTP/1.1" 200 14390 "https://www.computerdoc24.de/" "Mozilla/5.0 (X11; Linux x86_64) AppleWebKit/537.36 (KHTML, like Gecko) HeadlessChrome/109.0.5414.119 Safari/537.36"
:: - - [06/Nov/2023:01:18:01 +0100] "OPTIONS * HTTP/1.0" 200 - "-" "Apache/2.4.6 (CentOS) OpenSSL/1.0.2k-fips mod_fcgid/2.3.9 (internal dummy connection)"
54.93.115.0 - - [06/Nov/2023:01:18:06 +0100] "GET /fernwartung/ HTTP/1.1" 200 12447 "-" "Mozilla/5.0 (X11; Linux x86_64) AppleWebKit/537.36 (KHTML, like Gecko) Chrome/111.0.5563.146  Safari/537.36"
54.93.115.0 - - [06/Nov/2023:01:18:06 +0100] "GET /service/ HTTP/1.1" 200 16028 "-" "Mozilla/5.0 (X11; Linux x86_64) AppleWebKit/537.36 (KHTML, like Gecko) Chrome/111.0.5563.146  Safari/537.36"
54.93.115.0 - - [06/Nov/2023:01:18:08 +0100] "GET /aktuelle-angebote/ HTTP/1.1" 200 13458 "-" "Mozilla/5.0 (X11; Linux x86_64) AppleWebKit/537.36 (KHTML, like Gecko) Chrome/111.0.5563.146  Safari/537.36"
54.93.115.0 - - [06/Nov/2023:01:18:08 +0100] "GET /pc-ankauf/ HTTP/1.1" 200 13755 "-" "Mozilla/5.0 (X11; Linux x86_64) AppleWebKit/537.36 (KHTML, like Gecko) Chrome/111.0.5563.146  Safari/537.36"
54.93.115.0 - - [06/Nov/2023:01:18:09 +0100] "GET /software/ HTTP/1.1" 200 11864 "-" "Mozilla/5.0 (X11; Linux x86_64) AppleWebKit/537.36 (KHTML, like Gecko) Chrome/111.0.5563.146  Safari/537.36"
54.93.115.0 - - [06/Nov/2023:01:18:10 +0100] "GET /presse/ HTTP/1.1" 200 13395 "-" "Mozilla/5.0 (X11; Linux x86_64) AppleWebKit/537.36 (KHTML, like Gecko) Chrome/111.0.5563.146  Safari/537.36"
54.93.115.0 - - [06/Nov/2023:01:18:11 +0100] "GET /kontakt/ HTTP/1.1" 200 14138 "-" "Mozilla/5.0 (X11; Linux x86_64) AppleWebKit/537.36 (KHTML, like Gecko) Chrome/111.0.5563.146  Safari/537.36"
54.93.115.0 - - [06/Nov/2023:01:18:12 +0100] "GET /product/sandisk-usb-sticks-mit-schieber-16gb-10e-32gb-15e-64gb-20e-128gb-30e/ HTTP/1.1" 200 15565 "-" "Mozilla/5.0 (X11; Linux x86_64) AppleWebKit/537.36 (KHTML, like Gecko) Chrome/111.0.5563.146  Safari/537.36"
54.93.115.0 - - [06/Nov/2023:01:18:13 +0100] "GET /product/logitech-mk270-wireless-desktop-combo/ HTTP/1.1" 200 16455 "-" "Mozilla/5.0 (X11; Linux x86_64) AppleWebKit/537.36 (KHTML, like Gecko) Chrome/111.0.5563.146  Safari/537.36"
54.93.115.0 - - [06/Nov/2023:01:18:14 +0100] "GET /product/logitech-speaker-s-120-2-0-23w-rms/ HTTP/1.1" 200 15877 "-" "Mozilla/5.0 (X11; Linux x86_64) AppleWebKit/537.36 (KHTML, like Gecko) Chrome/111.0.5563.146  Safari/537.36"
54.93.115.0 - - [06/Nov/2023:01:18:15 +0100] "GET /product/logitech-keyboard-k120-black-de/ HTTP/1.1" 200 16784 "-" "Mozilla/5.0 (X11; Linux x86_64) AppleWebKit/537.36 (KHTML, like Gecko) Chrome/111.0.5563.146  Safari/537.36"
54.93.115.0 - - [06/Nov/2023:01:18:16 +0100] "GET /product/logitech-oem-optical-mouse-b100-black/ HTTP/1.1" 200 15406 "-" "Mozilla/5.0 (X11; Linux x86_64) AppleWebKit/537.36 (KHTML, like Gecko) Chrome/111.0.5563.146  Safari/537.36"
54.93.115.0 - - [06/Nov/2023:01:18:17 +0100] "GET /impressum/ HTTP/1.1" 200 14283 "-" "Mozilla/5.0 (X11; Linux x86_64) AppleWebKit/537.36 (KHTML, like Gecko) Chrome/111.0.5563.146  Safari/537.36"
54.93.115.0 - - [06/Nov/2023:01:18:17 +0100] "GET /datenschutzerklaerung/ HTTP/1.1" 200 24463 "-" "Mozilla/5.0 (X11; Linux x86_64) AppleWebKit/537.36 (KHTML, like Gecko) Chrome/111.0.5563.146  Safari/537.36"
54.93.115.0 - - [06/Nov/2023:01:18:18 +0100] "GET /allgemeine-geschaeftsbedingungen/ HTTP/1.1" 200 14277 "-" "Mozilla/5.0 (X11; Linux x86_64) AppleWebKit/537.36 (KHTML, like Gecko) Chrome/111.0.5563.146  Safari/537.36"
54.93.115.0 - - [06/Nov/2023:01:18:19 +0100] "GET /product-category/aktuelle-angebote/ HTTP/1.1" 200 13464 "-" "Mozilla/5.0 (X11; Linux x86_64) AppleWebKit/537.36 (KHTML, like Gecko) Chrome/111.0.5563.146  Safari/537.36"
54.93.115.0 - - [06/Nov/2023:01:18:20 +0100] "GET /product-category/aktuelle-angebote/tastatur-und-maus/ HTTP/1.1" 200 12771 "-" "Mozilla/5.0 (X11; Linux x86_64) AppleWebKit/537.36 (KHTML, like Gecko) Chrome/111.0.5563.146  Safari/537.36"
81.169.178.0 - - [06/Nov/2023:01:20:16 +0100] "POST /wp-cron.php?doing_wp_cron=1699230016.6604220867156982421875 HTTP/1.1" 200 - "https://www.computerdoc24.de/wp-cron.php?doing_wp_cron=1699230016.6604220867156982421875" "WordPress/5.2.19; https://www.computerdoc24.de"
62.138.2.0 - - [06/Nov/2023:01:20:16 +0100] "GET /robots.txt HTTP/1.1" 200 69 "-" "Mozilla/5.0 (Macintosh; Intel Mac OS X 10.15; rv:103.0) Gecko/20100101 Firefox/103.0"
62.138.2.0 - - [06/Nov/2023:01:20:17 +0100] "GET /service/ HTTP/1.1" 200 16023 "-" "Mozilla/5.0 (Macintosh; Intel Mac OS X 10.15; rv:103.0) Gecko/20100101 Firefox/103.0"
62.138.3.0 - - [06/Nov/2023:01:21:21 +0100] "GET /wp-content/uploads/services-1.jpg HTTP/1.1" 200 45657 "https://www.computerdoc24.de/service/" "Mozilla/5.0 (Macintosh; Intel Mac OS X 10.15; rv:103.0) Gecko/20100101 Firefox/103.0"
81.169.178.0 - - [06/Nov/2023:01:26:12 +0100] "POST /wp-cron.php?doing_wp_cron=1699230372.2458629608154296875000 HTTP/1.1" 200 - "https://www.ipcbusiness.de/wp-cron.php?doing_wp_cron=1699230372.2458629608154296875000" "WordPress/5.8.8; https://www.ipcbusiness.de"
62.138.2.0 - - [06/Nov/2023:01:26:11 +0100] "GET /robots.txt HTTP/1.1" 200 69 "-" "Mozilla/5.0 (Macintosh; Intel Mac OS X 10.15; rv:103.0) Gecko/20100101 Firefox/103.0"
62.138.2.0 - - [06/Nov/2023:01:26:12 +0100] "GET /impressum/ HTTP/1.1" 200 13735 "-" "Mozilla/5.0 (Macintosh; Intel Mac OS X 10.15; rv:103.0) Gecko/20100101 Firefox/103.0"
81.169.178.0 - - [06/Nov/2023:01:27:25 +0100] "POST /wp-cron.php?doing_wp_cron=1699230445.1566379070281982421875 HTTP/1.1" 200 - "https://www.computerdoc24.de/wp-cron.php?doing_wp_cron=1699230445.1566379070281982421875" "WordPress/5.2.19; https://www.computerdoc24.de"
164.92.98.0 - - [06/Nov/2023:01:27:24 +0100] "GET /product/sandisk-usb-sticks-mit-schieber-16gb-10e-32gb-15e-64gb-20e-128gb-30e/ HTTP/1.1" 200 15570 "-" "Mozilla/5.0 (Macintosh; Intel Mac OS X 10_15_7) AppleWebKit/537.36 (KHTML, like Gecko) Chrome/114.0.0.0 Safari/537.36"
34.78.6.0 - - [06/Nov/2023:01:28:16 +0100] "GET / HTTP/1.1" 403 2411 "-" "python-requests/2.31.0"
81.169.178.0 - - [06/Nov/2023:01:29:51 +0100] "POST /wp-cron.php?doing_wp_cron=1699230591.3825099468231201171875 HTTP/1.1" 200 - "https://www.computerdoc24.de/wp-cron.php?doing_wp_cron=1699230591.3825099468231201171875" "WordPress/5.2.19; https://www.computerdoc24.de"
62.138.2.0 - - [06/Nov/2023:01:29:51 +0100] "GET /robots.txt HTTP/1.1" 200 69 "-" "Mozilla/5.0 (Macintosh; Intel Mac OS X 10.15; rv:103.0) Gecko/20100101 Firefox/103.0"
62.138.2.0 - - [06/Nov/2023:01:29:52 +0100] "GET /pc-ankauf/ HTTP/1.1" 200 13755 "-" "Mozilla/5.0 (Macintosh; Intel Mac OS X 10.15; rv:103.0) Gecko/20100101 Firefox/103.0"
207.154.236.0 - - [06/Nov/2023:01:31:15 +0100] "GET /index.html HTTP/1.1" 200 2590 "-" "Mozilla/5.0 (Macintosh; Intel Mac OS X 10_15_7) AppleWebKit/537.36 (KHTML, like Gecko) Chrome/114.0.0.0 Safari/537.36"
81.169.178.0 - - [06/Nov/2023:01:33:46 +0100] "POST /wp-cron.php?doing_wp_cron=1699230826.3231399059295654296875 HTTP/1.1" 200 - "https://www.computerdoc24.de/wp-cron.php?doing_wp_cron=1699230826.3231399059295654296875" "WordPress/5.2.19; https://www.computerdoc24.de"
62.138.2.0 - - [06/Nov/2023:01:33:46 +0100] "GET /sitemap.xml HTTP/1.1" 200 11026 "-" "Mozilla/5.0 (Macintosh; Intel Mac OS X 10.15; rv:103.0) Gecko/20100101 Firefox/103.0"
62.138.2.0 - - [06/Nov/2023:01:33:57 +0100] "GET / HTTP/1.1" 200 20476 "-" "Mozilla/5.0 (Macintosh; Intel Mac OS X 10.15; rv:103.0) Gecko/20100101 Firefox/103.0"
81.169.178.0 - - [06/Nov/2023:01:40:40 +0100] "POST /wp-cron.php?doing_wp_cron=1699231240.2288150787353515625000 HTTP/1.1" 200 - "https://www.computerdoc24.de/wp-cron.php?doing_wp_cron=1699231240.2288150787353515625000" "WordPress/5.2.19; https://www.computerdoc24.de"
91.41.169.0 - - [06/Nov/2023:01:40:40 +0100] "GET /aktuelle-angebote/page/2/ HTTP/1.1" 200 11026 "https://www.computerdoc24.de/aktuelle-angebote/" "Mozilla/5.0 (Windows NT 10.0; Win64; x64; rv:109.0) Gecko/20100101 Firefox/118.0"
91.41.169.0 - - [06/Nov/2023:01:40:41 +0100] "GET /wp-includes/css/dist/block-library/style.min.css HTTP/1.1" 200 4788 "https://www.computerdoc24.de/aktuelle-angebote/page/2/" "Mozilla/5.0 (Windows NT 10.0; Win64; x64; rv:109.0) Gecko/20100101 Firefox/118.0"
91.41.169.0 - - [06/Nov/2023:01:40:41 +0100] "GET /wp-includes/css/dist/block-library/theme.min.css HTTP/1.1" 200 562 "https://www.computerdoc24.de/aktuelle-angebote/page/2/" "Mozilla/5.0 (Windows NT 10.0; Win64; x64; rv:109.0) Gecko/20100101 Firefox/118.0"
91.41.169.0 - - [06/Nov/2023:01:40:41 +0100] "GET /wp-content/plugins/wpt-login/css/custom-login.css HTTP/1.1" 200 707 "https://www.computerdoc24.de/aktuelle-angebote/page/2/" "Mozilla/5.0 (Windows NT 10.0; Win64; x64; rv:109.0) Gecko/20100101 Firefox/118.0"
91.41.169.0 - - [06/Nov/2023:01:40:41 +0100] "GET /wp-content/plugins/woocommerce/packages/woocommerce-blocks/build/style.css HTTP/1.1" 200 2310 "https://www.computerdoc24.de/aktuelle-angebote/page/2/" "Mozilla/5.0 (Windows NT 10.0; Win64; x64; rv:109.0) Gecko/20100101 Firefox/118.0"
91.41.169.0 - - [06/Nov/2023:01:40:41 +0100] "GET /wp-content/plugins/contact-form-7/includes/css/styles.css HTTP/1.1" 200 651 "https://www.computerdoc24.de/aktuelle-angebote/page/2/" "Mozilla/5.0 (Windows NT 10.0; Win64; x64; rv:109.0) Gecko/20100101 Firefox/118.0"
91.41.169.0 - - [06/Nov/2023:01:40:41 +0100] "GET /wp-content/plugins/shapepress-dsgvo/public/css/sp-dsgvo-public.min.css HTTP/1.1" 200 1087 "https://www.computerdoc24.de/aktuelle-angebote/page/2/" "Mozilla/5.0 (Windows NT 10.0; Win64; x64; rv:109.0) Gecko/20100101 Firefox/118.0"
91.41.169.0 - - [06/Nov/2023:01:40:41 +0100] "GET /wp-content/plugins/shapepress-dsgvo/public/css/sp-dsgvo-popup.min.css HTTP/1.1" 200 2375 "https://www.computerdoc24.de/aktuelle-angebote/page/2/" "Mozilla/5.0 (Windows NT 10.0; Win64; x64; rv:109.0) Gecko/20100101 Firefox/118.0"
91.41.169.0 - - [06/Nov/2023:01:40:41 +0100] "GET /wp-content/plugins/shapepress-dsgvo/public/css/simplebar.min.css HTTP/1.1" 200 836 "https://www.computerdoc24.de/aktuelle-angebote/page/2/" "Mozilla/5.0 (Windows NT 10.0; Win64; x64; rv:109.0) Gecko/20100101 Firefox/118.0"
91.41.169.0 - - [06/Nov/2023:01:40:41 +0100] "GET /wp-content/uploads/smile_fonts/Defaults/Defaults.css HTTP/1.1" 200 4755 "https://www.computerdoc24.de/aktuelle-angebote/page/2/" "Mozilla/5.0 (Windows NT 10.0; Win64; x64; rv:109.0) Gecko/20100101 Firefox/118.0"
91.41.169.0 - - [06/Nov/2023:01:40:41 +0100] "GET /wp-content/plugins/shapepress-dsgvo/public/css/bootstrap-grid.min.css HTTP/1.1" 200 6484 "https://www.computerdoc24.de/aktuelle-angebote/page/2/" "Mozilla/5.0 (Windows NT 10.0; Win64; x64; rv:109.0) Gecko/20100101 Firefox/118.0"
91.41.169.0 - - [06/Nov/2023:01:40:41 +0100] "GET /wp-content/themes/en-vision/lib/css/style.min.css HTTP/1.1" 200 38861 "https://www.computerdoc24.de/aktuelle-angebote/page/2/" "Mozilla/5.0 (Windows NT 10.0; Win64; x64; rv:109.0) Gecko/20100101 Firefox/118.0"
91.41.169.0 - - [06/Nov/2023:01:40:41 +0100] "GET /wp-content/themes/en-vision/lib/css/bootstrap-responsive-1170.min.css HTTP/1.1" 200 1157 "https://www.computerdoc24.de/aktuelle-angebote/page/2/" "Mozilla/5.0 (Windows NT 10.0; Win64; x64; rv:109.0) Gecko/20100101 Firefox/118.0"
91.41.169.0 - - [06/Nov/2023:01:40:41 +0100] "GET /wp-content/themes/en-vision/lib/css/woocommerce.min.css HTTP/1.1" 200 9641 "https://www.computerdoc24.de/aktuelle-angebote/page/2/" "Mozilla/5.0 (Windows NT 10.0; Win64; x64; rv:109.0) Gecko/20100101 Firefox/118.0"
91.41.169.0 - - [06/Nov/2023:01:40:41 +0100] "GET /wp-content/themes/en-vision/includes/modules/module.fontawesome/source/css/font-awesome.min.css HTTP/1.1" 200 4680 "https://www.computerdoc24.de/aktuelle-angebote/page/2/" "Mozilla/5.0 (Windows NT 10.0; Win64; x64; rv:109.0) Gecko/20100101 Firefox/118.0"
91.41.169.0 - - [06/Nov/2023:01:40:41 +0100] "GET /wp-content/themes/en-vision/includes/modules/module.icomoon/source/css/icomoon.css HTTP/1.1" 200 8420 "https://www.computerdoc24.de/aktuelle-angebote/page/2/" "Mozilla/5.0 (Windows NT 10.0; Win64; x64; rv:109.0) Gecko/20100101 Firefox/118.0"
91.41.169.0 - - [06/Nov/2023:01:40:41 +0100] "GET /wp-content/uploads/Dark-Blue-Skin_f11de704061eed4e79d777b4e0c313ab.css?OlJKPnf0ao HTTP/1.1" 200 4393 "https://www.computerdoc24.de/aktuelle-angebote/page/2/" "Mozilla/5.0 (Windows NT 10.0; Win64; x64; rv:109.0) Gecko/20100101 Firefox/118.0"
91.41.169.0 - - [06/Nov/2023:01:40:41 +0100] "GET /wp-includes/js/jquery/jquery.js HTTP/1.1" 200 33776 "https://www.computerdoc24.de/aktuelle-angebote/page/2/" "Mozilla/5.0 (Windows NT 10.0; Win64; x64; rv:109.0) Gecko/20100101 Firefox/118.0"
91.41.169.0 - - [06/Nov/2023:01:40:41 +0100] "GET /wp-includes/js/jquery/jquery-migrate.min.js HTTP/1.1" 200 4014 "https://www.computerdoc24.de/aktuelle-angebote/page/2/" "Mozilla/5.0 (Windows NT 10.0; Win64; x64; rv:109.0) Gecko/20100101 Firefox/118.0"
91.41.169.0 - - [06/Nov/2023:01:40:41 +0100] "GET /wp-content/plugins/woocommerce/assets/js/jquery-blockui/jquery.blockUI.min.js HTTP/1.1" 200 3533 "https://www.computerdoc24.de/aktuelle-angebote/page/2/" "Mozilla/5.0 (Windows NT 10.0; Win64; x64; rv:109.0) Gecko/20100101 Firefox/118.0"
91.41.169.0 - - [06/Nov/2023:01:40:41 +0100] "GET /wp-content/plugins/woocommerce/assets/js/frontend/add-to-cart.min.js HTTP/1.1" 200 1017 "https://www.computerdoc24.de/aktuelle-angebote/page/2/" "Mozilla/5.0 (Windows NT 10.0; Win64; x64; rv:109.0) Gecko/20100101 Firefox/118.0"
91.41.169.0 - - [06/Nov/2023:01:40:41 +0100] "GET /wp-content/cache/autoptimize/js/autoptimize_single_902b7ca09549975e55e136fb0026df9a.js HTTP/1.1" 200 319 "https://www.computerdoc24.de/aktuelle-angebote/page/2/" "Mozilla/5.0 (Windows NT 10.0; Win64; x64; rv:109.0) Gecko/20100101 Firefox/118.0"
91.41.169.0 - - [06/Nov/2023:01:40:41 +0100] "GET /wp-content/plugins/shapepress-dsgvo/public/js/sp-dsgvo-public.min.js HTTP/1.1" 200 4590 "https://www.computerdoc24.de/aktuelle-angebote/page/2/" "Mozilla/5.0 (Windows NT 10.0; Win64; x64; rv:109.0) Gecko/20100101 Firefox/118.0"
91.41.169.0 - - [06/Nov/2023:01:40:41 +0100] "GET /wp-content/plugins/autoptimize/classes/external/js/lazysizes.min.js HTTP/1.1" 200 4122 "https://www.computerdoc24.de/aktuelle-angebote/page/2/" "Mozilla/5.0 (Windows NT 10.0; Win64; x64; rv:109.0) Gecko/20100101 Firefox/118.0"
91.41.169.0 - - [06/Nov/2023:01:40:41 +0100] "GET /wp-content/plugins/revslider/public/assets/css/rs6.css HTTP/1.1" 200 12282 "https://www.computerdoc24.de/aktuelle-angebote/page/2/" "Mozilla/5.0 (Windows NT 10.0; Win64; x64; rv:109.0) Gecko/20100101 Firefox/118.0"
91.41.169.0 - - [06/Nov/2023:01:40:41 +0100] "GET /wp-content/themes/en-vision/lib/js/app.min.js HTTP/1.1" 200 31108 "https://www.computerdoc24.de/aktuelle-angebote/page/2/" "Mozilla/5.0 (Windows NT 10.0; Win64; x64; rv:109.0) Gecko/20100101 Firefox/118.0"
91.41.169.0 - - [06/Nov/2023:01:40:41 +0100] "GET /wp-content/cache/autoptimize/js/autoptimize_single_9ff8e720094fe3a7fa3ab5a2e8fe5919.js HTTP/1.1" 200 587 "https://www.computerdoc24.de/aktuelle-angebote/page/2/" "Mozilla/5.0 (Windows NT 10.0; Win64; x64; rv:109.0) Gecko/20100101 Firefox/118.0"
91.41.169.0 - - [06/Nov/2023:01:40:41 +0100] "GET /wp-content/cache/autoptimize/js/autoptimize_single_1534f06aa2b1b721a45372f8238e2461.js HTTP/1.1" 200 3352 "https://www.computerdoc24.de/aktuelle-angebote/page/2/" "Mozilla/5.0 (Windows NT 10.0; Win64; x64; rv:109.0) Gecko/20100101 Firefox/118.0"
91.41.169.0 - - [06/Nov/2023:01:40:41 +0100] "GET /wp-content/plugins/woocommerce/assets/js/js-cookie/js.cookie.min.js HTTP/1.1" 200 981 "https://www.computerdoc24.de/aktuelle-angebote/page/2/" "Mozilla/5.0 (Windows NT 10.0; Win64; x64; rv:109.0) Gecko/20100101 Firefox/118.0"
91.41.169.0 - - [06/Nov/2023:01:40:41 +0100] "GET /wp-content/plugins/woocommerce/assets/js/frontend/woocommerce.min.js HTTP/1.1" 200 619 "https://www.computerdoc24.de/aktuelle-angebote/page/2/" "Mozilla/5.0 (Windows NT 10.0; Win64; x64; rv:109.0) Gecko/20100101 Firefox/118.0"
91.41.169.0 - - [06/Nov/2023:01:40:41 +0100] "GET /wp-content/plugins/woocommerce/assets/js/frontend/cart-fragments.min.js HTTP/1.1" 200 1042 "https://www.computerdoc24.de/aktuelle-angebote/page/2/" "Mozilla/5.0 (Windows NT 10.0; Win64; x64; rv:109.0) Gecko/20100101 Firefox/118.0"
91.41.169.0 - - [06/Nov/2023:01:40:41 +0100] "GET /wp-content/plugins/shapepress-dsgvo/public/js/simplebar.min.js HTTP/1.1" 200 18376 "https://www.computerdoc24.de/aktuelle-angebote/page/2/" "Mozilla/5.0 (Windows NT 10.0; Win64; x64; rv:109.0) Gecko/20100101 Firefox/118.0"
91.41.169.0 - - [06/Nov/2023:01:40:41 +0100] "GET /wp-content/themes/en-vision/lib/js/woocommerce.min.js HTTP/1.1" 200 1122 "https://www.computerdoc24.de/aktuelle-angebote/page/2/" "Mozilla/5.0 (Windows NT 10.0; Win64; x64; rv:109.0) Gecko/20100101 Firefox/118.0"
91.41.169.0 - - [06/Nov/2023:01:40:42 +0100] "GET /wp-includes/js/wp-embed.min.js HTTP/1.1" 200 777 "https://www.computerdoc24.de/aktuelle-angebote/page/2/" "Mozilla/5.0 (Windows NT 10.0; Win64; x64; rv:109.0) Gecko/20100101 Firefox/118.0"
91.41.169.0 - - [06/Nov/2023:01:40:42 +0100] "GET /wp-content/themes/en-vision/lib/js/jquery-smoothscroll.min.js HTTP/1.1" 200 2546 "https://www.computerdoc24.de/aktuelle-angebote/page/2/" "Mozilla/5.0 (Windows NT 10.0; Win64; x64; rv:109.0) Gecko/20100101 Firefox/118.0"
