45.154.98.0 - - [06/Nov/2023:05:02:13 +0100] "GET /wp-content/plugins/nd-learning/readme.txt HTTP/1.1" 200 - "-" "Mozilla/5.0 (Linux; Android 11; ONEPLUS A6013) AppleWebKit/537.36 (KHTML, like Gecko) Chrome/118.0.0.0 Mobile Safari/537.36"
81.169.178.0 - - [06/Nov/2023:05:02:13 +0100] "POST /?wordfence_syncAttackData=1699243333.2457 HTTP/1.1" 200 - "https://www.computerdoc24.de/?wordfence_syncAttackData=1699243333.2457" "WordPress/5.2.19; https://www.computerdoc24.de"
45.154.98.0 - - [06/Nov/2023:05:02:13 +0100] "GET /wp-content/themes/listingo/js/listingo_callbacks.js HTTP/1.1" 200 - "-" "Mozilla/5.0 (Linux; Android 11; ONEPLUS A6013) AppleWebKit/537.36 (KHTML, like Gecko) Chrome/118.0.0.0 Mobile Safari/537.36"
81.169.178.0 - - [06/Nov/2023:05:02:14 +0100] "POST /?wordfence_syncAttackData=1699243334.5957 HTTP/1.1" 200 - "https://www.ipcbusiness.de/?wordfence_syncAttackData=1699243334.5957" "WordPress/5.8.8; https://www.ipcbusiness.de"
45.154.98.0 - - [06/Nov/2023:05:02:14 +0100] "GET /wp-content/plugins/nd-learning/readme.txt HTTP/1.1" 200 9961 "-" "Mozilla/5.0 (Linux; Android 11; ONEPLUS A6013) AppleWebKit/537.36 (KHTML, like Gecko) Chrome/118.0.0.0 Mobile Safari/537.36"
45.154.98.0 - - [06/Nov/2023:05:02:14 +0100] "GET /wp-content/themes/listingo/js/listingo_callbacks.js HTTP/1.1" 200 - "-" "Mozilla/5.0 (Linux; Android 11; ONEPLUS A6013) AppleWebKit/537.36 (KHTML, like Gecko) Chrome/118.0.0.0 Mobile Safari/537.36"
45.154.98.0 - - [06/Nov/2023:05:02:15 +0100] "GET /wp-content/plugins/wpcargo/readme.txt HTTP/1.1" 301 268 "-" "Mozilla/5.0 (Linux; Android 11; ONEPLUS A6013) AppleWebKit/537.36 (KHTML, like Gecko) Chrome/118.0.0.0 Mobile Safari/537.36"
45.154.98.0 - - [06/Nov/2023:05:02:15 +0100] "GET /wp-content/themes/listingo/js/listingo_callbacks.js HTTP/1.1" 200 11030 "-" "Mozilla/5.0 (Linux; Android 11; ONEPLUS A6013) AppleWebKit/537.36 (KHTML, like Gecko) Chrome/118.0.0.0 Mobile Safari/537.36"
45.154.98.0 - - [06/Nov/2023:05:02:15 +0100] "GET /wp-content/plugins/wpcargo/readme.txt HTTP/1.1" 200 - "-" "Mozilla/5.0 (Linux; Android 11; ONEPLUS A6013) AppleWebKit/537.36 (KHTML, like Gecko) Chrome/118.0.0.0 Mobile Safari/537.36"
45.154.98.0 - - [06/Nov/2023:05:02:18 +0100] "GET /wp-content/plugins/wpcargo/readme.txt HTTP/1.1" 200 9956 "-" "Mozilla/5.0 (Linux; Android 11; ONEPLUS A6013) AppleWebKit/537.36 (KHTML, like Gecko) Chrome/118.0.0.0 Mobile Safari/537.36"
45.154.98.0 - - [06/Nov/2023:05:02:20 +0100] "GET /wp-content/themes/greyd_suite/style.css HTTP/1.1" 200 - "-" "Mozilla/5.0 (iPhone; CPU iPhone OS 17_0 like Mac OS X) AppleWebKit/605.1.15 (KHTML, like Gecko) CriOS/118.0.5993.69 Mobile/15E148 Safari/604.1"
45.154.98.0 - - [06/Nov/2023:05:02:21 +0100] "GET /wp-content/themes/greyd_suite/style.css HTTP/1.1" 200 - "-" "Mozilla/5.0 (iPhone; CPU iPhone OS 17_0 like Mac OS X) AppleWebKit/605.1.15 (KHTML, like Gecko) CriOS/118.0.5993.69 Mobile/15E148 Safari/604.1"
45.154.98.0 - - [06/Nov/2023:05:02:22 +0100] "GET /wp-content/themes/greyd_suite/style.css HTTP/1.1" 200 11030 "-" "Mozilla/5.0 (iPhone; CPU iPhone OS 17_0 like Mac OS X) AppleWebKit/605.1.15 (KHTML, like Gecko) CriOS/118.0.5993.69 Mobile/15E148 Safari/604.1"
45.154.98.0 - - [06/Nov/2023:05:02:23 +0100] "GET /wp-content/plugins/woo-product-table/readme.txt HTTP/1.1" 301 278 "-" "Mozilla/5.0 (iPhone; CPU iPhone OS 17_0 like Mac OS X) AppleWebKit/605.1.15 (KHTML, like Gecko) CriOS/118.0.5993.69 Mobile/15E148 Safari/604.1"
81.169.178.0 - - [06/Nov/2023:05:02:24 +0100] "POST /?wordfence_syncAttackData=1699243344.5677 HTTP/1.1" 200 - "https://www.computerdoc24.de/?wordfence_syncAttackData=1699243344.5677" "WordPress/5.2.19; https://www.computerdoc24.de"
45.154.98.0 - - [06/Nov/2023:05:02:24 +0100] "GET /wp-content/plugins/simply-schedule-appointments/readme.txt HTTP/1.1" 200 - "-" "Mozilla/5.0 (Windows NT 10.0; Win64; x64) AppleWebKit/537.36 (KHTML, like Gecko) Chrome/118.0.0.0 Safari/537.36"
45.154.98.0 - - [06/Nov/2023:05:02:25 +0100] "GET /wp-content/plugins/simply-schedule-appointments/readme.txt HTTP/1.1" 200 - "-" "Mozilla/5.0 (Windows NT 10.0; Win64; x64) AppleWebKit/537.36 (KHTML, like Gecko) Chrome/118.0.0.0 Safari/537.36"
81.169.178.0 - - [06/Nov/2023:05:02:26 +0100] "POST /?wordfence_syncAttackData=1699243346.3948 HTTP/1.1" 200 - "https://www.ipcbusiness.de/?wordfence_syncAttackData=1699243346.3948" "WordPress/5.8.8; https://www.ipcbusiness.de"
45.154.98.0 - - [06/Nov/2023:05:02:26 +0100] "GET /wp-content/plugins/simply-schedule-appointments/readme.txt HTTP/1.1" 200 11026 "-" "Mozilla/5.0 (Windows NT 10.0; Win64; x64) AppleWebKit/537.36 (KHTML, like Gecko) Chrome/118.0.0.0 Safari/537.36"
45.154.98.0 - - [06/Nov/2023:05:02:26 +0100] "GET /wp-content/plugins/woo-product-table/readme.txt HTTP/1.1" 200 - "-" "Mozilla/5.0 (iPhone; CPU iPhone OS 17_0 like Mac OS X) AppleWebKit/605.1.15 (KHTML, like Gecko) CriOS/118.0.5993.69 Mobile/15E148 Safari/604.1"
45.154.98.0 - - [06/Nov/2023:05:02:28 +0100] "GET /wp-content/plugins/woo-product-table/readme.txt HTTP/1.1" 200 9964 "-" "Mozilla/5.0 (iPhone; CPU iPhone OS 17_0 like Mac OS X) AppleWebKit/605.1.15 (KHTML, like Gecko) CriOS/118.0.5993.69 Mobile/15E148 Safari/604.1"
81.169.178.0 - - [06/Nov/2023:05:02:26 +0100] "POST /wp-cron.php?doing_wp_cron=1699243346.8065450191497802734375 HTTP/1.1" 200 - "https://www.ipcbusiness.de/wp-cron.php?doing_wp_cron=1699243346.8065450191497802734375" "WordPress/5.8.8; https://www.ipcbusiness.de"
45.154.98.0 - - [06/Nov/2023:05:02:31 +0100] "GET /wp-content/plugins/directorist/readme.txt HTTP/1.1" 200 - "-" "Mozilla/5.0 (iPhone; CPU iPhone OS 17_0 like Mac OS X) AppleWebKit/605.1.15 (KHTML, like Gecko) CriOS/118.0.5993.69 Mobile/15E148 Safari/604.1"
45.154.98.0 - - [06/Nov/2023:05:02:32 +0100] "GET /wp-content/plugins/directorist/readme.txt HTTP/1.1" 200 - "-" "Mozilla/5.0 (iPhone; CPU iPhone OS 17_0 like Mac OS X) AppleWebKit/605.1.15 (KHTML, like Gecko) CriOS/118.0.5993.69 Mobile/15E148 Safari/604.1"
45.154.98.0 - - [06/Nov/2023:05:02:33 +0100] "GET /wp-content/plugins/udraw/readme.txt HTTP/1.1" 301 266 "-" "Mozilla/5.0 (Linux; Android 11; Lenovo YT-J706X) AppleWebKit/537.36 (KHTML, like Gecko) Chrome/118.0.0.0 Safari/537.36"
45.154.98.0 - - [06/Nov/2023:05:02:33 +0100] "GET /wp-content/plugins/directorist/readme.txt HTTP/1.1" 200 11030 "-" "Mozilla/5.0 (iPhone; CPU iPhone OS 17_0 like Mac OS X) AppleWebKit/605.1.15 (KHTML, like Gecko) CriOS/118.0.5993.69 Mobile/15E148 Safari/604.1"
45.154.98.0 - - [06/Nov/2023:05:02:33 +0100] "GET /wp-content/plugins/udraw/readme.txt HTTP/1.1" 200 - "-" "Mozilla/5.0 (Linux; Android 11; Lenovo YT-J706X) AppleWebKit/537.36 (KHTML, like Gecko) Chrome/118.0.0.0 Safari/537.36"
45.154.98.0 - - [06/Nov/2023:05:02:33 +0100] "GET /wp-content/plugins/udraw/readme.txt HTTP/1.1" 200 9958 "-" "Mozilla/5.0 (Linux; Android 11; Lenovo YT-J706X) AppleWebKit/537.36 (KHTML, like Gecko) Chrome/118.0.0.0 Safari/537.36"
81.169.178.0 - - [06/Nov/2023:05:02:34 +0100] "POST /?wordfence_syncAttackData=1699243354.5943 HTTP/1.1" 200 - "https://www.computerdoc24.de/?wordfence_syncAttackData=1699243354.5943" "WordPress/5.2.19; https://www.computerdoc24.de"
45.154.98.0 - - [06/Nov/2023:05:02:35 +0100] "GET /wp-content/plugins/tatsu/changelog.md HTTP/1.1" 301 268 "-" "Mozilla/5.0 (Linux; Android 11; Lenovo YT-J706X) AppleWebKit/537.36 (KHTML, like Gecko) Chrome/118.0.0.0 Safari/537.36"
45.154.98.0 - - [06/Nov/2023:05:02:34 +0100] "GET /wp-content/plugins/all-in-one-video-gallery/readme.txt HTTP/1.1" 200 - "-" "Mozilla/5.0 (Linux; Android 11; Lenovo YT-J706X) AppleWebKit/537.36 (KHTML, like Gecko) Chrome/118.0.0.0 Safari/537.36"
81.169.178.0 - - [06/Nov/2023:05:02:35 +0100] "POST /?wordfence_syncAttackData=1699243355.813 HTTP/1.1" 200 - "https://www.ipcbusiness.de/?wordfence_syncAttackData=1699243355.813" "WordPress/5.8.8; https://www.ipcbusiness.de"
45.154.98.0 - - [06/Nov/2023:05:02:35 +0100] "GET /wp-content/plugins/tatsu/changelog.md HTTP/1.1" 200 - "-" "Mozilla/5.0 (Linux; Android 11; Lenovo YT-J706X) AppleWebKit/537.36 (KHTML, like Gecko) Chrome/118.0.0.0 Safari/537.36"
45.154.98.0 - - [06/Nov/2023:05:02:35 +0100] "GET /wp-content/plugins/all-in-one-video-gallery/readme.txt HTTP/1.1" 200 - "-" "Mozilla/5.0 (Linux; Android 11; Lenovo YT-J706X) AppleWebKit/537.36 (KHTML, like Gecko) Chrome/118.0.0.0 Safari/537.36"
45.154.98.0 - - [06/Nov/2023:05:02:36 +0100] "GET /wp-content/plugins/tatsu/changelog.md HTTP/1.1" 200 9959 "-" "Mozilla/5.0 (Linux; Android 11; Lenovo YT-J706X) AppleWebKit/537.36 (KHTML, like Gecko) Chrome/118.0.0.0 Safari/537.36"
81.169.178.0 - - [06/Nov/2023:05:02:36 +0100] "POST /wp-cron.php?doing_wp_cron=1699243356.6633560657501220703125 HTTP/1.1" 200 - "https://www.computerdoc24.de/wp-cron.php?doing_wp_cron=1699243356.6633560657501220703125" "WordPress/5.2.19; https://www.computerdoc24.de"
45.154.98.0 - - [06/Nov/2023:05:02:36 +0100] "GET /wp-content/plugins/all-in-one-video-gallery/readme.txt HTTP/1.1" 200 11030 "-" "Mozilla/5.0 (Linux; Android 11; Lenovo YT-J706X) AppleWebKit/537.36 (KHTML, like Gecko) Chrome/118.0.0.0 Safari/537.36"
45.154.98.0 - - [06/Nov/2023:05:02:38 +0100] "GET /wp-content/plugins/post-pdf-export/dompdf/dompdf.php?input_file=../../../../wp-config.php HTTP/1.1" 301 320 "-" "Mozilla/5.0 (iPhone; CPU iPhone OS 17_0 like Mac OS X) AppleWebKit/605.1.15 (KHTML, like Gecko) CriOS/118.0.5993.69 Mobile/15E148 Safari/604.1"
45.154.98.0 - - [06/Nov/2023:05:02:39 +0100] "GET /wp-content/plugins/post-pdf-export/dompdf/dompdf.php?input_file=../../../../wp-config.php HTTP/1.1" 200 6624 "-" "Mozilla/5.0 (iPhone; CPU iPhone OS 17_0 like Mac OS X) AppleWebKit/605.1.15 (KHTML, like Gecko) CriOS/118.0.5993.69 Mobile/15E148 Safari/604.1"
45.154.98.0 - - [06/Nov/2023:05:02:41 +0100] "GET /wp-content/plugins/alphabetic-pagination/readme.txt HTTP/1.1" 200 - "-" "Mozilla/5.0 (Macintosh; Intel Mac OS X 14_0) AppleWebKit/537.36 (KHTML, like Gecko) Chrome/118.0.0.0 Safari/537.36"
45.154.98.0 - - [06/Nov/2023:05:02:42 +0100] "GET /wp-content/plugins/web-portal-lite-client-portal-secure-file-sharing-private-messaging/includes/libs/pdf/dompdf.php?input_file=../../../../../../wp-config.php HTTP/1.1" 301 389 "-" "Mozilla/5.0 (Macintosh; Intel Mac OS X 14_0) AppleWebKit/537.36 (KHTML, like Gecko) Chrome/118.0.0.0 Safari/537.36"
45.154.98.0 - - [06/Nov/2023:05:02:41 +0100] "GET /wp-content/plugins/alphabetic-pagination/readme.txt HTTP/1.1" 200 - "-" "Mozilla/5.0 (Macintosh; Intel Mac OS X 14_0) AppleWebKit/537.36 (KHTML, like Gecko) Chrome/118.0.0.0 Safari/537.36"
45.154.98.0 - - [06/Nov/2023:05:02:42 +0100] "GET /wp-content/plugins/web-portal-lite-client-portal-secure-file-sharing-private-messaging/includes/libs/pdf/dompdf.php?input_file=../../../../../../wp-config.php HTTP/1.1" 200 6624 "-" "Mozilla/5.0 (Macintosh; Intel Mac OS X 14_0) AppleWebKit/537.36 (KHTML, like Gecko) Chrome/118.0.0.0 Safari/537.36"
45.154.98.0 - - [06/Nov/2023:05:02:42 +0100] "GET /wp-content/plugins/alphabetic-pagination/readme.txt HTTP/1.1" 200 11026 "-" "Mozilla/5.0 (Macintosh; Intel Mac OS X 14_0) AppleWebKit/537.36 (KHTML, like Gecko) Chrome/118.0.0.0 Safari/537.36"
45.154.98.0 - - [06/Nov/2023:05:02:45 +0100] "GET /wp-content/plugins/wp-ecommerce-shop-styling/includes/download.php?filename=../../../../wp-config.php HTTP/1.1" 301 332 "-" "Mozilla/5.0 (Windows NT 10.0; Win64; x64) AppleWebKit/537.36 (KHTML, like Gecko) Chrome/118.0.0.0 Safari/537.36"
45.154.98.0 - - [06/Nov/2023:05:02:46 +0100] "GET /wp-content/plugins/wp-ecommerce-shop-styling/includes/download.php?filename=../../../../wp-config.php HTTP/1.1" 200 6625 "-" "Mozilla/5.0 (Windows NT 10.0; Win64; x64) AppleWebKit/537.36 (KHTML, like Gecko) Chrome/118.0.0.0 Safari/537.36"
81.169.178.0 - - [06/Nov/2023:05:02:47 +0100] "POST /?wordfence_syncAttackData=1699243367.204 HTTP/1.1" 200 - "https://www.computerdoc24.de/?wordfence_syncAttackData=1699243367.204" "WordPress/5.2.19; https://www.computerdoc24.de"
45.154.98.0 - - [06/Nov/2023:05:02:47 +0100] "GET /wp-content/plugins/scripts-organizer/plugins/meta-box/readme.txt HTTP/1.1" 200 - "-" "Mozilla/5.0 (Windows NT 10.0; Win64; x64) AppleWebKit/537.36 (KHTML, like Gecko) Chrome/118.0.0.0 Safari/537.36"
45.154.98.0 - - [06/Nov/2023:05:02:48 +0100] "GET /wp-content/plugins/scripts-organizer/plugins/meta-box/readme.txt HTTP/1.1" 200 - "-" "Mozilla/5.0 (Windows NT 10.0; Win64; x64) AppleWebKit/537.36 (KHTML, like Gecko) Chrome/118.0.0.0 Safari/537.36"
45.154.98.0 - - [06/Nov/2023:05:02:49 +0100] "GET /wp-content/plugins/scripts-organizer/plugins/meta-box/readme.txt HTTP/1.1" 200 11026 "-" "Mozilla/5.0 (Windows NT 10.0; Win64; x64) AppleWebKit/537.36 (KHTML, like Gecko) Chrome/118.0.0.0 Safari/537.36"
45.154.98.0 - - [06/Nov/2023:05:02:51 +0100] "GET /wp-admin/admin-ajax.php?action=handle_downloads&alg_wc_pif_download_file=../../../../../wp-config.php HTTP/1.1" 301 336 "-" "Mozilla/5.0 (Linux; Android 11; Lenovo YT-J706X) AppleWebKit/537.36 (KHTML, like Gecko) Chrome/118.0.0.0 Safari/537.36"
45.154.98.0 - - [06/Nov/2023:05:02:51 +0100] "GET /wp-admin/admin-ajax.php?action=handle_downloads&alg_wc_pif_download_file=../../../../../wp-config.php HTTP/1.1" 403 6624 "-" "Mozilla/5.0 (Linux; Android 11; Lenovo YT-J706X) AppleWebKit/537.36 (KHTML, like Gecko) Chrome/118.0.0.0 Safari/537.36"
81.169.178.0 - - [06/Nov/2023:05:02:49 +0100] "POST /wp-cron.php?doing_wp_cron=1699243369.3121969699859619140625 HTTP/1.1" 200 - "https://www.computerdoc24.de/wp-cron.php?doing_wp_cron=1699243369.3121969699859619140625" "WordPress/5.2.19; https://www.computerdoc24.de"
45.154.98.0 - - [06/Nov/2023:05:02:55 +0100] "GET /wp-content/plugins/cherry-plugin/admin/import-export/download-content.php?file=../../../../../wp-config.php HTTP/1.1" 301 338 "-" "Mozilla/5.0 (Linux; Android 11; Lenovo YT-J706X) AppleWebKit/537.36 (KHTML, like Gecko) Chrome/118.0.0.0 Safari/537.36"
45.154.98.0 - - [06/Nov/2023:05:02:55 +0100] "GET /wp-content/plugins/cherry-plugin/admin/import-export/download-content.php?file=../../../../../wp-config.php HTTP/1.1" 200 6624 "-" "Mozilla/5.0 (Linux; Android 11; Lenovo YT-J706X) AppleWebKit/537.36 (KHTML, like Gecko) Chrome/118.0.0.0 Safari/537.36"
45.154.98.0 - - [06/Nov/2023:05:02:57 +0100] "GET /wp-admin/admin-ajax.php?action=revslider_show_image&img=../wp-config.php HTTP/1.1" 301 307 "-" "Mozilla/5.0 (Linux; Android 11; ONEPLUS A6013) AppleWebKit/537.36 (KHTML, like Gecko) Chrome/118.0.0.0 Mobile Safari/537.36"
81.169.178.0 - - [06/Nov/2023:05:02:56 +0100] "POST /?wordfence_syncAttackData=1699243376.7061 HTTP/1.1" 200 - "https://www.computerdoc24.de/?wordfence_syncAttackData=1699243376.7061" "WordPress/5.2.19; https://www.computerdoc24.de"
45.154.98.0 - - [06/Nov/2023:05:02:57 +0100] "GET /wp-admin/admin-ajax.php?action=revslider_show_image&img=../wp-config.php HTTP/1.1" 403 6624 "-" "Mozilla/5.0 (Linux; Android 11; ONEPLUS A6013) AppleWebKit/537.36 (KHTML, like Gecko) Chrome/118.0.0.0 Mobile Safari/537.36"
45.154.98.0 - - [06/Nov/2023:05:02:56 +0100] "GET /wp-content/themes/workreap/style.css HTTP/1.1" 200 - "-" "Mozilla/5.0 (Linux; Android 11; Lenovo YT-J706X) AppleWebKit/537.36 (KHTML, like Gecko) Chrome/118.0.0.0 Safari/537.36"
45.154.98.0 - - [06/Nov/2023:05:02:58 +0100] "GET /wp-content/themes/workreap/style.css HTTP/1.1" 200 - "-" "Mozilla/5.0 (Linux; Android 11; Lenovo YT-J706X) AppleWebKit/537.36 (KHTML, like Gecko) Chrome/118.0.0.0 Safari/537.36"
45.154.98.0 - - [06/Nov/2023:05:02:58 +0100] "GET /wp-content/themes/workreap/style.css HTTP/1.1" 200 11030 "-" "Mozilla/5.0 (Linux; Android 11; Lenovo YT-J706X) AppleWebKit/537.36 (KHTML, like Gecko) Chrome/118.0.0.0 Safari/537.36"
45.154.98.0 - - [06/Nov/2023:05:03:01 +0100] "GET /wp-admin/admin-ajax.php?action=duplicator_download&file=../wp-config.php HTTP/1.1" 301 307 "-" "Mozilla/5.0 (Linux; Android 11; ONEPLUS A6013) AppleWebKit/537.36 (KHTML, like Gecko) Chrome/118.0.0.0 Mobile Safari/537.36"
45.154.98.0 - - [06/Nov/2023:05:03:01 +0100] "GET /wp-admin/admin-ajax.php?action=duplicator_download&file=../wp-config.php HTTP/1.1" 403 6624 "-" "Mozilla/5.0 (Linux; Android 11; ONEPLUS A6013) AppleWebKit/537.36 (KHTML, like Gecko) Chrome/118.0.0.0 Mobile Safari/537.36"
45.154.98.0 - - [06/Nov/2023:05:03:03 +0100] "GET /wp-content/plugins/wpgateway/css/style.css HTTP/1.1" 200 - "-" "Mozilla/5.0 (Linux; Android 11; ONEPLUS A6013) AppleWebKit/537.36 (KHTML, like Gecko) Chrome/118.0.0.0 Mobile Safari/537.36"
45.154.98.0 - - [06/Nov/2023:05:03:04 +0100] "GET /wp-content/plugins/wpgateway/css/style.css HTTP/1.1" 200 - "-" "Mozilla/5.0 (Linux; Android 11; ONEPLUS A6013) AppleWebKit/537.36 (KHTML, like Gecko) Chrome/118.0.0.0 Mobile Safari/537.36"
45.154.98.0 - - [06/Nov/2023:05:03:04 +0100] "GET /wp-content/plugins/wpgateway/css/style.css HTTP/1.1" 200 11030 "-" "Mozilla/5.0 (Linux; Android 11; ONEPLUS A6013) AppleWebKit/537.36 (KHTML, like Gecko) Chrome/118.0.0.0 Mobile Safari/537.36"
45.154.98.0 - - [06/Nov/2023:05:03:05 +0100] "GET /wp-content/plugins/mapsvg/gm_download.php?file=/wp-config.php HTTP/1.1" 301 292 "-" "Mozilla/5.0 (Linux; Android 11; ONEPLUS A6013) AppleWebKit/537.36 (KHTML, like Gecko) Chrome/118.0.0.0 Mobile Safari/537.36"
81.169.178.0 - - [06/Nov/2023:05:03:06 +0100] "POST /?wordfence_syncAttackData=1699243386.0305 HTTP/1.1" 200 - "https://www.ipcbusiness.de/?wordfence_syncAttackData=1699243386.0305" "WordPress/5.8.8; https://www.ipcbusiness.de"
45.154.98.0 - - [06/Nov/2023:05:03:05 +0100] "GET /wp-content/plugins/mapsvg/gm_download.php?file=/wp-config.php HTTP/1.1" 200 - "-" "Mozilla/5.0 (Linux; Android 11; ONEPLUS A6013) AppleWebKit/537.36 (KHTML, like Gecko) Chrome/118.0.0.0 Mobile Safari/537.36"
45.154.98.0 - - [06/Nov/2023:05:03:06 +0100] "GET /wp-content/plugins/mapsvg/gm_download.php?file=/wp-config.php HTTP/1.1" 200 9975 "-" "Mozilla/5.0 (Linux; Android 11; ONEPLUS A6013) AppleWebKit/537.36 (KHTML, like Gecko) Chrome/118.0.0.0 Mobile Safari/537.36"
45.154.98.0 - - [06/Nov/2023:05:03:13 +0100] "GET /wp-content/plugins/mapsvg-lite-interactive-vector-maps/gm_download.php?file=/wp-config.php HTTP/1.1" 301 321 "-" "Mozilla/5.0 (Linux; Android 11; Lenovo YT-J706X) AppleWebKit/537.36 (KHTML, like Gecko) Chrome/118.0.0.0 Safari/537.36"
81.169.178.0 - - [06/Nov/2023:05:03:13 +0100] "POST /?wordfence_syncAttackData=1699243393.4194 HTTP/1.1" 200 - "https://www.computerdoc24.de/?wordfence_syncAttackData=1699243393.4194" "WordPress/5.2.19; https://www.computerdoc24.de"
45.154.98.0 - - [06/Nov/2023:05:03:13 +0100] "GET /wp-content/plugins/ultimate-member/readme.txt HTTP/1.1" 200 - "-" "Mozilla/5.0 (Linux; Android 11; Lenovo YT-J706X) AppleWebKit/537.36 (KHTML, like Gecko) Chrome/118.0.0.0 Safari/537.36"
45.154.98.0 - - [06/Nov/2023:05:03:14 +0100] "GET /wp-content/plugins/mapsvg-lite-interactive-vector-maps/gm_download.php?file=/wp-config.php HTTP/1.1" 200 - "-" "Mozilla/5.0 (Linux; Android 11; Lenovo YT-J706X) AppleWebKit/537.36 (KHTML, like Gecko) Chrome/118.0.0.0 Safari/537.36"
45.154.98.0 - - [06/Nov/2023:05:03:15 +0100] "GET /wp-content/plugins/mapsvg-lite-interactive-vector-maps/gm_download.php?file=/wp-config.php HTTP/1.1" 200 9994 "-" "Mozilla/5.0 (Linux; Android 11; Lenovo YT-J706X) AppleWebKit/537.36 (KHTML, like Gecko) Chrome/118.0.0.0 Safari/537.36"
17.241.219.0 - - [06/Nov/2023:05:03:15 +0100] "GET /product/asus-f515j-2-jahre-garantie-fachhandelservice/ HTTP/1.1" 200 9504 "-" "Mozilla/5.0 (Macintosh; Intel Mac OS X 10_15_5) AppleWebKit/605.1.15 (KHTML, like Gecko) Version/13.1.1 Safari/605.1.15 (Applebot/0.1; +http://www.apple.com/go/applebot)"
45.154.98.0 - - [06/Nov/2023:05:03:15 +0100] "GET /wp-content/plugins/ultimate-member/readme.txt HTTP/1.1" 200 - "-" "Mozilla/5.0 (Linux; Android 11; Lenovo YT-J706X) AppleWebKit/537.36 (KHTML, like Gecko) Chrome/118.0.0.0 Safari/537.36"
45.154.98.0 - - [06/Nov/2023:05:03:16 +0100] "GET /wp-content/plugins/ultimate-member/readme.txt HTTP/1.1" 200 11030 "-" "Mozilla/5.0 (Linux; Android 11; Lenovo YT-J706X) AppleWebKit/537.36 (KHTML, like Gecko) Chrome/118.0.0.0 Safari/537.36"
45.154.98.0 - - [06/Nov/2023:05:03:19 +0100] "GET /wp-content/plugins/ninja-forms/readme.txt HTTP/1.1" 200 - "-" "Mozilla/5.0 (Linux; Android 11; ONEPLUS A6013) AppleWebKit/537.36 (KHTML, like Gecko) Chrome/118.0.0.0 Mobile Safari/537.36"
45.154.98.0 - - [06/Nov/2023:05:03:19 +0100] "GET /wp-content/plugins/ninja-forms/readme.txt HTTP/1.1" 200 - "-" "Mozilla/5.0 (Linux; Android 11; ONEPLUS A6013) AppleWebKit/537.36 (KHTML, like Gecko) Chrome/118.0.0.0 Mobile Safari/537.36"
45.154.98.0 - - [06/Nov/2023:05:03:20 +0100] "GET /wp-content/plugins/masterstudy-lms-learning-management-system/readme.txt HTTP/1.1" 301 303 "-" "Mozilla/5.0 (Windows NT 10.0; Win64; x64) AppleWebKit/537.36 (KHTML, like Gecko) Chrome/118.0.0.0 Safari/537.36"
45.154.98.0 - - [06/Nov/2023:05:03:20 +0100] "GET /wp-content/plugins/ninja-forms/readme.txt HTTP/1.1" 200 11030 "-" "Mozilla/5.0 (Linux; Android 11; ONEPLUS A6013) AppleWebKit/537.36 (KHTML, like Gecko) Chrome/118.0.0.0 Mobile Safari/537.36"
81.169.178.0 - - [06/Nov/2023:05:03:22 +0100] "POST /?wordfence_syncAttackData=1699243402.9708 HTTP/1.1" 200 - "https://www.ipcbusiness.de/?wordfence_syncAttackData=1699243402.9708" "WordPress/5.8.8; https://www.ipcbusiness.de"
45.154.98.0 - - [06/Nov/2023:05:03:22 +0100] "GET /wp-content/plugins/masterstudy-lms-learning-management-system/readme.txt HTTP/1.1" 200 - "-" "Mozilla/5.0 (Windows NT 10.0; Win64; x64) AppleWebKit/537.36 (KHTML, like Gecko) Chrome/118.0.0.0 Safari/537.36"
45.154.98.0 - - [06/Nov/2023:05:03:23 +0100] "GET /wp-content/plugins/masterstudy-lms-learning-management-system/readme.txt HTTP/1.1" 200 9986 "-" "Mozilla/5.0 (Windows NT 10.0; Win64; x64) AppleWebKit/537.36 (KHTML, like Gecko) Chrome/118.0.0.0 Safari/537.36"
45.154.98.0 - - [06/Nov/2023:05:03:24 +0100] "GET /wp-content/plugins/wp-file-manager/readme.txt HTTP/1.1" 301 276 "-" "Mozilla/5.0 (Linux; Android 10; SM-A205U) AppleWebKit/537.36 (KHTML, like Gecko) Chrome/118.0.5993.65 Mobile Safari/537.36"
45.154.98.0 - - [06/Nov/2023:05:03:24 +0100] "GET /wp-content/plugins/wp-file-manager/readme.txt HTTP/1.1" 200 4740 "-" "Mozilla/5.0 (Linux; Android 10; SM-A205U) AppleWebKit/537.36 (KHTML, like Gecko) Chrome/118.0.5993.65 Mobile Safari/537.36"
81.169.178.0 - - [06/Nov/2023:05:03:27 +0100] "POST /?wordfence_syncAttackData=1699243407.5864 HTTP/1.1" 200 - "https://www.computerdoc24.de/?wordfence_syncAttackData=1699243407.5864" "WordPress/5.2.19; https://www.computerdoc24.de"
45.154.98.0 - - [06/Nov/2023:05:03:27 +0100] "GET /wp-content/plugins/armember-membership/readme.txt HTTP/1.1" 200 - "-" "Mozilla/5.0 (Macintosh; Intel Mac OS X 14_0) AppleWebKit/537.36 (KHTML, like Gecko) Chrome/118.0.0.0 Safari/537.36"
45.154.98.0 - - [06/Nov/2023:05:03:28 +0100] "GET /wp-content/plugins/vc-tabs/readme.txt HTTP/1.1" 301 268 "-" "Mozilla/5.0 (Macintosh; Intel Mac OS X 14_0) AppleWebKit/537.36 (KHTML, like Gecko) Chrome/118.0.0.0 Safari/537.36"
45.154.98.0 - - [06/Nov/2023:05:03:29 +0100] "GET /wp-content/plugins/vc-tabs/readme.txt HTTP/1.1" 200 - "-" "Mozilla/5.0 (Macintosh; Intel Mac OS X 14_0) AppleWebKit/537.36 (KHTML, like Gecko) Chrome/118.0.0.0 Safari/537.36"
45.154.98.0 - - [06/Nov/2023:05:03:29 +0100] "GET /wp-content/plugins/armember-membership/readme.txt HTTP/1.1" 200 - "-" "Mozilla/5.0 (Macintosh; Intel Mac OS X 14_0) AppleWebKit/537.36 (KHTML, like Gecko) Chrome/118.0.0.0 Safari/537.36"
45.154.98.0 - - [06/Nov/2023:05:03:30 +0100] "GET /wp-content/plugins/vc-tabs/readme.txt HTTP/1.1" 200 9955 "-" "Mozilla/5.0 (Macintosh; Intel Mac OS X 14_0) AppleWebKit/537.36 (KHTML, like Gecko) Chrome/118.0.0.0 Safari/537.36"
45.154.98.0 - - [06/Nov/2023:05:03:30 +0100] "GET /wp-content/plugins/armember-membership/readme.txt HTTP/1.1" 200 11026 "-" "Mozilla/5.0 (Macintosh; Intel Mac OS X 14_0) AppleWebKit/537.36 (KHTML, like Gecko) Chrome/118.0.0.0 Safari/537.36"
45.154.98.0 - - [06/Nov/2023:05:03:31 +0100] "GET /wp-content/plugins/shortcode-addons/readme.txt HTTP/1.1" 301 277 "-" "Mozilla/5.0 (Macintosh; Intel Mac OS X 14_0) AppleWebKit/537.36 (KHTML, like Gecko) Chrome/118.0.0.0 Safari/537.36"
45.154.98.0 - - [06/Nov/2023:05:03:31 +0100] "GET /wp-content/plugins/wp-live-chat-support-pro/css/wplc_styles_pro.css HTTP/1.1" 200 - "-" "Mozilla/5.0 (Macintosh; Intel Mac OS X 14_0) AppleWebKit/537.36 (KHTML, like Gecko) Chrome/118.0.0.0 Safari/537.36"
81.169.178.0 - - [06/Nov/2023:05:03:32 +0100] "POST /?wordfence_syncAttackData=1699243412.696 HTTP/1.1" 200 - "https://www.ipcbusiness.de/?wordfence_syncAttackData=1699243412.696" "WordPress/5.8.8; https://www.ipcbusiness.de"
45.154.98.0 - - [06/Nov/2023:05:03:32 +0100] "GET /wp-content/plugins/shortcode-addons/readme.txt HTTP/1.1" 200 - "-" "Mozilla/5.0 (Macintosh; Intel Mac OS X 14_0) AppleWebKit/537.36 (KHTML, like Gecko) Chrome/118.0.0.0 Safari/537.36"
45.154.98.0 - - [06/Nov/2023:05:03:32 +0100] "GET /wp-content/plugins/wp-live-chat-support-pro/css/wplc_styles_pro.css HTTP/1.1" 200 - "-" "Mozilla/5.0 (Macintosh; Intel Mac OS X 14_0) AppleWebKit/537.36 (KHTML, like Gecko) Chrome/118.0.0.0 Safari/537.36"
45.154.98.0 - - [06/Nov/2023:05:03:33 +0100] "GET /wp-content/plugins/shortcode-addons/readme.txt HTTP/1.1" 200 9961 "-" "Mozilla/5.0 (Macintosh; Intel Mac OS X 14_0) AppleWebKit/537.36 (KHTML, like Gecko) Chrome/118.0.0.0 Safari/537.36"
45.154.98.0 - - [06/Nov/2023:05:03:33 +0100] "GET /wp-content/plugins/wp-live-chat-support-pro/css/wplc_styles_pro.css HTTP/1.1" 200 11026 "-" "Mozilla/5.0 (Macintosh; Intel Mac OS X 14_0) AppleWebKit/537.36 (KHTML, like Gecko) Chrome/118.0.0.0 Safari/537.36"
45.154.98.0 - - [06/Nov/2023:05:03:37 +0100] "GET /wp-content/plugins/dzs-zoomsounds/admin/admin.css HTTP/1.1" 301 280 "-" "Mozilla/5.0 (Linux; Android 11; ONEPLUS A6013) AppleWebKit/537.36 (KHTML, like Gecko) Chrome/118.0.0.0 Mobile Safari/537.36"
81.169.178.0 - - [06/Nov/2023:05:03:36 +0100] "POST /wp-cron.php?doing_wp_cron=1699243416.8084568977355957031250 HTTP/1.1" 200 - "http://www.computerdoc24.de/wp-cron.php?doing_wp_cron=1699243416.8084568977355957031250" "WordPress/5.2.19; https://www.computerdoc24.de"
45.154.98.0 - - [06/Nov/2023:05:03:37 +0100] "GET /wp-content/plugins/dzs-zoomsounds/admin/admin.css HTTP/1.1" 200 - "-" "Mozilla/5.0 (Linux; Android 11; ONEPLUS A6013) AppleWebKit/537.36 (KHTML, like Gecko) Chrome/118.0.0.0 Mobile Safari/537.36"
45.154.98.0 - - [06/Nov/2023:05:03:36 +0100] "GET /wp-content/plugins/quiz-master-next/readme.txt HTTP/1.1" 200 - "-" "Mozilla/5.0 (Linux; Android 11; ONEPLUS A6013) AppleWebKit/537.36 (KHTML, like Gecko) Chrome/118.0.0.0 Mobile Safari/537.36"
45.154.98.0 - - [06/Nov/2023:05:03:37 +0100] "GET /wp-content/plugins/dzs-zoomsounds/admin/admin.css HTTP/1.1" 200 9965 "-" "Mozilla/5.0 (Linux; Android 11; ONEPLUS A6013) AppleWebKit/537.36 (KHTML, like Gecko) Chrome/118.0.0.0 Mobile Safari/537.36"
81.169.178.0 - - [06/Nov/2023:05:03:38 +0100] "POST /?wordfence_syncAttackData=1699243418.0041 HTTP/1.1" 200 - "https://www.computerdoc24.de/?wordfence_syncAttackData=1699243418.0041" "WordPress/5.2.19; https://www.computerdoc24.de"
45.154.98.0 - - [06/Nov/2023:05:03:37 +0100] "GET /wp-content/plugins/quiz-master-next/readme.txt HTTP/1.1" 200 - "-" "Mozilla/5.0 (Linux; Android 11; ONEPLUS A6013) AppleWebKit/537.36 (KHTML, like Gecko) Chrome/118.0.0.0 Mobile Safari/537.36"
45.154.98.0 - - [06/Nov/2023:05:03:39 +0100] "GET /wp-content/plugins/quiz-master-next/readme.txt HTTP/1.1" 200 11030 "-" "Mozilla/5.0 (Linux; Android 11; ONEPLUS A6013) AppleWebKit/537.36 (KHTML, like Gecko) Chrome/118.0.0.0 Mobile Safari/537.36"
45.154.98.0 - - [06/Nov/2023:05:03:40 +0100] "GET /wp-content/plugins/mstore-api/readme.txt HTTP/1.1" 301 271 "-" "Mozilla/5.0 (Windows NT 10.0; Win64; x64) AppleWebKit/537.36 (KHTML, like Gecko) Chrome/118.0.0.0 Safari/537.36"
81.169.178.0 - - [06/Nov/2023:05:03:41 +0100] "POST /?wordfence_syncAttackData=1699243421.1208 HTTP/1.1" 200 - "https://www.ipcbusiness.de/?wordfence_syncAttackData=1699243421.1208" "WordPress/5.8.8; https://www.ipcbusiness.de"
45.154.98.0 - - [06/Nov/2023:05:03:41 +0100] "GET /wp-content/plugins/mstore-api/readme.txt HTTP/1.1" 200 - "-" "Mozilla/5.0 (Windows NT 10.0; Win64; x64) AppleWebKit/537.36 (KHTML, like Gecko) Chrome/118.0.0.0 Safari/537.36"
45.154.98.0 - - [06/Nov/2023:05:03:41 +0100] "GET /wp-content/plugins/mstore-api/readme.txt HTTP/1.1" 200 9959 "-" "Mozilla/5.0 (Windows NT 10.0; Win64; x64) AppleWebKit/537.36 (KHTML, like Gecko) Chrome/118.0.0.0 Safari/537.36"
45.154.98.0 - - [06/Nov/2023:05:03:42 +0100] "GET /wp-content/plugins/superlogoshowcase-wp/css/sls-wp-admin.css HTTP/1.1" 301 291 "-" "Mozilla/5.0 (Linux; Android 11; ONEPLUS A6013) AppleWebKit/537.36 (KHTML, like Gecko) Chrome/118.0.0.0 Mobile Safari/537.36"
45.154.98.0 - - [06/Nov/2023:05:03:43 +0100] "GET /wp-content/plugins/superlogoshowcase-wp/css/sls-wp-admin.css HTTP/1.1" 200 - "-" "Mozilla/5.0 (Linux; Android 11; ONEPLUS A6013) AppleWebKit/537.36 (KHTML, like Gecko) Chrome/118.0.0.0 Mobile Safari/537.36"
45.154.98.0 - - [06/Nov/2023:05:03:44 +0100] "GET /wp-content/plugins/superlogoshowcase-wp/css/sls-wp-admin.css HTTP/1.1" 200 9973 "-" "Mozilla/5.0 (Linux; Android 11; ONEPLUS A6013) AppleWebKit/537.36 (KHTML, like Gecko) Chrome/118.0.0.0 Mobile Safari/537.36"
45.154.98.0 - - [06/Nov/2023:05:03:43 +0100] "GET / HTTP/1.1" 301 - "-" "Mozilla/5.0 (iPhone; CPU iPhone OS 17_0 like Mac OS X) AppleWebKit/605.1.15 (KHTML, like Gecko) CriOS/118.0.5993.69 Mobile/15E148 Safari/604.1"
45.154.98.0 - - [06/Nov/2023:05:03:45 +0100] "GET / HTTP/1.1" 301 - "-" "Mozilla/5.0 (iPhone; CPU iPhone OS 17_0 like Mac OS X) AppleWebKit/605.1.15 (KHTML, like Gecko) CriOS/118.0.5993.69 Mobile/15E148 Safari/604.1"
45.154.98.0 - - [06/Nov/2023:05:03:45 +0100] "GET / HTTP/1.1" 200 20482 "-" "Mozilla/5.0 (iPhone; CPU iPhone OS 17_0 like Mac OS X) AppleWebKit/605.1.15 (KHTML, like Gecko) CriOS/118.0.5993.69 Mobile/15E148 Safari/604.1"
45.154.98.0 - - [06/Nov/2023:05:03:47 +0100] "GET /wp-content/plugins/super-interactive-maps/css/sim-wp-admin.css HTTP/1.1" 301 293 "-" "Mozilla/5.0 (Windows NT 10.0; Win64; x64) AppleWebKit/537.36 (KHTML, like Gecko) Chrome/118.0.0.0 Safari/537.36"
45.154.98.0 - - [06/Nov/2023:05:03:47 +0100] "GET /wp-content/plugins/super-interactive-maps/css/sim-wp-admin.css HTTP/1.1" 200 - "-" "Mozilla/5.0 (Windows NT 10.0; Win64; x64) AppleWebKit/537.36 (KHTML, like Gecko) Chrome/118.0.0.0 Safari/537.36"
45.154.98.0 - - [06/Nov/2023:05:03:49 +0100] "GET /wp-content/plugins/super-interactive-maps/css/sim-wp-admin.css HTTP/1.1" 200 9970 "-" "Mozilla/5.0 (Windows NT 10.0; Win64; x64) AppleWebKit/537.36 (KHTML, like Gecko) Chrome/118.0.0.0 Safari/537.36"
81.169.178.0 - - [06/Nov/2023:05:03:48 +0100] "POST /?wordfence_syncAttackData=1699243428.8116 HTTP/1.1" 200 - "https://www.computerdoc24.de/?wordfence_syncAttackData=1699243428.8116" "WordPress/5.2.19; https://www.computerdoc24.de"
45.154.98.0 - - [06/Nov/2023:05:03:48 +0100] "GET /wp-content/plugins/wp-user-avatar/changelog.txt HTTP/1.1" 200 - "-" "Mozilla/5.0 (Windows NT 10.0; Win64; x64) AppleWebKit/537.36 (KHTML, like Gecko) Chrome/118.0.0.0 Safari/537.36"
45.154.98.0 - - [06/Nov/2023:05:03:49 +0100] "GET /wp-content/plugins/wp-user-avatar/changelog.txt HTTP/1.1" 200 - "-" "Mozilla/5.0 (Windows NT 10.0; Win64; x64) AppleWebKit/537.36 (KHTML, like Gecko) Chrome/118.0.0.0 Safari/537.36"
45.154.98.0 - - [06/Nov/2023:05:03:50 +0100] "GET /wp-content/plugins/wp-user-avatar/changelog.txt HTTP/1.1" 200 11026 "-" "Mozilla/5.0 (Windows NT 10.0; Win64; x64) AppleWebKit/537.36 (KHTML, like Gecko) Chrome/118.0.0.0 Safari/537.36"
45.154.98.0 - - [06/Nov/2023:05:03:52 +0100] "GET /wp-content/plugins/superstorefinder-wp/css/ssf-wp-admin.css HTTP/1.1" 301 290 "-" "Mozilla/5.0 (iPhone; CPU iPhone OS 17_0 like Mac OS X) AppleWebKit/605.1.15 (KHTML, like Gecko) CriOS/118.0.5993.69 Mobile/15E148 Safari/604.1"
81.169.178.0 - - [06/Nov/2023:05:03:53 +0100] "POST /?wordfence_syncAttackData=1699243433.4204 HTTP/1.1" 200 - "https://www.ipcbusiness.de/?wordfence_syncAttackData=1699243433.4204" "WordPress/5.8.8; https://www.ipcbusiness.de"
45.154.98.0 - - [06/Nov/2023:05:03:53 +0100] "GET /wp-content/plugins/superstorefinder-wp/css/ssf-wp-admin.css HTTP/1.1" 200 - "-" "Mozilla/5.0 (iPhone; CPU iPhone OS 17_0 like Mac OS X) AppleWebKit/605.1.15 (KHTML, like Gecko) CriOS/118.0.5993.69 Mobile/15E148 Safari/604.1"
45.154.98.0 - - [06/Nov/2023:05:03:54 +0100] "GET /wp-content/plugins/superstorefinder-wp/css/ssf-wp-admin.css HTTP/1.1" 200 9969 "-" "Mozilla/5.0 (iPhone; CPU iPhone OS 17_0 like Mac OS X) AppleWebKit/605.1.15 (KHTML, like Gecko) CriOS/118.0.5993.69 Mobile/15E148 Safari/604.1"
45.154.98.0 - - [06/Nov/2023:05:03:54 +0100] "GET /wp-content/plugins/sitemap-by-click5/readme.txt HTTP/1.1" 200 - "-" "Mozilla/5.0 (iPhone; CPU iPhone OS 17_0 like Mac OS X) AppleWebKit/605.1.15 (KHTML, like Gecko) CriOS/118.0.5993.69 Mobile/15E148 Safari/604.1"
45.154.98.0 - - [06/Nov/2023:05:03:55 +0100] "GET /wp-content/plugins/sitemap-by-click5/readme.txt HTTP/1.1" 200 - "-" "Mozilla/5.0 (iPhone; CPU iPhone OS 17_0 like Mac OS X) AppleWebKit/605.1.15 (KHTML, like Gecko) CriOS/118.0.5993.69 Mobile/15E148 Safari/604.1"
45.154.98.0 - - [06/Nov/2023:05:03:56 +0100] "GET /wp-content/plugins/e-signature/page-template/default/style.css HTTP/1.1" 301 293 "-" "Mozilla/5.0 (Linux; Android 11; ONEPLUS A6013) AppleWebKit/537.36 (KHTML, like Gecko) Chrome/118.0.0.0 Mobile Safari/537.36"
45.154.98.0 - - [06/Nov/2023:05:03:57 +0100] "GET /wp-content/plugins/sitemap-by-click5/readme.txt HTTP/1.1" 200 11030 "-" "Mozilla/5.0 (iPhone; CPU iPhone OS 17_0 like Mac OS X) AppleWebKit/605.1.15 (KHTML, like Gecko) CriOS/118.0.5993.69 Mobile/15E148 Safari/604.1"
45.154.98.0 - - [06/Nov/2023:05:03:58 +0100] "GET /wp-content/plugins/e-signature/page-template/default/style.css HTTP/1.1" 200 - "-" "Mozilla/5.0 (Linux; Android 11; ONEPLUS A6013) AppleWebKit/537.36 (KHTML, like Gecko) Chrome/118.0.0.0 Mobile Safari/537.36"
45.154.98.0 - - [06/Nov/2023:05:03:58 +0100] "GET /wp-content/plugins/e-signature/page-template/default/style.css HTTP/1.1" 200 9970 "-" "Mozilla/5.0 (Linux; Android 11; ONEPLUS A6013) AppleWebKit/537.36 (KHTML, like Gecko) Chrome/118.0.0.0 Mobile Safari/537.36"
81.169.178.0 - - [06/Nov/2023:05:04:03 +0100] "POST /?wordfence_syncAttackData=1699243443.7181 HTTP/1.1" 200 - "https://www.computerdoc24.de/?wordfence_syncAttackData=1699243443.7181" "WordPress/5.2.19; https://www.computerdoc24.de"
45.154.98.0 - - [06/Nov/2023:05:04:04 +0100] "GET /wp-content/plugins/angwp/__%20UPDATES.txt HTTP/1.1" 301 272 "-" "Mozilla/5.0 (Linux; Android 10; SM-A205U) AppleWebKit/537.36 (KHTML, like Gecko) Chrome/118.0.5993.65 Mobile Safari/537.36"
45.154.98.0 - - [06/Nov/2023:05:04:03 +0100] "GET /wp-content/plugins/nd-restaurant-reservations/readme.txt HTTP/1.1" 200 - "-" "Mozilla/5.0 (Linux; Android 11; ONEPLUS A6013) AppleWebKit/537.36 (KHTML, like Gecko) Chrome/118.0.0.0 Mobile Safari/537.36"
45.154.98.0 - - [06/Nov/2023:05:04:04 +0100] "GET /wp-content/plugins/angwp/__%20UPDATES.txt HTTP/1.1" 200 - "-" "Mozilla/5.0 (Linux; Android 10; SM-A205U) AppleWebKit/537.36 (KHTML, like Gecko) Chrome/118.0.5993.65 Mobile Safari/537.36"
45.154.98.0 - - [06/Nov/2023:05:04:04 +0100] "GET /wp-content/plugins/angwp/__%20UPDATES.txt HTTP/1.1" 200 9965 "-" "Mozilla/5.0 (Linux; Android 10; SM-A205U) AppleWebKit/537.36 (KHTML, like Gecko) Chrome/118.0.5993.65 Mobile Safari/537.36"
45.154.98.0 - - [06/Nov/2023:05:04:04 +0100] "GET /wp-content/plugins/nd-restaurant-reservations/readme.txt HTTP/1.1" 200 - "-" "Mozilla/5.0 (Linux; Android 11; ONEPLUS A6013) AppleWebKit/537.36 (KHTML, like Gecko) Chrome/118.0.0.0 Mobile Safari/537.36"
45.154.98.0 - - [06/Nov/2023:05:04:05 +0100] "GET /wp-content/plugins/ait-csv-import-export/changelog.txt HTTP/1.1" 301 285 "-" "Mozilla/5.0 (Linux; Android 10; SM-A205U) AppleWebKit/537.36 (KHTML, like Gecko) Chrome/118.0.5993.65 Mobile Safari/537.36"
45.154.98.0 - - [06/Nov/2023:05:04:05 +0100] "GET /wp-content/plugins/nd-restaurant-reservations/readme.txt HTTP/1.1" 200 11030 "-" "Mozilla/5.0 (Linux; Android 11; ONEPLUS A6013) AppleWebKit/537.36 (KHTML, like Gecko) Chrome/118.0.0.0 Mobile Safari/537.36"
45.154.98.0 - - [06/Nov/2023:05:04:06 +0100] "GET /wp-content/plugins/ait-csv-import-export/changelog.txt HTTP/1.1" 200 - "-" "Mozilla/5.0 (Linux; Android 10; SM-A205U) AppleWebKit/537.36 (KHTML, like Gecko) Chrome/118.0.5993.65 Mobile Safari/537.36"
45.154.98.0 - - [06/Nov/2023:05:04:09 +0100] "GET /wp-content/plugins/ait-csv-import-export/changelog.txt HTTP/1.1" 200 9969 "-" "Mozilla/5.0 (Linux; Android 10; SM-A205U) AppleWebKit/537.36 (KHTML, like Gecko) Chrome/118.0.5993.65 Mobile Safari/537.36"
45.154.98.0 - - [06/Nov/2023:05:04:10 +0100] "GET /wp-content/plugins/nd-donations/readme.txt HTTP/1.1" 200 - "-" "Mozilla/5.0 (Linux; Android 10; SM-A205U) AppleWebKit/537.36 (KHTML, like Gecko) Chrome/118.0.5993.65 Mobile Safari/537.36"
45.154.98.0 - - [06/Nov/2023:05:04:11 +0100] "GET /wp-content/plugins/nd-donations/readme.txt HTTP/1.1" 200 - "-" "Mozilla/5.0 (Linux; Android 10; SM-A205U) AppleWebKit/537.36 (KHTML, like Gecko) Chrome/118.0.5993.65 Mobile Safari/537.36"
45.154.98.0 - - [06/Nov/2023:05:04:11 +0100] "GET /wp-content/plugins/nd-donations/readme.txt HTTP/1.1" 200 11030 "-" "Mozilla/5.0 (Linux; Android 10; SM-A205U) AppleWebKit/537.36 (KHTML, like Gecko) Chrome/118.0.5993.65 Mobile Safari/537.36"
:: - - [06/Nov/2023:05:04:13 +0100] "OPTIONS * HTTP/1.0" 200 - "-" "Apache/2.4.6 (CentOS) OpenSSL/1.0.2k-fips mod_fcgid/2.3.9 (internal dummy connection)"
45.154.98.0 - - [06/Nov/2023:05:04:14 +0100] "GET /wp-content/plugins/image-hover-effects-ultimate/readme.txt HTTP/1.1" 301 289 "-" "Mozilla/5.0 (Linux; Android 10; SM-A205U) AppleWebKit/537.36 (KHTML, like Gecko) Chrome/118.0.5993.65 Mobile Safari/537.36"
81.169.178.0 - - [06/Nov/2023:05:04:15 +0100] "POST /?wordfence_syncAttackData=1699243455.6268 HTTP/1.1" 200 - "https://www.ipcbusiness.de/?wordfence_syncAttackData=1699243455.6268" "WordPress/5.8.8; https://www.ipcbusiness.de"
45.154.98.0 - - [06/Nov/2023:05:04:15 +0100] "GET /wp-content/plugins/image-hover-effects-ultimate/readme.txt HTTP/1.1" 200 - "-" "Mozilla/5.0 (Linux; Android 10; SM-A205U) AppleWebKit/537.36 (KHTML, like Gecko) Chrome/118.0.5993.65 Mobile Safari/537.36"
45.154.98.0 - - [06/Nov/2023:05:04:17 +0100] "GET /wp-content/plugins/image-hover-effects-ultimate/readme.txt HTTP/1.1" 200 9972 "-" "Mozilla/5.0 (Linux; Android 10; SM-A205U) AppleWebKit/537.36 (KHTML, like Gecko) Chrome/118.0.5993.65 Mobile Safari/537.36"
81.169.178.0 - - [06/Nov/2023:05:04:17 +0100] "POST /?wordfence_syncAttackData=1699243457.1518 HTTP/1.1" 200 - "https://www.computerdoc24.de/?wordfence_syncAttackData=1699243457.1518" "WordPress/5.2.19; https://www.computerdoc24.de"
45.154.98.0 - - [06/Nov/2023:05:04:17 +0100] "GET /wp-content/plugins/nd-booking/readme.txt HTTP/1.1" 200 - "-" "Mozilla/5.0 (Linux; Android 10; SM-A205U) AppleWebKit/537.36 (KHTML, like Gecko) Chrome/118.0.5993.65 Mobile Safari/537.36"
45.154.98.0 - - [06/Nov/2023:05:04:18 +0100] "GET /wp-content/plugins/nd-booking/readme.txt HTTP/1.1" 200 - "-" "Mozilla/5.0 (Linux; Android 10; SM-A205U) AppleWebKit/537.36 (KHTML, like Gecko) Chrome/118.0.5993.65 Mobile Safari/537.36"
45.154.98.0 - - [06/Nov/2023:05:04:19 +0100] "GET /wp-content/plugins/nd-booking/readme.txt HTTP/1.1" 200 11030 "-" "Mozilla/5.0 (Linux; Android 10; SM-A205U) AppleWebKit/537.36 (KHTML, like Gecko) Chrome/118.0.5993.65 Mobile Safari/537.36"
45.154.98.0 - - [06/Nov/2023:05:04:19 +0100] "GET /wp-content/plugins/ulisting/readme.txt HTTP/1.1" 301 269 "-" "Mozilla/5.0 (Linux; Android 11; ONEPLUS A6013) AppleWebKit/537.36 (KHTML, like Gecko) Chrome/118.0.0.0 Mobile Safari/537.36"
45.154.98.0 - - [06/Nov/2023:05:04:20 +0100] "GET /wp-content/plugins/ulisting/readme.txt HTTP/1.1" 200 - "-" "Mozilla/5.0 (Linux; Android 11; ONEPLUS A6013) AppleWebKit/537.36 (KHTML, like Gecko) Chrome/118.0.0.0 Mobile Safari/537.36"
45.154.98.0 - - [06/Nov/2023:05:04:20 +0100] "GET /wp-content/plugins/ulisting/readme.txt HTTP/1.1" 200 9957 "-" "Mozilla/5.0 (Linux; Android 11; ONEPLUS A6013) AppleWebKit/537.36 (KHTML, like Gecko) Chrome/118.0.0.0 Mobile Safari/537.36"
45.154.98.0 - - [06/Nov/2023:05:04:20 +0100] "GET /wp-content/plugins/nd-shortcodes/readme.txt HTTP/1.1" 200 - "-" "Mozilla/5.0 (iPhone; CPU iPhone OS 17_0 like Mac OS X) AppleWebKit/605.1.15 (KHTML, like Gecko) CriOS/118.0.5993.69 Mobile/15E148 Safari/604.1"
45.154.98.0 - - [06/Nov/2023:05:04:22 +0100] "GET /wp-content/plugins/nd-shortcodes/readme.txt HTTP/1.1" 200 - "-" "Mozilla/5.0 (iPhone; CPU iPhone OS 17_0 like Mac OS X) AppleWebKit/605.1.15 (KHTML, like Gecko) CriOS/118.0.5993.69 Mobile/15E148 Safari/604.1"
45.154.98.0 - - [06/Nov/2023:05:04:22 +0100] "GET /wp-content/plugins/nd-shortcodes/readme.txt HTTP/1.1" 200 11030 "-" "Mozilla/5.0 (iPhone; CPU iPhone OS 17_0 like Mac OS X) AppleWebKit/605.1.15 (KHTML, like Gecko) CriOS/118.0.5993.69 Mobile/15E148 Safari/604.1"
:: - - [06/Nov/2023:05:04:26 +0100] "OPTIONS * HTTP/1.0" 200 - "-" "Apache/2.4.6 (CentOS) OpenSSL/1.0.2k-fips mod_fcgid/2.3.9 (internal dummy connection)"
45.154.98.0 - - [06/Nov/2023:05:04:26 +0100] "GET /wp-content/plugins/wp-pinterest-automatic/changelog HTTP/1.1" 301 282 "-" "Mozilla/5.0 (iPhone; CPU iPhone OS 17_0 like Mac OS X) AppleWebKit/605.1.15 (KHTML, like Gecko) CriOS/118.0.5993.69 Mobile/15E148 Safari/604.1"
81.169.178.0 - - [06/Nov/2023:05:04:27 +0100] "POST /?wordfence_syncAttackData=1699243467.6343 HTTP/1.1" 200 - "https://www.ipcbusiness.de/?wordfence_syncAttackData=1699243467.6343" "WordPress/5.8.8; https://www.ipcbusiness.de"
45.154.98.0 - - [06/Nov/2023:05:04:27 +0100] "GET /wp-content/plugins/wp-pinterest-automatic/changelog HTTP/1.1" 200 - "-" "Mozilla/5.0 (iPhone; CPU iPhone OS 17_0 like Mac OS X) AppleWebKit/605.1.15 (KHTML, like Gecko) CriOS/118.0.5993.69 Mobile/15E148 Safari/604.1"
45.154.98.0 - - [06/Nov/2023:05:04:28 +0100] "GET /wp-content/plugins/wp-pinterest-automatic/changelog HTTP/1.1" 200 9964 "-" "Mozilla/5.0 (iPhone; CPU iPhone OS 17_0 like Mac OS X) AppleWebKit/605.1.15 (KHTML, like Gecko) CriOS/118.0.5993.69 Mobile/15E148 Safari/604.1"
51.222.253.0 - - [06/Nov/2023:05:04:29 +0100] "GET /robots.txt HTTP/1.1" 404 2595 "-" "Mozilla/5.0 (compatible; AhrefsBot/7.0; +http://ahrefs.com/robot/)"
54.36.148.0 - - [06/Nov/2023:05:04:30 +0100] "GET / HTTP/1.1" 200 2590 "-" "Mozilla/5.0 (compatible; AhrefsBot/7.0; +http://ahrefs.com/robot/)"
45.154.98.0 - - [06/Nov/2023:05:04:31 +0100] "GET /wp-content/plugins/capabilities-pro/readme.txt HTTP/1.1" 301 277 "-" "Mozilla/5.0 (Macintosh; Intel Mac OS X 14_0) AppleWebKit/537.36 (KHTML, like Gecko) Chrome/118.0.0.0 Safari/537.36"
81.169.178.0 - - [06/Nov/2023:05:04:31 +0100] "POST /?wordfence_syncAttackData=1699243470.9841 HTTP/1.1" 200 - "https://www.computerdoc24.de/?wordfence_syncAttackData=1699243470.9841" "WordPress/5.2.19; https://www.computerdoc24.de"
45.154.98.0 - - [06/Nov/2023:05:04:31 +0100] "GET /wp-content/plugins/capabilities-pro/readme.txt HTTP/1.1" 200 - "-" "Mozilla/5.0 (Macintosh; Intel Mac OS X 14_0) AppleWebKit/537.36 (KHTML, like Gecko) Chrome/118.0.0.0 Safari/537.36"
45.154.98.0 - - [06/Nov/2023:05:04:30 +0100] "GET /wp-content/plugins/nd-learning/readme.txt HTTP/1.1" 200 - "-" "Mozilla/5.0 (Macintosh; Intel Mac OS X 14_0) AppleWebKit/537.36 (KHTML, like Gecko) Chrome/118.0.0.0 Safari/537.36"
45.154.98.0 - - [06/Nov/2023:05:04:32 +0100] "GET /wp-content/plugins/capabilities-pro/readme.txt HTTP/1.1" 200 9963 "-" "Mozilla/5.0 (Macintosh; Intel Mac OS X 14_0) AppleWebKit/537.36 (KHTML, like Gecko) Chrome/118.0.0.0 Safari/537.36"
45.154.98.0 - - [06/Nov/2023:05:04:32 +0100] "GET /wp-content/plugins/nd-learning/readme.txt HTTP/1.1" 200 - "-" "Mozilla/5.0 (Macintosh; Intel Mac OS X 14_0) AppleWebKit/537.36 (KHTML, like Gecko) Chrome/118.0.0.0 Safari/537.36"
45.154.98.0 - - [06/Nov/2023:05:04:32 +0100] "GET /wp-content/plugins/nd-learning/readme.txt HTTP/1.1" 200 11026 "-" "Mozilla/5.0 (Macintosh; Intel Mac OS X 14_0) AppleWebKit/537.36 (KHTML, like Gecko) Chrome/118.0.0.0 Safari/537.36"
54.36.148.0 - - [06/Nov/2023:05:04:34 +0100] "GET /subheader_r.gif HTTP/1.1" 200 1036 "-" "Mozilla/5.0 (compatible; AhrefsBot/7.0; +http://ahrefs.com/robot/)"
54.36.149.0 - - [06/Nov/2023:05:04:34 +0100] "GET /subheader_l.gif HTTP/1.1" 200 2832 "-" "Mozilla/5.0 (compatible; AhrefsBot/7.0; +http://ahrefs.com/robot/)"
54.36.148.0 - - [06/Nov/2023:05:04:34 +0100] "GET /assets/images/autogen/clearpixel.gif HTTP/1.1" 200 43 "-" "Mozilla/5.0 (compatible; AhrefsBot/7.0; +http://ahrefs.com/robot/)"
54.36.149.0 - - [06/Nov/2023:05:04:35 +0100] "GET /header_l.gif HTTP/1.1" 200 7358 "-" "Mozilla/5.0 (compatible; AhrefsBot/7.0; +http://ahrefs.com/robot/)"
54.36.148.0 - - [06/Nov/2023:05:04:35 +0100] "GET /assets/images/autogen/Spezialreinigung-_Hhighlighted_1_1.gif HTTP/1.1" 200 1750 "-" "Mozilla/5.0 (compatible; AhrefsBot/7.0; +http://ahrefs.com/robot/)"
45.154.98.0 - - [06/Nov/2023:05:04:35 +0100] "GET /wp-content/plugins/capability-manager-enhanced/readme.txt HTTP/1.1" 301 288 "-" "Mozilla/5.0 (Macintosh; Intel Mac OS X 14_0) AppleWebKit/537.36 (KHTML, like Gecko) Chrome/118.0.0.0 Safari/537.36"
54.36.148.0 - - [06/Nov/2023:05:04:35 +0100] "GET /assets/rollover.js HTTP/1.1" 200 5145 "-" "Mozilla/5.0 (compatible; AhrefsBot/7.0; +http://ahrefs.com/robot/)"
45.154.98.0 - - [06/Nov/2023:05:04:35 +0100] "GET /wp-content/plugins/capability-manager-enhanced/readme.txt HTTP/1.1" 200 - "-" "Mozilla/5.0 (Macintosh; Intel Mac OS X 14_0) AppleWebKit/537.36 (KHTML, like Gecko) Chrome/118.0.0.0 Safari/537.36"
81.169.178.0 - - [06/Nov/2023:05:04:36 +0100] "POST /?wordfence_syncAttackData=1699243476.1158 HTTP/1.1" 200 - "https://www.ipcbusiness.de/?wordfence_syncAttackData=1699243476.1158" "WordPress/5.8.8; https://www.ipcbusiness.de"
45.154.98.0 - - [06/Nov/2023:05:04:36 +0100] "GET /wp-content/plugins/capability-manager-enhanced/readme.txt HTTP/1.1" 200 9970 "-" "Mozilla/5.0 (Macintosh; Intel Mac OS X 14_0) AppleWebKit/537.36 (KHTML, like Gecko) Chrome/118.0.0.0 Safari/537.36"
54.36.148.0 - - [06/Nov/2023:05:04:37 +0100] "GET /html/fusion.css HTTP/1.1" 200 1161 "-" "Mozilla/5.0 (compatible; AhrefsBot/7.0; +http://ahrefs.com/robot/)"
45.154.98.0 - - [06/Nov/2023:05:04:37 +0100] "GET /wp-content/plugins/wp-automatic/css/wp-automatic.css HTTP/1.1" 301 283 "-" "Mozilla/5.0 (Linux; Android 11; ONEPLUS A6013) AppleWebKit/537.36 (KHTML, like Gecko) Chrome/118.0.0.0 Mobile Safari/537.36"
54.36.148.0 - - [06/Nov/2023:05:04:38 +0100] "GET /subheader_br.gif HTTP/1.1" 200 1693 "-" "Mozilla/5.0 (compatible; AhrefsBot/7.0; +http://ahrefs.com/robot/)"
45.154.98.0 - - [06/Nov/2023:05:04:38 +0100] "GET /wp-content/plugins/wp-automatic/css/wp-automatic.css HTTP/1.1" 200 - "-" "Mozilla/5.0 (Linux; Android 11; ONEPLUS A6013) AppleWebKit/537.36 (KHTML, like Gecko) Chrome/118.0.0.0 Mobile Safari/537.36"
81.169.178.0 - - [06/Nov/2023:05:04:38 +0100] "POST /wp-cron.php?doing_wp_cron=1699243478.0258231163024902343750 HTTP/1.1" 200 - "http://www.computerdoc24.de/wp-cron.php?doing_wp_cron=1699243478.0258231163024902343750" "WordPress/5.2.19; https://www.computerdoc24.de"
54.36.148.0 - - [06/Nov/2023:05:04:38 +0100] "GET /assets/images/autogen/Kontakt_Nregular_1_1.gif HTTP/1.1" 200 1596 "-" "Mozilla/5.0 (compatible; AhrefsBot/7.0; +http://ahrefs.com/robot/)"
45.154.98.0 - - [06/Nov/2023:05:04:37 +0100] "GET /wp-content/plugins/wpcargo/readme.txt HTTP/1.1" 200 - "-" "Mozilla/5.0 (Linux; Android 11; ONEPLUS A6013) AppleWebKit/537.36 (KHTML, like Gecko) Chrome/118.0.0.0 Mobile Safari/537.36"
45.154.98.0 - - [06/Nov/2023:05:04:39 +0100] "GET /wp-content/plugins/wp-automatic/css/wp-automatic.css HTTP/1.1" 200 9961 "-" "Mozilla/5.0 (Linux; Android 11; ONEPLUS A6013) AppleWebKit/537.36 (KHTML, like Gecko) Chrome/118.0.0.0 Mobile Safari/537.36"
45.154.98.0 - - [06/Nov/2023:05:04:39 +0100] "GET /wp-content/plugins/wpcargo/readme.txt HTTP/1.1" 200 - "-" "Mozilla/5.0 (Linux; Android 11; ONEPLUS A6013) AppleWebKit/537.36 (KHTML, like Gecko) Chrome/118.0.0.0 Mobile Safari/537.36"
54.36.148.0 - - [06/Nov/2023:05:04:40 +0100] "GET /subheader_bl.gif HTTP/1.1" 200 1883 "-" "Mozilla/5.0 (compatible; AhrefsBot/7.0; +http://ahrefs.com/robot/)"
54.36.148.0 - - [06/Nov/2023:05:04:40 +0100] "GET /html/site.css HTTP/1.1" 200 88 "-" "Mozilla/5.0 (compatible; AhrefsBot/7.0; +http://ahrefs.com/robot/)"
81.169.178.0 - - [06/Nov/2023:05:04:40 +0100] "POST /?wordfence_syncAttackData=1699243480.1156 HTTP/1.1" 200 - "https://www.computerdoc24.de/?wordfence_syncAttackData=1699243480.1156" "WordPress/5.2.19; https://www.computerdoc24.de"
45.154.98.0 - - [06/Nov/2023:05:04:41 +0100] "GET /wp-content/plugins/wp-automatic/changelog HTTP/1.1" 301 272 "-" "Mozilla/5.0 (Linux; Android 11; ONEPLUS A6013) AppleWebKit/537.36 (KHTML, like Gecko) Chrome/118.0.0.0 Mobile Safari/537.36"
54.36.148.0 - - [06/Nov/2023:05:04:41 +0100] "GET /kv_none_poetic_cream_none_1.gif HTTP/1.1" 200 248 "-" "Mozilla/5.0 (compatible; AhrefsBot/7.0; +http://ahrefs.com/robot/)"
45.154.98.0 - - [06/Nov/2023:05:04:40 +0100] "GET /wp-content/plugins/wpcargo/readme.txt HTTP/1.1" 200 11030 "-" "Mozilla/5.0 (Linux; Android 11; ONEPLUS A6013) AppleWebKit/537.36 (KHTML, like Gecko) Chrome/118.0.0.0 Mobile Safari/537.36"
45.154.98.0 - - [06/Nov/2023:05:04:41 +0100] "GET /wp-content/plugins/wp-automatic/changelog HTTP/1.1" 200 - "-" "Mozilla/5.0 (Linux; Android 11; ONEPLUS A6013) AppleWebKit/537.36 (KHTML, like Gecko) Chrome/118.0.0.0 Mobile Safari/537.36"
45.154.98.0 - - [06/Nov/2023:05:04:41 +0100] "GET /wp-content/plugins/wp-automatic/changelog HTTP/1.1" 200 9960 "-" "Mozilla/5.0 (Linux; Android 11; ONEPLUS A6013) AppleWebKit/537.36 (KHTML, like Gecko) Chrome/118.0.0.0 Mobile Safari/537.36"
54.36.148.0 - - [06/Nov/2023:05:04:42 +0100] "GET /assets/images/autogen/Referenzen_Nregular_1_1.gif HTTP/1.1" 200 1249 "-" "Mozilla/5.0 (compatible; AhrefsBot/7.0; +http://ahrefs.com/robot/)"
