81.169.178.0 - - [06/Nov/2023:03:11:31 +0100] "POST /wp-cron.php?doing_wp_cron=1699236691.6251358985900878906250 HTTP/1.1" 200 - "https://www.computerdoc24.de/wp-cron.php?doing_wp_cron=1699236691.6251358985900878906250" "WordPress/5.2.19; https://www.computerdoc24.de"
62.138.2.0 - - [06/Nov/2023:03:11:31 +0100] "GET /robots.txt HTTP/1.1" 200 69 "-" "Mozilla/5.0 (Macintosh; Intel Mac OS X 10.15; rv:103.0) Gecko/20100101 Firefox/103.0"
81.169.178.0 - - [06/Nov/2023:03:11:37 +0100] "POST /wp-cron.php?doing_wp_cron=1699236697.6401898860931396484375 HTTP/1.1" 200 - "https://www.computerdoc24.de/wp-cron.php?doing_wp_cron=1699236697.6401898860931396484375" "WordPress/5.2.19; https://www.computerdoc24.de"
62.138.2.0 - - [06/Nov/2023:03:11:37 +0100] "GET /datenschutzerklaerung/ HTTP/1.1" 200 24463 "-" "Mozilla/5.0 (Macintosh; Intel Mac OS X 10.15; rv:103.0) Gecko/20100101 Firefox/103.0"
78.153.140.0 - - [06/Nov/2023:03:15:39 +0100] "GET /.env HTTP/1.1" 404 2539 "-" "Mozilla/5.0 (X11; Linux x86_64) AppleWebKit/537.36 (KHTML, like Gecko) Chrome/81.0.4044.129 Safari/537.36"
78.153.140.0 - - [06/Nov/2023:03:15:40 +0100] "\x16\x03\x01\x01H\x01" 400 226 "-" "-"
81.169.178.0 - - [06/Nov/2023:03:16:00 +0100] "POST /wp-cron.php?doing_wp_cron=1699236960.1206231117248535156250 HTTP/1.1" 200 - "https://www.computerdoc24.de/wp-cron.php?doing_wp_cron=1699236960.1206231117248535156250" "WordPress/5.2.19; https://www.computerdoc24.de"
196.240.254.0 - - [06/Nov/2023:03:15:59 +0100] "GET /kontakt/ HTTP/1.1" 200 14138 "-" "Mozilla/5.0 (Windows NT 10.0; Win64; x64) AppleWebKit/537.36 (KHTML, like Gecko) Chrome/114.0.0.0 Safari/537.36 Vivaldi/5.3.2679.68"
5.255.231.0 - - [06/Nov/2023:03:20:10 +0100] "GET /robots.txt HTTP/1.1" 200 2691 "-" "Mozilla/5.0 (compatible; YandexBot/3.0; +http://yandex.com/bots)"
5.255.231.0 - - [06/Nov/2023:03:20:10 +0100] "GET / HTTP/1.1" 200 2691 "-" "Mozilla/5.0 (compatible; YandexBot/3.0; +http://yandex.com/bots)"
81.169.178.0 - - [06/Nov/2023:03:23:16 +0100] "POST /wp-cron.php?doing_wp_cron=1699237396.2746970653533935546875 HTTP/1.1" 200 - "https://www.ipcbusiness.de/wp-cron.php?doing_wp_cron=1699237396.2746970653533935546875" "WordPress/5.8.8; https://www.ipcbusiness.de"
62.138.2.0 - - [06/Nov/2023:03:23:16 +0100] "GET /robots.txt HTTP/1.1" 200 69 "-" "Mozilla/5.0 (Macintosh; Intel Mac OS X 10.15; rv:103.0) Gecko/20100101 Firefox/103.0"
62.138.2.0 - - [06/Nov/2023:03:23:19 +0100] "GET /ueber-uns/soziale-verantwortung/ HTTP/1.1" 200 11023 "-" "Mozilla/5.0 (Macintosh; Intel Mac OS X 10.15; rv:103.0) Gecko/20100101 Firefox/103.0"
148.153.45.0 - - [06/Nov/2023:03:23:49 +0100] "GET /KDsZ HTTP/1.1" 404 2543 "-" "Mozilla/5.0 (Macintosh; Intel Mac OS X 10.9; rv:32.0) Gecko/20100101 Firefox/32.0"
148.153.45.0 - - [06/Nov/2023:03:23:49 +0100] "GET /S4ua HTTP/1.1" 404 2543 "-" "Mozilla/5.0 (Macintosh; Intel Mac OS X 10.9; rv:32.0) Gecko/20100101 Firefox/32.0"
148.153.45.0 - - [06/Nov/2023:03:23:50 +0100] "GET /aab8 HTTP/1.1" 404 2543 "-" "Mozilla/5.0 (Macintosh; Intel Mac OS X 10.9; rv:32.0) Gecko/20100101 Firefox/32.0"
148.153.45.0 - - [06/Nov/2023:03:23:51 +0100] "GET /jquery-3.3.1.slim.min.js HTTP/1.1" 404 2583 "-" "Mozilla/5.0 (Macintosh; Intel Mac OS X 10.9; rv:32.0) Gecko/20100101 Firefox/32.0"
148.153.45.0 - - [06/Nov/2023:03:23:52 +0100] "GET /aab9 HTTP/1.1" 404 2543 "-" "Mozilla/5.0 (Macintosh; Intel Mac OS X 10.9; rv:32.0) Gecko/20100101 Firefox/32.0"
148.153.45.0 - - [06/Nov/2023:03:23:52 +0100] "GET /jquery-3.3.2.slim.min.js HTTP/1.1" 404 2583 "-" "Mozilla/5.0 (Macintosh; Intel Mac OS X 10.9; rv:32.0) Gecko/20100101 Firefox/32.0"
83.97.73.0 - - [06/Nov/2023:03:25:05 +0100] "GET /?XDEBUG_SESSION_START=phpstorm HTTP/1.1" 403 2411 "-" "Mozilla/5.0 (Windows NT 10.0; Win64; x64) AppleWebKit/537.36 (KHTML, like Gecko) Chrome/78.0.3904.108 Safari/537.36"
89.200.205.0 - - [06/Nov/2023:03:26:06 +0100] "GET /robots.txt HTTP/1.1" 301 245 "-" "Mozilla/5.0 (compatible; OpenindexSpider; +https://www.openindex.io/saas/about-our-spider/)"
89.200.205.0 - - [06/Nov/2023:03:26:07 +0100] "GET /robots.txt HTTP/1.1" 200 69 "-" "Mozilla/5.0 (compatible; OpenindexSpider; +https://www.openindex.io/saas/about-our-spider/)"
89.200.205.0 - - [06/Nov/2023:03:26:07 +0100] "GET / HTTP/1.1" 301 235 "-" "Mozilla/5.0 (compatible; OpenindexSpider; +https://www.openindex.io/saas/about-our-spider/)"
81.169.178.0 - - [06/Nov/2023:03:35:00 +0100] "POST /wp-cron.php?doing_wp_cron=1699238100.7646911144256591796875 HTTP/1.1" 200 - "https://www.computerdoc24.de/wp-cron.php?doing_wp_cron=1699238100.7646911144256591796875" "WordPress/5.2.19; https://www.computerdoc24.de"
62.138.2.0 - - [06/Nov/2023:03:35:00 +0100] "GET /robots.txt HTTP/1.1" 200 69 "-" "Mozilla/5.0 (Macintosh; Intel Mac OS X 10.15; rv:103.0) Gecko/20100101 Firefox/103.0"
62.138.2.0 - - [06/Nov/2023:03:35:01 +0100] "GET /sitemap.xml HTTP/1.1" 200 11026 "-" "Mozilla/5.0 (Macintosh; Intel Mac OS X 10.15; rv:103.0) Gecko/20100101 Firefox/103.0"
62.138.2.0 - - [06/Nov/2023:03:39:45 +0100] "GET /it/ HTTP/1.1" 200 16223 "-" "Mozilla/5.0 (Macintosh; Intel Mac OS X 10.15; rv:103.0) Gecko/20100101 Firefox/103.0"
81.169.178.0 - - [06/Nov/2023:03:39:46 +0100] "POST /wp-admin/admin-ajax.php?action=wordfence_testAjax HTTP/1.1" 200 32 "https://www.ipcbusiness.de/wp-admin/admin-ajax.php?action=wordfence_testAjax" "WordPress/5.8.8; https://www.ipcbusiness.de"
81.169.178.0 - - [06/Nov/2023:03:39:45 +0100] "POST /wp-cron.php?doing_wp_cron=1699238385.8140819072723388671875 HTTP/1.1" 200 - "https://www.ipcbusiness.de/wp-cron.php?doing_wp_cron=1699238385.8140819072723388671875" "WordPress/5.8.8; https://www.ipcbusiness.de/it"
81.169.178.0 - - [06/Nov/2023:03:39:47 +0100] "GET /wp-admin/admin-ajax.php?action=wordfence_doScan&isFork=0&scanMode=standard&cronKey=45ca79d26ca5996dd82c3ec613ffe087&signature=0f5158de316f06307c7257c5f1d826e00e6fa9acee69d449b74324c359555645 HTTP/1.1" 200 - "-" "WordPress/5.8.8; https://www.ipcbusiness.de"
51.222.253.0 - - [06/Nov/2023:03:51:52 +0100] "GET /es/impressum/ HTTP/1.1" 200 13840 "-" "Mozilla/5.0 (compatible; AhrefsBot/7.0; +http://ahrefs.com/robot/)"
51.222.253.0 - - [06/Nov/2023:03:51:56 +0100] "GET /wp-includes/js/jquery/jquery-migrate.min.js HTTP/1.1" 200 4169 "-" "Mozilla/5.0 (compatible; AhrefsBot/7.0; +http://ahrefs.com/robot/)"
51.222.253.0 - - [06/Nov/2023:03:51:56 +0100] "GET /wp-content/plugins/contact-form-7/includes/css/styles.css HTTP/1.1" 200 932 "-" "Mozilla/5.0 (compatible; AhrefsBot/7.0; +http://ahrefs.com/robot/)"
51.222.253.0 - - [06/Nov/2023:03:51:57 +0100] "GET /wp-content/themes/lhst/lib/js/jquery-smoothscroll.min.js HTTP/1.1" 200 2546 "-" "Mozilla/5.0 (compatible; AhrefsBot/7.0; +http://ahrefs.com/robot/)"
51.222.253.0 - - [06/Nov/2023:03:51:57 +0100] "GET /wp-content/plugins/revslider/public/assets/js/rs6.min.js HTTP/1.1" 200 86246 "-" "Mozilla/5.0 (compatible; AhrefsBot/7.0; +http://ahrefs.com/robot/)"
51.222.253.0 - - [06/Nov/2023:03:51:59 +0100] "GET /wp-content/themes/lhst/lib/css/bootstrap-responsive-1170.min.css HTTP/1.1" 200 1157 "-" "Mozilla/5.0 (compatible; AhrefsBot/7.0; +http://ahrefs.com/robot/)"
81.169.178.0 - - [06/Nov/2023:03:51:52 +0100] "POST /wp-cron.php?doing_wp_cron=1699239112.5434329509735107421875 HTTP/1.1" 200 - "https://www.ipcbusiness.de/wp-cron.php?doing_wp_cron=1699239112.5434329509735107421875" "WordPress/5.8.8; https://www.ipcbusiness.de/es"
51.222.253.0 - - [06/Nov/2023:03:51:59 +0100] "GET /wp-includes/js/wp-embed.min.js HTTP/1.1" 200 804 "-" "Mozilla/5.0 (compatible; AhrefsBot/7.0; +http://ahrefs.com/robot/)"
51.222.253.0 - - [06/Nov/2023:03:52:00 +0100] "GET /wp-content/plugins/complianz-gdpr/assets/css/cookieconsent.min.css HTTP/1.1" 200 3429 "-" "Mozilla/5.0 (compatible; AhrefsBot/7.0; +http://ahrefs.com/robot/)"
51.222.253.0 - - [06/Nov/2023:03:52:01 +0100] "GET /wp-content/plugins/js_composer/assets/css/js_composer.min.css HTTP/1.1" 200 45790 "-" "Mozilla/5.0 (compatible; AhrefsBot/7.0; +http://ahrefs.com/robot/)"
51.222.253.0 - - [06/Nov/2023:03:52:02 +0100] "GET /wp-content/plugins/easy-fancybox/css/jquery.fancybox.min.css HTTP/1.1" 200 1111 "-" "Mozilla/5.0 (compatible; AhrefsBot/7.0; +http://ahrefs.com/robot/)"
51.222.253.0 - - [06/Nov/2023:03:52:03 +0100] "GET /wp-content/plugins/wpglobus/includes/css/wpglobus.css HTTP/1.1" 200 501 "-" "Mozilla/5.0 (compatible; AhrefsBot/7.0; +http://ahrefs.com/robot/)"
51.222.253.0 - - [06/Nov/2023:03:52:04 +0100] "GET /wp-content/themes/lhst/lib/css/style.min.css HTTP/1.1" 200 38395 "-" "Mozilla/5.0 (compatible; AhrefsBot/7.0; +http://ahrefs.com/robot/)"
51.222.253.0 - - [06/Nov/2023:03:52:05 +0100] "GET /wp-content/plugins/js_composer/assets/js/dist/js_composer_front.min.js HTTP/1.1" 200 5816 "-" "Mozilla/5.0 (compatible; AhrefsBot/7.0; +http://ahrefs.com/robot/)"
51.222.253.0 - - [06/Nov/2023:03:52:05 +0100] "GET /wp-content/plugins/complianz-gdpr/assets/js/cookieconsent.min.js HTTP/1.1" 200 7678 "-" "Mozilla/5.0 (compatible; AhrefsBot/7.0; +http://ahrefs.com/robot/)"
51.222.253.0 - - [06/Nov/2023:03:52:06 +0100] "GET /wp-content/plugins/wpglobus/includes/js/wpglobus.min.js HTTP/1.1" 200 362 "-" "Mozilla/5.0 (compatible; AhrefsBot/7.0; +http://ahrefs.com/robot/)"
51.222.253.0 - - [06/Nov/2023:03:52:06 +0100] "GET /wp-content/plugins/revslider/public/assets/css/rs6.css HTTP/1.1" 200 12698 "-" "Mozilla/5.0 (compatible; AhrefsBot/7.0; +http://ahrefs.com/robot/)"
51.222.253.0 - - [06/Nov/2023:03:52:07 +0100] "GET /wp-content/plugins/revslider/public/assets/js/rbtools.min.js HTTP/1.1" 200 46967 "-" "Mozilla/5.0 (compatible; AhrefsBot/7.0; +http://ahrefs.com/robot/)"
51.222.253.0 - - [06/Nov/2023:03:52:08 +0100] "GET /wp-includes/css/dist/block-library/style.min.css HTTP/1.1" 200 10523 "-" "Mozilla/5.0 (compatible; AhrefsBot/7.0; +http://ahrefs.com/robot/)"
51.222.253.0 - - [06/Nov/2023:03:52:09 +0100] "GET /wp-includes/js/dist/vendor/wp-polyfill.min.js HTTP/1.1" 200 6031 "-" "Mozilla/5.0 (compatible; AhrefsBot/7.0; +http://ahrefs.com/robot/)"
51.222.253.0 - - [06/Nov/2023:03:52:09 +0100] "GET /wp-includes/js/dist/vendor/regenerator-runtime.min.js HTTP/1.1" 200 2398 "-" "Mozilla/5.0 (compatible; AhrefsBot/7.0; +http://ahrefs.com/robot/)"
51.222.253.0 - - [06/Nov/2023:03:52:10 +0100] "GET /wp-content/themes/lhst/includes/modules/module.icomoon/source/css/icomoon.css HTTP/1.1" 200 8420 "-" "Mozilla/5.0 (compatible; AhrefsBot/7.0; +http://ahrefs.com/robot/)"
51.222.253.0 - - [06/Nov/2023:03:52:11 +0100] "GET /wp-includes/js/jquery/jquery.min.js HTTP/1.1" 200 30908 "-" "Mozilla/5.0 (compatible; AhrefsBot/7.0; +http://ahrefs.com/robot/)"
51.222.253.0 - - [06/Nov/2023:03:52:12 +0100] "GET /wp-content/plugins/complianz-gdpr/assets/js/complianz.min.js HTTP/1.1" 200 8645 "-" "Mozilla/5.0 (compatible; AhrefsBot/7.0; +http://ahrefs.com/robot/)"
51.222.253.0 - - [06/Nov/2023:03:52:12 +0100] "GET /wp-content/themes/lhst/includes/modules/module.fontawesome/source/css/font-awesome.min.css HTTP/1.1" 200 4680 "-" "Mozilla/5.0 (compatible; AhrefsBot/7.0; +http://ahrefs.com/robot/)"
51.222.253.0 - - [06/Nov/2023:03:52:13 +0100] "GET /wp-content/uploads/lhst.png HTTP/1.1" 200 6582 "-" "Mozilla/5.0 (compatible; AhrefsBot/7.0; +http://ahrefs.com/robot/)"
51.222.253.0 - - [06/Nov/2023:03:52:14 +0100] "GET /wp-content/uploads/smile_fonts/Defaults/Defaults.css HTTP/1.1" 200 4755 "-" "Mozilla/5.0 (compatible; AhrefsBot/7.0; +http://ahrefs.com/robot/)"
51.222.253.0 - - [06/Nov/2023:03:52:15 +0100] "GET /wp-includes/js/utils.min.js HTTP/1.1" 200 828 "-" "Mozilla/5.0 (compatible; AhrefsBot/7.0; +http://ahrefs.com/robot/)"
51.222.253.0 - - [06/Nov/2023:03:52:15 +0100] "GET /wp-content/themes/lhst/lib/js/app.min.js HTTP/1.1" 200 31102 "-" "Mozilla/5.0 (compatible; AhrefsBot/7.0; +http://ahrefs.com/robot/)"
51.222.253.0 - - [06/Nov/2023:03:52:16 +0100] "GET /wp-content/uploads/Default-Skin_54ce98c851b37c14ba88fe891dd1e475.css?lXZVpV0jtP HTTP/1.1" 200 4314 "-" "Mozilla/5.0 (compatible; AhrefsBot/7.0; +http://ahrefs.com/robot/)"
51.222.253.0 - - [06/Nov/2023:03:52:17 +0100] "GET /wp-content/themes/lhst/includes/modules/module.to_top/source/to_top.js HTTP/1.1" 200 758 "-" "Mozilla/5.0 (compatible; AhrefsBot/7.0; +http://ahrefs.com/robot/)"
51.222.253.0 - - [06/Nov/2023:03:52:17 +0100] "GET /wp-content/plugins/easy-fancybox/js/jquery.fancybox.min.js HTTP/1.1" 200 6330 "-" "Mozilla/5.0 (compatible; AhrefsBot/7.0; +http://ahrefs.com/robot/)"
81.169.178.0 - - [06/Nov/2023:03:52:57 +0100] "POST /wp-cron.php?doing_wp_cron=1699239177.2352850437164306640625 HTTP/1.1" 200 - "https://www.computerdoc24.de/wp-cron.php?doing_wp_cron=1699239177.2352850437164306640625" "WordPress/5.2.19; https://www.computerdoc24.de"
62.138.2.0 - - [06/Nov/2023:03:52:57 +0100] "GET /product/logitech-oem-optical-mouse-b100-black/ HTTP/1.1" 200 15408 "-" "Mozilla/5.0 (Macintosh; Intel Mac OS X 10.15; rv:103.0) Gecko/20100101 Firefox/103.0"
81.169.178.0 - - [06/Nov/2023:04:00:09 +0100] "POST /wp-cron.php?doing_wp_cron=1699239609.4338409900665283203125 HTTP/1.1" 200 - "https://www.ipcbusiness.de/wp-cron.php?doing_wp_cron=1699239609.4338409900665283203125" "WordPress/5.8.8; https://www.ipcbusiness.de"
62.138.2.0 - - [06/Nov/2023:04:00:09 +0100] "GET /robots.txt HTTP/1.1" 200 69 "-" "Mozilla/5.0 (Macintosh; Intel Mac OS X 10.15; rv:103.0) Gecko/20100101 Firefox/103.0"
62.138.2.0 - - [06/Nov/2023:04:00:09 +0100] "GET /pl/unsere-maerkte/drehkreuze-service-partner/ HTTP/1.1" 200 11299 "-" "Mozilla/5.0 (Macintosh; Intel Mac OS X 10.15; rv:103.0) Gecko/20100101 Firefox/103.0"
51.222.253.0 - - [06/Nov/2023:04:01:29 +0100] "GET /robots.txt HTTP/1.1" 200 2691 "-" "Mozilla/5.0 (compatible; AhrefsBot/7.0; +http://ahrefs.com/robot/)"
54.36.148.0 - - [06/Nov/2023:04:01:30 +0100] "GET / HTTP/1.1" 200 2691 "-" "Mozilla/5.0 (compatible; AhrefsBot/7.0; +http://ahrefs.com/robot/)"
162.216.150.0 - - [06/Nov/2023:04:05:36 +0100] "GET / HTTP/1.1" 403 2411 "-" "Expanse, a Palo Alto Networks company, searches across the global IPv4 space multiple times per day to identify customers' presences on the Internet. If you would like to be excluded from our scans, please send IP addresses/domains to: scaninfo@paloaltonetworks.com"
198.235.24.0 - - [06/Nov/2023:04:06:10 +0100] "GET / HTTP/1.1" 200 2691 "-" "-"
13.95.233.0 - - [06/Nov/2023:04:06:27 +0100] "GET /.well-known/pki-validation/cloud.php HTTP/1.1" 200 6626 "-" "Mozlila/5.0 (Linux; Android 7.0; SM-G892A Bulid/NRD90M; wv) AppleWebKit/537.36 (KHTML, like Gecko) Version/4.0 Chrome/60.0.3112.107 Moblie Safari/537.36"
13.95.233.0 - - [06/Nov/2023:04:06:31 +0100] "GET /.well-known/acme-challenge/cloud.php HTTP/1.1" 200 6626 "-" "Mozlila/5.0 (Linux; Android 7.0; SM-G892A Bulid/NRD90M; wv) AppleWebKit/537.36 (KHTML, like Gecko) Version/4.0 Chrome/60.0.3112.107 Moblie Safari/537.36"
13.95.233.0 - - [06/Nov/2023:04:06:35 +0100] "GET /wp-admin/network/cloud.php HTTP/1.1" 200 6626 "-" "Mozlila/5.0 (Linux; Android 7.0; SM-G892A Bulid/NRD90M; wv) AppleWebKit/537.36 (KHTML, like Gecko) Version/4.0 Chrome/60.0.3112.107 Moblie Safari/537.36"
13.95.233.0 - - [06/Nov/2023:04:06:39 +0100] "GET /cloud.php HTTP/1.1" 200 6626 "-" "Mozlila/5.0 (Linux; Android 7.0; SM-G892A Bulid/NRD90M; wv) AppleWebKit/537.36 (KHTML, like Gecko) Version/4.0 Chrome/60.0.3112.107 Moblie Safari/537.36"
13.95.233.0 - - [06/Nov/2023:04:06:42 +0100] "GET /cgi-bin/cloud.php HTTP/1.1" 200 6624 "-" "Mozlila/5.0 (Linux; Android 7.0; SM-G892A Bulid/NRD90M; wv) AppleWebKit/537.36 (KHTML, like Gecko) Version/4.0 Chrome/60.0.3112.107 Moblie Safari/537.36"
13.95.233.0 - - [06/Nov/2023:04:06:46 +0100] "GET /css/cloud.php HTTP/1.1" 200 6624 "-" "Mozlila/5.0 (Linux; Android 7.0; SM-G892A Bulid/NRD90M; wv) AppleWebKit/537.36 (KHTML, like Gecko) Version/4.0 Chrome/60.0.3112.107 Moblie Safari/537.36"
13.95.233.0 - - [06/Nov/2023:04:06:51 +0100] "GET /wp-admin/user/cloud.php HTTP/1.1" 200 6626 "-" "Mozlila/5.0 (Linux; Android 7.0; SM-G892A Bulid/NRD90M; wv) AppleWebKit/537.36 (KHTML, like Gecko) Version/4.0 Chrome/60.0.3112.107 Moblie Safari/537.36"
13.95.233.0 - - [06/Nov/2023:04:06:55 +0100] "GET /img/cloud.php HTTP/1.1" 200 6626 "-" "Mozlila/5.0 (Linux; Android 7.0; SM-G892A Bulid/NRD90M; wv) AppleWebKit/537.36 (KHTML, like Gecko) Version/4.0 Chrome/60.0.3112.107 Moblie Safari/537.36"
13.95.233.0 - - [06/Nov/2023:04:06:59 +0100] "GET /wp-admin/css/colors/coffee/cloud.php HTTP/1.1" 200 6626 "-" "Mozlila/5.0 (Linux; Android 7.0; SM-G892A Bulid/NRD90M; wv) AppleWebKit/537.36 (KHTML, like Gecko) Version/4.0 Chrome/60.0.3112.107 Moblie Safari/537.36"
13.95.233.0 - - [06/Nov/2023:04:07:03 +0100] "GET /wp-admin/images/cloud.php HTTP/1.1" 200 6626 "-" "Mozlila/5.0 (Linux; Android 7.0; SM-G892A Bulid/NRD90M; wv) AppleWebKit/537.36 (KHTML, like Gecko) Version/4.0 Chrome/60.0.3112.107 Moblie Safari/537.36"
13.95.233.0 - - [06/Nov/2023:04:07:06 +0100] "GET /images/cloud.php HTTP/1.1" 200 6626 "-" "Mozlila/5.0 (Linux; Android 7.0; SM-G892A Bulid/NRD90M; wv) AppleWebKit/537.36 (KHTML, like Gecko) Version/4.0 Chrome/60.0.3112.107 Moblie Safari/537.36"
13.95.233.0 - - [06/Nov/2023:04:07:10 +0100] "GET /wp-admin/js/widgets/cloud.php HTTP/1.1" 200 6626 "-" "Mozlila/5.0 (Linux; Android 7.0; SM-G892A Bulid/NRD90M; wv) AppleWebKit/537.36 (KHTML, like Gecko) Version/4.0 Chrome/60.0.3112.107 Moblie Safari/537.36"
13.95.233.0 - - [06/Nov/2023:04:07:14 +0100] "GET /wp-admin/css/colors/cloud.php HTTP/1.1" 200 6626 "-" "Mozlila/5.0 (Linux; Android 7.0; SM-G892A Bulid/NRD90M; wv) AppleWebKit/537.36 (KHTML, like Gecko) Version/4.0 Chrome/60.0.3112.107 Moblie Safari/537.36"
13.95.233.0 - - [06/Nov/2023:04:07:29 +0100] "GET /wp-admin/includes/cloud.php HTTP/1.1" 200 6626 "-" "Mozlila/5.0 (Linux; Android 7.0; SM-G892A Bulid/NRD90M; wv) AppleWebKit/537.36 (KHTML, like Gecko) Version/4.0 Chrome/60.0.3112.107 Moblie Safari/537.36"
13.95.233.0 - - [06/Nov/2023:04:07:34 +0100] "GET /wp-admin/css/colors/blue/cloud.php HTTP/1.1" 200 6624 "-" "Mozlila/5.0 (Linux; Android 7.0; SM-G892A Bulid/NRD90M; wv) AppleWebKit/537.36 (KHTML, like Gecko) Version/4.0 Chrome/60.0.3112.107 Moblie Safari/537.36"
13.95.233.0 - - [06/Nov/2023:04:07:39 +0100] "GET /wp-admin/cloud.php HTTP/1.1" 200 6626 "-" "Mozlila/5.0 (Linux; Android 7.0; SM-G892A Bulid/NRD90M; wv) AppleWebKit/537.36 (KHTML, like Gecko) Version/4.0 Chrome/60.0.3112.107 Moblie Safari/537.36"
45.79.181.0 - - [06/Nov/2023:04:09:04 +0100] "GET / HTTP/1.1" 403 2409 "-" "Mozilla/5.0 (Macintosh; Intel Mac OS X 13_1) AppleWebKit/537.36 (KHTML, like Gecko) Chrome/108.0.0.0 Safari/537.36"
161.35.174.0 - - [06/Nov/2023:04:14:13 +0100] "GET /unsere-maerkte/drehkreuze-service-partner/ HTTP/1.1" 200 11107 "-" "Mozilla/5.0 (Macintosh; Intel Mac OS X 10_15_7) AppleWebKit/537.36 (KHTML, like Gecko) Chrome/114.0.0.0 Safari/537.36"
81.169.178.0 - - [06/Nov/2023:04:15:01 +0100] "POST /wp-cron.php?doing_wp_cron=1699240501.3311300277709960937500 HTTP/1.1" 200 - "https://www.computerdoc24.de/wp-cron.php?doing_wp_cron=1699240501.3311300277709960937500" "WordPress/5.2.19; https://www.computerdoc24.de"
81.169.178.0 - - [06/Nov/2023:04:15:01 +0100] "POST /?wordfence_syncAttackData=1699240501.1527 HTTP/1.1" 200 - "https://www.computerdoc24.de/?wordfence_syncAttackData=1699240501.1527" "WordPress/5.2.19; https://www.computerdoc24.de"
81.169.178.0 - - [06/Nov/2023:04:15:02 +0100] "POST /wp-cron.php?doing_wp_cron=1699240502.2184329032897949218750 HTTP/1.1" 200 - "https://www.computerdoc24.de/wp-cron.php?doing_wp_cron=1699240502.2184329032897949218750" "WordPress/5.2.19; https://www.computerdoc24.de"
54.36.148.0 - - [06/Nov/2023:04:15:01 +0100] "GET / HTTP/1.1" 200 18931 "-" "Mozilla/5.0 (compatible; AhrefsBot/7.0; +http://ahrefs.com/robot/)"
168.119.64.0 - - [06/Nov/2023:04:15:04 +0100] "GET /wp-content/themes/en-vision/lib/css/bootstrap-responsive-1170.min.css HTTP/1.1" 200 1157 "https://www.computerdoc24.de/" "Mozilla/5.0 (compatible; AhrefsBot/7.0; +http://ahrefs.com/robot/)"
168.119.64.0 - - [06/Nov/2023:04:15:04 +0100] "GET /wp-content/plugins/shapepress-dsgvo/public/css/sp-dsgvo-popup.min.css HTTP/1.1" 200 2375 "https://www.computerdoc24.de/" "Mozilla/5.0 (compatible; AhrefsBot/7.0; +http://ahrefs.com/robot/)"
168.119.64.0 - - [06/Nov/2023:04:15:04 +0100] "GET /wp-content/plugins/shapepress-dsgvo/public/css/sp-dsgvo-public.min.css HTTP/1.1" 200 1087 "https://www.computerdoc24.de/" "Mozilla/5.0 (compatible; AhrefsBot/7.0; +http://ahrefs.com/robot/)"
168.119.64.0 - - [06/Nov/2023:04:15:04 +0100] "GET /wp-content/uploads/smile_fonts/Defaults/Defaults.css HTTP/1.1" 200 4755 "https://www.computerdoc24.de/" "Mozilla/5.0 (compatible; AhrefsBot/7.0; +http://ahrefs.com/robot/)"
168.119.64.0 - - [06/Nov/2023:04:15:04 +0100] "GET /wp-content/themes/en-vision/lib/css/woocommerce.min.css HTTP/1.1" 200 9641 "https://www.computerdoc24.de/" "Mozilla/5.0 (compatible; AhrefsBot/7.0; +http://ahrefs.com/robot/)"
168.119.64.0 - - [06/Nov/2023:04:15:04 +0100] "GET /wp-content/themes/en-vision/lib/css/style.min.css HTTP/1.1" 200 38861 "https://www.computerdoc24.de/" "Mozilla/5.0 (compatible; AhrefsBot/7.0; +http://ahrefs.com/robot/)"
168.119.64.0 - - [06/Nov/2023:04:15:04 +0100] "GET /wp-content/plugins/shapepress-dsgvo/public/css/simplebar.min.css HTTP/1.1" 200 836 "https://www.computerdoc24.de/" "Mozilla/5.0 (compatible; AhrefsBot/7.0; +http://ahrefs.com/robot/)"
168.119.64.0 - - [06/Nov/2023:04:15:04 +0100] "GET /wp-includes/css/dist/block-library/style.min.css HTTP/1.1" 200 4788 "https://www.computerdoc24.de/" "Mozilla/5.0 (compatible; AhrefsBot/7.0; +http://ahrefs.com/robot/)"
168.119.64.0 - - [06/Nov/2023:04:15:04 +0100] "GET /wp-content/themes/en-vision/includes/modules/module.fontawesome/source/css/font-awesome.min.css HTTP/1.1" 200 4680 "https://www.computerdoc24.de/" "Mozilla/5.0 (compatible; AhrefsBot/7.0; +http://ahrefs.com/robot/)"
168.119.64.0 - - [06/Nov/2023:04:15:04 +0100] "GET /wp-content/plugins/contact-form-7/includes/css/styles.css HTTP/1.1" 200 651 "https://www.computerdoc24.de/" "Mozilla/5.0 (compatible; AhrefsBot/7.0; +http://ahrefs.com/robot/)"
168.119.64.0 - - [06/Nov/2023:04:15:04 +0100] "GET /wp-content/plugins/Ultimate_VC_Addons/assets/min-css/ultimate.min.css HTTP/1.1" 200 47736 "https://www.computerdoc24.de/" "Mozilla/5.0 (compatible; AhrefsBot/7.0; +http://ahrefs.com/robot/)"
168.119.64.0 - - [06/Nov/2023:04:15:04 +0100] "GET /wp-content/plugins/js_composer/assets/css/js_composer.min.css HTTP/1.1" 200 45591 "https://www.computerdoc24.de/" "Mozilla/5.0 (compatible; AhrefsBot/7.0; +http://ahrefs.com/robot/)"
168.119.64.0 - - [06/Nov/2023:04:15:04 +0100] "GET /wp-content/plugins/wpt-login/css/custom-login.css HTTP/1.1" 200 707 "https://www.computerdoc24.de/" "Mozilla/5.0 (compatible; AhrefsBot/7.0; +http://ahrefs.com/robot/)"
168.119.64.0 - - [06/Nov/2023:04:15:04 +0100] "GET /wp-content/plugins/shapepress-dsgvo/public/css/bootstrap-grid.min.css HTTP/1.1" 200 6484 "https://www.computerdoc24.de/" "Mozilla/5.0 (compatible; AhrefsBot/7.0; +http://ahrefs.com/robot/)"
168.119.64.0 - - [06/Nov/2023:04:15:04 +0100] "GET /wp-content/themes/en-vision/includes/modules/module.icomoon/source/css/icomoon.css HTTP/1.1" 200 8420 "https://www.computerdoc24.de/" "Mozilla/5.0 (compatible; AhrefsBot/7.0; +http://ahrefs.com/robot/)"
168.119.64.0 - - [06/Nov/2023:04:15:04 +0100] "GET /wp-content/uploads/Dark-Blue-Skin_f11de704061eed4e79d777b4e0c313ab.css?OlJKPnf0ao HTTP/1.1" 200 4393 "https://www.computerdoc24.de/" "Mozilla/5.0 (compatible; AhrefsBot/7.0; +http://ahrefs.com/robot/)"
168.119.64.0 - - [06/Nov/2023:04:15:04 +0100] "GET /wp-includes/css/dist/block-library/theme.min.css HTTP/1.1" 200 562 "https://www.computerdoc24.de/" "Mozilla/5.0 (compatible; AhrefsBot/7.0; +http://ahrefs.com/robot/)"
168.119.64.0 - - [06/Nov/2023:04:15:04 +0100] "GET /wp-content/plugins/js_composer/assets/lib/bower/font-awesome/css/font-awesome.min.css HTTP/1.1" 200 6970 "https://www.computerdoc24.de/" "Mozilla/5.0 (compatible; AhrefsBot/7.0; +http://ahrefs.com/robot/)"
168.119.64.0 - - [06/Nov/2023:04:15:04 +0100] "GET /wp-content/plugins/woocommerce/packages/woocommerce-blocks/build/style.css HTTP/1.1" 200 2310 "https://www.computerdoc24.de/" "Mozilla/5.0 (compatible; AhrefsBot/7.0; +http://ahrefs.com/robot/)"
168.119.64.0 - - [06/Nov/2023:04:15:04 +0100] "GET /wp-content/plugins/revslider/public/assets/css/rs6.css HTTP/1.1" 200 12282 "https://www.computerdoc24.de/" "Mozilla/5.0 (compatible; AhrefsBot/7.0; +http://ahrefs.com/robot/)"
168.119.64.0 - - [06/Nov/2023:04:15:04 +0100] "GET /wp-content/plugins/revslider/public/assets/fonts/revicons/revicons.woff?5510888 HTTP/1.1" 200 7491 "https://www.computerdoc24.de/" "Mozilla/5.0 (compatible; AhrefsBot/7.0; +http://ahrefs.com/robot/)"
168.119.64.0 - - [06/Nov/2023:04:15:04 +0100] "GET /wp-content/plugins/revslider/public/assets/fonts/font-awesome/fonts/fontawesome-webfont.woff2?v=4.7.0 HTTP/1.1" 200 77162 "https://www.computerdoc24.de/" "Mozilla/5.0 (compatible; AhrefsBot/7.0; +http://ahrefs.com/robot/)"
168.119.64.0 - - [06/Nov/2023:04:15:04 +0100] "GET /wp-includes/js/jquery/jquery.js HTTP/1.1" 200 33776 "https://www.computerdoc24.de/" "Mozilla/5.0 (compatible; AhrefsBot/7.0; +http://ahrefs.com/robot/)"
168.119.64.0 - - [06/Nov/2023:04:15:04 +0100] "GET /wp-content/plugins/revslider/public/assets/fonts/font-awesome/css/font-awesome.css HTTP/1.1" 200 7235 "https://www.computerdoc24.de/" "Mozilla/5.0 (compatible; AhrefsBot/7.0; +http://ahrefs.com/robot/)"
168.119.64.0 - - [06/Nov/2023:04:15:04 +0100] "GET /wp-content/plugins/revslider/public/assets/js/rbtools.min.js HTTP/1.1" 200 46966 "https://www.computerdoc24.de/" "Mozilla/5.0 (compatible; AhrefsBot/7.0; +http://ahrefs.com/robot/)"
168.119.64.0 - - [06/Nov/2023:04:15:04 +0100] "GET /wp-includes/js/jquery/jquery-migrate.min.js HTTP/1.1" 200 4014 "https://www.computerdoc24.de/" "Mozilla/5.0 (compatible; AhrefsBot/7.0; +http://ahrefs.com/robot/)"
168.119.64.0 - - [06/Nov/2023:04:15:04 +0100] "GET /wp-content/plugins/woocommerce/assets/js/jquery-blockui/jquery.blockUI.min.js HTTP/1.1" 200 3533 "https://www.computerdoc24.de/" "Mozilla/5.0 (compatible; AhrefsBot/7.0; +http://ahrefs.com/robot/)"
168.119.64.0 - - [06/Nov/2023:04:15:04 +0100] "GET /wp-content/plugins/woocommerce/assets/js/frontend/add-to-cart.min.js HTTP/1.1" 200 1017 "https://www.computerdoc24.de/" "Mozilla/5.0 (compatible; AhrefsBot/7.0; +http://ahrefs.com/robot/)"
168.119.64.0 - - [06/Nov/2023:04:15:04 +0100] "GET /wp-content/cache/autoptimize/js/autoptimize_single_902b7ca09549975e55e136fb0026df9a.js HTTP/1.1" 200 319 "https://www.computerdoc24.de/" "Mozilla/5.0 (compatible; AhrefsBot/7.0; +http://ahrefs.com/robot/)"
168.119.64.0 - - [06/Nov/2023:04:15:04 +0100] "GET /wp-content/plugins/shapepress-dsgvo/public/js/sp-dsgvo-public.min.js HTTP/1.1" 200 4590 "https://www.computerdoc24.de/" "Mozilla/5.0 (compatible; AhrefsBot/7.0; +http://ahrefs.com/robot/)"
168.119.64.0 - - [06/Nov/2023:04:15:04 +0100] "GET /wp-content/plugins/revslider/public/assets/js/rs6.min.js HTTP/1.1" 200 98542 "https://www.computerdoc24.de/" "Mozilla/5.0 (compatible; AhrefsBot/7.0; +http://ahrefs.com/robot/)"
168.119.64.0 - - [06/Nov/2023:04:15:04 +0100] "GET /wp-content/plugins/autoptimize/classes/external/js/lazysizes.min.js HTTP/1.1" 200 4122 "https://www.computerdoc24.de/" "Mozilla/5.0 (compatible; AhrefsBot/7.0; +http://ahrefs.com/robot/)"
168.119.64.0 - - [06/Nov/2023:04:15:04 +0100] "GET /wp-content/cache/autoptimize/js/autoptimize_single_9ff8e720094fe3a7fa3ab5a2e8fe5919.js HTTP/1.1" 200 587 "https://www.computerdoc24.de/" "Mozilla/5.0 (compatible; AhrefsBot/7.0; +http://ahrefs.com/robot/)"
168.119.64.0 - - [06/Nov/2023:04:15:04 +0100] "GET /wp-content/cache/autoptimize/js/autoptimize_single_1534f06aa2b1b721a45372f8238e2461.js HTTP/1.1" 200 3352 "https://www.computerdoc24.de/" "Mozilla/5.0 (compatible; AhrefsBot/7.0; +http://ahrefs.com/robot/)"
168.119.64.0 - - [06/Nov/2023:04:15:04 +0100] "GET /wp-content/themes/en-vision/lib/js/app.min.js HTTP/1.1" 200 31108 "https://www.computerdoc24.de/" "Mozilla/5.0 (compatible; AhrefsBot/7.0; +http://ahrefs.com/robot/)"
168.119.64.0 - - [06/Nov/2023:04:15:04 +0100] "GET /wp-content/plugins/Ultimate_VC_Addons/assets/min-js/ultimate.min.js HTTP/1.1" 200 54140 "https://www.computerdoc24.de/" "Mozilla/5.0 (compatible; AhrefsBot/7.0; +http://ahrefs.com/robot/)"
168.119.64.0 - - [06/Nov/2023:04:15:04 +0100] "GET /wp-content/plugins/woocommerce/assets/js/js-cookie/js.cookie.min.js HTTP/1.1" 200 981 "https://www.computerdoc24.de/" "Mozilla/5.0 (compatible; AhrefsBot/7.0; +http://ahrefs.com/robot/)"
168.119.64.0 - - [06/Nov/2023:04:15:04 +0100] "GET /wp-content/plugins/woocommerce/assets/js/frontend/woocommerce.min.js HTTP/1.1" 200 619 "https://www.computerdoc24.de/" "Mozilla/5.0 (compatible; AhrefsBot/7.0; +http://ahrefs.com/robot/)"
168.119.64.0 - - [06/Nov/2023:04:15:04 +0100] "GET /wp-content/plugins/woocommerce/assets/js/frontend/cart-fragments.min.js HTTP/1.1" 200 1042 "https://www.computerdoc24.de/" "Mozilla/5.0 (compatible; AhrefsBot/7.0; +http://ahrefs.com/robot/)"
168.119.64.0 - - [06/Nov/2023:04:15:04 +0100] "GET /wp-content/themes/en-vision/lib/js/woocommerce.min.js HTTP/1.1" 200 1122 "https://www.computerdoc24.de/" "Mozilla/5.0 (compatible; AhrefsBot/7.0; +http://ahrefs.com/robot/)"
168.119.64.0 - - [06/Nov/2023:04:15:04 +0100] "GET /wp-includes/js/comment-reply.min.js HTTP/1.1" 200 1044 "https://www.computerdoc24.de/" "Mozilla/5.0 (compatible; AhrefsBot/7.0; +http://ahrefs.com/robot/)"
168.119.64.0 - - [06/Nov/2023:04:15:04 +0100] "GET /wp-includes/js/wp-embed.min.js HTTP/1.1" 200 777 "https://www.computerdoc24.de/" "Mozilla/5.0 (compatible; AhrefsBot/7.0; +http://ahrefs.com/robot/)"
168.119.64.0 - - [06/Nov/2023:04:15:04 +0100] "GET /wp-content/plugins/shapepress-dsgvo/public/js/simplebar.min.js HTTP/1.1" 200 18376 "https://www.computerdoc24.de/" "Mozilla/5.0 (compatible; AhrefsBot/7.0; +http://ahrefs.com/robot/)"
168.119.64.0 - - [06/Nov/2023:04:15:04 +0100] "GET /wp-content/themes/en-vision/lib/js/jquery-smoothscroll.min.js HTTP/1.1" 200 2546 "https://www.computerdoc24.de/" "Mozilla/5.0 (compatible; AhrefsBot/7.0; +http://ahrefs.com/robot/)"
168.119.64.0 - - [06/Nov/2023:04:15:04 +0100] "GET /wp-content/plugins/js_composer/assets/js/dist/js_composer_front.min.js HTTP/1.1" 200 5653 "https://www.computerdoc24.de/" "Mozilla/5.0 (compatible; AhrefsBot/7.0; +http://ahrefs.com/robot/)"
168.119.64.0 - - [06/Nov/2023:04:15:04 +0100] "GET /wp-content/plugins/shapepress-dsgvo/public/css/fonts/roboto/Roboto-Regular-webfont.woff HTTP/1.1" 200 20862 "https://www.computerdoc24.de/" "Mozilla/5.0 (compatible; AhrefsBot/7.0; +http://ahrefs.com/robot/)"
168.119.64.0 - - [06/Nov/2023:04:15:04 +0100] "GET /wp-content/plugins/js_composer/assets/lib/bower/font-awesome/fonts/fontawesome-webfont.woff2?v=4.7.0 HTTP/1.1" 200 77162 "https://www.computerdoc24.de/wp-content/plugins/js_composer/assets/lib/bower/font-awesome/css/font-awesome.min.css" "Mozilla/5.0 (compatible; AhrefsBot/7.0; +http://ahrefs.com/robot/)"
168.119.64.0 - - [06/Nov/2023:04:15:04 +0100] "GET /wp-content/uploads/smile_fonts/Defaults/Defaults.woff?rfa9z8 HTTP/1.1" 200 66219 "https://www.computerdoc24.de/wp-content/uploads/smile_fonts/Defaults/Defaults.css" "Mozilla/5.0 (compatible; AhrefsBot/7.0; +http://ahrefs.com/robot/)"
168.119.64.0 - - [06/Nov/2023:04:15:04 +0100] "POST /?wc-ajax=get_refreshed_fragments HTTP/1.1" 200 177 "https://www.computerdoc24.de/" "Mozilla/5.0 (compatible; AhrefsBot/7.0; +http://ahrefs.com/robot/)"
:: - - [06/Nov/2023:04:15:08 +0100] "OPTIONS * HTTP/1.0" 200 - "-" "Apache/2.4.6 (CentOS) OpenSSL/1.0.2k-fips mod_fcgid/2.3.9 (internal dummy connection)"
54.36.148.0 - - [06/Nov/2023:04:15:09 +0100] "GET /wp-content/plugins/js_composer/assets/lib/bower/font-awesome/css/font-awesome.min.css HTTP/1.1" 200 6970 "-" "Mozilla/5.0 (compatible; AhrefsBot/7.0; +http://ahrefs.com/robot/)"
54.36.148.0 - - [06/Nov/2023:04:15:09 +0100] "GET /wp-content/plugins/Ultimate_VC_Addons/assets/min-js/ultimate.min.js HTTP/1.1" 200 54140 "-" "Mozilla/5.0 (compatible; AhrefsBot/7.0; +http://ahrefs.com/robot/)"
54.36.148.0 - - [06/Nov/2023:04:15:09 +0100] "GET /wp-content/plugins/revslider/public/assets/js/rs6.min.js HTTP/1.1" 200 98542 "-" "Mozilla/5.0 (compatible; AhrefsBot/7.0; +http://ahrefs.com/robot/)"
54.36.148.0 - - [06/Nov/2023:04:15:10 +0100] "GET /wp-content/plugins/Ultimate_VC_Addons/assets/min-css/ultimate.min.css HTTP/1.1" 200 47736 "-" "Mozilla/5.0 (compatible; AhrefsBot/7.0; +http://ahrefs.com/robot/)"
54.36.148.0 - - [06/Nov/2023:04:15:10 +0100] "GET /wp-content/plugins/revslider/public/assets/js/rbtools.min.js HTTP/1.1" 200 46966 "-" "Mozilla/5.0 (compatible; AhrefsBot/7.0; +http://ahrefs.com/robot/)"
54.36.149.0 - - [06/Nov/2023:04:15:10 +0100] "GET /wp-content/uploads/logitech_k120-300x300.jpg HTTP/1.1" 200 10179 "-" "Mozilla/5.0 (compatible; AhrefsBot/7.0; +http://ahrefs.com/robot/)"
54.36.149.0 - - [06/Nov/2023:04:15:11 +0100] "GET /wp-content/uploads/logitech_mk270-300x300.jpg HTTP/1.1" 200 9007 "-" "Mozilla/5.0 (compatible; AhrefsBot/7.0; +http://ahrefs.com/robot/)"
54.36.148.0 - - [06/Nov/2023:04:15:12 +0100] "GET /wp-content/uploads/logitech_maus-300x300.jpg HTTP/1.1" 200 5286 "-" "Mozilla/5.0 (compatible; AhrefsBot/7.0; +http://ahrefs.com/robot/)"
54.36.148.0 - - [06/Nov/2023:04:15:12 +0100] "GET /wp-content/uploads/logitech_s-120-300x300.jpg HTTP/1.1" 200 14390 "-" "Mozilla/5.0 (compatible; AhrefsBot/7.0; +http://ahrefs.com/robot/)"
8.130.66.0 - - [06/Nov/2023:04:20:57 +0100] "GET /.env HTTP/1.1" 404 2539 "-" "curl/7.68.0"
51.222.158.0 - - [06/Nov/2023:04:26:12 +0100] "GET /simple.php HTTP/1.1" 200 - "-" "python-requests/2.27.1"
81.169.178.0 - - [06/Nov/2023:04:26:12 +0100] "POST /wp-cron.php?doing_wp_cron=1699241172.2091250419616699218750 HTTP/1.1" 200 - "http://www.computerdoc24.de/wp-cron.php?doing_wp_cron=1699241172.2091250419616699218750" "WordPress/5.2.19; https://www.computerdoc24.de"
51.222.158.0 - - [06/Nov/2023:04:26:34 +0100] "GET /simple.php HTTP/1.1" 200 - "-" "python-requests/2.27.1"
66.249.74.0 - - [06/Nov/2023:04:26:36 +0100] "GET /robots.txt HTTP/1.1" 301 297 "-" "Mozilla/5.0 (compatible; Googlebot/2.1; +http://www.google.com/bot.html)"
66.249.74.0 - - [06/Nov/2023:04:26:37 +0100] "GET /impressum/feed/ HTTP/1.1" 301 302 "-" "Mozilla/5.0 (compatible; Googlebot/2.1; +http://www.google.com/bot.html)"
81.169.178.0 - - [06/Nov/2023:04:26:53 +0100] "POST /wp-cron.php?doing_wp_cron=1699241212.9939711093902587890625 HTTP/1.1" 200 - "https://www.computerdoc24.de/wp-cron.php?doing_wp_cron=1699241212.9939711093902587890625" "WordPress/5.2.19; https://www.computerdoc24.de"
51.222.158.0 - - [06/Nov/2023:04:26:52 +0100] "GET /simple.php HTTP/1.1" 200 11026 "-" "python-requests/2.27.1"
81.169.178.0 - - [06/Nov/2023:04:27:15 +0100] "POST /wp-cron.php?doing_wp_cron=1699241235.0320410728454589843750 HTTP/1.1" 200 - "https://www.ipcbusiness.de/wp-cron.php?doing_wp_cron=1699241235.0320410728454589843750" "WordPress/5.8.8; https://www.ipcbusiness.de"
62.138.2.0 - - [06/Nov/2023:04:27:14 +0100] "GET /robots.txt HTTP/1.1" 200 69 "-" "Mozilla/5.0 (Macintosh; Intel Mac OS X 10.15; rv:103.0) Gecko/20100101 Firefox/103.0"
62.138.2.0 - - [06/Nov/2023:04:27:15 +0100] "GET /pl/datenschutzerklaerung/ HTTP/1.1" 200 16991 "-" "Mozilla/5.0 (Macintosh; Intel Mac OS X 10.15; rv:103.0) Gecko/20100101 Firefox/103.0"
103.43.18.0 - - [06/Nov/2023:04:27:37 +0100] "GET / HTTP/1.1" 403 2409 "-" "Mozilla/5.0 (X11; Fedora; Linux x86_64) AppleWebKit/537.36 (KHTML, like Gecko) Chrome/52.0.2743.116 Safari/537.36"
103.43.18.0 - - [06/Nov/2023:04:27:37 +0100] "GET / HTTP/1.1" 403 2409 "-" "Mozilla/5.0 (Linux; Android 11; CPH2373) AppleWebKit/537.36 (KHTML, like Gecko) Chrome/101.0.4951.41 Mobile Safari/537.36"
81.169.178.0 - - [06/Nov/2023:04:29:56 +0100] "POST /wp-cron.php?doing_wp_cron=1699241396.7103009223937988281250 HTTP/1.1" 200 - "http://www.computerdoc24.de/wp-cron.php?doing_wp_cron=1699241396.7103009223937988281250" "WordPress/5.2.19; https://www.computerdoc24.de"
216.244.66.0 - - [06/Nov/2023:04:29:56 +0100] "GET /robots.txt HTTP/1.1" 200 - "-" "Mozilla/5.0 (compatible; DotBot/1.2; +https://opensiteexplorer.org/dotbot; help@moz.com)"
216.244.66.0 - - [06/Nov/2023:04:29:58 +0100] "GET /robots.txt HTTP/1.1" 200 67 "-" "Mozilla/5.0 (compatible; DotBot/1.2; +https://opensiteexplorer.org/dotbot; help@moz.com)"
103.43.18.0 - - [06/Nov/2023:04:31:25 +0100] "GET / HTTP/1.1" 403 2411 "-" "Mozilla/5.0 (X11; Linux x86_64) AppleWebKit/537.36 (KHTML, like Gecko) Chrome/77.0.3865.120 Safari/537.36"
43.142.194.0 - - [06/Nov/2023:04:31:29 +0100] "-" 408 - "-" "-"
5.182.209.0 - - [06/Nov/2023:04:31:49 +0100] "GET / HTTP/1.1" 403 2409 "-" "Mozilla/5.0 (Windows NT 10.0; Win64; x64) AppleWebKit/537.36 (KHTML, like Gecko) Chrome/90.0.4430.85 Safari/537.36 Edg/90.0.818.46"
81.169.178.0 - - [06/Nov/2023:04:31:49 +0100] "POST /wp-cron.php?doing_wp_cron=1699241509.1231210231781005859375 HTTP/1.1" 200 - "http://www.computerdoc24.de/wp-cron.php?doing_wp_cron=1699241509.1231210231781005859375" "WordPress/5.2.19; https://www.computerdoc24.de"
198.235.24.0 - - [06/Nov/2023:04:31:48 +0100] "GET / HTTP/1.1" 301 - "-" "-"
198.235.24.0 - - [06/Nov/2023:04:31:51 +0100] "GET / HTTP/1.1" 301 - "http://81.169.178.78:80/" "-"
198.235.24.0 - - [06/Nov/2023:04:31:53 +0100] "GET / HTTP/1.1" 200 95740 "-" "-"
81.169.178.0 - - [06/Nov/2023:04:34:53 +0100] "POST /wp-cron.php?doing_wp_cron=1699241693.3550050258636474609375 HTTP/1.1" 200 - "http://www.computerdoc24.de/wp-cron.php?doing_wp_cron=1699241693.3550050258636474609375" "WordPress/5.2.19; https://www.computerdoc24.de"
154.91.138.0 - - [06/Nov/2023:04:34:53 +0100] "GET / HTTP/1.1" 301 - "http://www.computerdoc24.de/" "Mozilla/5.0 (Windows NT 10.0; Win64; x64) AppleWebKit/537.36 (KHTML, like Gecko) Chrome/70.0.3538.77 Safari/537.36"
154.91.138.0 - - [06/Nov/2023:04:34:55 +0100] "GET / HTTP/1.1" 200 20480 "http://www.computerdoc24.de/" "Mozilla/5.0 (Windows NT 10.0; Win64; x64) AppleWebKit/537.36 (KHTML, like Gecko) Chrome/70.0.3538.77 Safari/537.36"
216.244.66.0 - - [06/Nov/2023:04:36:44 +0100] "GET /wp-content/uploads/20211014_104609_HDR.jpg HTTP/1.1" 200 1602663 "-" "Mozilla/5.0 (compatible; DotBot/1.2; +https://opensiteexplorer.org/dotbot; help@moz.com)"
4.193.110.0 - - [06/Nov/2023:04:38:16 +0100] "GET /wp-content/plugins/fix/up.php HTTP/1.1" 200 9950 "-" "Mozilla/5.0 (Windows NT 10.0; Win64; x64) AppleWebKit/537.36 (KHTML, like Gecko) Chrome/85.0.4183.102 Safari/537.36"
66.249.74.0 - - [06/Nov/2023:04:43:08 +0100] "GET /presse/feed/ HTTP/1.1" 301 299 "-" "Mozilla/5.0 (Linux; Android 6.0.1; Nexus 5X Build/MMB29P) AppleWebKit/537.36 (KHTML, like Gecko) Chrome/119.0.6045.105 Mobile Safari/537.36 (compatible; Googlebot/2.1; +http://www.google.com/bot.html)"
107.170.229.0 - - [06/Nov/2023:04:53:43 +0100] "GET /hudson HTTP/1.1" 404 2543 "-" "Mozilla/5.0 zgrab/0.x"
45.154.98.0 - - [06/Nov/2023:04:57:26 +0100] "GET /wp-content/plugins/royal-elementor-addons/readme.txt HTTP/1.1" 301 283 "-" "Mozilla/5.0 (Linux; Android 11; ONEPLUS A6013) AppleWebKit/537.36 (KHTML, like Gecko) Chrome/118.0.0.0 Mobile Safari/537.36"
81.169.178.0 - - [06/Nov/2023:04:57:26 +0100] "POST /?wordfence_syncAttackData=1699243046.694 HTTP/1.1" 200 - "https://www.ipcbusiness.de/?wordfence_syncAttackData=1699243046.694" "WordPress/5.8.8; https://www.ipcbusiness.de"
81.169.178.0 - - [06/Nov/2023:04:57:27 +0100] "POST /wp-cron.php?doing_wp_cron=1699243047.0596659183502197265625 HTTP/1.1" 200 - "https://www.ipcbusiness.de/wp-cron.php?doing_wp_cron=1699243047.0596659183502197265625" "WordPress/5.8.8; https://www.ipcbusiness.de"
45.154.98.0 - - [06/Nov/2023:04:57:26 +0100] "GET /wp-content/plugins/royal-elementor-addons/readme.txt HTTP/1.1" 200 - "-" "Mozilla/5.0 (Linux; Android 11; ONEPLUS A6013) AppleWebKit/537.36 (KHTML, like Gecko) Chrome/118.0.0.0 Mobile Safari/537.36"
45.154.98.0 - - [06/Nov/2023:04:57:27 +0100] "GET /wp-content/plugins/royal-elementor-addons/readme.txt HTTP/1.1" 200 9967 "-" "Mozilla/5.0 (Linux; Android 11; ONEPLUS A6013) AppleWebKit/537.36 (KHTML, like Gecko) Chrome/118.0.0.0 Mobile Safari/537.36"
45.154.98.0 - - [06/Nov/2023:04:57:33 +0100] "GET /wp-content/plugins/import-xml-feed/readme.txt HTTP/1.1" 301 276 "-" "Mozilla/5.0 (Linux; Android 10; SM-A205U) AppleWebKit/537.36 (KHTML, like Gecko) Chrome/118.0.5993.65 Mobile Safari/537.36"
45.154.98.0 - - [06/Nov/2023:04:57:34 +0100] "GET /wp-content/plugins/import-xml-feed/readme.txt HTTP/1.1" 200 - "-" "Mozilla/5.0 (Linux; Android 10; SM-A205U) AppleWebKit/537.36 (KHTML, like Gecko) Chrome/118.0.5993.65 Mobile Safari/537.36"
45.154.98.0 - - [06/Nov/2023:04:57:34 +0100] "GET /wp-content/plugins/import-xml-feed/readme.txt HTTP/1.1" 200 9964 "-" "Mozilla/5.0 (Linux; Android 10; SM-A205U) AppleWebKit/537.36 (KHTML, like Gecko) Chrome/118.0.5993.65 Mobile Safari/537.36"
45.154.98.0 - - [06/Nov/2023:04:57:37 +0100] "GET /wp-content/plugins/email-posts-to-subscribers/readme.txt HTTP/1.1" 301 287 "-" "Mozilla/5.0 (Linux; Android 10; SM-A205U) AppleWebKit/537.36 (KHTML, like Gecko) Chrome/118.0.5993.65 Mobile Safari/537.36"
45.154.98.0 - - [06/Nov/2023:04:57:36 +0100] "GET /wp-content/plugins/royal-elementor-addons/readme.txt HTTP/1.1" 200 - "-" "Mozilla/5.0 (Linux; Android 10; SM-A205U) AppleWebKit/537.36 (KHTML, like Gecko) Chrome/118.0.5993.65 Mobile Safari/537.36"
81.169.178.0 - - [06/Nov/2023:04:57:37 +0100] "POST /?wordfence_syncAttackData=1699243057.0267 HTTP/1.1" 200 - "https://www.computerdoc24.de/?wordfence_syncAttackData=1699243057.0267" "WordPress/5.2.19; https://www.computerdoc24.de"
45.154.98.0 - - [06/Nov/2023:04:57:38 +0100] "GET /wp-content/plugins/royal-elementor-addons/readme.txt HTTP/1.1" 200 - "-" "Mozilla/5.0 (Linux; Android 10; SM-A205U) AppleWebKit/537.36 (KHTML, like Gecko) Chrome/118.0.5993.65 Mobile Safari/537.36"
45.154.98.0 - - [06/Nov/2023:04:57:37 +0100] "GET /wp-content/plugins/email-posts-to-subscribers/readme.txt HTTP/1.1" 200 - "-" "Mozilla/5.0 (Linux; Android 10; SM-A205U) AppleWebKit/537.36 (KHTML, like Gecko) Chrome/118.0.5993.65 Mobile Safari/537.36"
45.154.98.0 - - [06/Nov/2023:04:57:39 +0100] "GET /wp-content/plugins/royal-elementor-addons/readme.txt HTTP/1.1" 200 11030 "-" "Mozilla/5.0 (Linux; Android 10; SM-A205U) AppleWebKit/537.36 (KHTML, like Gecko) Chrome/118.0.5993.65 Mobile Safari/537.36"
81.169.178.0 - - [06/Nov/2023:04:57:40 +0100] "POST /?wordfence_syncAttackData=1699243060.4397 HTTP/1.1" 200 - "https://www.ipcbusiness.de/?wordfence_syncAttackData=1699243060.4397" "WordPress/5.8.8; https://www.ipcbusiness.de"
45.154.98.0 - - [06/Nov/2023:04:57:40 +0100] "GET /wp-content/plugins/email-posts-to-subscribers/readme.txt HTTP/1.1" 200 9970 "-" "Mozilla/5.0 (Linux; Android 10; SM-A205U) AppleWebKit/537.36 (KHTML, like Gecko) Chrome/118.0.5993.65 Mobile Safari/537.36"
45.154.98.0 - - [06/Nov/2023:04:57:41 +0100] "GET /wp-content/plugins/kadence-blocks/readme.txt HTTP/1.1" 301 275 "-" "Mozilla/5.0 (Macintosh; Intel Mac OS X 14_0) AppleWebKit/537.36 (KHTML, like Gecko) Chrome/118.0.0.0 Safari/537.36"
45.154.98.0 - - [06/Nov/2023:04:57:41 +0100] "GET /wp-content/plugins/kadence-blocks/readme.txt HTTP/1.1" 200 - "-" "Mozilla/5.0 (Macintosh; Intel Mac OS X 14_0) AppleWebKit/537.36 (KHTML, like Gecko) Chrome/118.0.0.0 Safari/537.36"
45.154.98.0 - - [06/Nov/2023:04:57:42 +0100] "GET /wp-content/plugins/kadence-blocks/readme.txt HTTP/1.1" 200 9958 "-" "Mozilla/5.0 (Macintosh; Intel Mac OS X 14_0) AppleWebKit/537.36 (KHTML, like Gecko) Chrome/118.0.0.0 Safari/537.36"
45.154.98.0 - - [06/Nov/2023:04:57:43 +0100] "GET /wp-content/plugins/jupiterx-core/readme.txt HTTP/1.1" 301 274 "-" "Mozilla/5.0 (Linux; Android 11; ONEPLUS A6013) AppleWebKit/537.36 (KHTML, like Gecko) Chrome/118.0.0.0 Mobile Safari/537.36"
45.154.98.0 - - [06/Nov/2023:04:57:43 +0100] "GET /wp-content/plugins/jupiterx-core/readme.txt HTTP/1.1" 200 - "-" "Mozilla/5.0 (Linux; Android 11; ONEPLUS A6013) AppleWebKit/537.36 (KHTML, like Gecko) Chrome/118.0.0.0 Mobile Safari/537.36"
45.154.98.0 - - [06/Nov/2023:04:57:42 +0100] "GET /wp-content/plugins/import-xml-feed/readme.txt HTTP/1.1" 200 - "-" "Mozilla/5.0 (Linux; Android 11; ONEPLUS A6013) AppleWebKit/537.36 (KHTML, like Gecko) Chrome/118.0.0.0 Mobile Safari/537.36"
45.154.98.0 - - [06/Nov/2023:04:57:43 +0100] "GET /wp-content/plugins/jupiterx-core/readme.txt HTTP/1.1" 200 9962 "-" "Mozilla/5.0 (Linux; Android 11; ONEPLUS A6013) AppleWebKit/537.36 (KHTML, like Gecko) Chrome/118.0.0.0 Mobile Safari/537.36"
45.154.98.0 - - [06/Nov/2023:04:57:43 +0100] "GET /wp-content/plugins/import-xml-feed/readme.txt HTTP/1.1" 200 - "-" "Mozilla/5.0 (Linux; Android 11; ONEPLUS A6013) AppleWebKit/537.36 (KHTML, like Gecko) Chrome/118.0.0.0 Mobile Safari/537.36"
51.222.253.0 - - [06/Nov/2023:04:57:44 +0100] "GET /ueber-uns/firmeninformation/ HTTP/1.1" 200 9946 "-" "Mozilla/5.0 (compatible; AhrefsBot/7.0; +http://ahrefs.com/robot/)"
45.154.98.0 - - [06/Nov/2023:04:57:44 +0100] "GET /wp-content/plugins/import-xml-feed/readme.txt HTTP/1.1" 200 11030 "-" "Mozilla/5.0 (Linux; Android 11; ONEPLUS A6013) AppleWebKit/537.36 (KHTML, like Gecko) Chrome/118.0.0.0 Mobile Safari/537.36"
81.169.178.0 - - [06/Nov/2023:04:57:38 +0100] "POST /?wordfence_syncAttackData=1699243058.8146 HTTP/1.1" 500 - "https://www.ipcbusiness.de/?wordfence_syncAttackData=1699243058.8146" "WordPress/5.8.8; https://www.ipcbusiness.de"
45.154.98.0 - - [06/Nov/2023:04:57:45 +0100] "GET /wp-content/plugins/forminator/readme.txt HTTP/1.1" 301 271 "-" "Mozilla/5.0 (iPhone; CPU iPhone OS 17_0 like Mac OS X) AppleWebKit/605.1.15 (KHTML, like Gecko) CriOS/118.0.5993.69 Mobile/15E148 Safari/604.1"
45.154.98.0 - - [06/Nov/2023:04:57:46 +0100] "GET /wp-content/plugins/forminator/readme.txt HTTP/1.1" 200 - "-" "Mozilla/5.0 (iPhone; CPU iPhone OS 17_0 like Mac OS X) AppleWebKit/605.1.15 (KHTML, like Gecko) CriOS/118.0.5993.69 Mobile/15E148 Safari/604.1"
81.169.178.0 - - [06/Nov/2023:04:57:37 +0100] "POST /wp-cron.php?doing_wp_cron=1699243057.2177479267120361328125 HTTP/1.1" 200 - "https://www.computerdoc24.de/wp-cron.php?doing_wp_cron=1699243057.2177479267120361328125" "WordPress/5.2.19; https://www.computerdoc24.de"
45.154.98.0 - - [06/Nov/2023:04:57:46 +0100] "GET /wp-content/plugins/forminator/readme.txt HTTP/1.1" 200 9958 "-" "Mozilla/5.0 (iPhone; CPU iPhone OS 17_0 like Mac OS X) AppleWebKit/605.1.15 (KHTML, like Gecko) CriOS/118.0.5993.69 Mobile/15E148 Safari/604.1"
45.154.98.0 - - [06/Nov/2023:04:57:49 +0100] "GET /wp-content/plugins/ht-mega-for-elementor/readme.txt HTTP/1.1" 301 282 "-" "Mozilla/5.0 (Macintosh; Intel Mac OS X 14_0) AppleWebKit/537.36 (KHTML, like Gecko) Chrome/118.0.0.0 Safari/537.36"
81.169.178.0 - - [06/Nov/2023:04:57:49 +0100] "POST /?wordfence_syncAttackData=1699243069.0478 HTTP/1.1" 200 - "https://www.computerdoc24.de/?wordfence_syncAttackData=1699243069.0478" "WordPress/5.2.19; https://www.computerdoc24.de"
81.169.178.0 - - [06/Nov/2023:04:57:49 +0100] "POST /?wordfence_syncAttackData=1699243069.4477 HTTP/1.1" 200 - "https://www.ipcbusiness.de/?wordfence_syncAttackData=1699243069.4477" "WordPress/5.8.8; https://www.ipcbusiness.de"
45.154.98.0 - - [06/Nov/2023:04:57:49 +0100] "GET /wp-content/plugins/ht-mega-for-elementor/readme.txt HTTP/1.1" 200 - "-" "Mozilla/5.0 (Macintosh; Intel Mac OS X 14_0) AppleWebKit/537.36 (KHTML, like Gecko) Chrome/118.0.0.0 Safari/537.36"
45.154.98.0 - - [06/Nov/2023:04:57:48 +0100] "GET /wp-content/plugins/email-posts-to-subscribers/readme.txt HTTP/1.1" 200 - "-" "Mozilla/5.0 (Macintosh; Intel Mac OS X 14_0) AppleWebKit/537.36 (KHTML, like Gecko) Chrome/118.0.0.0 Safari/537.36"
45.154.98.0 - - [06/Nov/2023:04:57:50 +0100] "GET /wp-content/plugins/ht-mega-for-elementor/readme.txt HTTP/1.1" 200 9964 "-" "Mozilla/5.0 (Macintosh; Intel Mac OS X 14_0) AppleWebKit/537.36 (KHTML, like Gecko) Chrome/118.0.0.0 Safari/537.36"
:: - - [06/Nov/2023:04:57:50 +0100] "OPTIONS * HTTP/1.0" 200 - "-" "Apache/2.4.6 (CentOS) OpenSSL/1.0.2k-fips mod_fcgid/2.3.9 (internal dummy connection)"
45.154.98.0 - - [06/Nov/2023:04:57:50 +0100] "GET /wp-content/plugins/email-posts-to-subscribers/readme.txt HTTP/1.1" 200 - "-" "Mozilla/5.0 (Macintosh; Intel Mac OS X 14_0) AppleWebKit/537.36 (KHTML, like Gecko) Chrome/118.0.0.0 Safari/537.36"
45.154.98.0 - - [06/Nov/2023:04:57:50 +0100] "GET /wp-content/plugins/email-posts-to-subscribers/readme.txt HTTP/1.1" 200 11026 "-" "Mozilla/5.0 (Macintosh; Intel Mac OS X 14_0) AppleWebKit/537.36 (KHTML, like Gecko) Chrome/118.0.0.0 Safari/537.36"
:: - - [06/Nov/2023:04:57:51 +0100] "OPTIONS * HTTP/1.0" 200 - "-" "Apache/2.4.6 (CentOS) OpenSSL/1.0.2k-fips mod_fcgid/2.3.9 (internal dummy connection)"
45.154.98.0 - - [06/Nov/2023:04:57:52 +0100] "GET /wp-content/plugins/wp-post-author/readme.txt HTTP/1.1" 301 275 "-" "Mozilla/5.0 (Linux; Android 10; SM-A205U) AppleWebKit/537.36 (KHTML, like Gecko) Chrome/118.0.5993.65 Mobile Safari/537.36"
45.154.98.0 - - [06/Nov/2023:04:57:52 +0100] "GET /wp-content/plugins/wp-post-author/readme.txt HTTP/1.1" 200 - "-" "Mozilla/5.0 (Linux; Android 10; SM-A205U) AppleWebKit/537.36 (KHTML, like Gecko) Chrome/118.0.5993.65 Mobile Safari/537.36"
:: - - [06/Nov/2023:04:57:52 +0100] "OPTIONS * HTTP/1.0" 200 - "-" "Apache/2.4.6 (CentOS) OpenSSL/1.0.2k-fips mod_fcgid/2.3.9 (internal dummy connection)"
45.154.98.0 - - [06/Nov/2023:04:57:52 +0100] "GET /wp-content/plugins/wp-post-author/readme.txt HTTP/1.1" 200 9962 "-" "Mozilla/5.0 (Linux; Android 10; SM-A205U) AppleWebKit/537.36 (KHTML, like Gecko) Chrome/118.0.5993.65 Mobile Safari/537.36"
:: - - [06/Nov/2023:04:57:53 +0100] "OPTIONS * HTTP/1.0" 200 - "-" "Apache/2.4.6 (CentOS) OpenSSL/1.0.2k-fips mod_fcgid/2.3.9 (internal dummy connection)"
45.154.98.0 - - [06/Nov/2023:04:57:53 +0100] "GET /wp-content/plugins/kadence-blocks/readme.txt HTTP/1.1" 200 - "-" "Mozilla/5.0 (Linux; Android 11; Lenovo YT-J706X) AppleWebKit/537.36 (KHTML, like Gecko) Chrome/118.0.0.0 Safari/537.36"
